[INFO] fetching crate scribl 0.3.1...
[INFO] testing scribl-0.3.1 against 1.54.0 for beta-1.55-1
[INFO] extracting crate scribl 0.3.1 into /workspace/builds/worker-111/source
[INFO] validating manifest of crates.io crate scribl 0.3.1 on toolchain 1.54.0
[INFO] running `Command { std: "/workspace/cargo-home/bin/cargo" "+1.54.0" "metadata" "--manifest-path" "Cargo.toml" "--no-deps", kill_on_drop: false }`
[INFO] started tweaking crates.io crate scribl 0.3.1
[INFO] finished tweaking crates.io crate scribl 0.3.1
[INFO] tweaked toml for crates.io crate scribl 0.3.1 written to /workspace/builds/worker-111/source/Cargo.toml
[INFO] crate crates.io crate scribl 0.3.1 already has a lockfile, it will not be regenerated
[INFO] running `Command { std: "/workspace/cargo-home/bin/cargo" "+1.54.0" "fetch" "--manifest-path" "Cargo.toml", kill_on_drop: false }`
[INFO] [stderr]     Blocking waiting for file lock on package cache
[INFO] [stderr]     Blocking waiting for file lock on package cache
[INFO] running `Command { std: "docker" "create" "-v" "/var/lib/crater-agent-workspace/builds/worker-111/target:/opt/rustwide/target:rw,Z" "-v" "/var/lib/crater-agent-workspace/builds/worker-111/source:/opt/rustwide/workdir:ro,Z" "-v" "/var/lib/crater-agent-workspace/cargo-home:/opt/rustwide/cargo-home:ro,Z" "-v" "/var/lib/crater-agent-workspace/rustup-home:/opt/rustwide/rustup-home:ro,Z" "-e" "SOURCE_DIR=/opt/rustwide/workdir" "-e" "CARGO_TARGET_DIR=/opt/rustwide/target" "-e" "CARGO_HOME=/opt/rustwide/cargo-home" "-e" "RUSTUP_HOME=/opt/rustwide/rustup-home" "-w" "/opt/rustwide/workdir" "-m" "1610612736" "--user" "0:0" "--network" "none" "ghcr.io/rust-lang/crates-build-env/linux@sha256:34b6a614d2c27851fe6cbf88fbd1137609cefab8b10d0615aaeb6fd47975d74e" "/opt/rustwide/cargo-home/bin/cargo" "+1.54.0" "metadata" "--no-deps" "--format-version=1", kill_on_drop: false }`
[INFO] [stdout] 3c523b6541fde4398406dc6cd8635b917cce16f4888ac880e907328bbf1fcd9c
[INFO] running `Command { std: "docker" "start" "-a" "3c523b6541fde4398406dc6cd8635b917cce16f4888ac880e907328bbf1fcd9c", kill_on_drop: false }`
[INFO] running `Command { std: "docker" "inspect" "3c523b6541fde4398406dc6cd8635b917cce16f4888ac880e907328bbf1fcd9c", kill_on_drop: false }`
[INFO] running `Command { std: "docker" "rm" "-f" "3c523b6541fde4398406dc6cd8635b917cce16f4888ac880e907328bbf1fcd9c", kill_on_drop: false }`
[INFO] [stdout] 3c523b6541fde4398406dc6cd8635b917cce16f4888ac880e907328bbf1fcd9c
[INFO] running `Command { std: "docker" "create" "-v" "/var/lib/crater-agent-workspace/builds/worker-111/target:/opt/rustwide/target:rw,Z" "-v" "/var/lib/crater-agent-workspace/builds/worker-111/source:/opt/rustwide/workdir:ro,Z" "-v" "/var/lib/crater-agent-workspace/cargo-home:/opt/rustwide/cargo-home:ro,Z" "-v" "/var/lib/crater-agent-workspace/rustup-home:/opt/rustwide/rustup-home:ro,Z" "-e" "SOURCE_DIR=/opt/rustwide/workdir" "-e" "CARGO_TARGET_DIR=/opt/rustwide/target" "-e" "CARGO_INCREMENTAL=0" "-e" "RUST_BACKTRACE=full" "-e" "RUSTFLAGS=--cap-lints=warn" "-e" "CARGO_HOME=/opt/rustwide/cargo-home" "-e" "RUSTUP_HOME=/opt/rustwide/rustup-home" "-w" "/opt/rustwide/workdir" "-m" "1610612736" "--user" "0:0" "--network" "none" "ghcr.io/rust-lang/crates-build-env/linux@sha256:34b6a614d2c27851fe6cbf88fbd1137609cefab8b10d0615aaeb6fd47975d74e" "/opt/rustwide/cargo-home/bin/cargo" "+1.54.0" "build" "--frozen" "--message-format=json", kill_on_drop: false }`
[INFO] [stdout] 9608362dcd4386063187eaf666e6599d55bcd4353c33356c4465dd3dbe43ce44
[INFO] running `Command { std: "docker" "start" "-a" "9608362dcd4386063187eaf666e6599d55bcd4353c33356c4465dd3dbe43ce44", kill_on_drop: false }`
[INFO] [stderr]     Blocking waiting for file lock on package cache
[INFO] [stderr]    Compiling proc-macro2 v1.0.24
[INFO] [stderr]    Compiling unicode-xid v0.2.1
[INFO] [stderr]    Compiling syn v1.0.60
[INFO] [stderr]    Compiling serde_derive v1.0.123
[INFO] [stderr]    Compiling serde v1.0.123
[INFO] [stderr]    Compiling unicode-segmentation v1.7.1
[INFO] [stderr]    Compiling version-compare v0.0.10
[INFO] [stderr]    Compiling strum v0.18.0
[INFO] [stderr]    Compiling libc v0.2.84
[INFO] [stderr]    Compiling once_cell v1.5.2
[INFO] [stderr]    Compiling memchr v2.3.4
[INFO] [stderr]    Compiling futures-sink v0.3.12
[INFO] [stderr]    Compiling futures-core v0.3.12
[INFO] [stderr]    Compiling anyhow v1.0.38
[INFO] [stderr]    Compiling pin-project-lite v0.2.4
[INFO] [stderr]    Compiling futures-io v0.3.12
[INFO] [stderr]    Compiling cairo-rs v0.9.1
[INFO] [stderr]    Compiling gio v0.9.1
[INFO] [stderr]    Compiling tinystr v0.3.4
[INFO] [stderr]    Compiling pango v0.9.1
[INFO] [stderr]    Compiling gdk-pixbuf v0.9.0
[INFO] [stderr]    Compiling gdk v0.13.2
[INFO] [stderr]    Compiling const_fn v0.4.5
[INFO] [stderr]    Compiling gstreamer v0.16.5
[INFO] [stderr]    Compiling atk v0.9.0
[INFO] [stderr]    Compiling xi-unicode v0.2.1
[INFO] [stderr]    Compiling muldiv v0.2.1
[INFO] [stderr]    Compiling pretty-hex v0.2.1
[INFO] [stderr]    Compiling paste v1.0.4
[INFO] [stderr]    Compiling stable_deref_trait v1.2.0
[INFO] [stderr]    Compiling gstreamer-base v0.16.5
[INFO] [stderr]    Compiling rand_core v0.5.1
[INFO] [stderr]    Compiling fluent-syntax v0.9.3
[INFO] [stderr]    Compiling strength_reduce v0.2.3
[INFO] [stderr]    Compiling xi-unicode v0.3.0
[INFO] [stderr]    Compiling gstreamer-app v0.16.5
[INFO] [stderr]    Compiling regex-syntax v0.6.22
[INFO] [stderr]    Compiling ebur128 v0.1.5
[INFO] [stderr]    Compiling gstreamer-audio v0.16.5
[INFO] [stderr]    Compiling gstreamer-video v0.16.6
[INFO] [stderr]    Compiling half v1.7.1
[INFO] [stderr]    Compiling array-init v1.0.0
[INFO] [stderr]    Compiling proc-macro-error-attr v1.0.4
[INFO] [stderr]    Compiling proc-macro-error v1.0.4
[INFO] [stderr]    Compiling itertools v0.9.0
[INFO] [stderr]    Compiling standback v0.2.14
[INFO] [stderr]    Compiling num-rational v0.3.2
[INFO] [stderr]    Compiling kurbo v0.7.1
[INFO] [stderr]    Compiling time v0.2.25
[INFO] [stderr]    Compiling gtk v0.9.2
[INFO] [stderr]    Compiling im v15.0.0
[INFO] [stderr]    Compiling type-map v0.4.0
[INFO] [stderr]    Compiling instant v0.1.9
[INFO] [stderr]    Compiling crossbeam-utils v0.8.1
[INFO] [stderr]    Compiling unic-ucd-bidi v0.9.0
[INFO] [stderr]    Compiling bitmaps v2.1.0
[INFO] [stderr]    Compiling keyboard-types v0.5.0
[INFO] [stderr]    Compiling simple_logger v1.11.0
[INFO] [stderr]    Compiling pkg-version-impl v0.1.1
[INFO] [stderr]    Compiling num-complex v0.3.1
[INFO] [stderr]    Compiling primal-check v0.3.1
[INFO] [stderr]    Compiling rand_xoshiro v0.4.0
[INFO] [stderr]    Compiling transpose v0.2.0
[INFO] [stderr]    Compiling unic-bidi v0.9.0
[INFO] [stderr]    Compiling unic-langid-impl v0.9.0
[INFO] [stderr]    Compiling futures-channel v0.3.12
[INFO] [stderr]    Compiling futures-task v0.3.12
[INFO] [stderr]    Compiling thread_local v1.1.2
[INFO] [stderr]    Compiling heck v0.3.2
[INFO] [stderr]    Compiling rustfft v5.0.1
[INFO] [stderr]    Compiling piet v0.3.1
[INFO] [stderr]    Compiling unic-langid v0.9.0
[INFO] [stderr]    Compiling pkg-version v1.0.0
[INFO] [stderr]    Compiling sized-chunks v0.6.2
[INFO] [stderr]    Compiling fluent-langneg v0.13.0
[INFO] [stderr]    Compiling intl_pluralrules v7.0.1
[INFO] [stderr]    Compiling intl-memoizer v0.5.1
[INFO] [stderr]    Compiling aho-corasick v0.7.15
[INFO] [stderr]    Compiling quote v1.0.8
[INFO] [stderr]    Compiling regex v1.4.3
[INFO] [stderr]    Compiling atty v0.2.14
[INFO] [stderr]    Compiling terminal_size v0.1.16
[INFO] [stderr]    Compiling dirs-sys-next v0.1.2
[INFO] [stderr]    Compiling console v0.14.0
[INFO] [stderr]    Compiling clap v2.33.3
[INFO] [stderr]    Compiling directories-next v2.0.0
[INFO] [stderr]    Compiling crossbeam-channel v0.5.0
[INFO] [stderr]    Compiling env_logger v0.8.2
[INFO] [stderr]    Compiling nnnoiseless v0.3.2
[INFO] [stdout] error[E0080]: evaluation of `core::core_arch::macros::ValidateConstImm::<51_i32, 0_i32, 15_i32>::VALID` failed
[INFO] [stdout]   |
[INFO] [stdout]   = note: this error originates in the macro `$crate::panic::panic_2015` (in Nightly builds, run with -Z macro-backtrace for more info)
[INFO] [stdout] 
[INFO] [stdout] 
[INFO] [stdout] note: the above error was encountered while instantiating `fn std::arch::x86_64::_mm_blend_ps::<51_i32>`
[INFO] [stdout]     --> /opt/rustwide/cargo-home/registry/src/github.com-1ecc6299db9ec823/rustfft-5.0.1/src/avx/avx_vector.rs:1314:23
[INFO] [stdout]      |
[INFO] [stdout] 1314 |         let blended = _mm_blend_ps(rows[0], rows[2], 0x33);
[INFO] [stdout]      |                       ^^^^^^^^^^^^^^^^^^^^^^^^^^^^^^^^^^^^
[INFO] [stdout] 
[INFO] [stdout] 
[INFO] [stdout] error[E0080]: evaluation of `core::core_arch::macros::ValidateConstImm::<5_i32, 0_i32, 3_i32>::VALID` failed
[INFO] [stdout]   |
[INFO] [stdout]   = note: this error originates in the macro `$crate::panic::panic_2015` (in Nightly builds, run with -Z macro-backtrace for more info)
[INFO] [stdout] 
[INFO] [stdout] 
[INFO] [stdout] note: the above error was encountered while instantiating `fn std::arch::x86_64::_mm_permute_pd::<5_i32>`
[INFO] [stdout]     --> /opt/rustwide/cargo-home/registry/src/github.com-1ecc6299db9ec823/rustfft-5.0.1/src/avx/avx_vector.rs:1859:9
[INFO] [stdout]      |
[INFO] [stdout] 1859 |         _mm_permute_pd(self, 0x05)
[INFO] [stdout]      |         ^^^^^^^^^^^^^^^^^^^^^^^^^^
[INFO] [stdout] 
[INFO] [stdout] 
[INFO] [stdout] error[E0080]: evaluation of `core::core_arch::macros::ValidateConstImm::<15_i32, 0_i32, 3_i32>::VALID` failed
[INFO] [stdout]   |
[INFO] [stdout]   = note: this error originates in the macro `$crate::panic::panic_2015` (in Nightly builds, run with -Z macro-backtrace for more info)
[INFO] [stdout] 
[INFO] [stdout] 
[INFO] [stdout] note: the above error was encountered while instantiating `fn std::arch::x86_64::_mm_permute_pd::<15_i32>`
[INFO] [stdout]     --> /opt/rustwide/cargo-home/registry/src/github.com-1ecc6299db9ec823/rustfft-5.0.1/src/avx/avx_vector.rs:1863:32
[INFO] [stdout]      |
[INFO] [stdout] 1863 |         (_mm_movedup_pd(self), _mm_permute_pd(self, 0x0F))
[INFO] [stdout]      |                                ^^^^^^^^^^^^^^^^^^^^^^^^^^
[INFO] [stdout] 
[INFO] [stdout] 
[INFO] [stdout] error: aborting due to 3 previous errors
[INFO] [stdout] 
[INFO] [stdout] 
[INFO] [stdout] For more information about this error, try `rustc --explain E0080`.
[INFO] [stdout] 
[INFO] [stderr] error: could not compile `nnnoiseless`
[INFO] [stderr] 
[INFO] [stderr] To learn more, run the command again with --verbose.
[INFO] [stderr] warning: build failed, waiting for other jobs to finish...
[INFO] [stderr] error: build failed
[INFO] running `Command { std: "docker" "inspect" "9608362dcd4386063187eaf666e6599d55bcd4353c33356c4465dd3dbe43ce44", kill_on_drop: false }`
[INFO] running `Command { std: "docker" "rm" "-f" "9608362dcd4386063187eaf666e6599d55bcd4353c33356c4465dd3dbe43ce44", kill_on_drop: false }`
[INFO] [stdout] 9608362dcd4386063187eaf666e6599d55bcd4353c33356c4465dd3dbe43ce44
