[INFO] fetching crate scoped_allocator 0.1.4...
[INFO] testing scoped_allocator-0.1.4 against 1.54.0 for beta-1.55-1
[INFO] extracting crate scoped_allocator 0.1.4 into /workspace/builds/worker-58/source
[INFO] validating manifest of crates.io crate scoped_allocator 0.1.4 on toolchain 1.54.0
[INFO] running `Command { std: "/workspace/cargo-home/bin/cargo" "+1.54.0" "metadata" "--manifest-path" "Cargo.toml" "--no-deps", kill_on_drop: false }`
[INFO] started tweaking crates.io crate scoped_allocator 0.1.4
[INFO] finished tweaking crates.io crate scoped_allocator 0.1.4
[INFO] tweaked toml for crates.io crate scoped_allocator 0.1.4 written to /workspace/builds/worker-58/source/Cargo.toml
[INFO] running `Command { std: "/workspace/cargo-home/bin/cargo" "+1.54.0" "generate-lockfile" "--manifest-path" "Cargo.toml" "-Zno-index-update", kill_on_drop: false }`
[INFO] running `Command { std: "/workspace/cargo-home/bin/cargo" "+1.54.0" "fetch" "--manifest-path" "Cargo.toml", kill_on_drop: false }`
[INFO] [stderr]     Blocking waiting for file lock on package cache
[INFO] running `Command { std: "docker" "create" "-v" "/var/lib/crater-agent-workspace/builds/worker-58/target:/opt/rustwide/target:rw,Z" "-v" "/var/lib/crater-agent-workspace/builds/worker-58/source:/opt/rustwide/workdir:ro,Z" "-v" "/var/lib/crater-agent-workspace/cargo-home:/opt/rustwide/cargo-home:ro,Z" "-v" "/var/lib/crater-agent-workspace/rustup-home:/opt/rustwide/rustup-home:ro,Z" "-e" "SOURCE_DIR=/opt/rustwide/workdir" "-e" "CARGO_TARGET_DIR=/opt/rustwide/target" "-e" "CARGO_HOME=/opt/rustwide/cargo-home" "-e" "RUSTUP_HOME=/opt/rustwide/rustup-home" "-w" "/opt/rustwide/workdir" "-m" "1610612736" "--user" "0:0" "--network" "none" "ghcr.io/rust-lang/crates-build-env/linux@sha256:34b6a614d2c27851fe6cbf88fbd1137609cefab8b10d0615aaeb6fd47975d74e" "/opt/rustwide/cargo-home/bin/cargo" "+1.54.0" "metadata" "--no-deps" "--format-version=1", kill_on_drop: false }`
[INFO] [stdout] 719c23a9fc9726c34fe439c4570c8d9a6e3ea9b3b6318ff2b7a88470b4baa335
[INFO] running `Command { std: "docker" "start" "-a" "719c23a9fc9726c34fe439c4570c8d9a6e3ea9b3b6318ff2b7a88470b4baa335", kill_on_drop: false }`
[INFO] running `Command { std: "docker" "inspect" "719c23a9fc9726c34fe439c4570c8d9a6e3ea9b3b6318ff2b7a88470b4baa335", kill_on_drop: false }`
[INFO] running `Command { std: "docker" "rm" "-f" "719c23a9fc9726c34fe439c4570c8d9a6e3ea9b3b6318ff2b7a88470b4baa335", kill_on_drop: false }`
[INFO] [stdout] 719c23a9fc9726c34fe439c4570c8d9a6e3ea9b3b6318ff2b7a88470b4baa335
[INFO] running `Command { std: "docker" "create" "-v" "/var/lib/crater-agent-workspace/builds/worker-58/target:/opt/rustwide/target:rw,Z" "-v" "/var/lib/crater-agent-workspace/builds/worker-58/source:/opt/rustwide/workdir:ro,Z" "-v" "/var/lib/crater-agent-workspace/cargo-home:/opt/rustwide/cargo-home:ro,Z" "-v" "/var/lib/crater-agent-workspace/rustup-home:/opt/rustwide/rustup-home:ro,Z" "-e" "SOURCE_DIR=/opt/rustwide/workdir" "-e" "CARGO_TARGET_DIR=/opt/rustwide/target" "-e" "CARGO_INCREMENTAL=0" "-e" "RUST_BACKTRACE=full" "-e" "RUSTFLAGS=--cap-lints=warn" "-e" "CARGO_HOME=/opt/rustwide/cargo-home" "-e" "RUSTUP_HOME=/opt/rustwide/rustup-home" "-w" "/opt/rustwide/workdir" "-m" "1610612736" "--user" "0:0" "--network" "none" "ghcr.io/rust-lang/crates-build-env/linux@sha256:34b6a614d2c27851fe6cbf88fbd1137609cefab8b10d0615aaeb6fd47975d74e" "/opt/rustwide/cargo-home/bin/cargo" "+1.54.0" "build" "--frozen" "--message-format=json", kill_on_drop: false }`
[INFO] [stdout] 29f24045ba0ad4a7b8f61a9b4f28dca3dba3c8c206affddb0cdc1e8456083753
[INFO] running `Command { std: "docker" "start" "-a" "29f24045ba0ad4a7b8f61a9b4f28dca3dba3c8c206affddb0cdc1e8456083753", kill_on_drop: false }`
[INFO] [stderr]    Compiling scoped_allocator v0.1.4 (/opt/rustwide/workdir)
[INFO] [stdout] error: expected expression, found keyword `in`
[INFO] [stdout]    --> src/scoped.rs:178:20
[INFO] [stdout]     |
[INFO] [stdout] 178 |         let _big = in alloc.allocate().unwrap() { [0u8; 8_000_000] };
[INFO] [stdout]     |                    ^^ expected expression
[INFO] [stdout] 
[INFO] [stdout] 
[INFO] [stdout] error[E0432]: unresolved import `std::ops::Place`
[INFO] [stdout]   --> src/lib.rs:47:5
[INFO] [stdout]    |
[INFO] [stdout] 47 | use std::ops::Place as StdPlace;
[INFO] [stdout]    |     ^^^^^^^^^^^^^^^^^^^^^^^^^^^ no `Place` in `ops`
[INFO] [stdout] 
[INFO] [stdout] 
[INFO] [stdout] error[E0432]: unresolved imports `std::ops::InPlace`, `std::ops::Placer`
[INFO] [stdout]   --> src/lib.rs:48:48
[INFO] [stdout]    |
[INFO] [stdout] 48 | use std::ops::{CoerceUnsized, Deref, DerefMut, InPlace, Placer};
[INFO] [stdout]    |                                                ^^^^^^^  ^^^^^^ no `Placer` in `ops`
[INFO] [stdout]    |                                                |
[INFO] [stdout]    |                                                no `InPlace` in `ops`
[INFO] [stdout] 
[INFO] [stdout] 
[INFO] [stdout] error[E0432]: unresolved import `alloc::heap`
[INFO] [stdout]   --> src/lib.rs:50:5
[INFO] [stdout]    |
[INFO] [stdout] 50 | use alloc::heap;
[INFO] [stdout]    |     ^^^^^^^^^^^ no `heap` in the root
[INFO] [stdout] 
[INFO] [stdout] 
[INFO] [stdout] error[E0554]: `#![feature]` may not be used on the stable release channel
[INFO] [stdout]   --> src/lib.rs:30:1
[INFO] [stdout]    |
[INFO] [stdout] 30 | / #![feature(
[INFO] [stdout] 31 | |     alloc,
[INFO] [stdout] 32 | |     coerce_unsized,
[INFO] [stdout] 33 | |     core_intrinsics,
[INFO] [stdout] ...  |
[INFO] [stdout] 38 | |     unsize
[INFO] [stdout] 39 | | )]
[INFO] [stdout]    | |__^
[INFO] [stdout] 
[INFO] [stdout] 
[INFO] [stdout] warning: trait objects without an explicit `dyn` are deprecated
[INFO] [stdout]    --> src/lib.rs:206:38
[INFO] [stdout]     |
[INFO] [stdout] 206 | impl<'a, A: Allocator> Allocated<'a, Any, A> {
[INFO] [stdout]     |                                      ^^^ help: use `dyn`: `dyn Any`
[INFO] [stdout]     |
[INFO] [stdout]     = note: `#[warn(bare_trait_objects)]` on by default
[INFO] [stdout]     = warning: this was previously accepted by the compiler but is being phased out; it will become a hard error in the 2021 edition!
[INFO] [stdout]     = note: for more information, see issue #80165 <https://github.com/rust-lang/rust/issues/80165>
[INFO] [stdout] 
[INFO] [stdout] 
[INFO] [stdout] warning: trait objects without an explicit `dyn` are deprecated
[INFO] [stdout]    --> src/lib.rs:208:80
[INFO] [stdout]     |
[INFO] [stdout] 208 |     pub fn downcast<T: Any>(self) -> Result<Allocated<'a, T, A>, Allocated<'a, Any, A>> {
[INFO] [stdout]     |                                                                                ^^^ help: use `dyn`: `dyn Any`
[INFO] [stdout]     |
[INFO] [stdout]     = warning: this was previously accepted by the compiler but is being phased out; it will become a hard error in the 2021 edition!
[INFO] [stdout]     = note: for more information, see issue #80165 <https://github.com/rust-lang/rust/issues/80165>
[INFO] [stdout] 
[INFO] [stdout] 
[INFO] [stdout] warning: trait objects without an explicit `dyn` are deprecated
[INFO] [stdout]    --> src/lib.rs:211:78
[INFO] [stdout]     |
[INFO] [stdout] 211 |             let obj: TraitObject = unsafe { mem::transmute(self.item as *mut Any) };
[INFO] [stdout]     |                                                                              ^^^ help: use `dyn`: `dyn Any`
[INFO] [stdout]     |
[INFO] [stdout]     = warning: this was previously accepted by the compiler but is being phased out; it will become a hard error in the 2021 edition!
[INFO] [stdout]     = note: for more information, see issue #80165 <https://github.com/rust-lang/rust/issues/80165>
[INFO] [stdout] 
[INFO] [stdout] 
[INFO] [stdout] error: aborting due to 5 previous errors; 3 warnings emitted
[INFO] [stdout] 
[INFO] [stdout] 
[INFO] [stdout] Some errors have detailed explanations: E0432, E0554.
[INFO] [stdout] 
[INFO] [stdout] For more information about an error, try `rustc --explain E0432`.
[INFO] [stdout] 
[INFO] [stderr] error: could not compile `scoped_allocator`
[INFO] [stderr] 
[INFO] [stderr] To learn more, run the command again with --verbose.
[INFO] running `Command { std: "docker" "inspect" "29f24045ba0ad4a7b8f61a9b4f28dca3dba3c8c206affddb0cdc1e8456083753", kill_on_drop: false }`
[INFO] running `Command { std: "docker" "rm" "-f" "29f24045ba0ad4a7b8f61a9b4f28dca3dba3c8c206affddb0cdc1e8456083753", kill_on_drop: false }`
[INFO] [stdout] 29f24045ba0ad4a7b8f61a9b4f28dca3dba3c8c206affddb0cdc1e8456083753
