[INFO] fetching crate scie_model 0.1.0...
[INFO] testing scie_model-0.1.0 against 1.54.0 for beta-1.55-1
[INFO] extracting crate scie_model 0.1.0 into /workspace/builds/worker-97/source
[INFO] validating manifest of crates.io crate scie_model 0.1.0 on toolchain 1.54.0
[INFO] running `Command { std: "/workspace/cargo-home/bin/cargo" "+1.54.0" "metadata" "--manifest-path" "Cargo.toml" "--no-deps", kill_on_drop: false }`
[INFO] started tweaking crates.io crate scie_model 0.1.0
[INFO] finished tweaking crates.io crate scie_model 0.1.0
[INFO] tweaked toml for crates.io crate scie_model 0.1.0 written to /workspace/builds/worker-97/source/Cargo.toml
[INFO] running `Command { std: "/workspace/cargo-home/bin/cargo" "+1.54.0" "generate-lockfile" "--manifest-path" "Cargo.toml" "-Zno-index-update", kill_on_drop: false }`
[INFO] [stderr]     Blocking waiting for file lock on package cache
[INFO] running `Command { std: "/workspace/cargo-home/bin/cargo" "+1.54.0" "fetch" "--manifest-path" "Cargo.toml", kill_on_drop: false }`
[INFO] [stderr]     Blocking waiting for file lock on package cache
[INFO] [stderr]     Blocking waiting for file lock on package cache
[INFO] running `Command { std: "docker" "create" "-v" "/var/lib/crater-agent-workspace/builds/worker-97/target:/opt/rustwide/target:rw,Z" "-v" "/var/lib/crater-agent-workspace/builds/worker-97/source:/opt/rustwide/workdir:ro,Z" "-v" "/var/lib/crater-agent-workspace/cargo-home:/opt/rustwide/cargo-home:ro,Z" "-v" "/var/lib/crater-agent-workspace/rustup-home:/opt/rustwide/rustup-home:ro,Z" "-e" "SOURCE_DIR=/opt/rustwide/workdir" "-e" "CARGO_TARGET_DIR=/opt/rustwide/target" "-e" "CARGO_HOME=/opt/rustwide/cargo-home" "-e" "RUSTUP_HOME=/opt/rustwide/rustup-home" "-w" "/opt/rustwide/workdir" "-m" "1610612736" "--user" "0:0" "--network" "none" "ghcr.io/rust-lang/crates-build-env/linux@sha256:34b6a614d2c27851fe6cbf88fbd1137609cefab8b10d0615aaeb6fd47975d74e" "/opt/rustwide/cargo-home/bin/cargo" "+1.54.0" "metadata" "--no-deps" "--format-version=1", kill_on_drop: false }`
[INFO] [stdout] 044ca0cc1a766f61090d4166d2125dab56f1ad08ac4f98403960529c52806bd4
[INFO] running `Command { std: "docker" "start" "-a" "044ca0cc1a766f61090d4166d2125dab56f1ad08ac4f98403960529c52806bd4", kill_on_drop: false }`
[INFO] running `Command { std: "docker" "inspect" "044ca0cc1a766f61090d4166d2125dab56f1ad08ac4f98403960529c52806bd4", kill_on_drop: false }`
[INFO] running `Command { std: "docker" "rm" "-f" "044ca0cc1a766f61090d4166d2125dab56f1ad08ac4f98403960529c52806bd4", kill_on_drop: false }`
[INFO] [stdout] 044ca0cc1a766f61090d4166d2125dab56f1ad08ac4f98403960529c52806bd4
[INFO] running `Command { std: "docker" "create" "-v" "/var/lib/crater-agent-workspace/builds/worker-97/target:/opt/rustwide/target:rw,Z" "-v" "/var/lib/crater-agent-workspace/builds/worker-97/source:/opt/rustwide/workdir:ro,Z" "-v" "/var/lib/crater-agent-workspace/cargo-home:/opt/rustwide/cargo-home:ro,Z" "-v" "/var/lib/crater-agent-workspace/rustup-home:/opt/rustwide/rustup-home:ro,Z" "-e" "SOURCE_DIR=/opt/rustwide/workdir" "-e" "CARGO_TARGET_DIR=/opt/rustwide/target" "-e" "CARGO_INCREMENTAL=0" "-e" "RUST_BACKTRACE=full" "-e" "RUSTFLAGS=--cap-lints=warn" "-e" "CARGO_HOME=/opt/rustwide/cargo-home" "-e" "RUSTUP_HOME=/opt/rustwide/rustup-home" "-w" "/opt/rustwide/workdir" "-m" "1610612736" "--user" "0:0" "--network" "none" "ghcr.io/rust-lang/crates-build-env/linux@sha256:34b6a614d2c27851fe6cbf88fbd1137609cefab8b10d0615aaeb6fd47975d74e" "/opt/rustwide/cargo-home/bin/cargo" "+1.54.0" "build" "--frozen" "--message-format=json", kill_on_drop: false }`
[INFO] [stdout] ac93cfeb547106b9ee19c7ced7d05d27c51043760b3b754063cb043192e4d366
[INFO] running `Command { std: "docker" "start" "-a" "ac93cfeb547106b9ee19c7ced7d05d27c51043760b3b754063cb043192e4d366", kill_on_drop: false }`
[INFO] [stderr]     Blocking waiting for file lock on package cache
[INFO] [stderr]    Compiling serde_derive v1.0.127
[INFO] [stderr]    Compiling serde v1.0.127
[INFO] [stderr]    Compiling ryu v1.0.5
[INFO] [stderr]    Compiling serde_json v1.0.66
[INFO] [stderr]    Compiling itoa v0.4.7
[INFO] [stderr]    Compiling scie_model v0.1.0 (/opt/rustwide/workdir)
[INFO] [stderr]     Finished dev [unoptimized + debuginfo] target(s) in 19.69s
[INFO] running `Command { std: "docker" "inspect" "ac93cfeb547106b9ee19c7ced7d05d27c51043760b3b754063cb043192e4d366", kill_on_drop: false }`
[INFO] running `Command { std: "docker" "rm" "-f" "ac93cfeb547106b9ee19c7ced7d05d27c51043760b3b754063cb043192e4d366", kill_on_drop: false }`
[INFO] [stdout] ac93cfeb547106b9ee19c7ced7d05d27c51043760b3b754063cb043192e4d366
[INFO] running `Command { std: "docker" "create" "-v" "/var/lib/crater-agent-workspace/builds/worker-97/target:/opt/rustwide/target:rw,Z" "-v" "/var/lib/crater-agent-workspace/builds/worker-97/source:/opt/rustwide/workdir:ro,Z" "-v" "/var/lib/crater-agent-workspace/cargo-home:/opt/rustwide/cargo-home:ro,Z" "-v" "/var/lib/crater-agent-workspace/rustup-home:/opt/rustwide/rustup-home:ro,Z" "-e" "SOURCE_DIR=/opt/rustwide/workdir" "-e" "CARGO_TARGET_DIR=/opt/rustwide/target" "-e" "CARGO_INCREMENTAL=0" "-e" "RUST_BACKTRACE=full" "-e" "RUSTFLAGS=--cap-lints=warn" "-e" "CARGO_HOME=/opt/rustwide/cargo-home" "-e" "RUSTUP_HOME=/opt/rustwide/rustup-home" "-w" "/opt/rustwide/workdir" "-m" "1610612736" "--user" "0:0" "--network" "none" "ghcr.io/rust-lang/crates-build-env/linux@sha256:34b6a614d2c27851fe6cbf88fbd1137609cefab8b10d0615aaeb6fd47975d74e" "/opt/rustwide/cargo-home/bin/cargo" "+1.54.0" "test" "--frozen" "--no-run" "--message-format=json", kill_on_drop: false }`
[INFO] [stdout] 66c14940b2c7ffb6d938ff04ea32f505b698070530f7aacc3085c40741001552
[INFO] running `Command { std: "docker" "start" "-a" "66c14940b2c7ffb6d938ff04ea32f505b698070530f7aacc3085c40741001552", kill_on_drop: false }`
[INFO] [stderr]    Compiling scie_model v0.1.0 (/opt/rustwide/workdir)
[INFO] [stdout] error[E0433]: failed to resolve: use of undeclared crate or module `scie_infra`
[INFO] [stdout]   --> src/json_package.rs:12:9
[INFO] [stdout]    |
[INFO] [stdout] 12 |     use scie_infra::finder::Finder;
[INFO] [stdout]    |         ^^^^^^^^^^ use of undeclared crate or module `scie_infra`
[INFO] [stdout] 
[INFO] [stdout] 
[INFO] [stdout] error[E0433]: failed to resolve: use of undeclared crate or module `scie_infra`
[INFO] [stdout]   --> src/language_config.rs:40:9
[INFO] [stdout]    |
[INFO] [stdout] 40 |     use scie_infra::finder::Finder;
[INFO] [stdout]    |         ^^^^^^^^^^ use of undeclared crate or module `scie_infra`
[INFO] [stdout] 
[INFO] [stdout] 
[INFO] [stdout] error[E0433]: failed to resolve: use of undeclared type `Finder`
[INFO] [stdout]   --> src/json_package.rs:27:20
[INFO] [stdout]    |
[INFO] [stdout] 27 |         let code = Finder::read_code(&config);
[INFO] [stdout]    |                    ^^^^^^ use of undeclared type `Finder`
[INFO] [stdout] 
[INFO] [stdout] 
[INFO] [stdout] error[E0433]: failed to resolve: use of undeclared type `Finder`
[INFO] [stdout]   --> src/language_config.rs:55:20
[INFO] [stdout]    |
[INFO] [stdout] 55 |         let code = Finder::read_code(&config);
[INFO] [stdout]    |                    ^^^^^^ use of undeclared type `Finder`
[INFO] [stdout] 
[INFO] [stdout] 
[INFO] [stdout] error: aborting due to 4 previous errors
[INFO] [stdout] 
[INFO] [stdout] 
[INFO] [stdout] For more information about this error, try `rustc --explain E0433`.
[INFO] [stdout] 
[INFO] [stderr] error: could not compile `scie_model`
[INFO] [stderr] 
[INFO] [stderr] To learn more, run the command again with --verbose.
[INFO] running `Command { std: "docker" "inspect" "66c14940b2c7ffb6d938ff04ea32f505b698070530f7aacc3085c40741001552", kill_on_drop: false }`
[INFO] running `Command { std: "docker" "rm" "-f" "66c14940b2c7ffb6d938ff04ea32f505b698070530f7aacc3085c40741001552", kill_on_drop: false }`
[INFO] [stdout] 66c14940b2c7ffb6d938ff04ea32f505b698070530f7aacc3085c40741001552
