[INFO] fetching crate sam4s_xplained_pro 0.1.3...
[INFO] testing sam4s_xplained_pro-0.1.3 against beta-2021-08-01 for beta-1.55-1
[INFO] extracting crate sam4s_xplained_pro 0.1.3 into /workspace/builds/worker-58/source
[INFO] validating manifest of crates.io crate sam4s_xplained_pro 0.1.3 on toolchain beta-2021-08-01
[INFO] running `Command { std: "/workspace/cargo-home/bin/cargo" "+beta-2021-08-01" "metadata" "--manifest-path" "Cargo.toml" "--no-deps", kill_on_drop: false }`
[INFO] removed /workspace/builds/worker-58/source/.cargo/config
[INFO] started tweaking crates.io crate sam4s_xplained_pro 0.1.3
[INFO] finished tweaking crates.io crate sam4s_xplained_pro 0.1.3
[INFO] tweaked toml for crates.io crate sam4s_xplained_pro 0.1.3 written to /workspace/builds/worker-58/source/Cargo.toml
[INFO] crate crates.io crate sam4s_xplained_pro 0.1.3 already has a lockfile, it will not be regenerated
[INFO] running `Command { std: "/workspace/cargo-home/bin/cargo" "+beta-2021-08-01" "fetch" "--manifest-path" "Cargo.toml", kill_on_drop: false }`
[INFO] [stderr]     Blocking waiting for file lock on package cache
[INFO] [stderr]     Blocking waiting for file lock on package cache
[INFO] [stderr]  Downloading crates ...
[INFO] [stderr]   Downloaded panic-abort v0.3.2
[INFO] [stderr]   Downloaded as-slice v0.1.3
[INFO] [stderr]   Downloaded paste v1.0.1
[INFO] [stderr]   Downloaded rtic-core v0.3.0
[INFO] [stderr]   Downloaded cortex-m v0.7.2
[INFO] [stderr]   Downloaded volatile v0.4.4
[INFO] [stderr]   Downloaded embedded-time v0.10.1
[INFO] [stderr]   Downloaded cortex-m-semihosting v0.3.5
[INFO] [stderr]   Downloaded panic-semihosting v0.5.3
[INFO] [stderr]   Downloaded atsam4-hal v0.1.13
[INFO] [stderr]   Downloaded atsam4sd32c-pac v0.1.2
[INFO] running `Command { std: "docker" "create" "-v" "/var/lib/crater-agent-workspace/builds/worker-58/target:/opt/rustwide/target:rw,Z" "-v" "/var/lib/crater-agent-workspace/builds/worker-58/source:/opt/rustwide/workdir:ro,Z" "-v" "/var/lib/crater-agent-workspace/cargo-home:/opt/rustwide/cargo-home:ro,Z" "-v" "/var/lib/crater-agent-workspace/rustup-home:/opt/rustwide/rustup-home:ro,Z" "-e" "SOURCE_DIR=/opt/rustwide/workdir" "-e" "CARGO_TARGET_DIR=/opt/rustwide/target" "-e" "CARGO_HOME=/opt/rustwide/cargo-home" "-e" "RUSTUP_HOME=/opt/rustwide/rustup-home" "-w" "/opt/rustwide/workdir" "-m" "1610612736" "--user" "0:0" "--network" "none" "ghcr.io/rust-lang/crates-build-env/linux@sha256:34b6a614d2c27851fe6cbf88fbd1137609cefab8b10d0615aaeb6fd47975d74e" "/opt/rustwide/cargo-home/bin/cargo" "+beta-2021-08-01" "metadata" "--no-deps" "--format-version=1", kill_on_drop: false }`
[INFO] [stdout] c80ac29ef9fc08d7c4ea7b7ba814f1d5a0e65ef31734c24f5c864da2c0208e10
[INFO] running `Command { std: "docker" "start" "-a" "c80ac29ef9fc08d7c4ea7b7ba814f1d5a0e65ef31734c24f5c864da2c0208e10", kill_on_drop: false }`
[INFO] running `Command { std: "docker" "inspect" "c80ac29ef9fc08d7c4ea7b7ba814f1d5a0e65ef31734c24f5c864da2c0208e10", kill_on_drop: false }`
[INFO] running `Command { std: "docker" "rm" "-f" "c80ac29ef9fc08d7c4ea7b7ba814f1d5a0e65ef31734c24f5c864da2c0208e10", kill_on_drop: false }`
[INFO] [stdout] c80ac29ef9fc08d7c4ea7b7ba814f1d5a0e65ef31734c24f5c864da2c0208e10
[INFO] running `Command { std: "docker" "create" "-v" "/var/lib/crater-agent-workspace/builds/worker-58/target:/opt/rustwide/target:rw,Z" "-v" "/var/lib/crater-agent-workspace/builds/worker-58/source:/opt/rustwide/workdir:ro,Z" "-v" "/var/lib/crater-agent-workspace/cargo-home:/opt/rustwide/cargo-home:ro,Z" "-v" "/var/lib/crater-agent-workspace/rustup-home:/opt/rustwide/rustup-home:ro,Z" "-e" "SOURCE_DIR=/opt/rustwide/workdir" "-e" "CARGO_TARGET_DIR=/opt/rustwide/target" "-e" "CARGO_INCREMENTAL=0" "-e" "RUST_BACKTRACE=full" "-e" "RUSTFLAGS=--cap-lints=warn" "-e" "CARGO_HOME=/opt/rustwide/cargo-home" "-e" "RUSTUP_HOME=/opt/rustwide/rustup-home" "-w" "/opt/rustwide/workdir" "-m" "1610612736" "--user" "0:0" "--network" "none" "ghcr.io/rust-lang/crates-build-env/linux@sha256:34b6a614d2c27851fe6cbf88fbd1137609cefab8b10d0615aaeb6fd47975d74e" "/opt/rustwide/cargo-home/bin/cargo" "+beta-2021-08-01" "build" "--frozen" "--message-format=json", kill_on_drop: false }`
[INFO] [stdout] ddb83402be56dba842b47167bee16a4a8a50e0b472aafee3c44e954a9dcf4bc3
[INFO] running `Command { std: "docker" "start" "-a" "ddb83402be56dba842b47167bee16a4a8a50e0b472aafee3c44e954a9dcf4bc3", kill_on_drop: false }`
[INFO] [stderr]     Blocking waiting for file lock on package cache
[INFO] [stderr]    Compiling semver-parser v0.7.0
[INFO] [stderr]    Compiling typenum v1.12.0
[INFO] [stderr]    Compiling cortex-m v0.7.2
[INFO] [stderr]    Compiling proc-macro2 v1.0.21
[INFO] [stderr]    Compiling nb v1.0.0
[INFO] [stderr]    Compiling stable_deref_trait v1.2.0
[INFO] [stderr]    Compiling vcell v0.1.2
[INFO] [stderr]    Compiling unicode-xid v0.2.1
[INFO] [stderr]    Compiling void v1.0.2
[INFO] [stderr]    Compiling cortex-m v0.6.7
[INFO] [stderr]    Compiling bitfield v0.13.2
[INFO] [stderr]    Compiling syn v1.0.40
[INFO] [stderr]    Compiling cortex-m-rt v0.6.13
[INFO] [stderr]    Compiling cortex-m-semihosting v0.3.5
[INFO] [stderr]    Compiling atsam4sd32c-pac v0.1.2
[INFO] [stderr]    Compiling r0 v0.2.2
[INFO] [stderr]    Compiling paste v1.0.1
[INFO] [stderr]    Compiling volatile v0.4.4
[INFO] [stderr]    Compiling sam4s_xplained_pro v0.1.3 (/opt/rustwide/workdir)
[INFO] [stderr]    Compiling num-traits v0.2.14
[INFO] [stderr]    Compiling num-integer v0.1.44
[INFO] [stderr]    Compiling num-iter v0.1.42
[INFO] [stderr]    Compiling num-rational v0.3.2
[INFO] [stderr]    Compiling volatile-register v0.2.0
[INFO] [stderr]    Compiling nb v0.1.3
[INFO] [stderr]    Compiling embedded-hal v0.2.4
[INFO] [stderr]    Compiling semver v0.9.0
[INFO] [stderr]    Compiling quote v1.0.7
[INFO] [stderr]    Compiling num-complex v0.3.1
[INFO] [stderr]    Compiling rustc_version v0.2.3
[INFO] [stderr]    Compiling generic-array v0.13.2
[INFO] [stderr]    Compiling generic-array v0.12.3
[INFO] [stderr]    Compiling as-slice v0.1.3
[INFO] [stderr]    Compiling num v0.3.1
[INFO] [stderr]    Compiling bare-metal v0.2.5
[INFO] [stderr]    Compiling cast v0.2.3
[INFO] [stderr]    Compiling embedded-time v0.10.1
[INFO] [stderr]    Compiling aligned v0.3.4
[INFO] [stderr]    Compiling panic-semihosting v0.5.3
[INFO] [stderr]    Compiling cortex-m-rt-macros v0.1.8
[INFO] [stderr]    Compiling atsam4-hal v0.1.13
[INFO] [stderr]     Finished dev [unoptimized + debuginfo] target(s) in 56.10s
[INFO] running `Command { std: "docker" "inspect" "ddb83402be56dba842b47167bee16a4a8a50e0b472aafee3c44e954a9dcf4bc3", kill_on_drop: false }`
[INFO] running `Command { std: "docker" "rm" "-f" "ddb83402be56dba842b47167bee16a4a8a50e0b472aafee3c44e954a9dcf4bc3", kill_on_drop: false }`
[INFO] [stdout] ddb83402be56dba842b47167bee16a4a8a50e0b472aafee3c44e954a9dcf4bc3
[INFO] running `Command { std: "docker" "create" "-v" "/var/lib/crater-agent-workspace/builds/worker-58/target:/opt/rustwide/target:rw,Z" "-v" "/var/lib/crater-agent-workspace/builds/worker-58/source:/opt/rustwide/workdir:ro,Z" "-v" "/var/lib/crater-agent-workspace/cargo-home:/opt/rustwide/cargo-home:ro,Z" "-v" "/var/lib/crater-agent-workspace/rustup-home:/opt/rustwide/rustup-home:ro,Z" "-e" "SOURCE_DIR=/opt/rustwide/workdir" "-e" "CARGO_TARGET_DIR=/opt/rustwide/target" "-e" "CARGO_INCREMENTAL=0" "-e" "RUST_BACKTRACE=full" "-e" "RUSTFLAGS=--cap-lints=warn" "-e" "CARGO_HOME=/opt/rustwide/cargo-home" "-e" "RUSTUP_HOME=/opt/rustwide/rustup-home" "-w" "/opt/rustwide/workdir" "-m" "1610612736" "--user" "0:0" "--network" "none" "ghcr.io/rust-lang/crates-build-env/linux@sha256:34b6a614d2c27851fe6cbf88fbd1137609cefab8b10d0615aaeb6fd47975d74e" "/opt/rustwide/cargo-home/bin/cargo" "+beta-2021-08-01" "test" "--frozen" "--no-run" "--message-format=json", kill_on_drop: false }`
[INFO] [stdout] c15f69938110e45f7bc81ded3d7ba9218b59c68dcaf383731ec028a68181cae1
[INFO] running `Command { std: "docker" "start" "-a" "c15f69938110e45f7bc81ded3d7ba9218b59c68dcaf383731ec028a68181cae1", kill_on_drop: false }`
[INFO] [stderr]    Compiling byteorder v1.3.4
[INFO] [stderr]    Compiling hashbrown v0.9.1
[INFO] [stderr]    Compiling version_check v0.9.2
[INFO] [stderr]    Compiling heapless v0.5.6
[INFO] [stderr]    Compiling rtic-core v0.3.0
[INFO] [stderr]    Compiling indexmap v1.6.0
[INFO] [stderr]    Compiling cortex-m-rtic v0.5.5
[INFO] [stderr]    Compiling hash32 v0.1.1
[INFO] [stderr]    Compiling rtic-syntax v0.4.0
[INFO] [stderr]    Compiling cortex-m-rtic-macros v0.5.2
[INFO] [stderr]    Compiling sam4s_xplained_pro v0.1.3 (/opt/rustwide/workdir)
[INFO] [stdout] error: language item required, but not found: `eh_personality`
[INFO] [stdout] 
[INFO] [stdout] 
[INFO] [stdout] error[E0432]: unresolved import `rtic::cyccnt`
[INFO] [stdout]  --> examples/blinky_rtic.rs:7:11
[INFO] [stdout]   |
[INFO] [stdout] 7 | use rtic::cyccnt::{Instant, U32Ext as _};
[INFO] [stdout]   |           ^^^^^^ could not find `cyccnt` in `rtic`
[INFO] [stdout] 
[INFO] [stdout] 
[INFO] [stdout] error[E0433]: failed to resolve: could not find `cyccnt` in `rtic`
[INFO] [stdout]   --> examples/blinky_rtic.rs:13:64
[INFO] [stdout]    |
[INFO] [stdout] 13 | #[app(device = sam4s_xplained_pro::hal::pac, monotonic = rtic::cyccnt::CYCCNT)]
[INFO] [stdout]    |                                                                ^^^^^^ could not find `cyccnt` in `rtic`
[INFO] [stdout] 
[INFO] [stdout] 
[INFO] [stdout] error: language item required, but not found: `eh_personality`
[INFO] [stdout] 
[INFO] [stdout] 
[INFO] [stdout] error: language item required, but not found: `eh_personality`
[INFO] [stdout] 
[INFO] [stdout] 
[INFO] [stdout] error: aborting due to previous error
[INFO] [stdout] 
[INFO] [stdout] 
[INFO] [stdout] error: aborting due to previous error
[INFO] [stdout] 
[INFO] [stdout] 
[INFO] [stderr] error: could not compile `sam4s_xplained_pro` due to 2 previous errors
[INFO] [stderr] warning: build failed, waiting for other jobs to finish...
[INFO] [stdout] error[E0599]: no method named `cycles` found for type `u32` in the current scope
[INFO] [stdout]   --> examples/blinky_rtic.rs:33:66
[INFO] [stdout]    |
[INFO] [stdout] 33 |             .blink_led(cx.start + get_master_clock_frequency().0.cycles())
[INFO] [stdout]    |                                                                  ^^^^^^ method not found in `u32`
[INFO] [stdout] 
[INFO] [stdout] 
[INFO] [stdout] error[E0599]: no method named `cycles` found for type `u32` in the current scope
[INFO] [stdout]   --> examples/blinky_rtic.rs:84:83
[INFO] [stdout]    |
[INFO] [stdout] 84 |                 .blink_led(Instant::now() + (get_master_clock_frequency().0 / 20).cycles())
[INFO] [stdout]    |                                                                                   ^^^^^^ method not found in `u32`
[INFO] [stdout] 
[INFO] [stdout] 
[INFO] [stdout] error[E0599]: no method named `cycles` found for type `u32` in the current scope
[INFO] [stdout]   --> examples/blinky_rtic.rs:90:82
[INFO] [stdout]    |
[INFO] [stdout] 90 |                 .blink_led(Instant::now() + (get_master_clock_frequency().0 / 2).cycles())
[INFO] [stdout]    |                                                                                  ^^^^^^ method not found in `u32`
[INFO] [stdout] 
[INFO] [stdout] 
[INFO] [stdout] error[E0282]: type annotations needed
[INFO] [stdout]   --> examples/blinky_rtic.rs:13:1
[INFO] [stdout]    |
[INFO] [stdout] 13 | #[app(device = sam4s_xplained_pro::hal::pac, monotonic = rtic::cyccnt::CYCCNT)]
[INFO] [stdout]    | ^^^^^^^^^^^^^^^^^^^^^^^^^^^^^^^^^^^^^^^^^^^^^^^^^^^^^^^^^^^^^^^^^^^^^^^^^^^^^^^
[INFO] [stdout]    |
[INFO] [stdout]    = note: type must be known at this point
[INFO] [stdout]    = note: this error originates in the attribute macro `app` (in Nightly builds, run with -Z macro-backtrace for more info)
[INFO] [stdout] 
[INFO] [stdout] 
[INFO] [stdout] error: aborting due to 7 previous errors
[INFO] [stdout] 
[INFO] [stdout] 
[INFO] [stdout] Some errors have detailed explanations: E0282, E0432, E0433, E0599.
[INFO] [stdout] 
[INFO] [stdout] For more information about an error, try `rustc --explain E0282`.
[INFO] [stdout] 
[INFO] [stderr] error: build failed
[INFO] running `Command { std: "docker" "inspect" "c15f69938110e45f7bc81ded3d7ba9218b59c68dcaf383731ec028a68181cae1", kill_on_drop: false }`
[INFO] running `Command { std: "docker" "rm" "-f" "c15f69938110e45f7bc81ded3d7ba9218b59c68dcaf383731ec028a68181cae1", kill_on_drop: false }`
[INFO] [stdout] c15f69938110e45f7bc81ded3d7ba9218b59c68dcaf383731ec028a68181cae1
