[INFO] fetching crate rustfmt-core 0.4.0...
[INFO] testing rustfmt-core-0.4.0 against beta-2021-08-01 for beta-1.55-1
[INFO] extracting crate rustfmt-core 0.4.0 into /workspace/builds/worker-6/source
[INFO] validating manifest of crates.io crate rustfmt-core 0.4.0 on toolchain beta-2021-08-01
[INFO] running `Command { std: "/workspace/cargo-home/bin/cargo" "+beta-2021-08-01" "metadata" "--manifest-path" "Cargo.toml" "--no-deps", kill_on_drop: false }`
[INFO] started tweaking crates.io crate rustfmt-core 0.4.0
[INFO] finished tweaking crates.io crate rustfmt-core 0.4.0
[INFO] tweaked toml for crates.io crate rustfmt-core 0.4.0 written to /workspace/builds/worker-6/source/Cargo.toml
[INFO] running `Command { std: "/workspace/cargo-home/bin/cargo" "+beta-2021-08-01" "generate-lockfile" "--manifest-path" "Cargo.toml" "-Zno-index-update", kill_on_drop: false }`
[INFO] [stderr]     Blocking waiting for file lock on package cache
[INFO] running `Command { std: "/workspace/cargo-home/bin/cargo" "+beta-2021-08-01" "fetch" "--manifest-path" "Cargo.toml", kill_on_drop: false }`
[INFO] [stderr]     Blocking waiting for file lock on package cache
[INFO] [stderr]  Downloading crates ...
[INFO] [stderr]   Downloaded rustc-ap-rustc_errors v29.0.0
[INFO] [stderr]   Downloaded rustc-ap-syntax_pos v29.0.0
[INFO] [stderr]   Downloaded rustc-ap-serialize v29.0.0
[INFO] [stderr]   Downloaded rustc-ap-rustc_cratesio_shim v29.0.0
[INFO] [stderr]   Downloaded rustc-ap-syntax v29.0.0
[INFO] [stderr]   Downloaded parking_lot v0.5.5
[INFO] [stderr]   Downloaded rustfmt-config v0.4.0
[INFO] [stderr]   Downloaded rustc-ap-rustc_data_structures v29.0.0
[INFO] running `Command { std: "docker" "create" "-v" "/var/lib/crater-agent-workspace/builds/worker-6/target:/opt/rustwide/target:rw,Z" "-v" "/var/lib/crater-agent-workspace/builds/worker-6/source:/opt/rustwide/workdir:ro,Z" "-v" "/var/lib/crater-agent-workspace/cargo-home:/opt/rustwide/cargo-home:ro,Z" "-v" "/var/lib/crater-agent-workspace/rustup-home:/opt/rustwide/rustup-home:ro,Z" "-e" "SOURCE_DIR=/opt/rustwide/workdir" "-e" "CARGO_TARGET_DIR=/opt/rustwide/target" "-e" "CARGO_HOME=/opt/rustwide/cargo-home" "-e" "RUSTUP_HOME=/opt/rustwide/rustup-home" "-w" "/opt/rustwide/workdir" "-m" "1610612736" "--user" "0:0" "--network" "none" "ghcr.io/rust-lang/crates-build-env/linux@sha256:34b6a614d2c27851fe6cbf88fbd1137609cefab8b10d0615aaeb6fd47975d74e" "/opt/rustwide/cargo-home/bin/cargo" "+beta-2021-08-01" "metadata" "--no-deps" "--format-version=1", kill_on_drop: false }`
[INFO] [stdout] e29444201a953a45ee2ef18625b028d2d8a0adf8a732b2d7d556d48470a1f853
[INFO] running `Command { std: "docker" "start" "-a" "e29444201a953a45ee2ef18625b028d2d8a0adf8a732b2d7d556d48470a1f853", kill_on_drop: false }`
[INFO] running `Command { std: "docker" "inspect" "e29444201a953a45ee2ef18625b028d2d8a0adf8a732b2d7d556d48470a1f853", kill_on_drop: false }`
[INFO] running `Command { std: "docker" "rm" "-f" "e29444201a953a45ee2ef18625b028d2d8a0adf8a732b2d7d556d48470a1f853", kill_on_drop: false }`
[INFO] [stdout] e29444201a953a45ee2ef18625b028d2d8a0adf8a732b2d7d556d48470a1f853
[INFO] running `Command { std: "docker" "create" "-v" "/var/lib/crater-agent-workspace/builds/worker-6/target:/opt/rustwide/target:rw,Z" "-v" "/var/lib/crater-agent-workspace/builds/worker-6/source:/opt/rustwide/workdir:ro,Z" "-v" "/var/lib/crater-agent-workspace/cargo-home:/opt/rustwide/cargo-home:ro,Z" "-v" "/var/lib/crater-agent-workspace/rustup-home:/opt/rustwide/rustup-home:ro,Z" "-e" "SOURCE_DIR=/opt/rustwide/workdir" "-e" "CARGO_TARGET_DIR=/opt/rustwide/target" "-e" "CARGO_INCREMENTAL=0" "-e" "RUST_BACKTRACE=full" "-e" "RUSTFLAGS=--cap-lints=warn" "-e" "CARGO_HOME=/opt/rustwide/cargo-home" "-e" "RUSTUP_HOME=/opt/rustwide/rustup-home" "-w" "/opt/rustwide/workdir" "-m" "1610612736" "--user" "0:0" "--network" "none" "ghcr.io/rust-lang/crates-build-env/linux@sha256:34b6a614d2c27851fe6cbf88fbd1137609cefab8b10d0615aaeb6fd47975d74e" "/opt/rustwide/cargo-home/bin/cargo" "+beta-2021-08-01" "build" "--frozen" "--message-format=json", kill_on_drop: false }`
[INFO] [stdout] a53de314673d15e08e51d3825353bcf023f48d9da2defb0962ddcae6ceb88531
[INFO] running `Command { std: "docker" "start" "-a" "a53de314673d15e08e51d3825353bcf023f48d9da2defb0962ddcae6ceb88531", kill_on_drop: false }`
[INFO] [stderr]    Compiling term v0.4.6
[INFO] [stderr]    Compiling rustc-ap-serialize v29.0.0
[INFO] [stderr]    Compiling rustc-ap-syntax v29.0.0
[INFO] [stderr]    Compiling ucd-util v0.1.8
[INFO] [stderr]    Compiling owning_ref v0.3.3
[INFO] [stderr]    Compiling aho-corasick v0.6.10
[INFO] [stderr]    Compiling toml v0.4.10
[INFO] [stderr]    Compiling parking_lot_core v0.2.14
[INFO] [stderr]    Compiling derive-new v0.5.9
[INFO] [stderr]    Compiling regex-syntax v0.5.6
[INFO] [stdout] error[E0554]: `#![feature]` may not be used on the beta release channel
[INFO] [stdout]   --> /opt/rustwide/cargo-home/registry/src/github.com-1ecc6299db9ec823/parking_lot_core-0.2.14/src/lib.rs:41:60
[INFO] [stdout]    |
[INFO] [stdout] 41 | #![cfg_attr(all(feature = "nightly", target_os = "linux"), feature(integer_atomics))]
[INFO] [stdout]    |                                                            ^^^^^^^^^^^^^^^^^^^^^^^^
[INFO] [stdout] 
[INFO] [stdout] 
[INFO] [stdout] error: aborting due to previous error
[INFO] [stdout] 
[INFO] [stdout] 
[INFO] [stdout] For more information about this error, try `rustc --explain E0554`.
[INFO] [stdout] 
[INFO] [stderr] error: could not compile `parking_lot_core` due to 2 previous errors
[INFO] [stderr] warning: build failed, waiting for other jobs to finish...
[INFO] [stdout] error[E0554]: `#![feature]` may not be used on the beta release channel
[INFO] [stdout]   --> /opt/rustwide/cargo-home/registry/src/github.com-1ecc6299db9ec823/rustc-ap-serialize-29.0.0/lib.rs:24:1
[INFO] [stdout]    |
[INFO] [stdout] 24 | #![feature(rustc_private, box_syntax)]
[INFO] [stdout]    | ^^^^^^^^^^^^^^^^^^^^^^^^^^^^^^^^^^^^^^
[INFO] [stdout] 
[INFO] [stdout] 
[INFO] [stdout] error[E0554]: `#![feature]` may not be used on the beta release channel
[INFO] [stdout]   --> /opt/rustwide/cargo-home/registry/src/github.com-1ecc6299db9ec823/rustc-ap-serialize-29.0.0/lib.rs:25:1
[INFO] [stdout]    |
[INFO] [stdout] 25 | #![feature(core_intrinsics)]
[INFO] [stdout]    | ^^^^^^^^^^^^^^^^^^^^^^^^^^^^
[INFO] [stdout] 
[INFO] [stdout] 
[INFO] [stdout] error[E0554]: `#![feature]` may not be used on the beta release channel
[INFO] [stdout]   --> /opt/rustwide/cargo-home/registry/src/github.com-1ecc6299db9ec823/rustc-ap-serialize-29.0.0/lib.rs:26:1
[INFO] [stdout]    |
[INFO] [stdout] 26 | #![feature(i128_type)]
[INFO] [stdout]    | ^^^^^^^^^^^^^^^^^^^^^^ help: remove the attribute
[INFO] [stdout]    |
[INFO] [stdout]    = help: the feature `i128_type` has been stable since 1.26.0 and no longer requires an attribute to enable
[INFO] [stdout] 
[INFO] [stdout] 
[INFO] [stdout] error[E0554]: `#![feature]` may not be used on the beta release channel
[INFO] [stdout]   --> /opt/rustwide/cargo-home/registry/src/github.com-1ecc6299db9ec823/rustc-ap-serialize-29.0.0/lib.rs:27:1
[INFO] [stdout]    |
[INFO] [stdout] 27 | #![feature(specialization)]
[INFO] [stdout]    | ^^^^^^^^^^^^^^^^^^^^^^^^^^^
[INFO] [stdout] 
[INFO] [stdout] 
[INFO] [stdout] error: aborting due to 4 previous errors
[INFO] [stdout] 
[INFO] [stdout] 
[INFO] [stdout] For more information about this error, try `rustc --explain E0554`.
[INFO] [stdout] 
[INFO] [stderr] error: build failed
[INFO] running `Command { std: "docker" "inspect" "a53de314673d15e08e51d3825353bcf023f48d9da2defb0962ddcae6ceb88531", kill_on_drop: false }`
[INFO] running `Command { std: "docker" "rm" "-f" "a53de314673d15e08e51d3825353bcf023f48d9da2defb0962ddcae6ceb88531", kill_on_drop: false }`
[INFO] [stdout] a53de314673d15e08e51d3825353bcf023f48d9da2defb0962ddcae6ceb88531
