[INFO] fetching crate rustc-rayon 0.3.1...
[INFO] testing rustc-rayon-0.3.1 against 1.54.0 for beta-1.55-1
[INFO] extracting crate rustc-rayon 0.3.1 into /workspace/builds/worker-10/source
[INFO] validating manifest of crates.io crate rustc-rayon 0.3.1 on toolchain 1.54.0
[INFO] running `Command { std: "/workspace/cargo-home/bin/cargo" "+1.54.0" "metadata" "--manifest-path" "Cargo.toml" "--no-deps", kill_on_drop: false }`
[INFO] started tweaking crates.io crate rustc-rayon 0.3.1
[INFO] finished tweaking crates.io crate rustc-rayon 0.3.1
[INFO] tweaked toml for crates.io crate rustc-rayon 0.3.1 written to /workspace/builds/worker-10/source/Cargo.toml
[INFO] crate crates.io crate rustc-rayon 0.3.1 already has a lockfile, it will not be regenerated
[INFO] running `Command { std: "/workspace/cargo-home/bin/cargo" "+1.54.0" "fetch" "--manifest-path" "Cargo.toml", kill_on_drop: false }`
[INFO] [stderr]  Downloading crates ...
[INFO] [stderr]   Downloaded syn v1.0.63
[INFO] running `Command { std: "docker" "create" "-v" "/var/lib/crater-agent-workspace/builds/worker-10/target:/opt/rustwide/target:rw,Z" "-v" "/var/lib/crater-agent-workspace/builds/worker-10/source:/opt/rustwide/workdir:ro,Z" "-v" "/var/lib/crater-agent-workspace/cargo-home:/opt/rustwide/cargo-home:ro,Z" "-v" "/var/lib/crater-agent-workspace/rustup-home:/opt/rustwide/rustup-home:ro,Z" "-e" "SOURCE_DIR=/opt/rustwide/workdir" "-e" "CARGO_TARGET_DIR=/opt/rustwide/target" "-e" "CARGO_HOME=/opt/rustwide/cargo-home" "-e" "RUSTUP_HOME=/opt/rustwide/rustup-home" "-w" "/opt/rustwide/workdir" "-m" "1610612736" "--user" "0:0" "--network" "none" "ghcr.io/rust-lang/crates-build-env/linux@sha256:34b6a614d2c27851fe6cbf88fbd1137609cefab8b10d0615aaeb6fd47975d74e" "/opt/rustwide/cargo-home/bin/cargo" "+1.54.0" "metadata" "--no-deps" "--format-version=1", kill_on_drop: false }`
[INFO] [stdout] a67c4ec0d0ad0cb08ab357f7656c5301ad38c5aeb0a6cd880754e7492e5a7ff5
[INFO] running `Command { std: "docker" "start" "-a" "a67c4ec0d0ad0cb08ab357f7656c5301ad38c5aeb0a6cd880754e7492e5a7ff5", kill_on_drop: false }`
[INFO] running `Command { std: "docker" "inspect" "a67c4ec0d0ad0cb08ab357f7656c5301ad38c5aeb0a6cd880754e7492e5a7ff5", kill_on_drop: false }`
[INFO] running `Command { std: "docker" "rm" "-f" "a67c4ec0d0ad0cb08ab357f7656c5301ad38c5aeb0a6cd880754e7492e5a7ff5", kill_on_drop: false }`
[INFO] [stdout] a67c4ec0d0ad0cb08ab357f7656c5301ad38c5aeb0a6cd880754e7492e5a7ff5
[INFO] running `Command { std: "docker" "create" "-v" "/var/lib/crater-agent-workspace/builds/worker-10/target:/opt/rustwide/target:rw,Z" "-v" "/var/lib/crater-agent-workspace/builds/worker-10/source:/opt/rustwide/workdir:ro,Z" "-v" "/var/lib/crater-agent-workspace/cargo-home:/opt/rustwide/cargo-home:ro,Z" "-v" "/var/lib/crater-agent-workspace/rustup-home:/opt/rustwide/rustup-home:ro,Z" "-e" "SOURCE_DIR=/opt/rustwide/workdir" "-e" "CARGO_TARGET_DIR=/opt/rustwide/target" "-e" "CARGO_INCREMENTAL=0" "-e" "RUST_BACKTRACE=full" "-e" "RUSTFLAGS=--cap-lints=warn" "-e" "CARGO_HOME=/opt/rustwide/cargo-home" "-e" "RUSTUP_HOME=/opt/rustwide/rustup-home" "-w" "/opt/rustwide/workdir" "-m" "1610612736" "--user" "0:0" "--network" "none" "ghcr.io/rust-lang/crates-build-env/linux@sha256:34b6a614d2c27851fe6cbf88fbd1137609cefab8b10d0615aaeb6fd47975d74e" "/opt/rustwide/cargo-home/bin/cargo" "+1.54.0" "build" "--frozen" "--message-format=json", kill_on_drop: false }`
[INFO] [stdout] abfb5ef39ef3e2292c85ef71cb1eafa159182ade2fea8d87937e789a7b0615cb
[INFO] running `Command { std: "docker" "start" "-a" "abfb5ef39ef3e2292c85ef71cb1eafa159182ade2fea8d87937e789a7b0615cb", kill_on_drop: false }`
[INFO] [stderr]    Compiling libc v0.2.88
[INFO] [stderr]    Compiling rustc-rayon-core v0.3.0
[INFO] [stderr]    Compiling crossbeam-utils v0.6.6
[INFO] [stderr]    Compiling crossbeam-deque v0.7.3
[INFO] [stderr]    Compiling crossbeam-queue v0.1.2
[INFO] [stderr]    Compiling num_cpus v1.13.0
[INFO] [stderr]    Compiling rustc-rayon v0.3.1 (/opt/rustwide/workdir)
[INFO] [stdout] warning: use of deprecated associated function `std::sync::atomic::AtomicUsize::compare_and_swap`: Use `compare_exchange` or `compare_exchange_weak` instead
[INFO] [stdout]    --> src/iter/par_bridge.rs:133:30
[INFO] [stdout]     |
[INFO] [stdout] 133 | ...                   .compare_and_swap(count, new_count, Ordering::SeqCst);
[INFO] [stdout]     |                        ^^^^^^^^^^^^^^^^
[INFO] [stdout]     |
[INFO] [stdout]     = note: `#[warn(deprecated)]` on by default
[INFO] [stdout] 
[INFO] [stdout] 
[INFO] [stdout] warning: 1 warning emitted
[INFO] [stdout] 
[INFO] [stdout] 
[INFO] [stderr]     Finished dev [unoptimized + debuginfo] target(s) in 5.26s
[INFO] running `Command { std: "docker" "inspect" "abfb5ef39ef3e2292c85ef71cb1eafa159182ade2fea8d87937e789a7b0615cb", kill_on_drop: false }`
[INFO] running `Command { std: "docker" "rm" "-f" "abfb5ef39ef3e2292c85ef71cb1eafa159182ade2fea8d87937e789a7b0615cb", kill_on_drop: false }`
[INFO] [stdout] abfb5ef39ef3e2292c85ef71cb1eafa159182ade2fea8d87937e789a7b0615cb
[INFO] running `Command { std: "docker" "create" "-v" "/var/lib/crater-agent-workspace/builds/worker-10/target:/opt/rustwide/target:rw,Z" "-v" "/var/lib/crater-agent-workspace/builds/worker-10/source:/opt/rustwide/workdir:ro,Z" "-v" "/var/lib/crater-agent-workspace/cargo-home:/opt/rustwide/cargo-home:ro,Z" "-v" "/var/lib/crater-agent-workspace/rustup-home:/opt/rustwide/rustup-home:ro,Z" "-e" "SOURCE_DIR=/opt/rustwide/workdir" "-e" "CARGO_TARGET_DIR=/opt/rustwide/target" "-e" "CARGO_INCREMENTAL=0" "-e" "RUST_BACKTRACE=full" "-e" "RUSTFLAGS=--cap-lints=warn" "-e" "CARGO_HOME=/opt/rustwide/cargo-home" "-e" "RUSTUP_HOME=/opt/rustwide/rustup-home" "-w" "/opt/rustwide/workdir" "-m" "1610612736" "--user" "0:0" "--network" "none" "ghcr.io/rust-lang/crates-build-env/linux@sha256:34b6a614d2c27851fe6cbf88fbd1137609cefab8b10d0615aaeb6fd47975d74e" "/opt/rustwide/cargo-home/bin/cargo" "+1.54.0" "test" "--frozen" "--no-run" "--message-format=json", kill_on_drop: false }`
[INFO] [stdout] 869e84c5e586972c9788e8947ccff3e031c43bef914cbae207a666894ff033b2
[INFO] running `Command { std: "docker" "start" "-a" "869e84c5e586972c9788e8947ccff3e031c43bef914cbae207a666894ff033b2", kill_on_drop: false }`
[INFO] [stderr]     Blocking waiting for file lock on package cache
[INFO] [stderr]    Compiling syn v1.0.63
[INFO] [stderr]    Compiling serde_derive v1.0.124
[INFO] [stderr]    Compiling serde v1.0.124
[INFO] [stderr]    Compiling strsim v0.9.3
[INFO] [stderr]    Compiling thread_local v1.1.3
[INFO] [stderr]    Compiling getrandom v0.1.16
[INFO] [stdout] warning: use of deprecated associated function `std::sync::atomic::AtomicUsize::compare_and_swap`: Use `compare_exchange` or `compare_exchange_weak` instead
[INFO] [stdout]    --> src/iter/par_bridge.rs:133:30
[INFO] [stdout]     |
[INFO] [stdout] 133 | ...                   .compare_and_swap(count, new_count, Ordering::SeqCst);
[INFO] [stdout]     |                        ^^^^^^^^^^^^^^^^
[INFO] [stdout]     |
[INFO] [stdout]     = note: `#[warn(deprecated)]` on by default
[INFO] [stdout] 
[INFO] [stdout] 
[INFO] [stdout] warning: 1 warning emitted
[INFO] [stdout] 
[INFO] [stdout] 
[INFO] [stderr]    Compiling rand_core v0.5.1
[INFO] [stderr]    Compiling regex v1.4.3
[INFO] [stderr]    Compiling rand_chacha v0.2.2
[INFO] [stderr]    Compiling rand_xorshift v0.2.0
[INFO] [stderr]    Compiling rand v0.7.3
[INFO] [stderr]    Compiling docopt v1.1.0
[INFO] [stderr]    Compiling rustc-rayon v0.3.1 (/opt/rustwide/workdir)
[INFO] [stdout] error[E0433]: failed to resolve: use of undeclared crate or module `rayon`
[INFO] [stdout]  --> tests/iter_panic.rs:1:5
[INFO] [stdout]   |
[INFO] [stdout] 1 | use rayon::prelude::*;
[INFO] [stdout]   |     ^^^^^ use of undeclared crate or module `rayon`
[INFO] [stdout] 
[INFO] [stdout] 
[INFO] [stdout] error[E0432]: unresolved import `rayon`
[INFO] [stdout]  --> tests/iter_panic.rs:2:5
[INFO] [stdout]   |
[INFO] [stdout] 2 | use rayon::ThreadPoolBuilder;
[INFO] [stdout]   |     ^^^^^ use of undeclared crate or module `rayon`
[INFO] [stdout] 
[INFO] [stdout] 
[INFO] [stdout] error[E0433]: failed to resolve: use of undeclared crate or module `rayon`
[INFO] [stdout]  --> tests/debug.rs:1:5
[INFO] [stdout]   |
[INFO] [stdout] 1 | use rayon::prelude::*;
[INFO] [stdout]   |     ^^^^^ use of undeclared crate or module `rayon`
[INFO] [stdout] 
[INFO] [stdout] 
[INFO] [stdout] error[E0405]: cannot find trait `ParallelIterator` in this scope
[INFO] [stdout]   --> tests/iter_panic.rs:29:29
[INFO] [stdout]    |
[INFO] [stdout] 29 |         fn count(iter: impl ParallelIterator + UnwindSafe) -> usize {
[INFO] [stdout]    |                             ^^^^^^^^^^^^^^^^ not found in this scope
[INFO] [stdout]    |
[INFO] [stdout] help: consider importing this trait
[INFO] [stdout]    |
[INFO] [stdout] 1  | use rustc_rayon::prelude::ParallelIterator;
[INFO] [stdout]    |
[INFO] [stdout] 
[INFO] [stdout] 
[INFO] [stdout] error: aborting due to 3 previous errors
[INFO] [stdout] 
[INFO] [stdout] 
[INFO] [stdout] Some errors have detailed explanations: E0405, E0432, E0433.
[INFO] [stdout] 
[INFO] [stdout] For more information about an error, try `rustc --explain E0405`.
[INFO] [stdout] 
[INFO] [stderr] error: could not compile `rustc-rayon`
[INFO] [stderr] 
[INFO] [stderr] To learn more, run the command again with --verbose.
[INFO] [stderr] warning: build failed, waiting for other jobs to finish...
[INFO] [stdout] error[E0433]: failed to resolve: use of undeclared crate or module `rayon`
[INFO] [stdout]  --> tests/named-threads.rs:3:5
[INFO] [stdout]   |
[INFO] [stdout] 3 | use rayon::prelude::*;
[INFO] [stdout]   |     ^^^^^ use of undeclared crate or module `rayon`
[INFO] [stdout] 
[INFO] [stdout] 
[INFO] [stdout] error[E0433]: failed to resolve: use of undeclared crate or module `rayon`
[INFO] [stdout]  --> tests/issue671.rs:3:5
[INFO] [stdout]   |
[INFO] [stdout] 3 | use rayon::prelude::*;
[INFO] [stdout]   |     ^^^^^ use of undeclared crate or module `rayon`
[INFO] [stdout] 
[INFO] [stdout] 
[INFO] [stdout] error[E0432]: unresolved imports `rayon::prelude::*`, `rayon`
[INFO] [stdout]  --> tests/named-threads.rs:3:5
[INFO] [stdout]   |
[INFO] [stdout] 3 | use rayon::prelude::*;
[INFO] [stdout]   |     ^^^^^^^^^^^^^^^^^
[INFO] [stdout] 4 | use rayon::*;
[INFO] [stdout]   |     ^^^^^ use of undeclared crate or module `rayon`
[INFO] [stdout] 
[INFO] [stdout] 
[INFO] [stdout] error[E0433]: failed to resolve: use of undeclared crate or module `rayon`
[INFO] [stdout]    --> tests/debug.rs:157:11
[INFO] [stdout]     |
[INFO] [stdout] 157 |     check(rayon::iter::empty::<i32>());
[INFO] [stdout]     |           ^^^^^ use of undeclared crate or module `rayon`
[INFO] [stdout] 
[INFO] [stdout] 
[INFO] [stdout] error[E0433]: failed to resolve: use of undeclared crate or module `rayon`
[INFO] [stdout]    --> tests/debug.rs:162:11
[INFO] [stdout]     |
[INFO] [stdout] 162 |     check(rayon::iter::once(10));
[INFO] [stdout]     |           ^^^^^ use of undeclared crate or module `rayon`
[INFO] [stdout] 
[INFO] [stdout] 
[INFO] [stdout] error[E0433]: failed to resolve: use of undeclared crate or module `rayon`
[INFO] [stdout]    --> tests/debug.rs:168:11
[INFO] [stdout]     |
[INFO] [stdout] 168 |     check(rayon::iter::repeat(x));
[INFO] [stdout]     |           ^^^^^ use of undeclared crate or module `rayon`
[INFO] [stdout] 
[INFO] [stdout] 
[INFO] [stdout] error[E0433]: failed to resolve: use of undeclared crate or module `rayon`
[INFO] [stdout]    --> tests/debug.rs:169:11
[INFO] [stdout]     |
[INFO] [stdout] 169 |     check(rayon::iter::repeatn(x, 10));
[INFO] [stdout]     |           ^^^^^ use of undeclared crate or module `rayon`
[INFO] [stdout] 
[INFO] [stdout] 
[INFO] [stdout] error[E0433]: failed to resolve: use of undeclared crate or module `rayon`
[INFO] [stdout]    --> tests/debug.rs:174:11
[INFO] [stdout]     |
[INFO] [stdout] 174 |     check(rayon::iter::split(0..10, |x| (x, None)));
[INFO] [stdout]     |           ^^^^^ use of undeclared crate or module `rayon`
[INFO] [stdout] 
[INFO] [stdout] 
[INFO] [stdout] error[E0405]: cannot find trait `ParallelIterator` in this scope
[INFO] [stdout]  --> tests/debug.rs:6:8
[INFO] [stdout]   |
[INFO] [stdout] 6 |     I: ParallelIterator + Debug,
[INFO] [stdout]   |        ^^^^^^^^^^^^^^^^ not found in this scope
[INFO] [stdout]   |
[INFO] [stdout] help: consider importing this trait
[INFO] [stdout]   |
[INFO] [stdout] 1 | use rustc_rayon::prelude::ParallelIterator;
[INFO] [stdout]   |
[INFO] [stdout] 
[INFO] [stdout] 
[INFO] [stdout] error: aborting due to 7 previous errors
[INFO] [stdout] 
[INFO] [stdout] 
[INFO] [stdout] Some errors have detailed explanations: E0405, E0433.
[INFO] [stdout] 
[INFO] [stdout] For more information about an error, try `rustc --explain E0405`.
[INFO] [stdout] 
[INFO] [stdout] error[E0433]: failed to resolve: use of undeclared type `ThreadPoolBuilder`
[INFO] [stdout]  --> tests/named-threads.rs:8:5
[INFO] [stdout]   |
[INFO] [stdout] 8 |     ThreadPoolBuilder::new()
[INFO] [stdout]   |     ^^^^^^^^^^^^^^^^^ not found in this scope
[INFO] [stdout]   |
[INFO] [stdout] help: consider importing one of these items
[INFO] [stdout]   |
[INFO] [stdout] 1 | use rayon_core::ThreadPoolBuilder;
[INFO] [stdout]   |
[INFO] [stdout] 1 | use rustc_rayon::ThreadPoolBuilder;
[INFO] [stdout]   |
[INFO] [stdout] 
[INFO] [stdout] 
[INFO] [stdout] error[E0433]: failed to resolve: use of undeclared crate or module `rayon`
[INFO] [stdout]   --> examples/cpu_monitor.rs:58:9
[INFO] [stdout]    |
[INFO] [stdout] 58 |         rayon::join(|| join_recursively(n - 1), || join_recursively(n - 1));
[INFO] [stdout]    |         ^^^^^ use of undeclared crate or module `rayon`
[INFO] [stdout] 
[INFO] [stdout] 
[INFO] [stdout] error[E0433]: failed to resolve: use of undeclared crate or module `rayon`
[INFO] [stdout]   --> examples/cpu_monitor.rs:73:5
[INFO] [stdout]    |
[INFO] [stdout] 73 |     rayon::join(|| task(args), wait_for_user);
[INFO] [stdout]    |     ^^^^^ use of undeclared crate or module `rayon`
[INFO] [stdout] 
[INFO] [stdout] 
[INFO] [stdout] error[E0433]: failed to resolve: use of undeclared crate or module `rayon`
[INFO] [stdout]   --> examples/cpu_monitor.rs:77:5
[INFO] [stdout]    |
[INFO] [stdout] 77 |     rayon::scope(|scope| {
[INFO] [stdout]    |     ^^^^^ use of undeclared crate or module `rayon`
[INFO] [stdout] 
[INFO] [stdout] 
[INFO] [stdout] error: aborting due to 3 previous errors
[INFO] [stdout] 
[INFO] [stdout] 
[INFO] [stdout] error[E0599]: no method named `into_par_iter` found for struct `Vec<Result<(), ()>>` in the current scope
[INFO] [stdout]  --> tests/issue671.rs:8:10
[INFO] [stdout]   |
[INFO] [stdout] 8 |         .into_par_iter()
[INFO] [stdout]   |          ^^^^^^^^^^^^^ method not found in `Vec<Result<(), ()>>`
[INFO] [stdout] 
[INFO] [stdout] 
[INFO] [stdout] error: aborting due to 2 previous errors
[INFO] [stdout] 
[INFO] [stdout] 
[INFO] [stdout] For more information about this error, try `rustc --explain E0433`.
[INFO] [stdout] 
[INFO] [stdout] Some errors have detailed explanations: E0433, E0599.
[INFO] [stdout] 
[INFO] [stdout] For more information about an error, try `rustc --explain E0433`.
[INFO] [stdout] 
[INFO] [stdout] error[E0433]: failed to resolve: use of undeclared crate or module `rayon`
[INFO] [stdout]  --> tests/str.rs:4:5
[INFO] [stdout]   |
[INFO] [stdout] 4 | use rayon::prelude::*;
[INFO] [stdout]   |     ^^^^^ use of undeclared crate or module `rayon`
[INFO] [stdout] 
[INFO] [stdout] 
[INFO] [stdout] error[E0433]: failed to resolve: use of undeclared crate or module `rayon`
[INFO] [stdout]  --> tests/producer_split_at.rs:1:5
[INFO] [stdout]   |
[INFO] [stdout] 1 | use rayon::iter::plumbing::*;
[INFO] [stdout]   |     ^^^^^ use of undeclared crate or module `rayon`
[INFO] [stdout] 
[INFO] [stdout] 
[INFO] [stdout] error[E0433]: failed to resolve: use of undeclared crate or module `rayon`
[INFO] [stdout]  --> tests/producer_split_at.rs:2:5
[INFO] [stdout]   |
[INFO] [stdout] 2 | use rayon::prelude::*;
[INFO] [stdout]   |     ^^^^^ use of undeclared crate or module `rayon`
[INFO] [stdout] 
[INFO] [stdout] 
[INFO] [stdout] error[E0432]: unresolved imports `rayon::iter::plumbing::*`, `rayon::prelude::*`
[INFO] [stdout]  --> tests/producer_split_at.rs:1:5
[INFO] [stdout]   |
[INFO] [stdout] 1 | use rayon::iter::plumbing::*;
[INFO] [stdout]   |     ^^^^^^^^^^^^^^^^^^^^^^^^
[INFO] [stdout] 2 | use rayon::prelude::*;
[INFO] [stdout]   |     ^^^^^^^^^^^^^^^^^
[INFO] [stdout] 
[INFO] [stdout] 
[INFO] [stdout] error[E0433]: failed to resolve: use of undeclared crate or module `rayon`
[INFO] [stdout]  --> tests/issue671-unzip.rs:3:5
[INFO] [stdout]   |
[INFO] [stdout] 3 | use rayon::prelude::*;
[INFO] [stdout]   |     ^^^^^ use of undeclared crate or module `rayon`
[INFO] [stdout] 
[INFO] [stdout] 
[INFO] [stdout] error[E0599]: no method named `into_par_iter` found for struct `std::ops::Range` in the current scope
[INFO] [stdout]    --> tests/named-threads.rs:16:10
[INFO] [stdout]     |
[INFO] [stdout] 16  |         .into_par_iter()
[INFO] [stdout]     |          ^^^^^^^^^^^^^ method not found in `std::ops::Range<usize>`
[INFO] [stdout]     | 
[INFO] [stdout]    ::: /opt/rustwide/workdir/src/iter/mod.rs:226:8
[INFO] [stdout]     |
[INFO] [stdout] 226 |     fn into_par_iter(self) -> Self::Iter;
[INFO] [stdout]     |        ------------- the method is available for `std::ops::Range<usize>` here
[INFO] [stdout]     |
[INFO] [stdout]     = help: items from traits can only be used if the trait is in scope
[INFO] [stdout] help: the following trait is implemented but not in scope; perhaps add a `use` for it:
[INFO] [stdout]     |
[INFO] [stdout] 1   | use rustc_rayon::iter::IntoParallelIterator;
[INFO] [stdout]     |
[INFO] [stdout] 
[INFO] [stdout] 
[INFO] [stdout] error[E0433]: failed to resolve: use of undeclared crate or module `rayon`
[INFO] [stdout]  --> tests/octillion.rs:1:5
[INFO] [stdout]   |
[INFO] [stdout] 1 | use rayon::prelude::*;
[INFO] [stdout]   |     ^^^^^ use of undeclared crate or module `rayon`
[INFO] [stdout] 
[INFO] [stdout] 
[INFO] [stdout] error[E0433]: failed to resolve: use of undeclared crate or module `rayon`
[INFO] [stdout]  --> tests/octillion.rs:6:19
[INFO] [stdout]   |
[INFO] [stdout] 6 | fn octillion() -> rayon::range::Iter<u128> {
[INFO] [stdout]   |                   ^^^^^ use of undeclared crate or module `rayon`
[INFO] [stdout] 
[INFO] [stdout] 
[INFO] [stdout] error[E0433]: failed to resolve: use of undeclared crate or module `rayon`
[INFO] [stdout]   --> tests/octillion.rs:11:29
[INFO] [stdout]    |
[INFO] [stdout] 11 | fn octillion_inclusive() -> rayon::range_inclusive::Iter<u128> {
[INFO] [stdout]    |                             ^^^^^ use of undeclared crate or module `rayon`
[INFO] [stdout] 
[INFO] [stdout] 
[INFO] [stdout] error: aborting due to 4 previous errors
[INFO] [stdout] 
[INFO] [stdout] 
[INFO] [stdout] Some errors have detailed explanations: E0432, E0433, E0599.
[INFO] [stdout] 
[INFO] [stdout] For more information about an error, try `rustc --explain E0432`.
[INFO] [stdout] 
[INFO] [stdout] error[E0433]: failed to resolve: use of undeclared crate or module `rayon`
[INFO] [stdout]  --> tests/intersperse.rs:1:5
[INFO] [stdout]   |
[INFO] [stdout] 1 | use rayon::prelude::*;
[INFO] [stdout]   |     ^^^^^ use of undeclared crate or module `rayon`
[INFO] [stdout] 
[INFO] [stdout] 
[INFO] [stdout] error[E0433]: failed to resolve: use of undeclared crate or module `rayon`
[INFO] [stdout]    --> tests/producer_split_at.rs:114:20
[INFO] [stdout]     |
[INFO] [stdout] 114 |     check(&v[..0], rayon::iter::empty);
[INFO] [stdout]     |                    ^^^^^ use of undeclared crate or module `rayon`
[INFO] [stdout] 
[INFO] [stdout] 
[INFO] [stdout] error[E0433]: failed to resolve: use of undeclared crate or module `rayon`
[INFO] [stdout]    --> tests/producer_split_at.rs:120:18
[INFO] [stdout]     |
[INFO] [stdout] 120 |     check(&v, || rayon::iter::once(42));
[INFO] [stdout]     |                  ^^^^^ use of undeclared crate or module `rayon`
[INFO] [stdout] 
[INFO] [stdout] 
[INFO] [stdout] error[E0433]: failed to resolve: use of undeclared crate or module `rayon`
[INFO] [stdout]    --> tests/producer_split_at.rs:144:18
[INFO] [stdout]     |
[INFO] [stdout] 144 |     check(&v, || rayon::iter::repeatn(1, 5));
[INFO] [stdout]     |                  ^^^^^ use of undeclared crate or module `rayon`
[INFO] [stdout] 
[INFO] [stdout] 
[INFO] [stdout] error[E0405]: cannot find trait `IntoParallelIterator` in this scope
[INFO] [stdout]  --> tests/producer_split_at.rs:8:8
[INFO] [stdout]   |
[INFO] [stdout] 8 |     I: IntoParallelIterator,
[INFO] [stdout]   |        ^^^^^^^^^^^^^^^^^^^^ not found in this scope
[INFO] [stdout]   |
[INFO] [stdout] help: consider importing this trait
[INFO] [stdout]   |
[INFO] [stdout] 1 | use rustc_rayon::prelude::IntoParallelIterator;
[INFO] [stdout]   |
[INFO] [stdout] 
[INFO] [stdout] 
[INFO] [stdout] error[E0405]: cannot find trait `IndexedParallelIterator` in this scope
[INFO] [stdout]  --> tests/producer_split_at.rs:9:14
[INFO] [stdout]   |
[INFO] [stdout] 9 |     I::Iter: IndexedParallelIterator,
[INFO] [stdout]   |              ^^^^^^^^^^^^^^^^^^^^^^^ not found in this scope
[INFO] [stdout]   |
[INFO] [stdout] help: consider importing this trait
[INFO] [stdout]   |
[INFO] [stdout] 1 | use rustc_rayon::prelude::IndexedParallelIterator;
[INFO] [stdout]   |
[INFO] [stdout] 
[INFO] [stdout] 
[INFO] [stdout] error[E0405]: cannot find trait `IntoParallelIterator` in this scope
[INFO] [stdout]   --> tests/producer_split_at.rs:42:12
[INFO] [stdout]    |
[INFO] [stdout] 42 |         I: IntoParallelIterator,
[INFO] [stdout]    |            ^^^^^^^^^^^^^^^^^^^^ not found in this scope
[INFO] [stdout]    |
[INFO] [stdout] help: consider importing this trait
[INFO] [stdout]    |
[INFO] [stdout] 1  | use rustc_rayon::prelude::IntoParallelIterator;
[INFO] [stdout]    |
[INFO] [stdout] 
[INFO] [stdout] 
[INFO] [stdout] error[E0405]: cannot find trait `IndexedParallelIterator` in this scope
[INFO] [stdout]   --> tests/producer_split_at.rs:43:18
[INFO] [stdout]    |
[INFO] [stdout] 43 |         I::Iter: IndexedParallelIterator,
[INFO] [stdout]    |                  ^^^^^^^^^^^^^^^^^^^^^^^ not found in this scope
[INFO] [stdout]    |
[INFO] [stdout] help: consider importing this trait
[INFO] [stdout]    |
[INFO] [stdout] 1  | use rustc_rayon::prelude::IndexedParallelIterator;
[INFO] [stdout]    |
[INFO] [stdout] 
[INFO] [stdout] 
[INFO] [stdout] error[E0405]: cannot find trait `IntoParallelIterator` in this scope
[INFO] [stdout]   --> tests/producer_split_at.rs:57:12
[INFO] [stdout]    |
[INFO] [stdout] 57 |         I: IntoParallelIterator,
[INFO] [stdout]    |            ^^^^^^^^^^^^^^^^^^^^ not found in this scope
[INFO] [stdout]    |
[INFO] [stdout] help: consider importing this trait
[INFO] [stdout]    |
[INFO] [stdout] 1  | use rustc_rayon::prelude::IntoParallelIterator;
[INFO] [stdout]    |
[INFO] [stdout] 
[INFO] [stdout] 
[INFO] [stdout] error[E0405]: cannot find trait `IndexedParallelIterator` in this scope
[INFO] [stdout]   --> tests/producer_split_at.rs:58:18
[INFO] [stdout]    |
[INFO] [stdout] 58 |         I::Iter: IndexedParallelIterator,
[INFO] [stdout]    |                  ^^^^^^^^^^^^^^^^^^^^^^^ not found in this scope
[INFO] [stdout]    |
[INFO] [stdout] help: consider importing this trait
[INFO] [stdout]    |
[INFO] [stdout] 1  | use rustc_rayon::prelude::IndexedParallelIterator;
[INFO] [stdout]    |
[INFO] [stdout] 
[INFO] [stdout] 
[INFO] [stdout] error[E0405]: cannot find trait `ProducerCallback` in this scope
[INFO] [stdout]   --> tests/producer_split_at.rs:71:9
[INFO] [stdout]    |
[INFO] [stdout] 71 | impl<T> ProducerCallback<T> for Split {
[INFO] [stdout]    |         ^^^^^^^^^^^^^^^^ not found in this scope
[INFO] [stdout]    |
[INFO] [stdout] help: consider importing this trait
[INFO] [stdout]    |
[INFO] [stdout] 1  | use rustc_rayon::iter::plumbing::ProducerCallback;
[INFO] [stdout]    |
[INFO] [stdout] 
[INFO] [stdout] 
[INFO] [stdout] error[E0405]: cannot find trait `Producer` in this scope
[INFO] [stdout]   --> tests/producer_split_at.rs:76:12
[INFO] [stdout]    |
[INFO] [stdout] 76 |         P: Producer<Item = T>,
[INFO] [stdout]    |            ^^^^^^^^ not found in this scope
[INFO] [stdout]    |
[INFO] [stdout] help: consider importing this trait
[INFO] [stdout]    |
[INFO] [stdout] 1  | use rustc_rayon::iter::plumbing::Producer;
[INFO] [stdout]    |
[INFO] [stdout] 
[INFO] [stdout] 
[INFO] [stdout] error[E0405]: cannot find trait `ParallelIterator` in this scope
[INFO] [stdout]   --> tests/octillion.rs:16:29
[INFO] [stdout]    |
[INFO] [stdout] 16 | fn octillion_flat() -> impl ParallelIterator<Item = u128> {
[INFO] [stdout]    |                             ^^^^^^^^^^^^^^^^ not found in this scope
[INFO] [stdout]    |
[INFO] [stdout] help: consider importing this trait
[INFO] [stdout]    |
[INFO] [stdout] 1  | use rustc_rayon::prelude::ParallelIterator;
[INFO] [stdout]    |
[INFO] [stdout] 
[INFO] [stdout] 
[INFO] [stdout] error[E0433]: failed to resolve: use of undeclared crate or module `rayon`
[INFO] [stdout]   --> tests/octillion.rs:58:26
[INFO] [stdout]    |
[INFO] [stdout] 58 |     let builder = rayon::ThreadPoolBuilder::new().num_threads(2);
[INFO] [stdout]    |                          ^^^^^^^^^^^^^^^^^ not found in `rayon`
[INFO] [stdout]    |
[INFO] [stdout] help: consider importing one of these items
[INFO] [stdout]    |
[INFO] [stdout] 1  | use rayon_core::ThreadPoolBuilder;
[INFO] [stdout]    |
[INFO] [stdout] 1  | use rustc_rayon::ThreadPoolBuilder;
[INFO] [stdout]    |
[INFO] [stdout] 
[INFO] [stdout] 
[INFO] [stdout] error: aborting due to 5 previous errors
[INFO] [stdout] 
[INFO] [stdout] 
[INFO] [stdout] Some errors have detailed explanations: E0405, E0433.
[INFO] [stdout] 
[INFO] [stdout] For more information about an error, try `rustc --explain E0405`.
[INFO] [stdout] 
[INFO] [stdout] error: aborting due to 14 previous errors
[INFO] [stdout] 
[INFO] [stdout] 
[INFO] [stdout] Some errors have detailed explanations: E0405, E0432, E0433.
[INFO] [stdout] 
[INFO] [stdout] For more information about an error, try `rustc --explain E0405`.
[INFO] [stdout] 
[INFO] [stdout] error[E0599]: no method named `par_chars` found for struct `String` in the current scope
[INFO] [stdout]   --> tests/str.rs:17:31
[INFO] [stdout]    |
[INFO] [stdout] 17 |     let par_chars: String = s.par_chars().collect();
[INFO] [stdout]    |                               ^^^^^^^^^ method not found in `String`
[INFO] [stdout] 
[INFO] [stdout] 
[INFO] [stdout] error[E0599]: no method named `par_chars` found for struct `String` in the current scope
[INFO] [stdout]   --> tests/str.rs:20:30
[INFO] [stdout]    |
[INFO] [stdout] 20 |     let par_even: String = s.par_chars().filter(|&c| (c as u32) & 1 == 0).collect();
[INFO] [stdout]    |                              ^^^^^^^^^ method not found in `String`
[INFO] [stdout] 
[INFO] [stdout] 
[INFO] [stdout] error[E0599]: no method named `par_chars` found for struct `String` in the current scope
[INFO] [stdout]   --> tests/str.rs:25:31
[INFO] [stdout]    |
[INFO] [stdout] 25 |     let vchars: Vec<char> = s.par_chars().collect();
[INFO] [stdout]    |                               ^^^^^^^^^ method not found in `String`
[INFO] [stdout] 
[INFO] [stdout] 
[INFO] [stdout] error[E0599]: no method named `par_iter` found for struct `Vec<char>` in the current scope
[INFO] [stdout]   --> tests/str.rs:26:36
[INFO] [stdout]    |
[INFO] [stdout] 26 |     let par_chars: String = vchars.par_iter().collect();
[INFO] [stdout]    |                                    ^^^^^^^^ method not found in `Vec<char>`
[INFO] [stdout] 
[INFO] [stdout] 
[INFO] [stdout] error[E0599]: no method named `into_par_iter` found for struct `std::ops::Range` in the current scope
[INFO] [stdout]  --> tests/intersperse.rs:5:31
[INFO] [stdout]   |
[INFO] [stdout] 5 |     let v: Vec<_> = (0..1000).into_par_iter().intersperse(-1).collect();
[INFO] [stdout]   |                               ^^^^^^^^^^^^^ method not found in `std::ops::Range<{integer}>`
[INFO] [stdout] 
[INFO] [stdout] 
[INFO] [stdout] error[E0599]: no method named `par_bytes` found for struct `String` in the current scope
[INFO] [stdout]   --> tests/str.rs:29:32
[INFO] [stdout]    |
[INFO] [stdout] 29 |     let par_bytes: Vec<u8> = s.par_bytes().collect();
[INFO] [stdout]    |                                ^^^^^^^^^ help: there is an associated function with a similar name: `as_bytes`
[INFO] [stdout] 
[INFO] [stdout] 
[INFO] [stdout] error[E0599]: no method named `par_encode_utf16` found for struct `String` in the current scope
[INFO] [stdout]   --> tests/str.rs:32:33
[INFO] [stdout]    |
[INFO] [stdout] 32 |     let par_utf16: Vec<u16> = s.par_encode_utf16().collect();
[INFO] [stdout]    |                                 ^^^^^^^^^^^^^^^^ help: there is an associated function with a similar name: `encode_utf16`
[INFO] [stdout] 
[INFO] [stdout] 
[INFO] [stdout] error[E0599]: no method named `into_par_iter` found for struct `std::ops::Range` in the current scope
[INFO] [stdout]   --> tests/intersperse.rs:15:10
[INFO] [stdout]    |
[INFO] [stdout] 15 |         .into_par_iter()
[INFO] [stdout]    |          ^^^^^^^^^^^^^ method not found in `std::ops::Range<{integer}>`
[INFO] [stdout] 
[INFO] [stdout] 
[INFO] [stdout] error[E0599]: no method named `par_char_indices` found for struct `String` in the current scope
[INFO] [stdout]   --> tests/str.rs:36:33
[INFO] [stdout]    |
[INFO] [stdout] 36 |     let par_charind: Vec<_> = s.par_char_indices().collect();
[INFO] [stdout]    |                                 ^^^^^^^^^^^^^^^^ help: there is an associated function with a similar name: `char_indices`
[INFO] [stdout] 
[INFO] [stdout] 
[INFO] [stdout] error[E0599]: no method named `par_split` found for struct `String` in the current scope
[INFO] [stdout]   --> tests/intersperse.rs:35:25
[INFO] [stdout]    |
[INFO] [stdout] 35 |     let par: String = s.par_split(',').intersperse(";").collect();
[INFO] [stdout]    |                         ^^^^^^^^^ help: there is an associated function with a similar name: `rsplit`
[INFO] [stdout] 
[INFO] [stdout] 
[INFO] [stdout] error[E0433]: failed to resolve: use of undeclared crate or module `rayon`
[INFO] [stdout]  --> tests/clones.rs:1:5
[INFO] [stdout]   |
[INFO] [stdout] 1 | use rayon::prelude::*;
[INFO] [stdout]   |     ^^^^^ use of undeclared crate or module `rayon`
[INFO] [stdout] 
[INFO] [stdout] 
[INFO] [stdout] error[E0599]: no method named `par_split` found for reference `&str` in the current scope
[INFO] [stdout]   --> tests/str.rs:64:39
[INFO] [stdout]    |
[INFO] [stdout] 64 |         let parallel: Vec<_> = string.par_split(separator).collect();
[INFO] [stdout]    |                                       ^^^^^^^^^ help: there is an associated function with a similar name: `rsplit`
[INFO] [stdout] 
[INFO] [stdout] 
[INFO] [stdout] error[E0599]: no method named `par_iter` found for struct `Vec<{integer}>` in the current scope
[INFO] [stdout]  --> tests/issue671-unzip.rs:9:10
[INFO] [stdout]   |
[INFO] [stdout] 9 |         .par_iter()
[INFO] [stdout]   |          ^^^^^^^^ method not found in `Vec<{integer}>`
[INFO] [stdout] 
[INFO] [stdout] 
[INFO] [stdout] error: aborting due to 2 previous errors
[INFO] [stdout] 
[INFO] [stdout] 
[INFO] [stdout] Some errors have detailed explanations: E0433, E0599.
[INFO] [stdout] 
[INFO] [stdout] For more information about an error, try `rustc --explain E0433`.
[INFO] [stdout] 
[INFO] [stdout] error[E0599]: no method named `into_par_iter` found for struct `std::ops::Range` in the current scope
[INFO] [stdout]   --> tests/intersperse.rs:42:10
[INFO] [stdout]    |
[INFO] [stdout] 42 |         .into_par_iter()
[INFO] [stdout]    |          ^^^^^^^^^^^^^ method not found in `std::ops::Range<{integer}>`
[INFO] [stdout] 
[INFO] [stdout] 
[INFO] [stdout] error[E0599]: no method named `par_split` found for reference `&str` in the current scope
[INFO] [stdout]   --> tests/str.rs:68:42
[INFO] [stdout]    |
[INFO] [stdout] 68 |         let parallel_fn: Vec<_> = string.par_split(|c| c == separator).collect();
[INFO] [stdout]    |                                          ^^^^^^^^^ help: there is an associated function with a similar name: `rsplit`
[INFO] [stdout] 
[INFO] [stdout] 
[INFO] [stdout] error[E0599]: no method named `par_split_terminator` found for reference `&str` in the current scope
[INFO] [stdout]   --> tests/str.rs:74:39
[INFO] [stdout]    |
[INFO] [stdout] 74 |         let parallel: Vec<_> = string.par_split_terminator(separator).collect();
[INFO] [stdout]    |                                       ^^^^^^^^^^^^^^^^^^^^ help: there is an associated function with a similar name: `rsplit_terminator`
[INFO] [stdout] 
[INFO] [stdout] 
[INFO] [stdout] error[E0599]: no method named `into_par_iter` found for struct `std::ops::Range` in the current scope
[INFO] [stdout]   --> tests/intersperse.rs:53:10
[INFO] [stdout]    |
[INFO] [stdout] 53 |         .into_par_iter()
[INFO] [stdout]    |          ^^^^^^^^^^^^^ method not found in `std::ops::Range<{integer}>`
[INFO] [stdout] 
[INFO] [stdout] 
[INFO] [stdout] error[E0599]: no method named `par_split_terminator` found for reference `&str` in the current scope
[INFO] [stdout]   --> tests/str.rs:80:39
[INFO] [stdout]    |
[INFO] [stdout] 80 |         let parallel: Vec<_> = string.par_split_terminator(|c| c == separator).collect();
[INFO] [stdout]    |                                       ^^^^^^^^^^^^^^^^^^^^ help: there is an associated function with a similar name: `rsplit_terminator`
[INFO] [stdout] 
[INFO] [stdout] 
[INFO] [stdout] error: aborting due to 6 previous errors
[INFO] [stdout] 
[INFO] [stdout] 
[INFO] [stdout] Some errors have detailed explanations: E0433, E0599.
[INFO] [stdout] 
[INFO] [stdout] For more information about an error, try `rustc --explain E0433`.
[INFO] [stdout] 
[INFO] [stdout] error[E0599]: no method named `par_lines` found for reference `&str` in the current scope
[INFO] [stdout]   --> tests/str.rs:86:39
[INFO] [stdout]    |
[INFO] [stdout] 86 |         let parallel: Vec<_> = string.par_lines().collect();
[INFO] [stdout]    |                                       ^^^^^^^^^ method not found in `&str`
[INFO] [stdout] 
[INFO] [stdout] 
[INFO] [stdout] error[E0433]: failed to resolve: use of undeclared crate or module `rayon`
[INFO] [stdout]    --> tests/clones.rs:146:11
[INFO] [stdout]     |
[INFO] [stdout] 146 |     check(rayon::iter::empty::<i32>());
[INFO] [stdout]     |           ^^^^^ use of undeclared crate or module `rayon`
[INFO] [stdout] 
[INFO] [stdout] 
[INFO] [stdout] error[E0433]: failed to resolve: use of undeclared crate or module `rayon`
[INFO] [stdout]    --> tests/clones.rs:151:11
[INFO] [stdout]     |
[INFO] [stdout] 151 |     check(rayon::iter::once(10));
[INFO] [stdout]     |           ^^^^^ use of undeclared crate or module `rayon`
[INFO] [stdout] 
[INFO] [stdout] 
[INFO] [stdout] error[E0433]: failed to resolve: use of undeclared crate or module `rayon`
[INFO] [stdout]    --> tests/clones.rs:157:11
[INFO] [stdout]     |
[INFO] [stdout] 157 |     check(rayon::iter::repeat(x).while_some());
[INFO] [stdout]     |           ^^^^^ use of undeclared crate or module `rayon`
[INFO] [stdout] 
[INFO] [stdout] 
[INFO] [stdout] error[E0433]: failed to resolve: use of undeclared crate or module `rayon`
[INFO] [stdout]    --> tests/clones.rs:158:11
[INFO] [stdout]     |
[INFO] [stdout] 158 |     check(rayon::iter::repeatn(x, 1000));
[INFO] [stdout]     |           ^^^^^ use of undeclared crate or module `rayon`
[INFO] [stdout] 
[INFO] [stdout] 
[INFO] [stdout] error[E0433]: failed to resolve: use of undeclared crate or module `rayon`
[INFO] [stdout]    --> tests/clones.rs:163:11
[INFO] [stdout]     |
[INFO] [stdout] 163 |     check(rayon::iter::split(0..1000, |x| (x, None)));
[INFO] [stdout]     |           ^^^^^ use of undeclared crate or module `rayon`
[INFO] [stdout] 
[INFO] [stdout] 
[INFO] [stdout] error[E0405]: cannot find trait `ParallelIterator` in this scope
[INFO] [stdout]  --> tests/clones.rs:5:8
[INFO] [stdout]   |
[INFO] [stdout] 5 |     I: ParallelIterator + Clone,
[INFO] [stdout]   |        ^^^^^^^^^^^^^^^^ not found in this scope
[INFO] [stdout]   |
[INFO] [stdout] help: consider importing this trait
[INFO] [stdout]   |
[INFO] [stdout] 1 | use rustc_rayon::prelude::ParallelIterator;
[INFO] [stdout]   |
[INFO] [stdout] 
[INFO] [stdout] 
[INFO] [stdout] error[E0599]: no method named `par_split_whitespace` found for reference `&str` in the current scope
[INFO] [stdout]   --> tests/str.rs:92:39
[INFO] [stdout]    |
[INFO] [stdout] 92 |         let parallel: Vec<_> = string.par_split_whitespace().collect();
[INFO] [stdout]    |                                       ^^^^^^^^^^^^^^^^^^^^ help: there is an associated function with a similar name: `split_whitespace`
[INFO] [stdout] 
[INFO] [stdout] 
[INFO] [stdout] error: aborting due to 7 previous errors
[INFO] [stdout] 
[INFO] [stdout] 
[INFO] [stdout] Some errors have detailed explanations: E0405, E0433.
[INFO] [stdout] 
[INFO] [stdout] For more information about an error, try `rustc --explain E0405`.
[INFO] [stdout] 
[INFO] [stdout] error[E0599]: no method named `par_matches` found for reference `&str` in the current scope
[INFO] [stdout]   --> tests/str.rs:99:39
[INFO] [stdout]    |
[INFO] [stdout] 99 |         let parallel: Vec<_> = string.par_matches(separator).collect();
[INFO] [stdout]    |                                       ^^^^^^^^^^^ help: there is an associated function with a similar name: `rmatches`
[INFO] [stdout] 
[INFO] [stdout] 
[INFO] [stdout] error[E0599]: no method named `par_matches` found for reference `&str` in the current scope
[INFO] [stdout]    --> tests/str.rs:103:42
[INFO] [stdout]     |
[INFO] [stdout] 103 |         let parallel_fn: Vec<_> = string.par_matches(|c| c == separator).collect();
[INFO] [stdout]     |                                          ^^^^^^^^^^^ help: there is an associated function with a similar name: `rmatches`
[INFO] [stdout] 
[INFO] [stdout] 
[INFO] [stdout] error[E0433]: failed to resolve: use of undeclared crate or module `rayon`
[INFO] [stdout]  --> tests/sort-panic-safe.rs:3:5
[INFO] [stdout]   |
[INFO] [stdout] 3 | use rayon::prelude::*;
[INFO] [stdout]   |     ^^^^^ use of undeclared crate or module `rayon`
[INFO] [stdout] 
[INFO] [stdout] 
[INFO] [stdout] error[E0599]: no method named `par_match_indices` found for reference `&str` in the current scope
[INFO] [stdout]    --> tests/str.rs:109:39
[INFO] [stdout]     |
[INFO] [stdout] 109 |         let parallel: Vec<_> = string.par_match_indices(separator).collect();
[INFO] [stdout]     |                                       ^^^^^^^^^^^^^^^^^ help: there is an associated function with a similar name: `rmatch_indices`
[INFO] [stdout] 
[INFO] [stdout] 
[INFO] [stdout] error[E0599]: no method named `par_match_indices` found for reference `&str` in the current scope
[INFO] [stdout]    --> tests/str.rs:113:42
[INFO] [stdout]     |
[INFO] [stdout] 113 |         let parallel_fn: Vec<_> = string.par_match_indices(|c| c == separator).collect();
[INFO] [stdout]     |                                          ^^^^^^^^^^^^^^^^^ help: there is an associated function with a similar name: `rmatch_indices`
[INFO] [stdout] 
[INFO] [stdout] 
[INFO] [stdout] error: aborting due to 18 previous errors
[INFO] [stdout] 
[INFO] [stdout] 
[INFO] [stdout] Some errors have detailed explanations: E0433, E0599.
[INFO] [stdout] 
[INFO] [stdout] For more information about an error, try `rustc --explain E0433`.
[INFO] [stdout] 
[INFO] [stdout] error[E0599]: no method named `par_sort_by` found for struct `Vec<DropCounter>` in the current scope
[INFO] [stdout]    --> tests/sort-panic-safe.rs:157:30
[INFO] [stdout]     |
[INFO] [stdout] 157 |                 test!(input, par_sort_by);
[INFO] [stdout]     |                              ^^^^^^^^^^^ method not found in `Vec<DropCounter>`
[INFO] [stdout] 
[INFO] [stdout] 
[INFO] [stdout] error[E0599]: no method named `par_sort_unstable_by` found for struct `Vec<DropCounter>` in the current scope
[INFO] [stdout]    --> tests/sort-panic-safe.rs:158:30
[INFO] [stdout]     |
[INFO] [stdout] 158 |                 test!(input, par_sort_unstable_by);
[INFO] [stdout]     |                              ^^^^^^^^^^^^^^^^^^^^ help: there is an associated function with a similar name: `sort_unstable_by`
[INFO] [stdout] 
[INFO] [stdout] 
[INFO] [stdout] error: aborting due to 3 previous errors
[INFO] [stdout] 
[INFO] [stdout] 
[INFO] [stdout] Some errors have detailed explanations: E0433, E0599.
[INFO] [stdout] 
[INFO] [stdout] For more information about an error, try `rustc --explain E0433`.
[INFO] [stdout] 
[INFO] [stdout] warning: use of deprecated associated function `std::sync::atomic::AtomicUsize::compare_and_swap`: Use `compare_exchange` or `compare_exchange_weak` instead
[INFO] [stdout]    --> src/iter/par_bridge.rs:133:30
[INFO] [stdout]     |
[INFO] [stdout] 133 | ...                   .compare_and_swap(count, new_count, Ordering::SeqCst);
[INFO] [stdout]     |                        ^^^^^^^^^^^^^^^^
[INFO] [stdout]     |
[INFO] [stdout]     = note: `#[warn(deprecated)]` on by default
[INFO] [stdout] 
[INFO] [stdout] 
[INFO] [stdout] warning: 1 warning emitted
[INFO] [stdout] 
[INFO] [stdout] 
[INFO] [stderr] error: build failed
[INFO] running `Command { std: "docker" "inspect" "869e84c5e586972c9788e8947ccff3e031c43bef914cbae207a666894ff033b2", kill_on_drop: false }`
[INFO] running `Command { std: "docker" "rm" "-f" "869e84c5e586972c9788e8947ccff3e031c43bef914cbae207a666894ff033b2", kill_on_drop: false }`
[INFO] [stdout] 869e84c5e586972c9788e8947ccff3e031c43bef914cbae207a666894ff033b2
