[INFO] fetching crate rust_twitter_bot_lib 0.1.2...
[INFO] testing rust_twitter_bot_lib-0.1.2 against 1.54.0 for beta-1.55-1
[INFO] extracting crate rust_twitter_bot_lib 0.1.2 into /workspace/builds/worker-5/source
[INFO] validating manifest of crates.io crate rust_twitter_bot_lib 0.1.2 on toolchain 1.54.0
[INFO] running `Command { std: "/workspace/cargo-home/bin/cargo" "+1.54.0" "metadata" "--manifest-path" "Cargo.toml" "--no-deps", kill_on_drop: false }`
[INFO] started tweaking crates.io crate rust_twitter_bot_lib 0.1.2
[INFO] finished tweaking crates.io crate rust_twitter_bot_lib 0.1.2
[INFO] tweaked toml for crates.io crate rust_twitter_bot_lib 0.1.2 written to /workspace/builds/worker-5/source/Cargo.toml
[INFO] running `Command { std: "/workspace/cargo-home/bin/cargo" "+1.54.0" "generate-lockfile" "--manifest-path" "Cargo.toml" "-Zno-index-update", kill_on_drop: false }`
[INFO] running `Command { std: "/workspace/cargo-home/bin/cargo" "+1.54.0" "fetch" "--manifest-path" "Cargo.toml", kill_on_drop: false }`
[INFO] running `Command { std: "docker" "create" "-v" "/var/lib/crater-agent-workspace/builds/worker-5/target:/opt/rustwide/target:rw,Z" "-v" "/var/lib/crater-agent-workspace/builds/worker-5/source:/opt/rustwide/workdir:ro,Z" "-v" "/var/lib/crater-agent-workspace/cargo-home:/opt/rustwide/cargo-home:ro,Z" "-v" "/var/lib/crater-agent-workspace/rustup-home:/opt/rustwide/rustup-home:ro,Z" "-e" "SOURCE_DIR=/opt/rustwide/workdir" "-e" "CARGO_TARGET_DIR=/opt/rustwide/target" "-e" "CARGO_HOME=/opt/rustwide/cargo-home" "-e" "RUSTUP_HOME=/opt/rustwide/rustup-home" "-w" "/opt/rustwide/workdir" "-m" "1610612736" "--user" "0:0" "--network" "none" "ghcr.io/rust-lang/crates-build-env/linux@sha256:34b6a614d2c27851fe6cbf88fbd1137609cefab8b10d0615aaeb6fd47975d74e" "/opt/rustwide/cargo-home/bin/cargo" "+1.54.0" "metadata" "--no-deps" "--format-version=1", kill_on_drop: false }`
[INFO] [stdout] 38593f32c861dab4c4ef17a3fffbf1be6fd3236b08ee0b6659cd4d635b6e804c
[INFO] running `Command { std: "docker" "start" "-a" "38593f32c861dab4c4ef17a3fffbf1be6fd3236b08ee0b6659cd4d635b6e804c", kill_on_drop: false }`
[INFO] running `Command { std: "docker" "inspect" "38593f32c861dab4c4ef17a3fffbf1be6fd3236b08ee0b6659cd4d635b6e804c", kill_on_drop: false }`
[INFO] running `Command { std: "docker" "rm" "-f" "38593f32c861dab4c4ef17a3fffbf1be6fd3236b08ee0b6659cd4d635b6e804c", kill_on_drop: false }`
[INFO] [stdout] 38593f32c861dab4c4ef17a3fffbf1be6fd3236b08ee0b6659cd4d635b6e804c
[INFO] running `Command { std: "docker" "create" "-v" "/var/lib/crater-agent-workspace/builds/worker-5/target:/opt/rustwide/target:rw,Z" "-v" "/var/lib/crater-agent-workspace/builds/worker-5/source:/opt/rustwide/workdir:ro,Z" "-v" "/var/lib/crater-agent-workspace/cargo-home:/opt/rustwide/cargo-home:ro,Z" "-v" "/var/lib/crater-agent-workspace/rustup-home:/opt/rustwide/rustup-home:ro,Z" "-e" "SOURCE_DIR=/opt/rustwide/workdir" "-e" "CARGO_TARGET_DIR=/opt/rustwide/target" "-e" "CARGO_INCREMENTAL=0" "-e" "RUST_BACKTRACE=full" "-e" "RUSTFLAGS=--cap-lints=warn" "-e" "CARGO_HOME=/opt/rustwide/cargo-home" "-e" "RUSTUP_HOME=/opt/rustwide/rustup-home" "-w" "/opt/rustwide/workdir" "-m" "1610612736" "--user" "0:0" "--network" "none" "ghcr.io/rust-lang/crates-build-env/linux@sha256:34b6a614d2c27851fe6cbf88fbd1137609cefab8b10d0615aaeb6fd47975d74e" "/opt/rustwide/cargo-home/bin/cargo" "+1.54.0" "build" "--frozen" "--message-format=json", kill_on_drop: false }`
[INFO] [stdout] 21e9a66f72f01dca95107bc87d6d1e411cd1d99c641f98b136d4e15cae271505
[INFO] running `Command { std: "docker" "start" "-a" "21e9a66f72f01dca95107bc87d6d1e411cd1d99c641f98b136d4e15cae271505", kill_on_drop: false }`
[INFO] [stderr]    Compiling rand_core v0.3.1
[INFO] [stderr]    Compiling try_from v0.3.2
[INFO] [stderr]    Compiling cookie v0.12.0
[INFO] [stderr]    Compiling publicsuffix v1.5.6
[INFO] [stderr]    Compiling rust-crypto v0.2.36
[INFO] [stderr]    Compiling serde v1.0.127
[INFO] [stderr]    Compiling failure_derive v0.1.8
[INFO] [stderr]    Compiling tokio v0.1.22
[INFO] [stderr]    Compiling rand_chacha v0.1.1
[INFO] [stderr]    Compiling rand_hc v0.1.0
[INFO] [stderr]    Compiling rand_isaac v0.1.1
[INFO] [stderr]    Compiling rand_xorshift v0.1.1
[INFO] [stderr]    Compiling rand v0.6.5
[INFO] [stderr]    Compiling hyper v0.12.36
[INFO] [stderr]    Compiling uuid v0.7.4
[INFO] [stderr]    Compiling failure v0.1.8
[INFO] [stderr]    Compiling hyper-tls v0.3.2
[INFO] [stderr]    Compiling oauthcli v1.0.4
[INFO] [stderr]    Compiling serde_json v1.0.66
[INFO] [stderr]    Compiling serde_urlencoded v0.5.5
[INFO] [stderr]    Compiling cookie_store v0.7.0
[INFO] [stderr]    Compiling reqwest v0.9.24
[INFO] [stderr]    Compiling rust_twitter_bot_lib v0.1.2 (/opt/rustwide/workdir)
[INFO] [stdout] warning: trait objects without an explicit `dyn` are deprecated
[INFO] [stdout]   --> src/lib.rs:90:42
[INFO] [stdout]    |
[INFO] [stdout] 90 |     fn is_connected(&self) -> Option<Box<Error>> {
[INFO] [stdout]    |                                          ^^^^^ help: use `dyn`: `dyn Error`
[INFO] [stdout]    |
[INFO] [stdout]    = note: `#[warn(bare_trait_objects)]` on by default
[INFO] [stdout]    = warning: this was previously accepted by the compiler but is being phased out; it will become a hard error in the 2021 edition!
[INFO] [stdout]    = note: for more information, see issue #80165 <https://github.com/rust-lang/rust/issues/80165>
[INFO] [stdout] 
[INFO] [stdout] 
[INFO] [stdout] warning: trait objects without an explicit `dyn` are deprecated
[INFO] [stdout]    --> src/lib.rs:107:24
[INFO] [stdout]     |
[INFO] [stdout] 107 |     ) -> Result<T, Box<Error>> {
[INFO] [stdout]     |                        ^^^^^ help: use `dyn`: `dyn Error`
[INFO] [stdout]     |
[INFO] [stdout]     = warning: this was previously accepted by the compiler but is being phased out; it will become a hard error in the 2021 edition!
[INFO] [stdout]     = note: for more information, see issue #80165 <https://github.com/rust-lang/rust/issues/80165>
[INFO] [stdout] 
[INFO] [stdout] 
[INFO] [stdout] warning: trait objects without an explicit `dyn` are deprecated
[INFO] [stdout]    --> src/lib.rs:150:63
[INFO] [stdout]     |
[INFO] [stdout] 150 |     pub fn upload_file(&self, path: &Path) -> Result<u64, Box<Error>> {
[INFO] [stdout]     |                                                               ^^^^^ help: use `dyn`: `dyn Error`
[INFO] [stdout]     |
[INFO] [stdout]     = warning: this was previously accepted by the compiler but is being phased out; it will become a hard error in the 2021 edition!
[INFO] [stdout]     = note: for more information, see issue #80165 <https://github.com/rust-lang/rust/issues/80165>
[INFO] [stdout] 
[INFO] [stdout] 
[INFO] [stdout] warning: trait objects without an explicit `dyn` are deprecated
[INFO] [stdout]    --> src/lib.rs:193:45
[INFO] [stdout]     |
[INFO] [stdout] 193 |     ) -> Result<tweet_structure::Tweet, Box<Error>> {
[INFO] [stdout]     |                                             ^^^^^ help: use `dyn`: `dyn Error`
[INFO] [stdout]     |
[INFO] [stdout]     = warning: this was previously accepted by the compiler but is being phased out; it will become a hard error in the 2021 edition!
[INFO] [stdout]     = note: for more information, see issue #80165 <https://github.com/rust-lang/rust/issues/80165>
[INFO] [stdout] 
[INFO] [stdout] 
[INFO] [stdout] warning: trait objects without an explicit `dyn` are deprecated
[INFO] [stdout]    --> src/lib.rs:213:83
[INFO] [stdout]     |
[INFO] [stdout] 213 |     pub fn get_tweet(&self, tweet_id: &str) -> Result<tweet_structure::Tweet, Box<Error>> {
[INFO] [stdout]     |                                                                                   ^^^^^ help: use `dyn`: `dyn Error`
[INFO] [stdout]     |
[INFO] [stdout]     = warning: this was previously accepted by the compiler but is being phased out; it will become a hard error in the 2021 edition!
[INFO] [stdout]     = note: for more information, see issue #80165 <https://github.com/rust-lang/rust/issues/80165>
[INFO] [stdout] 
[INFO] [stdout] 
[INFO] [stdout] warning: trait objects without an explicit `dyn` are deprecated
[INFO] [stdout]    --> src/lib.rs:226:50
[INFO] [stdout]     |
[INFO] [stdout] 226 |     ) -> Result<Vec<tweet_structure::Tweet>, Box<Error>> {
[INFO] [stdout]     |                                                  ^^^^^ help: use `dyn`: `dyn Error`
[INFO] [stdout]     |
[INFO] [stdout]     = warning: this was previously accepted by the compiler but is being phased out; it will become a hard error in the 2021 edition!
[INFO] [stdout]     = note: for more information, see issue #80165 <https://github.com/rust-lang/rust/issues/80165>
[INFO] [stdout] 
[INFO] [stdout] 
[INFO] [stdout] warning: trait objects without an explicit `dyn` are deprecated
[INFO] [stdout]    --> src/lib.rs:262:32
[INFO] [stdout]     |
[INFO] [stdout] 262 |     fn cause(&self) -> Option<&Error> {
[INFO] [stdout]     |                                ^^^^^ help: use `dyn`: `dyn Error`
[INFO] [stdout]     |
[INFO] [stdout]     = warning: this was previously accepted by the compiler but is being phased out; it will become a hard error in the 2021 edition!
[INFO] [stdout]     = note: for more information, see issue #80165 <https://github.com/rust-lang/rust/issues/80165>
[INFO] [stdout] 
[INFO] [stdout] 
[INFO] [stdout] warning: 7 warnings emitted
[INFO] [stdout] 
[INFO] [stdout] 
[INFO] [stderr]     Finished dev [unoptimized + debuginfo] target(s) in 15.85s
[INFO] running `Command { std: "docker" "inspect" "21e9a66f72f01dca95107bc87d6d1e411cd1d99c641f98b136d4e15cae271505", kill_on_drop: false }`
[INFO] running `Command { std: "docker" "rm" "-f" "21e9a66f72f01dca95107bc87d6d1e411cd1d99c641f98b136d4e15cae271505", kill_on_drop: false }`
[INFO] [stdout] 21e9a66f72f01dca95107bc87d6d1e411cd1d99c641f98b136d4e15cae271505
[INFO] running `Command { std: "docker" "create" "-v" "/var/lib/crater-agent-workspace/builds/worker-5/target:/opt/rustwide/target:rw,Z" "-v" "/var/lib/crater-agent-workspace/builds/worker-5/source:/opt/rustwide/workdir:ro,Z" "-v" "/var/lib/crater-agent-workspace/cargo-home:/opt/rustwide/cargo-home:ro,Z" "-v" "/var/lib/crater-agent-workspace/rustup-home:/opt/rustwide/rustup-home:ro,Z" "-e" "SOURCE_DIR=/opt/rustwide/workdir" "-e" "CARGO_TARGET_DIR=/opt/rustwide/target" "-e" "CARGO_INCREMENTAL=0" "-e" "RUST_BACKTRACE=full" "-e" "RUSTFLAGS=--cap-lints=warn" "-e" "CARGO_HOME=/opt/rustwide/cargo-home" "-e" "RUSTUP_HOME=/opt/rustwide/rustup-home" "-w" "/opt/rustwide/workdir" "-m" "1610612736" "--user" "0:0" "--network" "none" "ghcr.io/rust-lang/crates-build-env/linux@sha256:34b6a614d2c27851fe6cbf88fbd1137609cefab8b10d0615aaeb6fd47975d74e" "/opt/rustwide/cargo-home/bin/cargo" "+1.54.0" "test" "--frozen" "--no-run" "--message-format=json", kill_on_drop: false }`
[INFO] [stdout] 1c5c075d4ccd2a54a31163b5897d9b1cb288d69bf7ec60dcb46433e9ef6d7cf9
[INFO] running `Command { std: "docker" "start" "-a" "1c5c075d4ccd2a54a31163b5897d9b1cb288d69bf7ec60dcb46433e9ef6d7cf9", kill_on_drop: false }`
[INFO] [stdout] warning: trait objects without an explicit `dyn` are deprecated
[INFO] [stdout]   --> src/lib.rs:90:42
[INFO] [stdout]    |
[INFO] [stdout] 90 |     fn is_connected(&self) -> Option<Box<Error>> {
[INFO] [stdout]    |                                          ^^^^^ help: use `dyn`: `dyn Error`
[INFO] [stdout]    |
[INFO] [stdout]    = note: `#[warn(bare_trait_objects)]` on by default
[INFO] [stdout]    = warning: this was previously accepted by the compiler but is being phased out; it will become a hard error in the 2021 edition!
[INFO] [stdout]    = note: for more information, see issue #80165 <https://github.com/rust-lang/rust/issues/80165>
[INFO] [stdout] 
[INFO] [stdout] 
[INFO] [stdout] warning: trait objects without an explicit `dyn` are deprecated
[INFO] [stdout]    --> src/lib.rs:107:24
[INFO] [stdout]     |
[INFO] [stdout] 107 |     ) -> Result<T, Box<Error>> {
[INFO] [stdout]     |                        ^^^^^ help: use `dyn`: `dyn Error`
[INFO] [stdout]     |
[INFO] [stdout]     = warning: this was previously accepted by the compiler but is being phased out; it will become a hard error in the 2021 edition!
[INFO] [stdout]     = note: for more information, see issue #80165 <https://github.com/rust-lang/rust/issues/80165>
[INFO] [stdout] 
[INFO] [stdout] 
[INFO] [stdout] warning: trait objects without an explicit `dyn` are deprecated
[INFO] [stdout]    --> src/lib.rs:150:63
[INFO] [stdout]     |
[INFO] [stdout] 150 |     pub fn upload_file(&self, path: &Path) -> Result<u64, Box<Error>> {
[INFO] [stdout]     |                                                               ^^^^^ help: use `dyn`: `dyn Error`
[INFO] [stdout]     |
[INFO] [stdout]     = warning: this was previously accepted by the compiler but is being phased out; it will become a hard error in the 2021 edition!
[INFO] [stdout]     = note: for more information, see issue #80165 <https://github.com/rust-lang/rust/issues/80165>
[INFO] [stdout] 
[INFO] [stdout] 
[INFO] [stdout] warning: trait objects without an explicit `dyn` are deprecated
[INFO] [stdout]    --> src/lib.rs:193:45
[INFO] [stdout]     |
[INFO] [stdout] 193 |     ) -> Result<tweet_structure::Tweet, Box<Error>> {
[INFO] [stdout]     |                                             ^^^^^ help: use `dyn`: `dyn Error`
[INFO] [stdout]     |
[INFO] [stdout]     = warning: this was previously accepted by the compiler but is being phased out; it will become a hard error in the 2021 edition!
[INFO] [stdout]     = note: for more information, see issue #80165 <https://github.com/rust-lang/rust/issues/80165>
[INFO] [stdout] 
[INFO] [stdout] 
[INFO] [stdout] warning: trait objects without an explicit `dyn` are deprecated
[INFO] [stdout]    --> src/lib.rs:213:83
[INFO] [stdout]     |
[INFO] [stdout] 213 |     pub fn get_tweet(&self, tweet_id: &str) -> Result<tweet_structure::Tweet, Box<Error>> {
[INFO] [stdout]     |                                                                                   ^^^^^ help: use `dyn`: `dyn Error`
[INFO] [stdout]     |
[INFO] [stdout]     = warning: this was previously accepted by the compiler but is being phased out; it will become a hard error in the 2021 edition!
[INFO] [stdout]     = note: for more information, see issue #80165 <https://github.com/rust-lang/rust/issues/80165>
[INFO] [stdout] 
[INFO] [stdout] 
[INFO] [stdout] warning: trait objects without an explicit `dyn` are deprecated
[INFO] [stdout]    --> src/lib.rs:226:50
[INFO] [stdout]     |
[INFO] [stdout] 226 |     ) -> Result<Vec<tweet_structure::Tweet>, Box<Error>> {
[INFO] [stdout]     |                                                  ^^^^^ help: use `dyn`: `dyn Error`
[INFO] [stdout]     |
[INFO] [stdout]     = warning: this was previously accepted by the compiler but is being phased out; it will become a hard error in the 2021 edition!
[INFO] [stdout]     = note: for more information, see issue #80165 <https://github.com/rust-lang/rust/issues/80165>
[INFO] [stdout] 
[INFO] [stdout] 
[INFO] [stdout] warning: trait objects without an explicit `dyn` are deprecated
[INFO] [stdout]    --> src/lib.rs:262:32
[INFO] [stdout]     |
[INFO] [stdout] 262 |     fn cause(&self) -> Option<&Error> {
[INFO] [stdout]     |                                ^^^^^ help: use `dyn`: `dyn Error`
[INFO] [stdout]     |
[INFO] [stdout]     = warning: this was previously accepted by the compiler but is being phased out; it will become a hard error in the 2021 edition!
[INFO] [stdout]     = note: for more information, see issue #80165 <https://github.com/rust-lang/rust/issues/80165>
[INFO] [stdout] 
[INFO] [stdout] 
[INFO] [stdout] warning: 7 warnings emitted
[INFO] [stdout] 
[INFO] [stdout] 
[INFO] [stderr]    Compiling rust_twitter_bot_lib v0.1.2 (/opt/rustwide/workdir)
[INFO] [stdout] error[E0425]: cannot find value `YOUR_CONSUMER_KEY` in this scope
[INFO] [stdout]  --> examples/upload_tweet.rs:7:23
[INFO] [stdout]   |
[INFO] [stdout] 7 |         .consumer_key(YOUR_CONSUMER_KEY)
[INFO] [stdout]   |                       ^^^^^^^^^^^^^^^^^ not found in this scope
[INFO] [stdout] 
[INFO] [stdout] 
[INFO] [stdout] error[E0425]: cannot find value `YOUR_CONSUMER_SECRET_KEY` in this scope
[INFO] [stdout]  --> examples/upload_tweet.rs:8:30
[INFO] [stdout]   |
[INFO] [stdout] 8 |         .consumer_secret_key(YOUR_CONSUMER_SECRET_KEY)
[INFO] [stdout]   |                              ^^^^^^^^^^^^^^^^^^^^^^^^ not found in this scope
[INFO] [stdout] 
[INFO] [stdout] 
[INFO] [stdout] error[E0425]: cannot find value `YOUR_CONSUMER_KEY` in this scope
[INFO] [stdout]  --> examples/simple-tweet.rs:5:23
[INFO] [stdout]   |
[INFO] [stdout] 5 |         .consumer_key(YOUR_CONSUMER_KEY)
[INFO] [stdout]   |                       ^^^^^^^^^^^^^^^^^ not found in this scope
[INFO] [stdout] 
[INFO] [stdout] 
[INFO] [stdout] error[E0425]: cannot find value `YOUR_ACCESS_TOKEN` in this scope
[INFO] [stdout]  --> examples/upload_tweet.rs:9:23
[INFO] [stdout]   |
[INFO] [stdout] 9 |         .access_token(YOUR_ACCESS_TOKEN)
[INFO] [stdout]   |                       ^^^^^^^^^^^^^^^^^ not found in this scope
[INFO] [stdout] 
[INFO] [stdout] 
[INFO] [stdout] error[E0425]: cannot find value `YOUR_SECRET_ACCESS_TOKEN` in this scope
[INFO] [stdout]   --> examples/upload_tweet.rs:10:30
[INFO] [stdout]    |
[INFO] [stdout] 10 |         .secret_access_token(YOUR_SECRET_ACCESS_TOKEN);
[INFO] [stdout]    |                              ^^^^^^^^^^^^^^^^^^^^^^^^ not found in this scope
[INFO] [stdout] 
[INFO] [stdout] 
[INFO] [stdout] error[E0425]: cannot find value `YOUR_CONSUMER_SECRET_KEY` in this scope
[INFO] [stdout]  --> examples/simple-tweet.rs:6:30
[INFO] [stdout]   |
[INFO] [stdout] 6 |         .consumer_secret_key(YOUR_CONSUMER_SECRET_KEY)
[INFO] [stdout]   |                              ^^^^^^^^^^^^^^^^^^^^^^^^ not found in this scope
[INFO] [stdout] 
[INFO] [stdout] 
[INFO] [stdout] error[E0425]: cannot find value `YOUR_ACCESS_TOKEN` in this scope
[INFO] [stdout]  --> examples/simple-tweet.rs:7:23
[INFO] [stdout]   |
[INFO] [stdout] 7 |         .access_token(YOUR_ACCESS_TOKEN)
[INFO] [stdout]   |                       ^^^^^^^^^^^^^^^^^ not found in this scope
[INFO] [stdout] 
[INFO] [stdout] 
[INFO] [stdout] error[E0425]: cannot find value `YOUR_SECRET_ACCESS_TOKEN` in this scope
[INFO] [stdout]  --> examples/simple-tweet.rs:8:30
[INFO] [stdout]   |
[INFO] [stdout] 8 |         .secret_access_token(YOUR_SECRET_ACCESS_TOKEN);
[INFO] [stdout]   |                              ^^^^^^^^^^^^^^^^^^^^^^^^ not found in this scope
[INFO] [stdout] 
[INFO] [stdout] 
[INFO] [stdout] error: aborting due to 4 previous errors
[INFO] [stdout] 
[INFO] [stdout] 
[INFO] [stdout] For more information about this error, try `rustc --explain E0425`.
[INFO] [stdout] 
[INFO] [stdout] error: aborting due to 4 previous errors
[INFO] [stdout] 
[INFO] [stdout] 
[INFO] [stdout] For more information about this error, try `rustc --explain E0425`.
[INFO] [stdout] 
[INFO] [stderr] error: could not compile `rust_twitter_bot_lib`
[INFO] [stderr] 
[INFO] [stderr] To learn more, run the command again with --verbose.
[INFO] [stderr] warning: build failed, waiting for other jobs to finish...
[INFO] [stdout] warning: trait objects without an explicit `dyn` are deprecated
[INFO] [stdout]   --> src/lib.rs:90:42
[INFO] [stdout]    |
[INFO] [stdout] 90 |     fn is_connected(&self) -> Option<Box<Error>> {
[INFO] [stdout]    |                                          ^^^^^ help: use `dyn`: `dyn Error`
[INFO] [stdout]    |
[INFO] [stdout]    = note: `#[warn(bare_trait_objects)]` on by default
[INFO] [stdout]    = warning: this was previously accepted by the compiler but is being phased out; it will become a hard error in the 2021 edition!
[INFO] [stdout]    = note: for more information, see issue #80165 <https://github.com/rust-lang/rust/issues/80165>
[INFO] [stdout] 
[INFO] [stdout] 
[INFO] [stdout] warning: trait objects without an explicit `dyn` are deprecated
[INFO] [stdout]    --> src/lib.rs:107:24
[INFO] [stdout]     |
[INFO] [stdout] 107 |     ) -> Result<T, Box<Error>> {
[INFO] [stdout]     |                        ^^^^^ help: use `dyn`: `dyn Error`
[INFO] [stdout]     |
[INFO] [stdout]     = warning: this was previously accepted by the compiler but is being phased out; it will become a hard error in the 2021 edition!
[INFO] [stdout]     = note: for more information, see issue #80165 <https://github.com/rust-lang/rust/issues/80165>
[INFO] [stdout] 
[INFO] [stdout] 
[INFO] [stdout] warning: trait objects without an explicit `dyn` are deprecated
[INFO] [stdout]    --> src/lib.rs:150:63
[INFO] [stdout]     |
[INFO] [stdout] 150 |     pub fn upload_file(&self, path: &Path) -> Result<u64, Box<Error>> {
[INFO] [stdout]     |                                                               ^^^^^ help: use `dyn`: `dyn Error`
[INFO] [stdout]     |
[INFO] [stdout]     = warning: this was previously accepted by the compiler but is being phased out; it will become a hard error in the 2021 edition!
[INFO] [stdout]     = note: for more information, see issue #80165 <https://github.com/rust-lang/rust/issues/80165>
[INFO] [stdout] 
[INFO] [stdout] 
[INFO] [stdout] warning: trait objects without an explicit `dyn` are deprecated
[INFO] [stdout]    --> src/lib.rs:193:45
[INFO] [stdout]     |
[INFO] [stdout] 193 |     ) -> Result<tweet_structure::Tweet, Box<Error>> {
[INFO] [stdout]     |                                             ^^^^^ help: use `dyn`: `dyn Error`
[INFO] [stdout]     |
[INFO] [stdout]     = warning: this was previously accepted by the compiler but is being phased out; it will become a hard error in the 2021 edition!
[INFO] [stdout]     = note: for more information, see issue #80165 <https://github.com/rust-lang/rust/issues/80165>
[INFO] [stdout] 
[INFO] [stdout] 
[INFO] [stdout] warning: trait objects without an explicit `dyn` are deprecated
[INFO] [stdout]    --> src/lib.rs:213:83
[INFO] [stdout]     |
[INFO] [stdout] 213 |     pub fn get_tweet(&self, tweet_id: &str) -> Result<tweet_structure::Tweet, Box<Error>> {
[INFO] [stdout]     |                                                                                   ^^^^^ help: use `dyn`: `dyn Error`
[INFO] [stdout]     |
[INFO] [stdout]     = warning: this was previously accepted by the compiler but is being phased out; it will become a hard error in the 2021 edition!
[INFO] [stdout]     = note: for more information, see issue #80165 <https://github.com/rust-lang/rust/issues/80165>
[INFO] [stdout] 
[INFO] [stdout] 
[INFO] [stdout] warning: trait objects without an explicit `dyn` are deprecated
[INFO] [stdout]    --> src/lib.rs:226:50
[INFO] [stdout]     |
[INFO] [stdout] 226 |     ) -> Result<Vec<tweet_structure::Tweet>, Box<Error>> {
[INFO] [stdout]     |                                                  ^^^^^ help: use `dyn`: `dyn Error`
[INFO] [stdout]     |
[INFO] [stdout]     = warning: this was previously accepted by the compiler but is being phased out; it will become a hard error in the 2021 edition!
[INFO] [stdout]     = note: for more information, see issue #80165 <https://github.com/rust-lang/rust/issues/80165>
[INFO] [stdout] 
[INFO] [stdout] 
[INFO] [stdout] warning: trait objects without an explicit `dyn` are deprecated
[INFO] [stdout]    --> src/lib.rs:262:32
[INFO] [stdout]     |
[INFO] [stdout] 262 |     fn cause(&self) -> Option<&Error> {
[INFO] [stdout]     |                                ^^^^^ help: use `dyn`: `dyn Error`
[INFO] [stdout]     |
[INFO] [stdout]     = warning: this was previously accepted by the compiler but is being phased out; it will become a hard error in the 2021 edition!
[INFO] [stdout]     = note: for more information, see issue #80165 <https://github.com/rust-lang/rust/issues/80165>
[INFO] [stdout] 
[INFO] [stdout] 
[INFO] [stdout] warning: 7 warnings emitted
[INFO] [stdout] 
[INFO] [stdout] 
[INFO] [stderr] error: build failed
[INFO] running `Command { std: "docker" "inspect" "1c5c075d4ccd2a54a31163b5897d9b1cb288d69bf7ec60dcb46433e9ef6d7cf9", kill_on_drop: false }`
[INFO] running `Command { std: "docker" "rm" "-f" "1c5c075d4ccd2a54a31163b5897d9b1cb288d69bf7ec60dcb46433e9ef6d7cf9", kill_on_drop: false }`
[INFO] [stdout] 1c5c075d4ccd2a54a31163b5897d9b1cb288d69bf7ec60dcb46433e9ef6d7cf9
