[INFO] fetching crate rust-sort 0.1.4...
[INFO] testing rust-sort-0.1.4 against 1.54.0 for beta-1.55-1
[INFO] extracting crate rust-sort 0.1.4 into /workspace/builds/worker-0/source
[INFO] validating manifest of crates.io crate rust-sort 0.1.4 on toolchain 1.54.0
[INFO] running `Command { std: "/workspace/cargo-home/bin/cargo" "+1.54.0" "metadata" "--manifest-path" "Cargo.toml" "--no-deps", kill_on_drop: false }`
[INFO] started tweaking crates.io crate rust-sort 0.1.4
[INFO] finished tweaking crates.io crate rust-sort 0.1.4
[INFO] tweaked toml for crates.io crate rust-sort 0.1.4 written to /workspace/builds/worker-0/source/Cargo.toml
[INFO] running `Command { std: "/workspace/cargo-home/bin/cargo" "+1.54.0" "generate-lockfile" "--manifest-path" "Cargo.toml" "-Zno-index-update", kill_on_drop: false }`
[INFO] running `Command { std: "/workspace/cargo-home/bin/cargo" "+1.54.0" "fetch" "--manifest-path" "Cargo.toml", kill_on_drop: false }`
[INFO] running `Command { std: "docker" "create" "-v" "/var/lib/crater-agent-workspace/builds/worker-0/target:/opt/rustwide/target:rw,Z" "-v" "/var/lib/crater-agent-workspace/builds/worker-0/source:/opt/rustwide/workdir:ro,Z" "-v" "/var/lib/crater-agent-workspace/cargo-home:/opt/rustwide/cargo-home:ro,Z" "-v" "/var/lib/crater-agent-workspace/rustup-home:/opt/rustwide/rustup-home:ro,Z" "-e" "SOURCE_DIR=/opt/rustwide/workdir" "-e" "CARGO_TARGET_DIR=/opt/rustwide/target" "-e" "CARGO_HOME=/opt/rustwide/cargo-home" "-e" "RUSTUP_HOME=/opt/rustwide/rustup-home" "-w" "/opt/rustwide/workdir" "-m" "1610612736" "--user" "0:0" "--network" "none" "ghcr.io/rust-lang/crates-build-env/linux@sha256:34b6a614d2c27851fe6cbf88fbd1137609cefab8b10d0615aaeb6fd47975d74e" "/opt/rustwide/cargo-home/bin/cargo" "+1.54.0" "metadata" "--no-deps" "--format-version=1", kill_on_drop: false }`
[INFO] [stdout] d3480c53d6b9a19d0f65bb4865ec2976cffba3dd360d2c29763ce45546cbdbda
[INFO] running `Command { std: "docker" "start" "-a" "d3480c53d6b9a19d0f65bb4865ec2976cffba3dd360d2c29763ce45546cbdbda", kill_on_drop: false }`
[INFO] running `Command { std: "docker" "inspect" "d3480c53d6b9a19d0f65bb4865ec2976cffba3dd360d2c29763ce45546cbdbda", kill_on_drop: false }`
[INFO] running `Command { std: "docker" "rm" "-f" "d3480c53d6b9a19d0f65bb4865ec2976cffba3dd360d2c29763ce45546cbdbda", kill_on_drop: false }`
[INFO] [stdout] d3480c53d6b9a19d0f65bb4865ec2976cffba3dd360d2c29763ce45546cbdbda
[INFO] running `Command { std: "docker" "create" "-v" "/var/lib/crater-agent-workspace/builds/worker-0/target:/opt/rustwide/target:rw,Z" "-v" "/var/lib/crater-agent-workspace/builds/worker-0/source:/opt/rustwide/workdir:ro,Z" "-v" "/var/lib/crater-agent-workspace/cargo-home:/opt/rustwide/cargo-home:ro,Z" "-v" "/var/lib/crater-agent-workspace/rustup-home:/opt/rustwide/rustup-home:ro,Z" "-e" "SOURCE_DIR=/opt/rustwide/workdir" "-e" "CARGO_TARGET_DIR=/opt/rustwide/target" "-e" "CARGO_INCREMENTAL=0" "-e" "RUST_BACKTRACE=full" "-e" "RUSTFLAGS=--cap-lints=warn" "-e" "CARGO_HOME=/opt/rustwide/cargo-home" "-e" "RUSTUP_HOME=/opt/rustwide/rustup-home" "-w" "/opt/rustwide/workdir" "-m" "1610612736" "--user" "0:0" "--network" "none" "ghcr.io/rust-lang/crates-build-env/linux@sha256:34b6a614d2c27851fe6cbf88fbd1137609cefab8b10d0615aaeb6fd47975d74e" "/opt/rustwide/cargo-home/bin/cargo" "+1.54.0" "build" "--frozen" "--message-format=json", kill_on_drop: false }`
[INFO] [stdout] ce023103ab34d187623d94687ca7f1abf814bbf29364163fff090f0998fb4d60
[INFO] running `Command { std: "docker" "start" "-a" "ce023103ab34d187623d94687ca7f1abf814bbf29364163fff090f0998fb4d60", kill_on_drop: false }`
[INFO] [stderr]    Compiling rust-sort v0.1.4 (/opt/rustwide/workdir)
[INFO] [stderr]     Finished dev [unoptimized + debuginfo] target(s) in 0.23s
[INFO] running `Command { std: "docker" "inspect" "ce023103ab34d187623d94687ca7f1abf814bbf29364163fff090f0998fb4d60", kill_on_drop: false }`
[INFO] running `Command { std: "docker" "rm" "-f" "ce023103ab34d187623d94687ca7f1abf814bbf29364163fff090f0998fb4d60", kill_on_drop: false }`
[INFO] [stdout] ce023103ab34d187623d94687ca7f1abf814bbf29364163fff090f0998fb4d60
[INFO] running `Command { std: "docker" "create" "-v" "/var/lib/crater-agent-workspace/builds/worker-0/target:/opt/rustwide/target:rw,Z" "-v" "/var/lib/crater-agent-workspace/builds/worker-0/source:/opt/rustwide/workdir:ro,Z" "-v" "/var/lib/crater-agent-workspace/cargo-home:/opt/rustwide/cargo-home:ro,Z" "-v" "/var/lib/crater-agent-workspace/rustup-home:/opt/rustwide/rustup-home:ro,Z" "-e" "SOURCE_DIR=/opt/rustwide/workdir" "-e" "CARGO_TARGET_DIR=/opt/rustwide/target" "-e" "CARGO_INCREMENTAL=0" "-e" "RUST_BACKTRACE=full" "-e" "RUSTFLAGS=--cap-lints=warn" "-e" "CARGO_HOME=/opt/rustwide/cargo-home" "-e" "RUSTUP_HOME=/opt/rustwide/rustup-home" "-w" "/opt/rustwide/workdir" "-m" "1610612736" "--user" "0:0" "--network" "none" "ghcr.io/rust-lang/crates-build-env/linux@sha256:34b6a614d2c27851fe6cbf88fbd1137609cefab8b10d0615aaeb6fd47975d74e" "/opt/rustwide/cargo-home/bin/cargo" "+1.54.0" "test" "--frozen" "--no-run" "--message-format=json", kill_on_drop: false }`
[INFO] [stdout] dc7dfc114f440c659b9994a25ce6249e80d562881de28ecd8aaa8ea619192958
[INFO] running `Command { std: "docker" "start" "-a" "dc7dfc114f440c659b9994a25ce6249e80d562881de28ecd8aaa8ea619192958", kill_on_drop: false }`
[INFO] [stderr]    Compiling commandext v0.1.0
[INFO] [stderr]    Compiling utils v0.0.1
[INFO] [stdout] error: cannot find attribute `experimental` in this scope
[INFO] [stdout]   --> /opt/rustwide/cargo-home/registry/src/github.com-1ecc6299db9ec823/utils-0.0.1/src/lib.rs:83:3
[INFO] [stdout]    |
[INFO] [stdout] 83 | #[experimental]
[INFO] [stdout]    |   ^^^^^^^^^^^^
[INFO] [stdout] 
[INFO] [stdout] 
[INFO] [stdout] error: cannot find attribute `experimental` in this scope
[INFO] [stdout]   --> /opt/rustwide/cargo-home/registry/src/github.com-1ecc6299db9ec823/utils-0.0.1/src/lib.rs:77:3
[INFO] [stdout]    |
[INFO] [stdout] 77 | #[experimental]
[INFO] [stdout]    |   ^^^^^^^^^^^^
[INFO] [stdout] 
[INFO] [stdout] 
[INFO] [stdout] error: cannot find attribute `experimental` in this scope
[INFO] [stdout]   --> /opt/rustwide/cargo-home/registry/src/github.com-1ecc6299db9ec823/utils-0.0.1/src/lib.rs:37:3
[INFO] [stdout]    |
[INFO] [stdout] 37 | #[experimental]
[INFO] [stdout]    |   ^^^^^^^^^^^^
[INFO] [stdout] 
[INFO] [stdout] 
[INFO] [stdout] error: cannot find attribute `experimental` in this scope
[INFO] [stdout]   --> /opt/rustwide/cargo-home/registry/src/github.com-1ecc6299db9ec823/utils-0.0.1/src/lib.rs:29:3
[INFO] [stdout]    |
[INFO] [stdout] 29 | #[experimental]
[INFO] [stdout]    |   ^^^^^^^^^^^^
[INFO] [stdout] 
[INFO] [stdout] 
[INFO] [stdout] error: cannot find attribute `experimental` in this scope
[INFO] [stdout]   --> /opt/rustwide/cargo-home/registry/src/github.com-1ecc6299db9ec823/utils-0.0.1/src/lib.rs:13:3
[INFO] [stdout]    |
[INFO] [stdout] 13 | #[experimental]
[INFO] [stdout]    |   ^^^^^^^^^^^^
[INFO] [stdout] 
[INFO] [stdout] 
[INFO] [stdout] error: cannot find attribute `experimental` in this scope
[INFO] [stdout]   --> /opt/rustwide/cargo-home/registry/src/github.com-1ecc6299db9ec823/utils-0.0.1/src/empty.rs:63:3
[INFO] [stdout]    |
[INFO] [stdout] 63 | #[experimental]
[INFO] [stdout]    |   ^^^^^^^^^^^^
[INFO] [stdout] 
[INFO] [stdout] 
[INFO] [stdout] error: cannot find attribute `experimental` in this scope
[INFO] [stdout]   --> /opt/rustwide/cargo-home/registry/src/github.com-1ecc6299db9ec823/utils-0.0.1/src/empty.rs:45:3
[INFO] [stdout]    |
[INFO] [stdout] 45 | #[experimental]
[INFO] [stdout]    |   ^^^^^^^^^^^^
[INFO] [stdout] 
[INFO] [stdout] 
[INFO] [stdout] error: cannot find attribute `experimental` in this scope
[INFO] [stdout]   --> /opt/rustwide/cargo-home/registry/src/github.com-1ecc6299db9ec823/utils-0.0.1/src/empty.rs:37:3
[INFO] [stdout]    |
[INFO] [stdout] 37 | #[experimental]
[INFO] [stdout]    |   ^^^^^^^^^^^^
[INFO] [stdout] 
[INFO] [stdout] 
[INFO] [stdout] error: cannot find attribute `experimental` in this scope
[INFO] [stdout]   --> /opt/rustwide/cargo-home/registry/src/github.com-1ecc6299db9ec823/utils-0.0.1/src/empty.rs:29:3
[INFO] [stdout]    |
[INFO] [stdout] 29 | #[experimental]
[INFO] [stdout]    |   ^^^^^^^^^^^^
[INFO] [stdout] 
[INFO] [stdout] 
[INFO] [stdout] error: cannot find attribute `experimental` in this scope
[INFO] [stdout]   --> /opt/rustwide/cargo-home/registry/src/github.com-1ecc6299db9ec823/utils-0.0.1/src/empty.rs:21:3
[INFO] [stdout]    |
[INFO] [stdout] 21 | #[experimental]
[INFO] [stdout]    |   ^^^^^^^^^^^^
[INFO] [stdout] 
[INFO] [stdout] 
[INFO] [stdout] error: cannot find attribute `experimental` in this scope
[INFO] [stdout]   --> /opt/rustwide/cargo-home/registry/src/github.com-1ecc6299db9ec823/utils-0.0.1/src/empty.rs:14:3
[INFO] [stdout]    |
[INFO] [stdout] 14 | #[experimental]
[INFO] [stdout]    |   ^^^^^^^^^^^^
[INFO] [stdout] 
[INFO] [stdout] 
[INFO] [stdout] error[E0609]: no field `output` on type `Output`
[INFO] [stdout]   --> /opt/rustwide/cargo-home/registry/src/github.com-1ecc6299db9ec823/utils-0.0.1/src/lib.rs:17:36
[INFO] [stdout]    |
[INFO] [stdout] 17 |             match str::from_utf8(p.output.as_slice()).unwrap().trim().parse() {
[INFO] [stdout]    |                                    ^^^^^^ unknown field
[INFO] [stdout]    |
[INFO] [stdout]    = note: available fields are: `status`, `stdout`, `stderr`
[INFO] [stdout] 
[INFO] [stdout] 
[INFO] [stdout] error[E0308]: mismatched types
[INFO] [stdout]   --> /opt/rustwide/cargo-home/registry/src/github.com-1ecc6299db9ec823/utils-0.0.1/src/lib.rs:18:17
[INFO] [stdout]    |
[INFO] [stdout] 17 |             match str::from_utf8(p.output.as_slice()).unwrap().trim().parse() {
[INFO] [stdout]    |                   ----------------------------------------------------------- this expression has type `Result<_, _>`
[INFO] [stdout] 18 |                 Some(i) => i,
[INFO] [stdout]    |                 ^^^^^^^ expected enum `Result`, found enum `Option`
[INFO] [stdout]    |
[INFO] [stdout]    = note: expected enum `Result<_, _>`
[INFO] [stdout]               found enum `Option<_>`
[INFO] [stdout] 
[INFO] [stdout] 
[INFO] [stdout] error[E0308]: mismatched types
[INFO] [stdout]   --> /opt/rustwide/cargo-home/registry/src/github.com-1ecc6299db9ec823/utils-0.0.1/src/lib.rs:19:17
[INFO] [stdout]    |
[INFO] [stdout] 17 |             match str::from_utf8(p.output.as_slice()).unwrap().trim().parse() {
[INFO] [stdout]    |                   ----------------------------------------------------------- this expression has type `Result<_, _>`
[INFO] [stdout] 18 |                 Some(i) => i,
[INFO] [stdout] 19 |                 None    => panic!("unable to cast nproc output!"),
[INFO] [stdout]    |                 ^^^^ expected enum `Result`, found enum `Option`
[INFO] [stdout]    |
[INFO] [stdout]    = note: expected enum `Result<_, _>`
[INFO] [stdout]               found enum `Option<_>`
[INFO] [stdout] 
[INFO] [stdout] 
[INFO] [stdout] error[E0609]: no field `output` on type `Output`
[INFO] [stdout]   --> /opt/rustwide/cargo-home/registry/src/github.com-1ecc6299db9ec823/utils-0.0.1/src/lib.rs:41:54
[INFO] [stdout]    |
[INFO] [stdout] 41 |             let mut res =  String::from_utf8_lossy(o.output.as_slice());
[INFO] [stdout]    |                                                      ^^^^^^ unknown field
[INFO] [stdout]    |
[INFO] [stdout]    = note: available fields are: `status`, `stdout`, `stderr`
[INFO] [stdout] 
[INFO] [stdout] 
[INFO] [stdout] error[E0599]: no method named `as_slice` found for reference `&String` in the current scope
[INFO] [stdout]   --> /opt/rustwide/cargo-home/registry/src/github.com-1ecc6299db9ec823/utils-0.0.1/src/empty.rs:32:14
[INFO] [stdout]    |
[INFO] [stdout] 32 |         self.as_slice().is_empty()
[INFO] [stdout]    |              ^^^^^^^^ method not found in `&String`
[INFO] [stdout] 
[INFO] [stdout] 
[INFO] [stdout] error: aborting due to 16 previous errors
[INFO] [stdout] 
[INFO] [stdout] 
[INFO] [stdout] Some errors have detailed explanations: E0308, E0599, E0609.
[INFO] [stdout] 
[INFO] [stdout] For more information about an error, try `rustc --explain E0308`.
[INFO] [stdout] 
[INFO] [stderr] error: could not compile `utils`
[INFO] [stderr] 
[INFO] [stderr] To learn more, run the command again with --verbose.
[INFO] running `Command { std: "docker" "inspect" "dc7dfc114f440c659b9994a25ce6249e80d562881de28ecd8aaa8ea619192958", kill_on_drop: false }`
[INFO] running `Command { std: "docker" "rm" "-f" "dc7dfc114f440c659b9994a25ce6249e80d562881de28ecd8aaa8ea619192958", kill_on_drop: false }`
[INFO] [stdout] dc7dfc114f440c659b9994a25ce6249e80d562881de28ecd8aaa8ea619192958
