[INFO] fetching crate ruspiro-uart 0.3.1...
[INFO] testing ruspiro-uart-0.3.1 against beta-2021-08-01 for beta-1.55-1
[INFO] extracting crate ruspiro-uart 0.3.1 into /workspace/builds/worker-8/source
[INFO] validating manifest of crates.io crate ruspiro-uart 0.3.1 on toolchain beta-2021-08-01
[INFO] running `Command { std: "/workspace/cargo-home/bin/cargo" "+beta-2021-08-01" "metadata" "--manifest-path" "Cargo.toml" "--no-deps", kill_on_drop: false }`
[INFO] started tweaking crates.io crate ruspiro-uart 0.3.1
[INFO] finished tweaking crates.io crate ruspiro-uart 0.3.1
[INFO] tweaked toml for crates.io crate ruspiro-uart 0.3.1 written to /workspace/builds/worker-8/source/Cargo.toml
[INFO] running `Command { std: "/workspace/cargo-home/bin/cargo" "+beta-2021-08-01" "generate-lockfile" "--manifest-path" "Cargo.toml" "-Zno-index-update", kill_on_drop: false }`
[INFO] [stderr]     Blocking waiting for file lock on package cache
[INFO] running `Command { std: "/workspace/cargo-home/bin/cargo" "+beta-2021-08-01" "fetch" "--manifest-path" "Cargo.toml", kill_on_drop: false }`
[INFO] [stderr]  Downloading crates ...
[INFO] [stderr]   Downloaded ruspiro-arch-aarch64 v0.1.4
[INFO] [stderr]   Downloaded ruspiro-channel v0.1.1
[INFO] [stderr]   Downloaded ruspiro-console v0.3.2
[INFO] [stderr]   Downloaded ruspiro-register v0.4.3
[INFO] [stderr]   Downloaded ruspiro-interrupt-macros v0.3.2
[INFO] [stderr]   Downloaded ruspiro-timer v0.4.1
[INFO] [stderr]   Downloaded ruspiro-register v0.5.4
[INFO] [stderr]   Downloaded ruspiro-interrupt-macros v0.2.1
[INFO] [stderr]   Downloaded ruspiro-gpio v0.4.2
[INFO] [stderr]   Downloaded ruspiro-singleton v0.4.2
[INFO] [stderr]   Downloaded ruspiro-mmio-register v0.1.2
[INFO] [stderr]   Downloaded ruspiro-interrupt v0.4.3
[INFO] [stderr]   Downloaded ruspiro-interrupt-core v0.3.1
[INFO] [stderr]   Downloaded ruspiro-lock v0.3.3
[INFO] [stderr]   Downloaded ruspiro-singleton v0.3.1
[INFO] [stderr]   Downloaded ruspiro-lock v0.4.2
[INFO] [stderr]   Downloaded ruspiro-interrupt v0.3.1
[INFO] running `Command { std: "docker" "create" "-v" "/var/lib/crater-agent-workspace/builds/worker-8/target:/opt/rustwide/target:rw,Z" "-v" "/var/lib/crater-agent-workspace/builds/worker-8/source:/opt/rustwide/workdir:ro,Z" "-v" "/var/lib/crater-agent-workspace/cargo-home:/opt/rustwide/cargo-home:ro,Z" "-v" "/var/lib/crater-agent-workspace/rustup-home:/opt/rustwide/rustup-home:ro,Z" "-e" "SOURCE_DIR=/opt/rustwide/workdir" "-e" "CARGO_TARGET_DIR=/opt/rustwide/target" "-e" "CARGO_HOME=/opt/rustwide/cargo-home" "-e" "RUSTUP_HOME=/opt/rustwide/rustup-home" "-w" "/opt/rustwide/workdir" "-m" "1610612736" "--user" "0:0" "--network" "none" "ghcr.io/rust-lang/crates-build-env/linux@sha256:34b6a614d2c27851fe6cbf88fbd1137609cefab8b10d0615aaeb6fd47975d74e" "/opt/rustwide/cargo-home/bin/cargo" "+beta-2021-08-01" "metadata" "--no-deps" "--format-version=1", kill_on_drop: false }`
[INFO] [stdout] 9271ac8bb8b42a07335976663b28659d36831d1353a834029351d9bcc5a9e23c
[INFO] running `Command { std: "docker" "start" "-a" "9271ac8bb8b42a07335976663b28659d36831d1353a834029351d9bcc5a9e23c", kill_on_drop: false }`
[INFO] running `Command { std: "docker" "inspect" "9271ac8bb8b42a07335976663b28659d36831d1353a834029351d9bcc5a9e23c", kill_on_drop: false }`
[INFO] running `Command { std: "docker" "rm" "-f" "9271ac8bb8b42a07335976663b28659d36831d1353a834029351d9bcc5a9e23c", kill_on_drop: false }`
[INFO] [stdout] 9271ac8bb8b42a07335976663b28659d36831d1353a834029351d9bcc5a9e23c
[INFO] running `Command { std: "docker" "create" "-v" "/var/lib/crater-agent-workspace/builds/worker-8/target:/opt/rustwide/target:rw,Z" "-v" "/var/lib/crater-agent-workspace/builds/worker-8/source:/opt/rustwide/workdir:ro,Z" "-v" "/var/lib/crater-agent-workspace/cargo-home:/opt/rustwide/cargo-home:ro,Z" "-v" "/var/lib/crater-agent-workspace/rustup-home:/opt/rustwide/rustup-home:ro,Z" "-e" "SOURCE_DIR=/opt/rustwide/workdir" "-e" "CARGO_TARGET_DIR=/opt/rustwide/target" "-e" "CARGO_INCREMENTAL=0" "-e" "RUST_BACKTRACE=full" "-e" "RUSTFLAGS=--cap-lints=warn" "-e" "CARGO_HOME=/opt/rustwide/cargo-home" "-e" "RUSTUP_HOME=/opt/rustwide/rustup-home" "-w" "/opt/rustwide/workdir" "-m" "1610612736" "--user" "0:0" "--network" "none" "ghcr.io/rust-lang/crates-build-env/linux@sha256:34b6a614d2c27851fe6cbf88fbd1137609cefab8b10d0615aaeb6fd47975d74e" "/opt/rustwide/cargo-home/bin/cargo" "+beta-2021-08-01" "build" "--frozen" "--message-format=json", kill_on_drop: false }`
[INFO] [stdout] 5168c6d217e3617ffd684821b254fb691551bf19f535b402bac8f66ad6d50e01
[INFO] running `Command { std: "docker" "start" "-a" "5168c6d217e3617ffd684821b254fb691551bf19f535b402bac8f66ad6d50e01", kill_on_drop: false }`
[INFO] [stderr]    Compiling proc-macro2 v1.0.28
[INFO] [stderr]    Compiling proc-macro2 v0.4.30
[INFO] [stderr]    Compiling unicode-xid v0.1.0
[INFO] [stderr]    Compiling syn v0.15.44
[INFO] [stderr]    Compiling ruspiro-register v0.5.4
[INFO] [stderr]    Compiling syn v1.0.74
[INFO] [stderr]    Compiling paste v1.0.5
[INFO] [stderr]    Compiling ruspiro-lock v0.3.3
[INFO] [stderr]    Compiling ruspiro-interrupt v0.4.3
[INFO] [stderr]    Compiling ruspiro-lock v0.4.2
[INFO] [stderr]    Compiling ruspiro-register v0.4.3
[INFO] [stderr]    Compiling ruspiro-interrupt-core v0.3.1
[INFO] [stdout] error[E0554]: `#![feature]` may not be used on the beta release channel
[INFO] [stdout]  --> /opt/rustwide/cargo-home/registry/src/github.com-1ecc6299db9ec823/ruspiro-lock-0.4.2/src/lib.rs:9:1
[INFO] [stdout]   |
[INFO] [stdout] 9 | #![feature(llvm_asm)]
[INFO] [stdout]   | ^^^^^^^^^^^^^^^^^^^^^
[INFO] [stdout] 
[INFO] [stdout] 
[INFO] [stdout] error[E0557]: feature has been removed
[INFO] [stdout]  --> /opt/rustwide/cargo-home/registry/src/github.com-1ecc6299db9ec823/ruspiro-register-0.4.3/src/lib.rs:9:22
[INFO] [stdout]   |
[INFO] [stdout] 9 | #![feature(llvm_asm, const_fn, doc_cfg)]
[INFO] [stdout]   |                      ^^^^^^^^ feature has been removed
[INFO] [stdout]   |
[INFO] [stdout]   = note: split into finer-grained feature gates
[INFO] [stdout] 
[INFO] [stdout] 
[INFO] [stderr] error: could not compile `ruspiro-lock` due to 2 previous errors
[INFO] [stdout] error: aborting due to previous error
[INFO] [stdout] 
[INFO] [stdout] 
[INFO] [stderr] warning: build failed, waiting for other jobs to finish...
[INFO] [stdout] For more information about this error, try `rustc --explain E0554`.
[INFO] [stdout] 
[INFO] [stdout] error[E0554]: `#![feature]` may not be used on the beta release channel
[INFO] [stdout]  --> /opt/rustwide/cargo-home/registry/src/github.com-1ecc6299db9ec823/ruspiro-lock-0.3.3/src/lib.rs:9:1
[INFO] [stdout]   |
[INFO] [stdout] 9 | #![feature(llvm_asm)]
[INFO] [stdout]   | ^^^^^^^^^^^^^^^^^^^^^
[INFO] [stdout] 
[INFO] [stdout] 
[INFO] [stdout] error[E0554]: `#![feature]` may not be used on the beta release channel
[INFO] [stdout]  --> /opt/rustwide/cargo-home/registry/src/github.com-1ecc6299db9ec823/ruspiro-register-0.4.3/src/lib.rs:9:1
[INFO] [stdout]   |
[INFO] [stdout] 9 | #![feature(llvm_asm, const_fn, doc_cfg)]
[INFO] [stdout]   | ^^^^^^^^^^^^^^^^^^^^^^^^^^^^^^^^^^^^^^^^
[INFO] [stdout] 
[INFO] [stdout] 
[INFO] [stdout] error: aborting due to previous error
[INFO] [stdout] 
[INFO] [stdout] 
[INFO] [stdout] For more information about this error, try `rustc --explain E0554`.
[INFO] [stdout] 
[INFO] [stdout] error: aborting due to 2 previous errors
[INFO] [stdout] 
[INFO] [stdout] 
[INFO] [stdout] Some errors have detailed explanations: E0554, E0557.
[INFO] [stdout] 
[INFO] [stdout] For more information about an error, try `rustc --explain E0554`.
[INFO] [stdout] 
[INFO] [stdout] error[E0554]: `#![feature]` may not be used on the beta release channel
[INFO] [stdout]  --> /opt/rustwide/cargo-home/registry/src/github.com-1ecc6299db9ec823/ruspiro-interrupt-core-0.3.1/src/lib.rs:9:1
[INFO] [stdout]   |
[INFO] [stdout] 9 | #![feature(llvm_asm)]
[INFO] [stdout]   | ^^^^^^^^^^^^^^^^^^^^^
[INFO] [stdout] 
[INFO] [stdout] 
[INFO] [stdout] error: aborting due to previous error
[INFO] [stdout] 
[INFO] [stdout] 
[INFO] [stdout] For more information about this error, try `rustc --explain E0554`.
[INFO] [stdout] 
[INFO] [stderr] error: build failed
[INFO] running `Command { std: "docker" "inspect" "5168c6d217e3617ffd684821b254fb691551bf19f535b402bac8f66ad6d50e01", kill_on_drop: false }`
[INFO] running `Command { std: "docker" "rm" "-f" "5168c6d217e3617ffd684821b254fb691551bf19f535b402bac8f66ad6d50e01", kill_on_drop: false }`
[INFO] [stdout] 5168c6d217e3617ffd684821b254fb691551bf19f535b402bac8f66ad6d50e01
