[INFO] fetching crate rusfuse 0.0.9...
[INFO] testing rusfuse-0.0.9 against beta-2021-08-01 for beta-1.55-1
[INFO] extracting crate rusfuse 0.0.9 into /workspace/builds/worker-2/source
[INFO] validating manifest of crates.io crate rusfuse 0.0.9 on toolchain beta-2021-08-01
[INFO] running `Command { std: "/workspace/cargo-home/bin/cargo" "+beta-2021-08-01" "metadata" "--manifest-path" "Cargo.toml" "--no-deps", kill_on_drop: false }`
[INFO] started tweaking crates.io crate rusfuse 0.0.9
[INFO] finished tweaking crates.io crate rusfuse 0.0.9
[INFO] tweaked toml for crates.io crate rusfuse 0.0.9 written to /workspace/builds/worker-2/source/Cargo.toml
[INFO] crate crates.io crate rusfuse 0.0.9 already has a lockfile, it will not be regenerated
[INFO] running `Command { std: "/workspace/cargo-home/bin/cargo" "+beta-2021-08-01" "fetch" "--manifest-path" "Cargo.toml", kill_on_drop: false }`
[INFO] [stderr]  Downloading crates ...
[INFO] [stderr]   Downloaded env_logger v0.8.2
[INFO] [stderr]   Downloaded colored v2.0.0
[INFO] [stderr]   Downloaded thread_local v1.1.0
[INFO] [stderr]   Downloaded regex v1.4.3
[INFO] [stderr]   Downloaded regex-syntax v0.6.22
[INFO] [stderr]   Downloaded log v0.4.13
[INFO] [stderr]   Downloaded humantime v2.1.0
[INFO] running `Command { std: "docker" "create" "-v" "/var/lib/crater-agent-workspace/builds/worker-2/target:/opt/rustwide/target:rw,Z" "-v" "/var/lib/crater-agent-workspace/builds/worker-2/source:/opt/rustwide/workdir:ro,Z" "-v" "/var/lib/crater-agent-workspace/cargo-home:/opt/rustwide/cargo-home:ro,Z" "-v" "/var/lib/crater-agent-workspace/rustup-home:/opt/rustwide/rustup-home:ro,Z" "-e" "SOURCE_DIR=/opt/rustwide/workdir" "-e" "CARGO_TARGET_DIR=/opt/rustwide/target" "-e" "CARGO_HOME=/opt/rustwide/cargo-home" "-e" "RUSTUP_HOME=/opt/rustwide/rustup-home" "-w" "/opt/rustwide/workdir" "-m" "1610612736" "--user" "0:0" "--network" "none" "ghcr.io/rust-lang/crates-build-env/linux@sha256:34b6a614d2c27851fe6cbf88fbd1137609cefab8b10d0615aaeb6fd47975d74e" "/opt/rustwide/cargo-home/bin/cargo" "+beta-2021-08-01" "metadata" "--no-deps" "--format-version=1", kill_on_drop: false }`
[INFO] [stdout] ff31c967629c341b64b51a2ce3240150be0a9f6e66da847af30c75232573594d
[INFO] [stderr] WARNING: Your kernel does not support swap limit capabilities or the cgroup is not mounted. Memory limited without swap.
[INFO] running `Command { std: "docker" "start" "-a" "ff31c967629c341b64b51a2ce3240150be0a9f6e66da847af30c75232573594d", kill_on_drop: false }`
[INFO] running `Command { std: "docker" "inspect" "ff31c967629c341b64b51a2ce3240150be0a9f6e66da847af30c75232573594d", kill_on_drop: false }`
[INFO] running `Command { std: "docker" "rm" "-f" "ff31c967629c341b64b51a2ce3240150be0a9f6e66da847af30c75232573594d", kill_on_drop: false }`
[INFO] [stdout] ff31c967629c341b64b51a2ce3240150be0a9f6e66da847af30c75232573594d
[INFO] running `Command { std: "docker" "create" "-v" "/var/lib/crater-agent-workspace/builds/worker-2/target:/opt/rustwide/target:rw,Z" "-v" "/var/lib/crater-agent-workspace/builds/worker-2/source:/opt/rustwide/workdir:ro,Z" "-v" "/var/lib/crater-agent-workspace/cargo-home:/opt/rustwide/cargo-home:ro,Z" "-v" "/var/lib/crater-agent-workspace/rustup-home:/opt/rustwide/rustup-home:ro,Z" "-e" "SOURCE_DIR=/opt/rustwide/workdir" "-e" "CARGO_TARGET_DIR=/opt/rustwide/target" "-e" "CARGO_INCREMENTAL=0" "-e" "RUST_BACKTRACE=full" "-e" "RUSTFLAGS=--cap-lints=warn" "-e" "CARGO_HOME=/opt/rustwide/cargo-home" "-e" "RUSTUP_HOME=/opt/rustwide/rustup-home" "-w" "/opt/rustwide/workdir" "-m" "1610612736" "--user" "0:0" "--network" "none" "ghcr.io/rust-lang/crates-build-env/linux@sha256:34b6a614d2c27851fe6cbf88fbd1137609cefab8b10d0615aaeb6fd47975d74e" "/opt/rustwide/cargo-home/bin/cargo" "+beta-2021-08-01" "build" "--frozen" "--message-format=json", kill_on_drop: false }`
[INFO] [stderr] WARNING: Your kernel does not support swap limit capabilities or the cgroup is not mounted. Memory limited without swap.
[INFO] [stdout] 59f65470e9e8314e831c700b833ee24289f1ada9b42a4c7d670440d7314e1822
[INFO] running `Command { std: "docker" "start" "-a" "59f65470e9e8314e831c700b833ee24289f1ada9b42a4c7d670440d7314e1822", kill_on_drop: false }`
[INFO] [stderr]    Compiling log v0.4.13
[INFO] [stderr]    Compiling regex v1.4.3
[INFO] [stderr]    Compiling env_logger v0.8.2
[INFO] [stderr]    Compiling rusfuse v0.0.9 (/opt/rustwide/workdir)
[INFO] [stderr]     Finished dev [unoptimized + debuginfo] target(s) in 5.98s
[INFO] running `Command { std: "docker" "inspect" "59f65470e9e8314e831c700b833ee24289f1ada9b42a4c7d670440d7314e1822", kill_on_drop: false }`
[INFO] running `Command { std: "docker" "rm" "-f" "59f65470e9e8314e831c700b833ee24289f1ada9b42a4c7d670440d7314e1822", kill_on_drop: false }`
[INFO] [stdout] 59f65470e9e8314e831c700b833ee24289f1ada9b42a4c7d670440d7314e1822
[INFO] running `Command { std: "docker" "create" "-v" "/var/lib/crater-agent-workspace/builds/worker-2/target:/opt/rustwide/target:rw,Z" "-v" "/var/lib/crater-agent-workspace/builds/worker-2/source:/opt/rustwide/workdir:ro,Z" "-v" "/var/lib/crater-agent-workspace/cargo-home:/opt/rustwide/cargo-home:ro,Z" "-v" "/var/lib/crater-agent-workspace/rustup-home:/opt/rustwide/rustup-home:ro,Z" "-e" "SOURCE_DIR=/opt/rustwide/workdir" "-e" "CARGO_TARGET_DIR=/opt/rustwide/target" "-e" "CARGO_INCREMENTAL=0" "-e" "RUST_BACKTRACE=full" "-e" "RUSTFLAGS=--cap-lints=warn" "-e" "CARGO_HOME=/opt/rustwide/cargo-home" "-e" "RUSTUP_HOME=/opt/rustwide/rustup-home" "-w" "/opt/rustwide/workdir" "-m" "1610612736" "--user" "0:0" "--network" "none" "ghcr.io/rust-lang/crates-build-env/linux@sha256:34b6a614d2c27851fe6cbf88fbd1137609cefab8b10d0615aaeb6fd47975d74e" "/opt/rustwide/cargo-home/bin/cargo" "+beta-2021-08-01" "test" "--frozen" "--no-run" "--message-format=json", kill_on_drop: false }`
[INFO] [stdout] 5ea1ae6d5c266b1b1346e6099f8d9bfde0dd6cc4c7d47f8fa1323ed3b45ba389
[INFO] [stderr] WARNING: Your kernel does not support swap limit capabilities or the cgroup is not mounted. Memory limited without swap.
[INFO] running `Command { std: "docker" "start" "-a" "5ea1ae6d5c266b1b1346e6099f8d9bfde0dd6cc4c7d47f8fa1323ed3b45ba389", kill_on_drop: false }`
[INFO] [stderr]    Compiling colored v2.0.0
[INFO] [stderr]    Compiling rusfuse v0.0.9 (/opt/rustwide/workdir)
[INFO] [stdout] warning: unused import: `Duration`
[INFO] [stdout]   --> examples/inmemory.rs:15:21
[INFO] [stdout]    |
[INFO] [stdout] 15 |     use std::time::{Duration, SystemTime};
[INFO] [stdout]    |                     ^^^^^^^^
[INFO] [stdout]    |
[INFO] [stdout]    = note: `#[warn(unused_imports)]` on by default
[INFO] [stdout] 
[INFO] [stdout] 
[INFO] [stdout] warning: unused import: `FuseDirectory`
[INFO] [stdout]   --> examples/inmemory.rs:19:39
[INFO] [stdout]    |
[INFO] [stdout] 19 |     use rusfuse::{FileType, FuseAttr, FuseDirectory};
[INFO] [stdout]    |                                       ^^^^^^^^^^^^^
[INFO] [stdout] 
[INFO] [stdout] 
[INFO] [stdout] warning: unnecessary parentheses around function argument
[INFO] [stdout]    --> examples/inmemory.rs:366:35
[INFO] [stdout]     |
[INFO] [stdout] 366 |                         return Ok((FuseEntryParam::new(ch.to_attr(), 0, 0.0, 0.0)));
[INFO] [stdout]     |                                   ^^^^^^^^^^^^^^^^^^^^^^^^^^^^^^^^^^^^^^^^^^^^^^^^ help: remove these parentheses
[INFO] [stdout]     |
[INFO] [stdout]     = note: `#[warn(unused_parens)]` on by default
[INFO] [stdout] 
[INFO] [stdout] 
[INFO] [stdout] warning: unnecessary parentheses around function argument
[INFO] [stdout]    --> examples/inmemory.rs:397:30
[INFO] [stdout]     |
[INFO] [stdout] 397 |             Some(node) => Ok((FuseEntryParam::new(node.to_attr(), 0, 0.0, 0.0))),
[INFO] [stdout]     |                              ^^^^^^^^^^^^^^^^^^^^^^^^^^^^^^^^^^^^^^^^^^^^^^^^^^ help: remove these parentheses
[INFO] [stdout] 
[INFO] [stdout] 
[INFO] [stdout] warning: unnecessary parentheses around function argument
[INFO] [stdout]    --> examples/inmemory.rs:426:30
[INFO] [stdout]     |
[INFO] [stdout] 426 |             Some(node) => Ok((FuseEntryParam::new(node.to_attr(), 0, 0.0, 0.0))),
[INFO] [stdout]     |                              ^^^^^^^^^^^^^^^^^^^^^^^^^^^^^^^^^^^^^^^^^^^^^^^^^^ help: remove these parentheses
[INFO] [stdout] 
[INFO] [stdout] 
[INFO] [stdout] warning: associated function is never used: `children`
[INFO] [stdout]   --> examples/inmemory.rs:70:23
[INFO] [stdout]    |
[INFO] [stdout] 70 |         pub(crate) fn children(&self) -> &BTreeSet<InoType> {
[INFO] [stdout]    |                       ^^^^^^^^
[INFO] [stdout]    |
[INFO] [stdout]    = note: `#[warn(dead_code)]` on by default
[INFO] [stdout] 
[INFO] [stdout] 
[INFO] [stdout] warning: associated function is never used: `update_ino`
[INFO] [stdout]    --> examples/inmemory.rs:110:22
[INFO] [stdout]     |
[INFO] [stdout] 110 |         pub(self) fn update_ino(&mut self, ino: InoType) {
[INFO] [stdout]     |                      ^^^^^^^^^^
[INFO] [stdout] 
[INFO] [stdout] 
[INFO] [stdout] warning: associated function is never used: `stamp_atime`
[INFO] [stdout]    --> examples/inmemory.rs:113:23
[INFO] [stdout]     |
[INFO] [stdout] 113 |         pub(crate) fn stamp_atime(&mut self) {
[INFO] [stdout]     |                       ^^^^^^^^^^^
[INFO] [stdout] 
[INFO] [stdout] 
[INFO] [stdout] warning: associated function is never used: `stamp_mtime`
[INFO] [stdout]    --> examples/inmemory.rs:116:23
[INFO] [stdout]     |
[INFO] [stdout] 116 |         pub(crate) fn stamp_mtime(&mut self) {
[INFO] [stdout]     |                       ^^^^^^^^^^^
[INFO] [stdout] 
[INFO] [stdout] 
[INFO] [stdout] warning: associated function is never used: `stamp_ctime`
[INFO] [stdout]    --> examples/inmemory.rs:119:23
[INFO] [stdout]     |
[INFO] [stdout] 119 |         pub(crate) fn stamp_ctime(&mut self) {
[INFO] [stdout]     |                       ^^^^^^^^^^^
[INFO] [stdout] 
[INFO] [stdout] 
[INFO] [stdout] warning: unused import: `S_IWOTH`
[INFO] [stdout]    --> src/fuse.rs:594:67
[INFO] [stdout]     |
[INFO] [stdout] 594 |     use libc::{stat, S_IFREG, S_IRGRP, S_IROTH, S_IRUSR, S_IWGRP, S_IWOTH, S_IWUSR};
[INFO] [stdout]     |                                                                   ^^^^^^^
[INFO] [stdout]     |
[INFO] [stdout]     = note: `#[warn(unused_imports)]` on by default
[INFO] [stdout] 
[INFO] [stdout] 
[INFO] [stdout] error: linking with `cc` failed: exit status: 1
[INFO] [stdout]   |
[INFO] [stdout]   = note: "cc" "-m64" "/opt/rustwide/target/debug/examples/hello-e47e5b9c0d91a5b5.hello.3efacefa-cgu.0.rcgu.o" "/opt/rustwide/target/debug/examples/hello-e47e5b9c0d91a5b5.hello.3efacefa-cgu.1.rcgu.o" "/opt/rustwide/target/debug/examples/hello-e47e5b9c0d91a5b5.hello.3efacefa-cgu.10.rcgu.o" "/opt/rustwide/target/debug/examples/hello-e47e5b9c0d91a5b5.hello.3efacefa-cgu.11.rcgu.o" "/opt/rustwide/target/debug/examples/hello-e47e5b9c0d91a5b5.hello.3efacefa-cgu.12.rcgu.o" "/opt/rustwide/target/debug/examples/hello-e47e5b9c0d91a5b5.hello.3efacefa-cgu.13.rcgu.o" "/opt/rustwide/target/debug/examples/hello-e47e5b9c0d91a5b5.hello.3efacefa-cgu.14.rcgu.o" "/opt/rustwide/target/debug/examples/hello-e47e5b9c0d91a5b5.hello.3efacefa-cgu.15.rcgu.o" "/opt/rustwide/target/debug/examples/hello-e47e5b9c0d91a5b5.hello.3efacefa-cgu.2.rcgu.o" "/opt/rustwide/target/debug/examples/hello-e47e5b9c0d91a5b5.hello.3efacefa-cgu.3.rcgu.o" "/opt/rustwide/target/debug/examples/hello-e47e5b9c0d91a5b5.hello.3efacefa-cgu.4.rcgu.o" "/opt/rustwide/target/debug/examples/hello-e47e5b9c0d91a5b5.hello.3efacefa-cgu.5.rcgu.o" "/opt/rustwide/target/debug/examples/hello-e47e5b9c0d91a5b5.hello.3efacefa-cgu.6.rcgu.o" "/opt/rustwide/target/debug/examples/hello-e47e5b9c0d91a5b5.hello.3efacefa-cgu.7.rcgu.o" "/opt/rustwide/target/debug/examples/hello-e47e5b9c0d91a5b5.hello.3efacefa-cgu.8.rcgu.o" "/opt/rustwide/target/debug/examples/hello-e47e5b9c0d91a5b5.hello.3efacefa-cgu.9.rcgu.o" "/opt/rustwide/target/debug/examples/hello-e47e5b9c0d91a5b5.4vfsq1xz9l067qtk.rcgu.o" "-Wl,--as-needed" "-L" "/opt/rustwide/target/debug/deps" "-L" "/opt/rustwide/rustup-home/toolchains/beta-2021-08-01-x86_64-unknown-linux-gnu/lib/rustlib/x86_64-unknown-linux-gnu/lib" "-Wl,-Bstatic" "/opt/rustwide/target/debug/deps/librusfuse-206cff0c1acfc492.rlib" "/opt/rustwide/target/debug/deps/liblibc-d20a268358a4a333.rlib" "/opt/rustwide/target/debug/deps/liblog-ede444b7807d0fe2.rlib" "/opt/rustwide/target/debug/deps/libcfg_if-ffb7f11ad1437080.rlib" "-Wl,--start-group" "/opt/rustwide/rustup-home/toolchains/beta-2021-08-01-x86_64-unknown-linux-gnu/lib/rustlib/x86_64-unknown-linux-gnu/lib/libstd-197d933f09d9a590.rlib" "/opt/rustwide/rustup-home/toolchains/beta-2021-08-01-x86_64-unknown-linux-gnu/lib/rustlib/x86_64-unknown-linux-gnu/lib/libpanic_unwind-46a006cddfd334f0.rlib" "/opt/rustwide/rustup-home/toolchains/beta-2021-08-01-x86_64-unknown-linux-gnu/lib/rustlib/x86_64-unknown-linux-gnu/lib/libminiz_oxide-5b9870310e470b38.rlib" "/opt/rustwide/rustup-home/toolchains/beta-2021-08-01-x86_64-unknown-linux-gnu/lib/rustlib/x86_64-unknown-linux-gnu/lib/libadler-260022ba8f1ab4ee.rlib" "/opt/rustwide/rustup-home/toolchains/beta-2021-08-01-x86_64-unknown-linux-gnu/lib/rustlib/x86_64-unknown-linux-gnu/lib/libobject-71377435a799394f.rlib" "/opt/rustwide/rustup-home/toolchains/beta-2021-08-01-x86_64-unknown-linux-gnu/lib/rustlib/x86_64-unknown-linux-gnu/lib/libaddr2line-658ee5924fde57cd.rlib" "/opt/rustwide/rustup-home/toolchains/beta-2021-08-01-x86_64-unknown-linux-gnu/lib/rustlib/x86_64-unknown-linux-gnu/lib/libgimli-9e8627da6bd1b94a.rlib" "/opt/rustwide/rustup-home/toolchains/beta-2021-08-01-x86_64-unknown-linux-gnu/lib/rustlib/x86_64-unknown-linux-gnu/lib/libstd_detect-19fdaac49f59be84.rlib" "/opt/rustwide/rustup-home/toolchains/beta-2021-08-01-x86_64-unknown-linux-gnu/lib/rustlib/x86_64-unknown-linux-gnu/lib/librustc_demangle-cb00e2691ea45905.rlib" "/opt/rustwide/rustup-home/toolchains/beta-2021-08-01-x86_64-unknown-linux-gnu/lib/rustlib/x86_64-unknown-linux-gnu/lib/libhashbrown-50f6726defae5ae1.rlib" "/opt/rustwide/rustup-home/toolchains/beta-2021-08-01-x86_64-unknown-linux-gnu/lib/rustlib/x86_64-unknown-linux-gnu/lib/librustc_std_workspace_alloc-2afc16311deea26e.rlib" "/opt/rustwide/rustup-home/toolchains/beta-2021-08-01-x86_64-unknown-linux-gnu/lib/rustlib/x86_64-unknown-linux-gnu/lib/libunwind-bb5cb0fe086ee8cf.rlib" "/opt/rustwide/rustup-home/toolchains/beta-2021-08-01-x86_64-unknown-linux-gnu/lib/rustlib/x86_64-unknown-linux-gnu/lib/libcfg_if-896053247b5dfd0b.rlib" "/opt/rustwide/rustup-home/toolchains/beta-2021-08-01-x86_64-unknown-linux-gnu/lib/rustlib/x86_64-unknown-linux-gnu/lib/liblibc-735e1f2ac3cf23be.rlib" "/opt/rustwide/rustup-home/toolchains/beta-2021-08-01-x86_64-unknown-linux-gnu/lib/rustlib/x86_64-unknown-linux-gnu/lib/liballoc-9dfb6622644c732c.rlib" "/opt/rustwide/rustup-home/toolchains/beta-2021-08-01-x86_64-unknown-linux-gnu/lib/rustlib/x86_64-unknown-linux-gnu/lib/librustc_std_workspace_core-beea7d9617fe25c5.rlib" "/opt/rustwide/rustup-home/toolchains/beta-2021-08-01-x86_64-unknown-linux-gnu/lib/rustlib/x86_64-unknown-linux-gnu/lib/libcore-8ef7dd43fc671f88.rlib" "-Wl,--end-group" "/opt/rustwide/rustup-home/toolchains/beta-2021-08-01-x86_64-unknown-linux-gnu/lib/rustlib/x86_64-unknown-linux-gnu/lib/libcompiler_builtins-a9a3b2ad67977f47.rlib" "-Wl,-Bdynamic" "-lfuse3" "-lgcc_s" "-lutil" "-lrt" "-lpthread" "-lm" "-ldl" "-lc" "-Wl,--eh-frame-hdr" "-Wl,-znoexecstack" "-L" "/opt/rustwide/rustup-home/toolchains/beta-2021-08-01-x86_64-unknown-linux-gnu/lib/rustlib/x86_64-unknown-linux-gnu/lib" "-o" "/opt/rustwide/target/debug/examples/hello-e47e5b9c0d91a5b5" "-Wl,--gc-sections" "-pie" "-Wl,-zrelro" "-Wl,-znow" "-nodefaultlibs"
[INFO] [stdout]   = note: /usr/bin/ld: cannot find -lfuse3
[INFO] [stdout]           collect2: error: ld returned 1 exit status
[INFO] [stdout]           
[INFO] [stdout] 
[INFO] [stdout] 
[INFO] [stdout] error: aborting due to previous error
[INFO] [stdout] 
[INFO] [stdout] 
[INFO] [stderr] error: could not compile `rusfuse` due to 2 previous errors
[INFO] [stderr] warning: build failed, waiting for other jobs to finish...
[INFO] [stdout] warning: unnecessary `unsafe` block
[INFO] [stdout]    --> src/fuse.rs:601:32
[INFO] [stdout]     |
[INFO] [stdout] 600 |         let sb = unsafe {
[INFO] [stdout]     |                  ------ because it's nested under this `unsafe` block
[INFO] [stdout] 601 |             let mut sb: stat = unsafe { mem::zeroed::<stat>() };
[INFO] [stdout]     |                                ^^^^^^ unnecessary `unsafe` block
[INFO] [stdout]     |
[INFO] [stdout]     = note: `#[warn(unused_unsafe)]` on by default
[INFO] [stdout] 
[INFO] [stdout] 
[INFO] [stdout] warning: unnecessary `unsafe` block
[INFO] [stdout]    --> src/fuse.rs:602:23
[INFO] [stdout]     |
[INFO] [stdout] 600 |         let sb = unsafe {
[INFO] [stdout]     |                  ------ because it's nested under this `unsafe` block
[INFO] [stdout] 601 |             let mut sb: stat = unsafe { mem::zeroed::<stat>() };
[INFO] [stdout] 602 |             let ret = unsafe {
[INFO] [stdout]     |                       ^^^^^^ unnecessary `unsafe` block
[INFO] [stdout] 
[INFO] [stdout] 
[INFO] [stdout] warning: getting the inner pointer of a temporary `CString`
[INFO] [stdout]    --> src/fuse.rs:604:65
[INFO] [stdout]     |
[INFO] [stdout] 604 |                     CString::new("./tests/resource/a").unwrap().as_ptr(),
[INFO] [stdout]     |                     ------------------------------------------- ^^^^^^ this pointer will be invalid
[INFO] [stdout]     |                     |
[INFO] [stdout]     |                     this `CString` is deallocated at the end of the statement, bind it to a variable to extend its lifetime
[INFO] [stdout]     |
[INFO] [stdout]     = note: `#[warn(temporary_cstring_as_ptr)]` on by default
[INFO] [stdout]     = note: pointers do not have a lifetime; when calling `as_ptr` the `CString` will be deallocated at the end of the statement because nothing is referencing it as far as the type system is concerned
[INFO] [stdout]     = help: for more information, see https://doc.rust-lang.org/reference/destructors.html
[INFO] [stdout] 
[INFO] [stdout] 
[INFO] [stdout] error: linking with `cc` failed: exit status: 1
[INFO] [stdout]   |
[INFO] [stdout]   = note: "cc" "-m64" "/opt/rustwide/target/debug/deps/rusfuse-5329df51bd65223f.rusfuse.f50cb6d4-cgu.0.rcgu.o" "/opt/rustwide/target/debug/deps/rusfuse-5329df51bd65223f.rusfuse.f50cb6d4-cgu.1.rcgu.o" "/opt/rustwide/target/debug/deps/rusfuse-5329df51bd65223f.rusfuse.f50cb6d4-cgu.10.rcgu.o" "/opt/rustwide/target/debug/deps/rusfuse-5329df51bd65223f.rusfuse.f50cb6d4-cgu.11.rcgu.o" "/opt/rustwide/target/debug/deps/rusfuse-5329df51bd65223f.rusfuse.f50cb6d4-cgu.12.rcgu.o" "/opt/rustwide/target/debug/deps/rusfuse-5329df51bd65223f.rusfuse.f50cb6d4-cgu.13.rcgu.o" "/opt/rustwide/target/debug/deps/rusfuse-5329df51bd65223f.rusfuse.f50cb6d4-cgu.14.rcgu.o" "/opt/rustwide/target/debug/deps/rusfuse-5329df51bd65223f.rusfuse.f50cb6d4-cgu.15.rcgu.o" "/opt/rustwide/target/debug/deps/rusfuse-5329df51bd65223f.rusfuse.f50cb6d4-cgu.2.rcgu.o" "/opt/rustwide/target/debug/deps/rusfuse-5329df51bd65223f.rusfuse.f50cb6d4-cgu.3.rcgu.o" "/opt/rustwide/target/debug/deps/rusfuse-5329df51bd65223f.rusfuse.f50cb6d4-cgu.4.rcgu.o" "/opt/rustwide/target/debug/deps/rusfuse-5329df51bd65223f.rusfuse.f50cb6d4-cgu.5.rcgu.o" "/opt/rustwide/target/debug/deps/rusfuse-5329df51bd65223f.rusfuse.f50cb6d4-cgu.6.rcgu.o" "/opt/rustwide/target/debug/deps/rusfuse-5329df51bd65223f.rusfuse.f50cb6d4-cgu.7.rcgu.o" "/opt/rustwide/target/debug/deps/rusfuse-5329df51bd65223f.rusfuse.f50cb6d4-cgu.8.rcgu.o" "/opt/rustwide/target/debug/deps/rusfuse-5329df51bd65223f.rusfuse.f50cb6d4-cgu.9.rcgu.o" "/opt/rustwide/target/debug/deps/rusfuse-5329df51bd65223f.2m5ubt7vovamxo0y.rcgu.o" "-Wl,--as-needed" "-L" "/opt/rustwide/target/debug/deps" "-L" "/opt/rustwide/rustup-home/toolchains/beta-2021-08-01-x86_64-unknown-linux-gnu/lib/rustlib/x86_64-unknown-linux-gnu/lib" "-lfuse3" "-Wl,-Bstatic" "/opt/rustwide/rustup-home/toolchains/beta-2021-08-01-x86_64-unknown-linux-gnu/lib/rustlib/x86_64-unknown-linux-gnu/lib/libtest-6e9019ff2cdb2237.rlib" "/opt/rustwide/rustup-home/toolchains/beta-2021-08-01-x86_64-unknown-linux-gnu/lib/rustlib/x86_64-unknown-linux-gnu/lib/libgetopts-e9cc0b5f091b140c.rlib" "/opt/rustwide/rustup-home/toolchains/beta-2021-08-01-x86_64-unknown-linux-gnu/lib/rustlib/x86_64-unknown-linux-gnu/lib/libunicode_width-762dfa4479f14aad.rlib" "/opt/rustwide/rustup-home/toolchains/beta-2021-08-01-x86_64-unknown-linux-gnu/lib/rustlib/x86_64-unknown-linux-gnu/lib/librustc_std_workspace_std-2a5ac1cc0b21909c.rlib" "/opt/rustwide/target/debug/deps/liblibc-d20a268358a4a333.rlib" "/opt/rustwide/target/debug/deps/liblog-ede444b7807d0fe2.rlib" "/opt/rustwide/target/debug/deps/libcfg_if-ffb7f11ad1437080.rlib" "-Wl,--start-group" "/opt/rustwide/rustup-home/toolchains/beta-2021-08-01-x86_64-unknown-linux-gnu/lib/rustlib/x86_64-unknown-linux-gnu/lib/libstd-197d933f09d9a590.rlib" "/opt/rustwide/rustup-home/toolchains/beta-2021-08-01-x86_64-unknown-linux-gnu/lib/rustlib/x86_64-unknown-linux-gnu/lib/libpanic_unwind-46a006cddfd334f0.rlib" "/opt/rustwide/rustup-home/toolchains/beta-2021-08-01-x86_64-unknown-linux-gnu/lib/rustlib/x86_64-unknown-linux-gnu/lib/libminiz_oxide-5b9870310e470b38.rlib" "/opt/rustwide/rustup-home/toolchains/beta-2021-08-01-x86_64-unknown-linux-gnu/lib/rustlib/x86_64-unknown-linux-gnu/lib/libadler-260022ba8f1ab4ee.rlib" "/opt/rustwide/rustup-home/toolchains/beta-2021-08-01-x86_64-unknown-linux-gnu/lib/rustlib/x86_64-unknown-linux-gnu/lib/libobject-71377435a799394f.rlib" "/opt/rustwide/rustup-home/toolchains/beta-2021-08-01-x86_64-unknown-linux-gnu/lib/rustlib/x86_64-unknown-linux-gnu/lib/libaddr2line-658ee5924fde57cd.rlib" "/opt/rustwide/rustup-home/toolchains/beta-2021-08-01-x86_64-unknown-linux-gnu/lib/rustlib/x86_64-unknown-linux-gnu/lib/libgimli-9e8627da6bd1b94a.rlib" "/opt/rustwide/rustup-home/toolchains/beta-2021-08-01-x86_64-unknown-linux-gnu/lib/rustlib/x86_64-unknown-linux-gnu/lib/libstd_detect-19fdaac49f59be84.rlib" "/opt/rustwide/rustup-home/toolchains/beta-2021-08-01-x86_64-unknown-linux-gnu/lib/rustlib/x86_64-unknown-linux-gnu/lib/librustc_demangle-cb00e2691ea45905.rlib" "/opt/rustwide/rustup-home/toolchains/beta-2021-08-01-x86_64-unknown-linux-gnu/lib/rustlib/x86_64-unknown-linux-gnu/lib/libhashbrown-50f6726defae5ae1.rlib" "/opt/rustwide/rustup-home/toolchains/beta-2021-08-01-x86_64-unknown-linux-gnu/lib/rustlib/x86_64-unknown-linux-gnu/lib/librustc_std_workspace_alloc-2afc16311deea26e.rlib" "/opt/rustwide/rustup-home/toolchains/beta-2021-08-01-x86_64-unknown-linux-gnu/lib/rustlib/x86_64-unknown-linux-gnu/lib/libunwind-bb5cb0fe086ee8cf.rlib" "/opt/rustwide/rustup-home/toolchains/beta-2021-08-01-x86_64-unknown-linux-gnu/lib/rustlib/x86_64-unknown-linux-gnu/lib/libcfg_if-896053247b5dfd0b.rlib" "/opt/rustwide/rustup-home/toolchains/beta-2021-08-01-x86_64-unknown-linux-gnu/lib/rustlib/x86_64-unknown-linux-gnu/lib/liblibc-735e1f2ac3cf23be.rlib" "/opt/rustwide/rustup-home/toolchains/beta-2021-08-01-x86_64-unknown-linux-gnu/lib/rustlib/x86_64-unknown-linux-gnu/lib/liballoc-9dfb6622644c732c.rlib" "/opt/rustwide/rustup-home/toolchains/beta-2021-08-01-x86_64-unknown-linux-gnu/lib/rustlib/x86_64-unknown-linux-gnu/lib/librustc_std_workspace_core-beea7d9617fe25c5.rlib" "/opt/rustwide/rustup-home/toolchains/beta-2021-08-01-x86_64-unknown-linux-gnu/lib/rustlib/x86_64-unknown-linux-gnu/lib/libcore-8ef7dd43fc671f88.rlib" "-Wl,--end-group" "/opt/rustwide/rustup-home/toolchains/beta-2021-08-01-x86_64-unknown-linux-gnu/lib/rustlib/x86_64-unknown-linux-gnu/lib/libcompiler_builtins-a9a3b2ad67977f47.rlib" "-Wl,-Bdynamic" "-lgcc_s" "-lutil" "-lrt" "-lpthread" "-lm" "-ldl" "-lc" "-Wl,--eh-frame-hdr" "-Wl,-znoexecstack" "-L" "/opt/rustwide/rustup-home/toolchains/beta-2021-08-01-x86_64-unknown-linux-gnu/lib/rustlib/x86_64-unknown-linux-gnu/lib" "-o" "/opt/rustwide/target/debug/deps/rusfuse-5329df51bd65223f" "-Wl,--gc-sections" "-pie" "-Wl,-zrelro" "-Wl,-znow" "-nodefaultlibs"
[INFO] [stdout]   = note: /usr/bin/ld: cannot find -lfuse3
[INFO] [stdout]           collect2: error: ld returned 1 exit status
[INFO] [stdout]           
[INFO] [stdout] 
[INFO] [stdout] 
[INFO] [stdout] error: aborting due to previous error; 4 warnings emitted
[INFO] [stdout] 
[INFO] [stdout] 
[INFO] [stdout] error: linking with `cc` failed: exit status: 1
[INFO] [stdout]   |
[INFO] [stdout]   = note: "cc" "-m64" "/opt/rustwide/target/debug/examples/inmemory-f4828661b2f5b2b3.inmemory.ddc56966-cgu.0.rcgu.o" "/opt/rustwide/target/debug/examples/inmemory-f4828661b2f5b2b3.inmemory.ddc56966-cgu.1.rcgu.o" "/opt/rustwide/target/debug/examples/inmemory-f4828661b2f5b2b3.inmemory.ddc56966-cgu.10.rcgu.o" "/opt/rustwide/target/debug/examples/inmemory-f4828661b2f5b2b3.inmemory.ddc56966-cgu.11.rcgu.o" "/opt/rustwide/target/debug/examples/inmemory-f4828661b2f5b2b3.inmemory.ddc56966-cgu.12.rcgu.o" "/opt/rustwide/target/debug/examples/inmemory-f4828661b2f5b2b3.inmemory.ddc56966-cgu.13.rcgu.o" "/opt/rustwide/target/debug/examples/inmemory-f4828661b2f5b2b3.inmemory.ddc56966-cgu.14.rcgu.o" "/opt/rustwide/target/debug/examples/inmemory-f4828661b2f5b2b3.inmemory.ddc56966-cgu.15.rcgu.o" "/opt/rustwide/target/debug/examples/inmemory-f4828661b2f5b2b3.inmemory.ddc56966-cgu.2.rcgu.o" "/opt/rustwide/target/debug/examples/inmemory-f4828661b2f5b2b3.inmemory.ddc56966-cgu.3.rcgu.o" "/opt/rustwide/target/debug/examples/inmemory-f4828661b2f5b2b3.inmemory.ddc56966-cgu.4.rcgu.o" "/opt/rustwide/target/debug/examples/inmemory-f4828661b2f5b2b3.inmemory.ddc56966-cgu.5.rcgu.o" "/opt/rustwide/target/debug/examples/inmemory-f4828661b2f5b2b3.inmemory.ddc56966-cgu.6.rcgu.o" "/opt/rustwide/target/debug/examples/inmemory-f4828661b2f5b2b3.inmemory.ddc56966-cgu.7.rcgu.o" "/opt/rustwide/target/debug/examples/inmemory-f4828661b2f5b2b3.inmemory.ddc56966-cgu.8.rcgu.o" "/opt/rustwide/target/debug/examples/inmemory-f4828661b2f5b2b3.inmemory.ddc56966-cgu.9.rcgu.o" "/opt/rustwide/target/debug/examples/inmemory-f4828661b2f5b2b3.11k2fb1oi1i9j3xd.rcgu.o" "-Wl,--as-needed" "-L" "/opt/rustwide/target/debug/deps" "-L" "/opt/rustwide/rustup-home/toolchains/beta-2021-08-01-x86_64-unknown-linux-gnu/lib/rustlib/x86_64-unknown-linux-gnu/lib" "-Wl,-Bstatic" "/opt/rustwide/target/debug/deps/libcolored-433681c83ae6e208.rlib" "/opt/rustwide/target/debug/deps/librusfuse-206cff0c1acfc492.rlib" "/opt/rustwide/target/debug/deps/libenv_logger-5fdc1a6e920eac34.rlib" "/opt/rustwide/target/debug/deps/libatty-56cdf29a3e9e56ab.rlib" "/opt/rustwide/target/debug/deps/liblibc-d20a268358a4a333.rlib" "/opt/rustwide/target/debug/deps/libtermcolor-f4f8fa367f63a313.rlib" "/opt/rustwide/target/debug/deps/libhumantime-a6c0c81cc32ac9be.rlib" "/opt/rustwide/target/debug/deps/libregex-2b84334458a6a6bb.rlib" "/opt/rustwide/target/debug/deps/libthread_local-ebeb2aa331e34923.rlib" "/opt/rustwide/target/debug/deps/liblazy_static-e92083d5a39a8b50.rlib" "/opt/rustwide/target/debug/deps/libregex_syntax-894810992e7f0693.rlib" "/opt/rustwide/target/debug/deps/libaho_corasick-396272b5012aa787.rlib" "/opt/rustwide/target/debug/deps/libmemchr-49f8853250254f16.rlib" "/opt/rustwide/target/debug/deps/liblog-ede444b7807d0fe2.rlib" "/opt/rustwide/target/debug/deps/libcfg_if-ffb7f11ad1437080.rlib" "-Wl,--start-group" "/opt/rustwide/rustup-home/toolchains/beta-2021-08-01-x86_64-unknown-linux-gnu/lib/rustlib/x86_64-unknown-linux-gnu/lib/libstd-197d933f09d9a590.rlib" "/opt/rustwide/rustup-home/toolchains/beta-2021-08-01-x86_64-unknown-linux-gnu/lib/rustlib/x86_64-unknown-linux-gnu/lib/libpanic_unwind-46a006cddfd334f0.rlib" "/opt/rustwide/rustup-home/toolchains/beta-2021-08-01-x86_64-unknown-linux-gnu/lib/rustlib/x86_64-unknown-linux-gnu/lib/libminiz_oxide-5b9870310e470b38.rlib" "/opt/rustwide/rustup-home/toolchains/beta-2021-08-01-x86_64-unknown-linux-gnu/lib/rustlib/x86_64-unknown-linux-gnu/lib/libadler-260022ba8f1ab4ee.rlib" "/opt/rustwide/rustup-home/toolchains/beta-2021-08-01-x86_64-unknown-linux-gnu/lib/rustlib/x86_64-unknown-linux-gnu/lib/libobject-71377435a799394f.rlib" "/opt/rustwide/rustup-home/toolchains/beta-2021-08-01-x86_64-unknown-linux-gnu/lib/rustlib/x86_64-unknown-linux-gnu/lib/libaddr2line-658ee5924fde57cd.rlib" "/opt/rustwide/rustup-home/toolchains/beta-2021-08-01-x86_64-unknown-linux-gnu/lib/rustlib/x86_64-unknown-linux-gnu/lib/libgimli-9e8627da6bd1b94a.rlib" "/opt/rustwide/rustup-home/toolchains/beta-2021-08-01-x86_64-unknown-linux-gnu/lib/rustlib/x86_64-unknown-linux-gnu/lib/libstd_detect-19fdaac49f59be84.rlib" "/opt/rustwide/rustup-home/toolchains/beta-2021-08-01-x86_64-unknown-linux-gnu/lib/rustlib/x86_64-unknown-linux-gnu/lib/librustc_demangle-cb00e2691ea45905.rlib" "/opt/rustwide/rustup-home/toolchains/beta-2021-08-01-x86_64-unknown-linux-gnu/lib/rustlib/x86_64-unknown-linux-gnu/lib/libhashbrown-50f6726defae5ae1.rlib" "/opt/rustwide/rustup-home/toolchains/beta-2021-08-01-x86_64-unknown-linux-gnu/lib/rustlib/x86_64-unknown-linux-gnu/lib/librustc_std_workspace_alloc-2afc16311deea26e.rlib" "/opt/rustwide/rustup-home/toolchains/beta-2021-08-01-x86_64-unknown-linux-gnu/lib/rustlib/x86_64-unknown-linux-gnu/lib/libunwind-bb5cb0fe086ee8cf.rlib" "/opt/rustwide/rustup-home/toolchains/beta-2021-08-01-x86_64-unknown-linux-gnu/lib/rustlib/x86_64-unknown-linux-gnu/lib/libcfg_if-896053247b5dfd0b.rlib" "/opt/rustwide/rustup-home/toolchains/beta-2021-08-01-x86_64-unknown-linux-gnu/lib/rustlib/x86_64-unknown-linux-gnu/lib/liblibc-735e1f2ac3cf23be.rlib" "/opt/rustwide/rustup-home/toolchains/beta-2021-08-01-x86_64-unknown-linux-gnu/lib/rustlib/x86_64-unknown-linux-gnu/lib/liballoc-9dfb6622644c732c.rlib" "/opt/rustwide/rustup-home/toolchains/beta-2021-08-01-x86_64-unknown-linux-gnu/lib/rustlib/x86_64-unknown-linux-gnu/lib/librustc_std_workspace_core-beea7d9617fe25c5.rlib" "/opt/rustwide/rustup-home/toolchains/beta-2021-08-01-x86_64-unknown-linux-gnu/lib/rustlib/x86_64-unknown-linux-gnu/lib/libcore-8ef7dd43fc671f88.rlib" "-Wl,--end-group" "/opt/rustwide/rustup-home/toolchains/beta-2021-08-01-x86_64-unknown-linux-gnu/lib/rustlib/x86_64-unknown-linux-gnu/lib/libcompiler_builtins-a9a3b2ad67977f47.rlib" "-Wl,-Bdynamic" "-lfuse3" "-lgcc_s" "-lutil" "-lrt" "-lpthread" "-lm" "-ldl" "-lc" "-Wl,--eh-frame-hdr" "-Wl,-znoexecstack" "-L" "/opt/rustwide/rustup-home/toolchains/beta-2021-08-01-x86_64-unknown-linux-gnu/lib/rustlib/x86_64-unknown-linux-gnu/lib" "-o" "/opt/rustwide/target/debug/examples/inmemory-f4828661b2f5b2b3" "-Wl,--gc-sections" "-pie" "-Wl,-zrelro" "-Wl,-znow" "-nodefaultlibs"
[INFO] [stdout]   = note: /usr/bin/ld: cannot find -lfuse3
[INFO] [stdout]           collect2: error: ld returned 1 exit status
[INFO] [stdout]           
[INFO] [stdout] 
[INFO] [stdout] 
[INFO] [stdout] error: aborting due to previous error; 10 warnings emitted
[INFO] [stdout] 
[INFO] [stdout] 
[INFO] [stderr] error: build failed
[INFO] running `Command { std: "docker" "inspect" "5ea1ae6d5c266b1b1346e6099f8d9bfde0dd6cc4c7d47f8fa1323ed3b45ba389", kill_on_drop: false }`
[INFO] running `Command { std: "docker" "rm" "-f" "5ea1ae6d5c266b1b1346e6099f8d9bfde0dd6cc4c7d47f8fa1323ed3b45ba389", kill_on_drop: false }`
[INFO] [stdout] 5ea1ae6d5c266b1b1346e6099f8d9bfde0dd6cc4c7d47f8fa1323ed3b45ba389
