[INFO] fetching crate rubato 0.8.1...
[INFO] testing rubato-0.8.1 against beta-2021-08-01 for beta-1.55-1
[INFO] extracting crate rubato 0.8.1 into /workspace/builds/worker-1/source
[INFO] validating manifest of crates.io crate rubato 0.8.1 on toolchain beta-2021-08-01
[INFO] running `Command { std: "/workspace/cargo-home/bin/cargo" "+beta-2021-08-01" "metadata" "--manifest-path" "Cargo.toml" "--no-deps", kill_on_drop: false }`
[INFO] started tweaking crates.io crate rubato 0.8.1
[INFO] finished tweaking crates.io crate rubato 0.8.1
[INFO] tweaked toml for crates.io crate rubato 0.8.1 written to /workspace/builds/worker-1/source/Cargo.toml
[INFO] crate crates.io crate rubato 0.8.1 already has a lockfile, it will not be regenerated
[INFO] running `Command { std: "/workspace/cargo-home/bin/cargo" "+beta-2021-08-01" "fetch" "--manifest-path" "Cargo.toml", kill_on_drop: false }`
[INFO] [stderr]  Downloading crates ...
[INFO] [stderr]   Downloaded strength_reduce v0.2.3
[INFO] [stderr]   Downloaded wasm-bindgen-macro-support v0.2.73
[INFO] [stderr]   Downloaded cast v0.2.5
[INFO] [stderr]   Downloaded crossbeam-epoch v0.9.3
[INFO] [stderr]   Downloaded wasm-bindgen v0.2.73
[INFO] [stderr]   Downloaded rustfft v6.0.0
[INFO] [stderr]   Downloaded memoffset v0.6.3
[INFO] [stderr]   Downloaded primal-check v0.3.1
[INFO] [stderr]   Downloaded js-sys v0.3.50
[INFO] [stderr]   Downloaded libc v0.2.93
[INFO] [stderr]   Downloaded web-sys v0.3.50
[INFO] [stderr]   Downloaded syn v1.0.69
[INFO] [stderr]   Downloaded wasm-bindgen-backend v0.2.73
[INFO] [stderr]   Downloaded wasm-bindgen-shared v0.2.73
[INFO] [stderr]   Downloaded transpose v0.2.1
[INFO] [stderr]   Downloaded wasm-bindgen-macro v0.2.73
[INFO] [stderr]   Downloaded realfft v2.0.0
[INFO] running `Command { std: "docker" "create" "-v" "/var/lib/crater-agent-workspace/builds/worker-1/target:/opt/rustwide/target:rw,Z" "-v" "/var/lib/crater-agent-workspace/builds/worker-1/source:/opt/rustwide/workdir:ro,Z" "-v" "/var/lib/crater-agent-workspace/cargo-home:/opt/rustwide/cargo-home:ro,Z" "-v" "/var/lib/crater-agent-workspace/rustup-home:/opt/rustwide/rustup-home:ro,Z" "-e" "SOURCE_DIR=/opt/rustwide/workdir" "-e" "CARGO_TARGET_DIR=/opt/rustwide/target" "-e" "CARGO_HOME=/opt/rustwide/cargo-home" "-e" "RUSTUP_HOME=/opt/rustwide/rustup-home" "-w" "/opt/rustwide/workdir" "-m" "1610612736" "--user" "0:0" "--network" "none" "ghcr.io/rust-lang/crates-build-env/linux@sha256:34b6a614d2c27851fe6cbf88fbd1137609cefab8b10d0615aaeb6fd47975d74e" "/opt/rustwide/cargo-home/bin/cargo" "+beta-2021-08-01" "metadata" "--no-deps" "--format-version=1", kill_on_drop: false }`
[INFO] [stderr] WARNING: Your kernel does not support swap limit capabilities or the cgroup is not mounted. Memory limited without swap.
[INFO] [stdout] 2ce8d50dd2f9abe8042b6358b65710905088b797e8baefda731cdaeb6d31c025
[INFO] running `Command { std: "docker" "start" "-a" "2ce8d50dd2f9abe8042b6358b65710905088b797e8baefda731cdaeb6d31c025", kill_on_drop: false }`
[INFO] running `Command { std: "docker" "inspect" "2ce8d50dd2f9abe8042b6358b65710905088b797e8baefda731cdaeb6d31c025", kill_on_drop: false }`
[INFO] running `Command { std: "docker" "rm" "-f" "2ce8d50dd2f9abe8042b6358b65710905088b797e8baefda731cdaeb6d31c025", kill_on_drop: false }`
[INFO] [stdout] 2ce8d50dd2f9abe8042b6358b65710905088b797e8baefda731cdaeb6d31c025
[INFO] running `Command { std: "docker" "create" "-v" "/var/lib/crater-agent-workspace/builds/worker-1/target:/opt/rustwide/target:rw,Z" "-v" "/var/lib/crater-agent-workspace/builds/worker-1/source:/opt/rustwide/workdir:ro,Z" "-v" "/var/lib/crater-agent-workspace/cargo-home:/opt/rustwide/cargo-home:ro,Z" "-v" "/var/lib/crater-agent-workspace/rustup-home:/opt/rustwide/rustup-home:ro,Z" "-e" "SOURCE_DIR=/opt/rustwide/workdir" "-e" "CARGO_TARGET_DIR=/opt/rustwide/target" "-e" "CARGO_INCREMENTAL=0" "-e" "RUST_BACKTRACE=full" "-e" "RUSTFLAGS=--cap-lints=warn" "-e" "CARGO_HOME=/opt/rustwide/cargo-home" "-e" "RUSTUP_HOME=/opt/rustwide/rustup-home" "-w" "/opt/rustwide/workdir" "-m" "1610612736" "--user" "0:0" "--network" "none" "ghcr.io/rust-lang/crates-build-env/linux@sha256:34b6a614d2c27851fe6cbf88fbd1137609cefab8b10d0615aaeb6fd47975d74e" "/opt/rustwide/cargo-home/bin/cargo" "+beta-2021-08-01" "build" "--frozen" "--message-format=json", kill_on_drop: false }`
[INFO] [stdout] 4d9c9e6bbc19a21e34ec7dfb62acb9f249e6c814ff6b147e1fbcbdc82ca13697
[INFO] [stderr] WARNING: Your kernel does not support swap limit capabilities or the cgroup is not mounted. Memory limited without swap.
[INFO] running `Command { std: "docker" "start" "-a" "4d9c9e6bbc19a21e34ec7dfb62acb9f249e6c814ff6b147e1fbcbdc82ca13697", kill_on_drop: false }`
[INFO] [stderr]    Compiling num-integer v0.1.44
[INFO] [stderr]    Compiling num-complex v0.4.0
[INFO] [stderr]    Compiling transpose v0.2.1
[INFO] [stderr]    Compiling primal-check v0.3.1
[INFO] [stderr]    Compiling rustfft v6.0.0
[INFO] [stderr]    Compiling realfft v2.0.0
[INFO] [stderr]    Compiling rubato v0.8.1 (/opt/rustwide/workdir)
[INFO] [stderr]     Finished dev [unoptimized + debuginfo] target(s) in 7.48s
[INFO] running `Command { std: "docker" "inspect" "4d9c9e6bbc19a21e34ec7dfb62acb9f249e6c814ff6b147e1fbcbdc82ca13697", kill_on_drop: false }`
[INFO] running `Command { std: "docker" "rm" "-f" "4d9c9e6bbc19a21e34ec7dfb62acb9f249e6c814ff6b147e1fbcbdc82ca13697", kill_on_drop: false }`
[INFO] [stdout] 4d9c9e6bbc19a21e34ec7dfb62acb9f249e6c814ff6b147e1fbcbdc82ca13697
[INFO] running `Command { std: "docker" "create" "-v" "/var/lib/crater-agent-workspace/builds/worker-1/target:/opt/rustwide/target:rw,Z" "-v" "/var/lib/crater-agent-workspace/builds/worker-1/source:/opt/rustwide/workdir:ro,Z" "-v" "/var/lib/crater-agent-workspace/cargo-home:/opt/rustwide/cargo-home:ro,Z" "-v" "/var/lib/crater-agent-workspace/rustup-home:/opt/rustwide/rustup-home:ro,Z" "-e" "SOURCE_DIR=/opt/rustwide/workdir" "-e" "CARGO_TARGET_DIR=/opt/rustwide/target" "-e" "CARGO_INCREMENTAL=0" "-e" "RUST_BACKTRACE=full" "-e" "RUSTFLAGS=--cap-lints=warn" "-e" "CARGO_HOME=/opt/rustwide/cargo-home" "-e" "RUSTUP_HOME=/opt/rustwide/rustup-home" "-w" "/opt/rustwide/workdir" "-m" "1610612736" "--user" "0:0" "--network" "none" "ghcr.io/rust-lang/crates-build-env/linux@sha256:34b6a614d2c27851fe6cbf88fbd1137609cefab8b10d0615aaeb6fd47975d74e" "/opt/rustwide/cargo-home/bin/cargo" "+beta-2021-08-01" "test" "--frozen" "--no-run" "--message-format=json", kill_on_drop: false }`
[INFO] [stdout] 2a9cc36c2b9b9496eeaa32fc90ec5d13341c90db8925e699da44ceb28c60aaf4
[INFO] [stderr] WARNING: Your kernel does not support swap limit capabilities or the cgroup is not mounted. Memory limited without swap.
[INFO] running `Command { std: "docker" "start" "-a" "2a9cc36c2b9b9496eeaa32fc90ec5d13341c90db8925e699da44ceb28c60aaf4", kill_on_drop: false }`
[INFO] [stderr]    Compiling syn v1.0.69
[INFO] [stderr]    Compiling getrandom v0.2.2
[INFO] [stderr]    Compiling rayon-core v1.9.0
[INFO] [stderr]    Compiling rand_core v0.6.2
[INFO] [stderr]    Compiling rand_chacha v0.3.0
[INFO] [stderr]    Compiling rayon v1.5.0
[INFO] [stderr]    Compiling rand v0.8.3
[INFO] [stderr]    Compiling serde_derive v1.0.125
[INFO] [stderr]    Compiling criterion v0.3.4
[INFO] [stderr]    Compiling rubato v0.8.1 (/opt/rustwide/workdir)
[INFO] [stdout] error[E0080]: evaluation of `core::core_arch::macros::ValidateConstImm::<51_i32, 0_i32, 15_i32>::VALID` failed
[INFO] [stdout]   |
[INFO] [stdout]   = note: this error originates in the macro `$crate::panic::panic_2015` (in Nightly builds, run with -Z macro-backtrace for more info)
[INFO] [stdout] 
[INFO] [stdout] 
[INFO] [stdout] note: the above error was encountered while instantiating `fn std::arch::x86_64::_mm_blend_ps::<51_i32>`
[INFO] [stdout]     --> /opt/rustwide/cargo-home/registry/src/github.com-1ecc6299db9ec823/rustfft-6.0.0/src/avx/avx_vector.rs:1314:23
[INFO] [stdout]      |
[INFO] [stdout] 1314 |         let blended = _mm_blend_ps(rows[0], rows[2], 0x33);
[INFO] [stdout]      |                       ^^^^^^^^^^^^^^^^^^^^^^^^^^^^^^^^^^^^
[INFO] [stdout] 
[INFO] [stdout] 
[INFO] [stdout] error[E0080]: evaluation of `core::core_arch::macros::ValidateConstImm::<5_i32, 0_i32, 3_i32>::VALID` failed
[INFO] [stdout]   |
[INFO] [stdout]   = note: this error originates in the macro `$crate::panic::panic_2015` (in Nightly builds, run with -Z macro-backtrace for more info)
[INFO] [stdout] 
[INFO] [stdout] 
[INFO] [stdout] note: the above error was encountered while instantiating `fn std::arch::x86_64::_mm_permute_pd::<5_i32>`
[INFO] [stdout]     --> /opt/rustwide/cargo-home/registry/src/github.com-1ecc6299db9ec823/rustfft-6.0.0/src/avx/avx_vector.rs:1859:9
[INFO] [stdout]      |
[INFO] [stdout] 1859 |         _mm_permute_pd(self, 0x05)
[INFO] [stdout]      |         ^^^^^^^^^^^^^^^^^^^^^^^^^^
[INFO] [stdout] 
[INFO] [stdout] 
[INFO] [stdout] error[E0080]: evaluation of `core::core_arch::macros::ValidateConstImm::<15_i32, 0_i32, 3_i32>::VALID` failed
[INFO] [stdout]   |
[INFO] [stdout]   = note: this error originates in the macro `$crate::panic::panic_2015` (in Nightly builds, run with -Z macro-backtrace for more info)
[INFO] [stdout] 
[INFO] [stdout] 
[INFO] [stdout] note: the above error was encountered while instantiating `fn std::arch::x86_64::_mm_permute_pd::<15_i32>`
[INFO] [stdout]     --> /opt/rustwide/cargo-home/registry/src/github.com-1ecc6299db9ec823/rustfft-6.0.0/src/avx/avx_vector.rs:1863:32
[INFO] [stdout]      |
[INFO] [stdout] 1863 |         (_mm_movedup_pd(self), _mm_permute_pd(self, 0x0F))
[INFO] [stdout]      |                                ^^^^^^^^^^^^^^^^^^^^^^^^^^
[INFO] [stdout] 
[INFO] [stdout] 
[INFO] [stdout] error[E0080]: evaluation of `core::core_arch::macros::ValidateConstImm::<51_i32, 0_i32, 15_i32>::VALID` failed
[INFO] [stdout]   |
[INFO] [stdout]   = note: this error originates in the macro `$crate::panic::panic_2015` (in Nightly builds, run with -Z macro-backtrace for more info)
[INFO] [stdout] 
[INFO] [stdout] 
[INFO] [stdout] note: the above error was encountered while instantiating `fn std::arch::x86_64::_mm_blend_ps::<51_i32>`
[INFO] [stdout]     --> /opt/rustwide/cargo-home/registry/src/github.com-1ecc6299db9ec823/rustfft-6.0.0/src/avx/avx_vector.rs:1314:23
[INFO] [stdout]      |
[INFO] [stdout] 1314 |         let blended = _mm_blend_ps(rows[0], rows[2], 0x33);
[INFO] [stdout]      |                       ^^^^^^^^^^^^^^^^^^^^^^^^^^^^^^^^^^^^
[INFO] [stdout] 
[INFO] [stdout] 
[INFO] [stdout] error[E0080]: evaluation of `core::core_arch::macros::ValidateConstImm::<5_i32, 0_i32, 3_i32>::VALID` failed
[INFO] [stdout]   |
[INFO] [stdout]   = note: this error originates in the macro `$crate::panic::panic_2015` (in Nightly builds, run with -Z macro-backtrace for more info)
[INFO] [stdout] 
[INFO] [stdout] 
[INFO] [stdout] note: the above error was encountered while instantiating `fn std::arch::x86_64::_mm_permute_pd::<5_i32>`
[INFO] [stdout]     --> /opt/rustwide/cargo-home/registry/src/github.com-1ecc6299db9ec823/rustfft-6.0.0/src/avx/avx_vector.rs:1859:9
[INFO] [stdout]      |
[INFO] [stdout] 1859 |         _mm_permute_pd(self, 0x05)
[INFO] [stdout]      |         ^^^^^^^^^^^^^^^^^^^^^^^^^^
[INFO] [stdout] 
[INFO] [stdout] 
[INFO] [stdout] error[E0080]: evaluation of `core::core_arch::macros::ValidateConstImm::<15_i32, 0_i32, 3_i32>::VALID` failed
[INFO] [stdout]   |
[INFO] [stdout]   = note: this error originates in the macro `$crate::panic::panic_2015` (in Nightly builds, run with -Z macro-backtrace for more info)
[INFO] [stdout] 
[INFO] [stdout] 
[INFO] [stdout] note: the above error was encountered while instantiating `fn std::arch::x86_64::_mm_permute_pd::<15_i32>`
[INFO] [stdout]     --> /opt/rustwide/cargo-home/registry/src/github.com-1ecc6299db9ec823/rustfft-6.0.0/src/avx/avx_vector.rs:1863:32
[INFO] [stdout]      |
[INFO] [stdout] 1863 |         (_mm_movedup_pd(self), _mm_permute_pd(self, 0x0F))
[INFO] [stdout]      |                                ^^^^^^^^^^^^^^^^^^^^^^^^^^
[INFO] [stdout] 
[INFO] [stdout] 
[INFO] [stdout] error[E0080]: evaluation of `core::core_arch::macros::ValidateConstImm::<51_i32, 0_i32, 15_i32>::VALID` failed
[INFO] [stdout]   |
[INFO] [stdout]   = note: this error originates in the macro `$crate::panic::panic_2015` (in Nightly builds, run with -Z macro-backtrace for more info)
[INFO] [stdout] 
[INFO] [stdout] 
[INFO] [stdout] note: the above error was encountered while instantiating `fn std::arch::x86_64::_mm_blend_ps::<51_i32>`
[INFO] [stdout]     --> /opt/rustwide/cargo-home/registry/src/github.com-1ecc6299db9ec823/rustfft-6.0.0/src/avx/avx_vector.rs:1314:23
[INFO] [stdout]      |
[INFO] [stdout] 1314 |         let blended = _mm_blend_ps(rows[0], rows[2], 0x33);
[INFO] [stdout]      |                       ^^^^^^^^^^^^^^^^^^^^^^^^^^^^^^^^^^^^
[INFO] [stdout] 
[INFO] [stdout] 
[INFO] [stdout] error[E0080]: evaluation of `core::core_arch::macros::ValidateConstImm::<5_i32, 0_i32, 3_i32>::VALID` failed
[INFO] [stdout]   |
[INFO] [stdout]   = note: this error originates in the macro `$crate::panic::panic_2015` (in Nightly builds, run with -Z macro-backtrace for more info)
[INFO] [stdout] 
[INFO] [stdout] 
[INFO] [stdout] note: the above error was encountered while instantiating `fn std::arch::x86_64::_mm_permute_pd::<5_i32>`
[INFO] [stdout]     --> /opt/rustwide/cargo-home/registry/src/github.com-1ecc6299db9ec823/rustfft-6.0.0/src/avx/avx_vector.rs:1859:9
[INFO] [stdout]      |
[INFO] [stdout] 1859 |         _mm_permute_pd(self, 0x05)
[INFO] [stdout]      |         ^^^^^^^^^^^^^^^^^^^^^^^^^^
[INFO] [stdout] 
[INFO] [stdout] 
[INFO] [stdout] error[E0080]: evaluation of `core::core_arch::macros::ValidateConstImm::<15_i32, 0_i32, 3_i32>::VALID` failed
[INFO] [stdout]   |
[INFO] [stdout]   = note: this error originates in the macro `$crate::panic::panic_2015` (in Nightly builds, run with -Z macro-backtrace for more info)
[INFO] [stdout] 
[INFO] [stdout] 
[INFO] [stdout] note: the above error was encountered while instantiating `fn std::arch::x86_64::_mm_permute_pd::<15_i32>`
[INFO] [stdout]     --> /opt/rustwide/cargo-home/registry/src/github.com-1ecc6299db9ec823/rustfft-6.0.0/src/avx/avx_vector.rs:1863:32
[INFO] [stdout]      |
[INFO] [stdout] 1863 |         (_mm_movedup_pd(self), _mm_permute_pd(self, 0x0F))
[INFO] [stdout]      |                                ^^^^^^^^^^^^^^^^^^^^^^^^^^
[INFO] [stdout] 
[INFO] [stdout] 
[INFO] [stdout] error: aborting due to 3 previous errors
[INFO] [stdout] 
[INFO] [stdout] 
[INFO] [stdout] For more information about this error, try `rustc --explain E0080`.
[INFO] [stdout] 
[INFO] [stdout] error: aborting due to 3 previous errors
[INFO] [stdout] 
[INFO] [stdout] 
[INFO] [stdout] For more information about this error, try `rustc --explain E0080`.
[INFO] [stdout] 
[INFO] [stderr] error: could not compile `rubato` due to 4 previous errors
[INFO] [stderr] warning: build failed, waiting for other jobs to finish...
[INFO] [stdout] error: aborting due to 3 previous errors
[INFO] [stdout] 
[INFO] [stdout] 
[INFO] [stdout] For more information about this error, try `rustc --explain E0080`.
[INFO] [stdout] 
[INFO] [stdout] error[E0080]: evaluation of `core::core_arch::macros::ValidateConstImm::<51_i32, 0_i32, 15_i32>::VALID` failed
[INFO] [stdout]   |
[INFO] [stdout]   = note: this error originates in the macro `$crate::panic::panic_2015` (in Nightly builds, run with -Z macro-backtrace for more info)
[INFO] [stdout] 
[INFO] [stdout] 
[INFO] [stdout] note: the above error was encountered while instantiating `fn std::arch::x86_64::_mm_blend_ps::<51_i32>`
[INFO] [stdout]     --> /opt/rustwide/cargo-home/registry/src/github.com-1ecc6299db9ec823/rustfft-6.0.0/src/avx/avx_vector.rs:1314:23
[INFO] [stdout]      |
[INFO] [stdout] 1314 |         let blended = _mm_blend_ps(rows[0], rows[2], 0x33);
[INFO] [stdout]      |                       ^^^^^^^^^^^^^^^^^^^^^^^^^^^^^^^^^^^^
[INFO] [stdout] 
[INFO] [stdout] 
[INFO] [stdout] error[E0080]: evaluation of `core::core_arch::macros::ValidateConstImm::<5_i32, 0_i32, 3_i32>::VALID` failed
[INFO] [stdout]   |
[INFO] [stdout]   = note: this error originates in the macro `$crate::panic::panic_2015` (in Nightly builds, run with -Z macro-backtrace for more info)
[INFO] [stdout] 
[INFO] [stdout] 
[INFO] [stdout] note: the above error was encountered while instantiating `fn std::arch::x86_64::_mm_permute_pd::<5_i32>`
[INFO] [stdout]     --> /opt/rustwide/cargo-home/registry/src/github.com-1ecc6299db9ec823/rustfft-6.0.0/src/avx/avx_vector.rs:1859:9
[INFO] [stdout]      |
[INFO] [stdout] 1859 |         _mm_permute_pd(self, 0x05)
[INFO] [stdout]      |         ^^^^^^^^^^^^^^^^^^^^^^^^^^
[INFO] [stdout] 
[INFO] [stdout] 
[INFO] [stdout] error[E0080]: evaluation of `core::core_arch::macros::ValidateConstImm::<15_i32, 0_i32, 3_i32>::VALID` failed
[INFO] [stdout]   |
[INFO] [stdout]   = note: this error originates in the macro `$crate::panic::panic_2015` (in Nightly builds, run with -Z macro-backtrace for more info)
[INFO] [stdout] 
[INFO] [stdout] 
[INFO] [stdout] note: the above error was encountered while instantiating `fn std::arch::x86_64::_mm_permute_pd::<15_i32>`
[INFO] [stdout]     --> /opt/rustwide/cargo-home/registry/src/github.com-1ecc6299db9ec823/rustfft-6.0.0/src/avx/avx_vector.rs:1863:32
[INFO] [stdout]      |
[INFO] [stdout] 1863 |         (_mm_movedup_pd(self), _mm_permute_pd(self, 0x0F))
[INFO] [stdout]      |                                ^^^^^^^^^^^^^^^^^^^^^^^^^^
[INFO] [stdout] 
[INFO] [stdout] 
[INFO] [stdout] error: aborting due to 3 previous errors
[INFO] [stdout] 
[INFO] [stdout] 
[INFO] [stdout] For more information about this error, try `rustc --explain E0080`.
[INFO] [stdout] 
[INFO] [stderr] error: build failed
[INFO] running `Command { std: "docker" "inspect" "2a9cc36c2b9b9496eeaa32fc90ec5d13341c90db8925e699da44ceb28c60aaf4", kill_on_drop: false }`
[INFO] running `Command { std: "docker" "rm" "-f" "2a9cc36c2b9b9496eeaa32fc90ec5d13341c90db8925e699da44ceb28c60aaf4", kill_on_drop: false }`
[INFO] [stdout] 2a9cc36c2b9b9496eeaa32fc90ec5d13341c90db8925e699da44ceb28c60aaf4
