[INFO] fetching crate rtlola-hir 0.1.2...
[INFO] testing rtlola-hir-0.1.2 against 1.54.0 for beta-1.55-1
[INFO] extracting crate rtlola-hir 0.1.2 into /workspace/builds/worker-7/source
[INFO] validating manifest of crates.io crate rtlola-hir 0.1.2 on toolchain 1.54.0
[INFO] running `Command { std: "/workspace/cargo-home/bin/cargo" "+1.54.0" "metadata" "--manifest-path" "Cargo.toml" "--no-deps", kill_on_drop: false }`
[INFO] started tweaking crates.io crate rtlola-hir 0.1.2
[INFO] finished tweaking crates.io crate rtlola-hir 0.1.2
[INFO] tweaked toml for crates.io crate rtlola-hir 0.1.2 written to /workspace/builds/worker-7/source/Cargo.toml
[INFO] running `Command { std: "/workspace/cargo-home/bin/cargo" "+1.54.0" "generate-lockfile" "--manifest-path" "Cargo.toml" "-Zno-index-update", kill_on_drop: false }`
[INFO] running `Command { std: "/workspace/cargo-home/bin/cargo" "+1.54.0" "fetch" "--manifest-path" "Cargo.toml", kill_on_drop: false }`
[INFO] running `Command { std: "docker" "create" "-v" "/var/lib/crater-agent-workspace/builds/worker-7/target:/opt/rustwide/target:rw,Z" "-v" "/var/lib/crater-agent-workspace/builds/worker-7/source:/opt/rustwide/workdir:ro,Z" "-v" "/var/lib/crater-agent-workspace/cargo-home:/opt/rustwide/cargo-home:ro,Z" "-v" "/var/lib/crater-agent-workspace/rustup-home:/opt/rustwide/rustup-home:ro,Z" "-e" "SOURCE_DIR=/opt/rustwide/workdir" "-e" "CARGO_TARGET_DIR=/opt/rustwide/target" "-e" "CARGO_HOME=/opt/rustwide/cargo-home" "-e" "RUSTUP_HOME=/opt/rustwide/rustup-home" "-w" "/opt/rustwide/workdir" "-m" "1610612736" "--user" "0:0" "--network" "none" "ghcr.io/rust-lang/crates-build-env/linux@sha256:34b6a614d2c27851fe6cbf88fbd1137609cefab8b10d0615aaeb6fd47975d74e" "/opt/rustwide/cargo-home/bin/cargo" "+1.54.0" "metadata" "--no-deps" "--format-version=1", kill_on_drop: false }`
[INFO] [stdout] fb2f3b52b6fda15c0bcd919b6c0e2603fd2dae3b4473011911c458d3be02df9b
[INFO] [stderr] WARNING: Your kernel does not support swap limit capabilities or the cgroup is not mounted. Memory limited without swap.
[INFO] running `Command { std: "docker" "start" "-a" "fb2f3b52b6fda15c0bcd919b6c0e2603fd2dae3b4473011911c458d3be02df9b", kill_on_drop: false }`
[INFO] running `Command { std: "docker" "inspect" "fb2f3b52b6fda15c0bcd919b6c0e2603fd2dae3b4473011911c458d3be02df9b", kill_on_drop: false }`
[INFO] running `Command { std: "docker" "rm" "-f" "fb2f3b52b6fda15c0bcd919b6c0e2603fd2dae3b4473011911c458d3be02df9b", kill_on_drop: false }`
[INFO] [stdout] fb2f3b52b6fda15c0bcd919b6c0e2603fd2dae3b4473011911c458d3be02df9b
[INFO] running `Command { std: "docker" "create" "-v" "/var/lib/crater-agent-workspace/builds/worker-7/target:/opt/rustwide/target:rw,Z" "-v" "/var/lib/crater-agent-workspace/builds/worker-7/source:/opt/rustwide/workdir:ro,Z" "-v" "/var/lib/crater-agent-workspace/cargo-home:/opt/rustwide/cargo-home:ro,Z" "-v" "/var/lib/crater-agent-workspace/rustup-home:/opt/rustwide/rustup-home:ro,Z" "-e" "SOURCE_DIR=/opt/rustwide/workdir" "-e" "CARGO_TARGET_DIR=/opt/rustwide/target" "-e" "CARGO_INCREMENTAL=0" "-e" "RUST_BACKTRACE=full" "-e" "RUSTFLAGS=--cap-lints=warn" "-e" "CARGO_HOME=/opt/rustwide/cargo-home" "-e" "RUSTUP_HOME=/opt/rustwide/rustup-home" "-w" "/opt/rustwide/workdir" "-m" "1610612736" "--user" "0:0" "--network" "none" "ghcr.io/rust-lang/crates-build-env/linux@sha256:34b6a614d2c27851fe6cbf88fbd1137609cefab8b10d0615aaeb6fd47975d74e" "/opt/rustwide/cargo-home/bin/cargo" "+1.54.0" "build" "--frozen" "--message-format=json", kill_on_drop: false }`
[INFO] [stdout] 654dcf170a387a61a56a3137e265772644e5e1c62c56ae7243a521e258688665
[INFO] [stderr] WARNING: Your kernel does not support swap limit capabilities or the cgroup is not mounted. Memory limited without swap.
[INFO] running `Command { std: "docker" "start" "-a" "654dcf170a387a61a56a3137e265772644e5e1c62c56ae7243a521e258688665", kill_on_drop: false }`
[INFO] [stderr]    Compiling serde v1.0.127
[INFO] [stderr]    Compiling rusttyc v0.4.2
[INFO] [stderr]    Compiling rtlola-reporting v0.1.1
[INFO] [stderr]    Compiling num-complex v0.3.1
[INFO] [stderr]    Compiling num-bigint v0.3.2
[INFO] [stderr]    Compiling rtlola-macros v0.1.1
[INFO] [stderr]    Compiling num-rational v0.3.2
[INFO] [stderr]    Compiling num v0.3.1
[INFO] [stderr]    Compiling uom v0.31.1
[INFO] [stderr]    Compiling rtlola-parser v0.1.3
[INFO] [stderr]    Compiling rtlola-hir v0.1.2 (/opt/rustwide/workdir)
[INFO] [stdout] error[E0026]: struct `rtlola_parser::ast::Output` does not have fields named `ty`, `extend`
[INFO] [stdout]    --> src/modes/ast_conversion.rs:147:17
[INFO] [stdout]     |
[INFO] [stdout] 147 |                 ty,
[INFO] [stdout]     |                 ^^
[INFO] [stdout] 148 |                 extend,
[INFO] [stdout]     |                 ^^^^^^ struct `rtlola_parser::ast::Output` does not have these fields
[INFO] [stdout] 
[INFO] [stdout] 
[INFO] [stdout] error[E0026]: struct `rtlola_parser::ast::Trigger` does not have a field named `extend`
[INFO] [stdout]    --> src/modes/ast_conversion.rs:189:17
[INFO] [stdout]     |
[INFO] [stdout] 189 |                 extend,
[INFO] [stdout]     |                 ^^^^^^ struct `rtlola_parser::ast::Trigger` does not have this field
[INFO] [stdout] 
[INFO] [stdout] 
[INFO] [stdout] error[E0026]: struct `SpawnSpec` does not have a field named `pacing`
[INFO] [stdout]    --> src/modes/ast_conversion.rs:737:21
[INFO] [stdout]     |
[INFO] [stdout] 737 |                     pacing,
[INFO] [stdout]     |                     ^^^^^^ struct `SpawnSpec` does not have this field
[INFO] [stdout] 
[INFO] [stdout] 
[INFO] [stdout] error[E0609]: no field `ty` on type `&Rc<rtlola_parser::ast::Output>`
[INFO] [stdout]    --> src/modes/ast_conversion/naming.rs:214:45
[INFO] [stdout]     |
[INFO] [stdout] 214 |             if let Some(output_ty) = output.ty.as_ref() {
[INFO] [stdout]     |                                             ^^ unknown field
[INFO] [stdout] 
[INFO] [stdout] 
[INFO] [stdout] error[E0609]: no field `pacing` on type `&SpawnSpec`
[INFO] [stdout]    --> src/modes/ast_conversion/naming.rs:264:46
[INFO] [stdout]     |
[INFO] [stdout] 264 |                 if let Some(pacing) = &spawn.pacing.expr {
[INFO] [stdout]     |                                              ^^^^^^ unknown field
[INFO] [stdout]     |
[INFO] [stdout]     = note: available fields are: `target`, `annotated_pacing`, `condition`, `is_if`, `id`, `span`
[INFO] [stdout] 
[INFO] [stdout] 
[INFO] [stdout] error[E0609]: no field `extend` on type `&Rc<rtlola_parser::ast::Output>`
[INFO] [stdout]    --> src/modes/ast_conversion/naming.rs:277:40
[INFO] [stdout]     |
[INFO] [stdout] 277 |             if let Some(expr) = output.extend.expr.as_ref() {
[INFO] [stdout]     |                                        ^^^^^^ unknown field
[INFO] [stdout] 
[INFO] [stdout] 
[INFO] [stdout] error: aborting due to 6 previous errors
[INFO] [stdout] 
[INFO] [stdout] 
[INFO] [stdout] Some errors have detailed explanations: E0026, E0609.
[INFO] [stdout] 
[INFO] [stdout] For more information about an error, try `rustc --explain E0026`.
[INFO] [stdout] 
[INFO] [stderr] error: could not compile `rtlola-hir`
[INFO] [stderr] 
[INFO] [stderr] To learn more, run the command again with --verbose.
[INFO] running `Command { std: "docker" "inspect" "654dcf170a387a61a56a3137e265772644e5e1c62c56ae7243a521e258688665", kill_on_drop: false }`
[INFO] running `Command { std: "docker" "rm" "-f" "654dcf170a387a61a56a3137e265772644e5e1c62c56ae7243a521e258688665", kill_on_drop: false }`
[INFO] [stdout] 654dcf170a387a61a56a3137e265772644e5e1c62c56ae7243a521e258688665
