[INFO] fetching crate rtbvh 0.6.2...
[INFO] testing rtbvh-0.6.2 against 1.54.0 for beta-1.55-1
[INFO] extracting crate rtbvh 0.6.2 into /workspace/builds/worker-7/source
[INFO] validating manifest of crates.io crate rtbvh 0.6.2 on toolchain 1.54.0
[INFO] running `Command { std: "/workspace/cargo-home/bin/cargo" "+1.54.0" "metadata" "--manifest-path" "Cargo.toml" "--no-deps", kill_on_drop: false }`
[INFO] started tweaking crates.io crate rtbvh 0.6.2
[INFO] finished tweaking crates.io crate rtbvh 0.6.2
[INFO] tweaked toml for crates.io crate rtbvh 0.6.2 written to /workspace/builds/worker-7/source/Cargo.toml
[INFO] crate crates.io crate rtbvh 0.6.2 already has a lockfile, it will not be regenerated
[INFO] running `Command { std: "/workspace/cargo-home/bin/cargo" "+1.54.0" "fetch" "--manifest-path" "Cargo.toml", kill_on_drop: false }`
[INFO] running `Command { std: "docker" "create" "-v" "/var/lib/crater-agent-workspace/builds/worker-7/target:/opt/rustwide/target:rw,Z" "-v" "/var/lib/crater-agent-workspace/builds/worker-7/source:/opt/rustwide/workdir:ro,Z" "-v" "/var/lib/crater-agent-workspace/cargo-home:/opt/rustwide/cargo-home:ro,Z" "-v" "/var/lib/crater-agent-workspace/rustup-home:/opt/rustwide/rustup-home:ro,Z" "-e" "SOURCE_DIR=/opt/rustwide/workdir" "-e" "CARGO_TARGET_DIR=/opt/rustwide/target" "-e" "CARGO_HOME=/opt/rustwide/cargo-home" "-e" "RUSTUP_HOME=/opt/rustwide/rustup-home" "-w" "/opt/rustwide/workdir" "-m" "1610612736" "--user" "0:0" "--network" "none" "ghcr.io/rust-lang/crates-build-env/linux@sha256:34b6a614d2c27851fe6cbf88fbd1137609cefab8b10d0615aaeb6fd47975d74e" "/opt/rustwide/cargo-home/bin/cargo" "+1.54.0" "metadata" "--no-deps" "--format-version=1", kill_on_drop: false }`
[INFO] [stdout] 5625483bb2928704d745db058db1ace5a0e421c5a6fbcd245392552ffdc3b92e
[INFO] [stderr] WARNING: Your kernel does not support swap limit capabilities or the cgroup is not mounted. Memory limited without swap.
[INFO] running `Command { std: "docker" "start" "-a" "5625483bb2928704d745db058db1ace5a0e421c5a6fbcd245392552ffdc3b92e", kill_on_drop: false }`
[INFO] running `Command { std: "docker" "inspect" "5625483bb2928704d745db058db1ace5a0e421c5a6fbcd245392552ffdc3b92e", kill_on_drop: false }`
[INFO] running `Command { std: "docker" "rm" "-f" "5625483bb2928704d745db058db1ace5a0e421c5a6fbcd245392552ffdc3b92e", kill_on_drop: false }`
[INFO] [stdout] 5625483bb2928704d745db058db1ace5a0e421c5a6fbcd245392552ffdc3b92e
[INFO] running `Command { std: "docker" "create" "-v" "/var/lib/crater-agent-workspace/builds/worker-7/target:/opt/rustwide/target:rw,Z" "-v" "/var/lib/crater-agent-workspace/builds/worker-7/source:/opt/rustwide/workdir:ro,Z" "-v" "/var/lib/crater-agent-workspace/cargo-home:/opt/rustwide/cargo-home:ro,Z" "-v" "/var/lib/crater-agent-workspace/rustup-home:/opt/rustwide/rustup-home:ro,Z" "-e" "SOURCE_DIR=/opt/rustwide/workdir" "-e" "CARGO_TARGET_DIR=/opt/rustwide/target" "-e" "CARGO_INCREMENTAL=0" "-e" "RUST_BACKTRACE=full" "-e" "RUSTFLAGS=--cap-lints=warn" "-e" "CARGO_HOME=/opt/rustwide/cargo-home" "-e" "RUSTUP_HOME=/opt/rustwide/rustup-home" "-w" "/opt/rustwide/workdir" "-m" "1610612736" "--user" "0:0" "--network" "none" "ghcr.io/rust-lang/crates-build-env/linux@sha256:34b6a614d2c27851fe6cbf88fbd1137609cefab8b10d0615aaeb6fd47975d74e" "/opt/rustwide/cargo-home/bin/cargo" "+1.54.0" "build" "--frozen" "--message-format=json", kill_on_drop: false }`
[INFO] [stdout] 642cb658c18d421458eb640e7e43659665683ff63e79bd92be5d40a7e1160b2f
[INFO] [stderr] WARNING: Your kernel does not support swap limit capabilities or the cgroup is not mounted. Memory limited without swap.
[INFO] running `Command { std: "docker" "start" "-a" "642cb658c18d421458eb640e7e43659665683ff63e79bd92be5d40a7e1160b2f", kill_on_drop: false }`
[INFO] [stderr]    Compiling crossbeam-queue v0.3.2
[INFO] [stderr]    Compiling crossbeam-epoch v0.9.5
[INFO] [stderr]    Compiling num_cpus v1.13.0
[INFO] [stderr]    Compiling num-complex v0.4.0
[INFO] [stderr]    Compiling num-iter v0.1.42
[INFO] [stderr]    Compiling glam v0.17.1
[INFO] [stderr]    Compiling crossbeam-deque v0.8.0
[INFO] [stderr]    Compiling rayon-core v1.9.1
[INFO] [stderr]    Compiling crossbeam v0.8.1
[INFO] [stderr]    Compiling num v0.4.0
[INFO] [stderr]    Compiling rayon v1.5.1
[INFO] [stderr]    Compiling rtbvh v0.6.2 (/opt/rustwide/workdir)
[INFO] [stderr]     Finished dev [unoptimized + debuginfo] target(s) in 7.63s
[INFO] running `Command { std: "docker" "inspect" "642cb658c18d421458eb640e7e43659665683ff63e79bd92be5d40a7e1160b2f", kill_on_drop: false }`
[INFO] running `Command { std: "docker" "rm" "-f" "642cb658c18d421458eb640e7e43659665683ff63e79bd92be5d40a7e1160b2f", kill_on_drop: false }`
[INFO] [stdout] 642cb658c18d421458eb640e7e43659665683ff63e79bd92be5d40a7e1160b2f
[INFO] running `Command { std: "docker" "create" "-v" "/var/lib/crater-agent-workspace/builds/worker-7/target:/opt/rustwide/target:rw,Z" "-v" "/var/lib/crater-agent-workspace/builds/worker-7/source:/opt/rustwide/workdir:ro,Z" "-v" "/var/lib/crater-agent-workspace/cargo-home:/opt/rustwide/cargo-home:ro,Z" "-v" "/var/lib/crater-agent-workspace/rustup-home:/opt/rustwide/rustup-home:ro,Z" "-e" "SOURCE_DIR=/opt/rustwide/workdir" "-e" "CARGO_TARGET_DIR=/opt/rustwide/target" "-e" "CARGO_INCREMENTAL=0" "-e" "RUST_BACKTRACE=full" "-e" "RUSTFLAGS=--cap-lints=warn" "-e" "CARGO_HOME=/opt/rustwide/cargo-home" "-e" "RUSTUP_HOME=/opt/rustwide/rustup-home" "-w" "/opt/rustwide/workdir" "-m" "1610612736" "--user" "0:0" "--network" "none" "ghcr.io/rust-lang/crates-build-env/linux@sha256:34b6a614d2c27851fe6cbf88fbd1137609cefab8b10d0615aaeb6fd47975d74e" "/opt/rustwide/cargo-home/bin/cargo" "+1.54.0" "test" "--frozen" "--no-run" "--message-format=json", kill_on_drop: false }`
[INFO] [stdout] 55e96c0c7575fc4e6dec7e907c0d17886bbbdbfa55b5905d1719bce23ebfa4b3
[INFO] [stderr] WARNING: Your kernel does not support swap limit capabilities or the cgroup is not mounted. Memory limited without swap.
[INFO] running `Command { std: "docker" "start" "-a" "55e96c0c7575fc4e6dec7e907c0d17886bbbdbfa55b5905d1719bce23ebfa4b3", kill_on_drop: false }`
[INFO] [stderr]    Compiling winit v0.25.0
[INFO] [stderr]    Compiling glam v0.13.1
[INFO] [stderr]    Compiling wayland-sys v0.28.6
[INFO] [stderr]    Compiling lock_api v0.4.4
[INFO] [stderr]    Compiling safe_arch v0.5.2
[INFO] [stderr]    Compiling raw-window-handle v0.3.3
[INFO] [stderr]    Compiling parking_lot_core v0.8.3
[INFO] [stderr]    Compiling getrandom v0.2.3
[INFO] [stderr]    Compiling nix v0.20.0
[INFO] [stderr]    Compiling khronos-egl v4.1.0
[INFO] [stderr]    Compiling nix v0.18.0
[INFO] [stderr]    Compiling memmap2 v0.1.0
[INFO] [stderr]    Compiling mio v0.7.13
[INFO] [stderr]    Compiling wayland-scanner v0.28.6
[INFO] [stderr]    Compiling andrew v0.3.1
[INFO] [stderr]    Compiling spirv_headers v1.5.0
[INFO] [stderr]    Compiling x11-dl v2.18.5
[INFO] [stderr]    Compiling gltf-derive v0.16.0
[INFO] [stderr]    Compiling xcursor v0.3.3
[INFO] [stderr]    Compiling thiserror v1.0.25
[INFO] [stderr]    Compiling parking_lot v0.11.1
[INFO] [stderr]    Compiling rand_core v0.6.3
[INFO] [stderr]    Compiling ahash v0.7.4
[INFO] [stderr]    Compiling serde_json v1.0.64
[INFO] [stderr]    Compiling mio-misc v1.2.1
[INFO] [stderr]    Compiling wide v0.6.5
[INFO] [stderr]    Compiling rand_chacha v0.3.1
[INFO] [stderr]    Compiling naga v0.4.2
[INFO] [stderr]    Compiling jpeg-decoder v0.1.22
[INFO] [stderr]    Compiling rtbvh v0.6.1
[INFO] [stderr]    Compiling tobj v3.0.1
[INFO] [stderr]    Compiling rand v0.8.4
[INFO] [stderr]    Compiling wayland-client v0.28.6
[INFO] [stderr]    Compiling wayland-protocols v0.28.6
[INFO] [stderr]    Compiling tiff v0.6.1
[INFO] [stderr]    Compiling bvh v0.5.0
[INFO] [stderr]    Compiling ultraviolet v0.8.1
[INFO] [stderr]    Compiling gltf-json v0.16.0
[INFO] [stderr]    Compiling image v0.23.14
[INFO] [stderr]    Compiling calloop v0.6.5
[INFO] [stderr]    Compiling wayland-commons v0.28.6
[INFO] [stderr]    Compiling wayland-cursor v0.28.6
[INFO] [stderr]    Compiling gfx-hal v0.8.0
[INFO] [stderr]    Compiling gltf v0.16.0
[INFO] [stderr]    Compiling l3d v0.3.0
[INFO] [stderr]    Compiling gfx-backend-vulkan v0.8.0
[INFO] [stderr]    Compiling gfx-backend-gl v0.8.1
[INFO] [stderr]    Compiling gfx-backend-empty v0.8.0
[INFO] [stderr]    Compiling wgpu-core v0.8.1
[INFO] [stderr]    Compiling wgpu v0.8.1
[INFO] [stderr]    Compiling pixels v0.4.0
[INFO] [stderr]    Compiling smithay-client-toolkit v0.12.3
[INFO] [stderr]    Compiling rtbvh v0.6.2 (/opt/rustwide/workdir)
[INFO] [stdout] error[E0432]: unresolved import `shared`
[INFO] [stdout]  --> examples/benchmark.rs:6:5
[INFO] [stdout]   |
[INFO] [stdout] 6 | use shared::*;
[INFO] [stdout]   |     ^^^^^^ use of undeclared crate or module `shared`
[INFO] [stdout] 
[INFO] [stdout] 
[INFO] [stdout] error[E0433]: failed to resolve: use of undeclared type `Timer`
[INFO] [stdout]   --> examples/benchmark.rs:23:17
[INFO] [stdout]    |
[INFO] [stdout] 23 |     let timer = Timer::default();
[INFO] [stdout]    |                 ^^^^^ use of undeclared type `Timer`
[INFO] [stdout] 
[INFO] [stdout] 
[INFO] [stdout] error[E0433]: failed to resolve: use of undeclared type `Timer`
[INFO] [stdout]   --> examples/benchmark.rs:53:17
[INFO] [stdout]    |
[INFO] [stdout] 53 |     let timer = Timer::default();
[INFO] [stdout]    |                 ^^^^^ use of undeclared type `Timer`
[INFO] [stdout] 
[INFO] [stdout] 
[INFO] [stdout] error[E0433]: failed to resolve: use of undeclared type `Triangle`
[INFO] [stdout]    --> examples/benchmark.rs:119:18
[INFO] [stdout]     |
[INFO] [stdout] 119 |         .map(|c| Triangle::new(Vec4::from(c[0]), Vec4::from(c[1]), Vec4::from(c[2])))
[INFO] [stdout]     |                  ^^^^^^^^ use of undeclared type `Triangle`
[INFO] [stdout] 
[INFO] [stdout] 
[INFO] [stdout] error[E0433]: failed to resolve: use of undeclared type `Timer`
[INFO] [stdout]    --> examples/benchmark.rs:144:17
[INFO] [stdout]     |
[INFO] [stdout] 144 |     let timer = Timer::default();
[INFO] [stdout]     |                 ^^^^^ use of undeclared type `Timer`
[INFO] [stdout] 
[INFO] [stdout] 
[INFO] [stdout] error[E0433]: failed to resolve: use of undeclared type `Timer`
[INFO] [stdout]    --> examples/benchmark.rs:196:17
[INFO] [stdout]     |
[INFO] [stdout] 196 |     let timer = Timer::default();
[INFO] [stdout]     |                 ^^^^^ use of undeclared type `Timer`
[INFO] [stdout] 
[INFO] [stdout] 
[INFO] [stdout] error[E0433]: failed to resolve: use of undeclared type `Timer`
[INFO] [stdout]    --> examples/benchmark.rs:236:17
[INFO] [stdout]     |
[INFO] [stdout] 236 |     let timer = Timer::default();
[INFO] [stdout]     |                 ^^^^^ use of undeclared type `Timer`
[INFO] [stdout] 
[INFO] [stdout] 
[INFO] [stdout] error[E0433]: failed to resolve: use of undeclared type `Timer`
[INFO] [stdout]    --> examples/benchmark.rs:286:17
[INFO] [stdout]     |
[INFO] [stdout] 286 |     let timer = Timer::default();
[INFO] [stdout]     |                 ^^^^^ use of undeclared type `Timer`
[INFO] [stdout] 
[INFO] [stdout] 
[INFO] [stdout] error[E0433]: failed to resolve: use of undeclared type `Timer`
[INFO] [stdout]    --> examples/benchmark.rs:327:17
[INFO] [stdout]     |
[INFO] [stdout] 327 |     let timer = Timer::default();
[INFO] [stdout]     |                 ^^^^^ use of undeclared type `Timer`
[INFO] [stdout] 
[INFO] [stdout] 
[INFO] [stdout] error[E0433]: failed to resolve: use of undeclared type `Timer`
[INFO] [stdout]    --> examples/benchmark.rs:335:17
[INFO] [stdout]     |
[INFO] [stdout] 335 |     let timer = Timer::new();
[INFO] [stdout]     |                 ^^^^^ use of undeclared type `Timer`
[INFO] [stdout] 
[INFO] [stdout] 
[INFO] [stdout] error[E0433]: failed to resolve: use of undeclared type `Timer`
[INFO] [stdout]    --> examples/benchmark.rs:357:17
[INFO] [stdout]     |
[INFO] [stdout] 357 |     let timer = Timer::new();
[INFO] [stdout]     |                 ^^^^^ use of undeclared type `Timer`
[INFO] [stdout] 
[INFO] [stdout] 
[INFO] [stdout] error[E0432]: unresolved import `shared`
[INFO] [stdout]  --> examples/visualizer.rs:6:5
[INFO] [stdout]   |
[INFO] [stdout] 6 | use shared::*;
[INFO] [stdout]   |     ^^^^^^ use of undeclared crate or module `shared`
[INFO] [stdout] 
[INFO] [stdout] 
[INFO] [stdout] error[E0412]: cannot find type `Triangle` in this scope
[INFO] [stdout]   --> examples/benchmark.rs:15:54
[INFO] [stdout]    |
[INFO] [stdout] 15 | fn intersect_rays<'a, 'b, B: IntoRayIterator<'a, 'b, Triangle> + Sync>(
[INFO] [stdout]    |                                                      ^^^^^^^^ not found in this scope
[INFO] [stdout] 
[INFO] [stdout] 
[INFO] [stdout] error[E0412]: cannot find type `Triangle` in this scope
[INFO] [stdout]   --> examples/benchmark.rs:17:21
[INFO] [stdout]    |
[INFO] [stdout] 17 |     triangles: &'a [Triangle],
[INFO] [stdout]    |                     ^^^^^^^^ not found in this scope
[INFO] [stdout] 
[INFO] [stdout] 
[INFO] [stdout] error[E0412]: cannot find type `Triangle` in this scope
[INFO] [stdout]   --> examples/benchmark.rs:43:60
[INFO] [stdout]    |
[INFO] [stdout] 43 | fn intersect_packets<'a, 'b, B: IntoPacketIterator<'a, 'b, Triangle> + Sync>(
[INFO] [stdout]    |                                                            ^^^^^^^^ not found in this scope
[INFO] [stdout] 
[INFO] [stdout] 
[INFO] [stdout] error[E0412]: cannot find type `Triangle` in this scope
[INFO] [stdout]   --> examples/benchmark.rs:45:21
[INFO] [stdout]    |
[INFO] [stdout] 45 |     triangles: &'a [Triangle],
[INFO] [stdout]    |                     ^^^^^^^^ not found in this scope
[INFO] [stdout] 
[INFO] [stdout] 
[INFO] [stdout] error[E0422]: cannot find struct, variant or union type `CameraView3D` in this scope
[INFO] [stdout]   --> examples/benchmark.rs:88:18
[INFO] [stdout]    |
[INFO] [stdout] 88 |     let camera = CameraView3D {
[INFO] [stdout]    |                  ^^^^^^^^^^^^ not found in this scope
[INFO] [stdout] 
[INFO] [stdout] 
[INFO] [stdout] error[E0433]: failed to resolve: use of undeclared type `Triangle`
[INFO] [stdout]   --> examples/visualizer.rs:62:18
[INFO] [stdout]    |
[INFO] [stdout] 62 |         .map(|c| Triangle::new(Vec4::from(c[0]), Vec4::from(c[1]), Vec4::from(c[2])))
[INFO] [stdout]    |                  ^^^^^^^^ use of undeclared type `Triangle`
[INFO] [stdout] 
[INFO] [stdout] 
[INFO] [stdout] error[E0433]: failed to resolve: use of undeclared type `Timer`
[INFO] [stdout]    --> examples/visualizer.rs:123:21
[INFO] [stdout]     |
[INFO] [stdout] 123 |     let mut timer = Timer::default();
[INFO] [stdout]     |                     ^^^^^ use of undeclared type `Timer`
[INFO] [stdout] 
[INFO] [stdout] 
[INFO] [stdout] error[E0433]: failed to resolve: use of undeclared type `Timer`
[INFO] [stdout]    --> examples/visualizer.rs:124:24
[INFO] [stdout]     |
[INFO] [stdout] 124 |     let mut rt_timer = Timer::default();
[INFO] [stdout]     |                        ^^^^^ use of undeclared type `Timer`
[INFO] [stdout] 
[INFO] [stdout] 
[INFO] [stdout] error[E0412]: cannot find type `Triangle` in this scope
[INFO] [stdout]   --> examples/visualizer.rs:63:24
[INFO] [stdout]    |
[INFO] [stdout] 63 |         .collect::<Vec<Triangle>>();
[INFO] [stdout]    |                        ^^^^^^^^ not found in this scope
[INFO] [stdout] 
[INFO] [stdout] 
[INFO] [stdout] error[E0422]: cannot find struct, variant or union type `CameraView3D` in this scope
[INFO] [stdout]    --> examples/visualizer.rs:111:22
[INFO] [stdout]     |
[INFO] [stdout] 111 |     let mut camera = CameraView3D {
[INFO] [stdout]     |                      ^^^^^^^^^^^^ not found in this scope
[INFO] [stdout] 
[INFO] [stdout] 
[INFO] [stdout] error[E0609]: no field `normal` on type `&_`
[INFO] [stdout]    --> examples/visualizer.rs:286:59
[INFO] [stdout]     |
[INFO] [stdout] 286 | ...                   let normal = triangle.normal.xyz().clamp(Vec3::ZERO, Vec3::ONE)
[INFO] [stdout]     |                                             ^^^^^^
[INFO] [stdout] 
[INFO] [stdout] 
[INFO] [stdout] error: aborting due to 16 previous errors
[INFO] [stdout] 
[INFO] [stdout] 
[INFO] [stdout] Some errors have detailed explanations: E0412, E0422, E0432, E0433.
[INFO] [stdout] 
[INFO] [stdout] For more information about an error, try `rustc --explain E0412`.
[INFO] [stdout] 
[INFO] [stderr] error: could not compile `rtbvh`
[INFO] [stderr] 
[INFO] [stderr] To learn more, run the command again with --verbose.
[INFO] [stderr] warning: build failed, waiting for other jobs to finish...
[INFO] [stdout] error: aborting due to 7 previous errors
[INFO] [stdout] 
[INFO] [stdout] 
[INFO] [stdout] Some errors have detailed explanations: E0412, E0422, E0432, E0433, E0609.
[INFO] [stdout] 
[INFO] [stdout] For more information about an error, try `rustc --explain E0412`.
[INFO] [stdout] 
[INFO] [stderr] error: build failed
[INFO] running `Command { std: "docker" "inspect" "55e96c0c7575fc4e6dec7e907c0d17886bbbdbfa55b5905d1719bce23ebfa4b3", kill_on_drop: false }`
[INFO] running `Command { std: "docker" "rm" "-f" "55e96c0c7575fc4e6dec7e907c0d17886bbbdbfa55b5905d1719bce23ebfa4b3", kill_on_drop: false }`
[INFO] [stdout] 55e96c0c7575fc4e6dec7e907c0d17886bbbdbfa55b5905d1719bce23ebfa4b3
