[INFO] fetching crate rsdl2 0.3.1...
[INFO] testing rsdl2-0.3.1 against 1.54.0 for beta-1.55-1
[INFO] extracting crate rsdl2 0.3.1 into /workspace/builds/worker-5/source
[INFO] validating manifest of crates.io crate rsdl2 0.3.1 on toolchain 1.54.0
[INFO] running `Command { std: "/workspace/cargo-home/bin/cargo" "+1.54.0" "metadata" "--manifest-path" "Cargo.toml" "--no-deps", kill_on_drop: false }`
[INFO] started tweaking crates.io crate rsdl2 0.3.1
[INFO] finished tweaking crates.io crate rsdl2 0.3.1
[INFO] tweaked toml for crates.io crate rsdl2 0.3.1 written to /workspace/builds/worker-5/source/Cargo.toml
[INFO] running `Command { std: "/workspace/cargo-home/bin/cargo" "+1.54.0" "generate-lockfile" "--manifest-path" "Cargo.toml" "-Zno-index-update", kill_on_drop: false }`
[INFO] running `Command { std: "/workspace/cargo-home/bin/cargo" "+1.54.0" "fetch" "--manifest-path" "Cargo.toml", kill_on_drop: false }`
[INFO] [stderr]     Blocking waiting for file lock on package cache
[INFO] running `Command { std: "docker" "create" "-v" "/var/lib/crater-agent-workspace/builds/worker-5/target:/opt/rustwide/target:rw,Z" "-v" "/var/lib/crater-agent-workspace/builds/worker-5/source:/opt/rustwide/workdir:ro,Z" "-v" "/var/lib/crater-agent-workspace/cargo-home:/opt/rustwide/cargo-home:ro,Z" "-v" "/var/lib/crater-agent-workspace/rustup-home:/opt/rustwide/rustup-home:ro,Z" "-e" "SOURCE_DIR=/opt/rustwide/workdir" "-e" "CARGO_TARGET_DIR=/opt/rustwide/target" "-e" "CARGO_HOME=/opt/rustwide/cargo-home" "-e" "RUSTUP_HOME=/opt/rustwide/rustup-home" "-w" "/opt/rustwide/workdir" "-m" "1610612736" "--user" "0:0" "--network" "none" "ghcr.io/rust-lang/crates-build-env/linux@sha256:34b6a614d2c27851fe6cbf88fbd1137609cefab8b10d0615aaeb6fd47975d74e" "/opt/rustwide/cargo-home/bin/cargo" "+1.54.0" "metadata" "--no-deps" "--format-version=1", kill_on_drop: false }`
[INFO] [stderr] WARNING: Your kernel does not support swap limit capabilities or the cgroup is not mounted. Memory limited without swap.
[INFO] [stdout] f84a3974bd2fca55b097c00dbec03f798dc30d0add273de11ec2c2b816d570d5
[INFO] running `Command { std: "docker" "start" "-a" "f84a3974bd2fca55b097c00dbec03f798dc30d0add273de11ec2c2b816d570d5", kill_on_drop: false }`
[INFO] running `Command { std: "docker" "inspect" "f84a3974bd2fca55b097c00dbec03f798dc30d0add273de11ec2c2b816d570d5", kill_on_drop: false }`
[INFO] running `Command { std: "docker" "rm" "-f" "f84a3974bd2fca55b097c00dbec03f798dc30d0add273de11ec2c2b816d570d5", kill_on_drop: false }`
[INFO] [stdout] f84a3974bd2fca55b097c00dbec03f798dc30d0add273de11ec2c2b816d570d5
[INFO] running `Command { std: "docker" "create" "-v" "/var/lib/crater-agent-workspace/builds/worker-5/target:/opt/rustwide/target:rw,Z" "-v" "/var/lib/crater-agent-workspace/builds/worker-5/source:/opt/rustwide/workdir:ro,Z" "-v" "/var/lib/crater-agent-workspace/cargo-home:/opt/rustwide/cargo-home:ro,Z" "-v" "/var/lib/crater-agent-workspace/rustup-home:/opt/rustwide/rustup-home:ro,Z" "-e" "SOURCE_DIR=/opt/rustwide/workdir" "-e" "CARGO_TARGET_DIR=/opt/rustwide/target" "-e" "CARGO_INCREMENTAL=0" "-e" "RUST_BACKTRACE=full" "-e" "RUSTFLAGS=--cap-lints=warn" "-e" "CARGO_HOME=/opt/rustwide/cargo-home" "-e" "RUSTUP_HOME=/opt/rustwide/rustup-home" "-w" "/opt/rustwide/workdir" "-m" "1610612736" "--user" "0:0" "--network" "none" "ghcr.io/rust-lang/crates-build-env/linux@sha256:34b6a614d2c27851fe6cbf88fbd1137609cefab8b10d0615aaeb6fd47975d74e" "/opt/rustwide/cargo-home/bin/cargo" "+1.54.0" "build" "--frozen" "--message-format=json", kill_on_drop: false }`
[INFO] [stderr] WARNING: Your kernel does not support swap limit capabilities or the cgroup is not mounted. Memory limited without swap.
[INFO] [stdout] c9d31a04fe8c0850cd0f26dd884ecc8a418d63987ea6c6f702191b9cf03fd97c
[INFO] running `Command { std: "docker" "start" "-a" "c9d31a04fe8c0850cd0f26dd884ecc8a418d63987ea6c6f702191b9cf03fd97c", kill_on_drop: false }`
[INFO] [stderr]    Compiling utf v0.1.6
[INFO] [stderr]    Compiling drop-ptr v0.1.2
[INFO] [stderr]    Compiling flags v0.1.5
[INFO] [stderr]    Compiling clang-sys v0.19.0
[INFO] [stderr]    Compiling syntex_syntax v0.58.1
[INFO] [stderr]    Compiling null-terminated v0.3.15
[INFO] [stdout] error[E0554]: `#![feature]` may not be used on the stable release channel
[INFO] [stdout]   --> /opt/rustwide/cargo-home/registry/src/github.com-1ecc6299db9ec823/null-terminated-0.3.15/src/lib.rs:25:1
[INFO] [stdout]    |
[INFO] [stdout] 25 | #![feature(const_raw_ptr_deref)]
[INFO] [stdout]    | ^^^^^^^^^^^^^^^^^^^^^^^^^^^^^^^^
[INFO] [stdout] 
[INFO] [stdout] 
[INFO] [stdout] error[E0554]: `#![feature]` may not be used on the stable release channel
[INFO] [stdout]   --> /opt/rustwide/cargo-home/registry/src/github.com-1ecc6299db9ec823/null-terminated-0.3.15/src/lib.rs:26:1
[INFO] [stdout]    |
[INFO] [stdout] 26 | #![feature(extern_types)]
[INFO] [stdout]    | ^^^^^^^^^^^^^^^^^^^^^^^^^
[INFO] [stdout] 
[INFO] [stdout] 
[INFO] [stdout] error: aborting due to 2 previous errors
[INFO] [stdout] 
[INFO] [stdout] 
[INFO] [stdout] For more information about this error, try `rustc --explain E0554`.
[INFO] [stdout] 
[INFO] [stderr] error: could not compile `null-terminated`
[INFO] [stderr] 
[INFO] [stderr] To learn more, run the command again with --verbose.
[INFO] [stderr] warning: build failed, waiting for other jobs to finish...
[INFO] [stdout] error[E0423]: expected function, tuple struct or tuple variant, found struct `ast::Name`
[INFO] [stdout]    --> /opt/rustwide/cargo-home/registry/src/github.com-1ecc6299db9ec823/syntex_syntax-0.58.1/src/symbol.rs:146:27
[INFO] [stdout]     |
[INFO] [stdout] 146 |                       name: ast::Name($index),
[INFO] [stdout]     |                             ^^^^^^^^^
[INFO] [stdout] ...
[INFO] [stdout] 165 | / declare_keywords! {
[INFO] [stdout] 166 | |     // Invalid identifier
[INFO] [stdout] 167 | |     (0,  Invalid,        "")
[INFO] [stdout] 168 | |
[INFO] [stdout] ...   |
[INFO] [stdout] 231 | |     (56, CrateRoot, "{{root}}")
[INFO] [stdout] 232 | | }
[INFO] [stdout]     | |_- in this macro invocation
[INFO] [stdout]     |
[INFO] [stdout]     = note: this error originates in the macro `declare_keywords` (in Nightly builds, run with -Z macro-backtrace for more info)
[INFO] [stdout] 
[INFO] [stdout] 
[INFO] [stdout] error: aborting due to previous error
[INFO] [stdout] 
[INFO] [stdout] 
[INFO] [stdout] For more information about this error, try `rustc --explain E0423`.
[INFO] [stdout] 
[INFO] [stderr] error: build failed
[INFO] running `Command { std: "docker" "inspect" "c9d31a04fe8c0850cd0f26dd884ecc8a418d63987ea6c6f702191b9cf03fd97c", kill_on_drop: false }`
[INFO] running `Command { std: "docker" "rm" "-f" "c9d31a04fe8c0850cd0f26dd884ecc8a418d63987ea6c6f702191b9cf03fd97c", kill_on_drop: false }`
[INFO] [stdout] c9d31a04fe8c0850cd0f26dd884ecc8a418d63987ea6c6f702191b9cf03fd97c
