[INFO] fetching crate rotonda-store 0.1.0...
[INFO] testing rotonda-store-0.1.0 against beta-2021-08-01 for beta-1.55-1
[INFO] extracting crate rotonda-store 0.1.0 into /workspace/builds/worker-112/source
[INFO] validating manifest of crates.io crate rotonda-store 0.1.0 on toolchain beta-2021-08-01
[INFO] running `Command { std: "/workspace/cargo-home/bin/cargo" "+beta-2021-08-01" "metadata" "--manifest-path" "Cargo.toml" "--no-deps", kill_on_drop: false }`
[INFO] started tweaking crates.io crate rotonda-store 0.1.0
[INFO] finished tweaking crates.io crate rotonda-store 0.1.0
[INFO] tweaked toml for crates.io crate rotonda-store 0.1.0 written to /workspace/builds/worker-112/source/Cargo.toml
[INFO] crate crates.io crate rotonda-store 0.1.0 already has a lockfile, it will not be regenerated
[INFO] running `Command { std: "/workspace/cargo-home/bin/cargo" "+beta-2021-08-01" "fetch" "--manifest-path" "Cargo.toml", kill_on_drop: false }`
[INFO] [stderr]     Blocking waiting for file lock on package cache
[INFO] [stderr]  Downloading crates ...
[INFO] [stderr]   Downloaded rustyline v8.0.0
[INFO] [stderr]   Downloaded rpki v0.11.0
[INFO] running `Command { std: "docker" "create" "-v" "/var/lib/crater-agent-workspace/builds/worker-112/target:/opt/rustwide/target:rw,Z" "-v" "/var/lib/crater-agent-workspace/builds/worker-112/source:/opt/rustwide/workdir:ro,Z" "-v" "/var/lib/crater-agent-workspace/cargo-home:/opt/rustwide/cargo-home:ro,Z" "-v" "/var/lib/crater-agent-workspace/rustup-home:/opt/rustwide/rustup-home:ro,Z" "-e" "SOURCE_DIR=/opt/rustwide/workdir" "-e" "CARGO_TARGET_DIR=/opt/rustwide/target" "-e" "CARGO_HOME=/opt/rustwide/cargo-home" "-e" "RUSTUP_HOME=/opt/rustwide/rustup-home" "-w" "/opt/rustwide/workdir" "-m" "1610612736" "--user" "0:0" "--network" "none" "ghcr.io/rust-lang/crates-build-env/linux@sha256:34b6a614d2c27851fe6cbf88fbd1137609cefab8b10d0615aaeb6fd47975d74e" "/opt/rustwide/cargo-home/bin/cargo" "+beta-2021-08-01" "metadata" "--no-deps" "--format-version=1", kill_on_drop: false }`
[INFO] [stdout] ed728117b4caa15117d20ffa1a3ca5475ad54c75ac4ce3d85250912543955592
[INFO] running `Command { std: "docker" "start" "-a" "ed728117b4caa15117d20ffa1a3ca5475ad54c75ac4ce3d85250912543955592", kill_on_drop: false }`
[INFO] running `Command { std: "docker" "inspect" "ed728117b4caa15117d20ffa1a3ca5475ad54c75ac4ce3d85250912543955592", kill_on_drop: false }`
[INFO] running `Command { std: "docker" "rm" "-f" "ed728117b4caa15117d20ffa1a3ca5475ad54c75ac4ce3d85250912543955592", kill_on_drop: false }`
[INFO] [stdout] ed728117b4caa15117d20ffa1a3ca5475ad54c75ac4ce3d85250912543955592
[INFO] running `Command { std: "docker" "create" "-v" "/var/lib/crater-agent-workspace/builds/worker-112/target:/opt/rustwide/target:rw,Z" "-v" "/var/lib/crater-agent-workspace/builds/worker-112/source:/opt/rustwide/workdir:ro,Z" "-v" "/var/lib/crater-agent-workspace/cargo-home:/opt/rustwide/cargo-home:ro,Z" "-v" "/var/lib/crater-agent-workspace/rustup-home:/opt/rustwide/rustup-home:ro,Z" "-e" "SOURCE_DIR=/opt/rustwide/workdir" "-e" "CARGO_TARGET_DIR=/opt/rustwide/target" "-e" "CARGO_INCREMENTAL=0" "-e" "RUST_BACKTRACE=full" "-e" "RUSTFLAGS=--cap-lints=warn" "-e" "CARGO_HOME=/opt/rustwide/cargo-home" "-e" "RUSTUP_HOME=/opt/rustwide/rustup-home" "-w" "/opt/rustwide/workdir" "-m" "1610612736" "--user" "0:0" "--network" "none" "ghcr.io/rust-lang/crates-build-env/linux@sha256:34b6a614d2c27851fe6cbf88fbd1137609cefab8b10d0615aaeb6fd47975d74e" "/opt/rustwide/cargo-home/bin/cargo" "+beta-2021-08-01" "build" "--frozen" "--message-format=json", kill_on_drop: false }`
[INFO] [stdout] 783c38606bc6a581b2716382bd0d8c3e3e5b8423904709538eb6dd302a675c1d
[INFO] running `Command { std: "docker" "start" "-a" "783c38606bc6a581b2716382bd0d8c3e3e5b8423904709538eb6dd302a675c1d", kill_on_drop: false }`
[INFO] [stderr]     Blocking waiting for file lock on package cache
[INFO] [stderr]    Compiling libc v0.2.94
[INFO] [stderr]    Compiling serde v1.0.125
[INFO] [stderr]    Compiling memchr v2.4.0
[INFO] [stderr]    Compiling smallvec v1.6.1
[INFO] [stderr]    Compiling log v0.4.14
[INFO] [stderr]    Compiling cc v1.0.67
[INFO] [stderr]    Compiling byteorder v1.4.3
[INFO] [stderr]    Compiling bytes v1.0.1
[INFO] [stderr]    Compiling endian-type v0.1.2
[INFO] [stderr]    Compiling spin v0.5.2
[INFO] [stderr]    Compiling once_cell v1.7.2
[INFO] [stderr]    Compiling untrusted v0.7.1
[INFO] [stderr]    Compiling lazy_static v1.4.0
[INFO] [stderr]    Compiling unicode-segmentation v1.7.1
[INFO] [stderr]    Compiling utf8parse v0.2.0
[INFO] [stderr]    Compiling base64 v0.13.0
[INFO] [stderr]    Compiling unicode-width v0.1.8
[INFO] [stderr]    Compiling uuid v0.8.2
[INFO] [stderr]    Compiling itoa v0.4.7
[INFO] [stderr]    Compiling ansi_term v0.12.1
[INFO] [stderr]    Compiling num-traits v0.2.14
[INFO] [stderr]    Compiling num-integer v0.1.44
[INFO] [stderr]    Compiling num-bigint v0.3.2
[INFO] [stderr]    Compiling num-rational v0.3.2
[INFO] [stderr]    Compiling num-iter v0.1.42
[INFO] [stderr]    Compiling regex-automata v0.1.9
[INFO] [stderr]    Compiling nibble_vec v0.1.0
[INFO] [stderr]    Compiling bcder v0.6.0
[INFO] [stderr]    Compiling radix_trie v0.2.1
[INFO] [stderr]    Compiling csv-core v0.1.10
[INFO] [stderr]    Compiling ring v0.16.20
[INFO] [stderr]    Compiling num-complex v0.3.1
[INFO] [stderr]    Compiling time v0.1.43
[INFO] [stderr]    Compiling dirs-sys-next v0.1.2
[INFO] [stderr]    Compiling nix v0.20.0
[INFO] [stderr]    Compiling fs2 v0.4.3
[INFO] [stderr]    Compiling dirs-next v2.0.0
[INFO] [stderr]    Compiling num v0.3.1
[INFO] [stderr]    Compiling bstr v0.2.16
[INFO] [stderr]    Compiling chrono v0.4.19
[INFO] [stderr]    Compiling csv v1.1.6
[INFO] [stderr]    Compiling rpki v0.11.0
[INFO] [stderr]    Compiling rustyline v8.0.0
[INFO] [stderr]    Compiling rotonda-store v0.1.0 (/opt/rustwide/workdir)
[INFO] [stdout] error[E0229]: associated type bindings are not allowed here
[INFO] [stdout]    --> src/tree.rs:486:48
[INFO] [stdout]     |
[INFO] [stdout] 486 |     nodes: Vec<SizedStrideNode<AF, InMemNodeId<Sort = u16, Part = u32>>>,
[INFO] [stdout]     |                                                ^^^^^^^^^^ associated type not allowed here
[INFO] [stdout] 
[INFO] [stdout] 
[INFO] [stdout] error[E0229]: associated type bindings are not allowed here
[INFO] [stdout]    --> src/tree.rs:488:74
[INFO] [stdout]     |
[INFO] [stdout] 488 |     _node_with_guard: std::cell::RefCell<SizedStrideNode<AF, InMemNodeId<Sort = u16, Part = u32>>>,
[INFO] [stdout]     |                                                                          ^^^^^^^^^^ associated type not allowed here
[INFO] [stdout] 
[INFO] [stdout] 
[INFO] [stdout] error[E0229]: associated type bindings are not allowed here
[INFO] [stdout]    --> src/tree.rs:492:33
[INFO] [stdout]     |
[INFO] [stdout] 492 |     type NodeType = InMemNodeId<Sort = u16, Part = u32>;
[INFO] [stdout]     |                                 ^^^^^^^^^^ associated type not allowed here
[INFO] [stdout] 
[INFO] [stdout] 
[INFO] [stdout] error: aborting due to 3 previous errors
[INFO] [stdout] 
[INFO] [stdout] 
[INFO] [stdout] For more information about this error, try `rustc --explain E0229`.
[INFO] [stdout] 
[INFO] [stderr] error: could not compile `rotonda-store` due to 4 previous errors
[INFO] [stderr] warning: build failed, waiting for other jobs to finish...
[INFO] [stderr] error: build failed
[INFO] running `Command { std: "docker" "inspect" "783c38606bc6a581b2716382bd0d8c3e3e5b8423904709538eb6dd302a675c1d", kill_on_drop: false }`
[INFO] running `Command { std: "docker" "rm" "-f" "783c38606bc6a581b2716382bd0d8c3e3e5b8423904709538eb6dd302a675c1d", kill_on_drop: false }`
[INFO] [stdout] 783c38606bc6a581b2716382bd0d8c3e3e5b8423904709538eb6dd302a675c1d
