[INFO] fetching crate rmq-rpc 0.1.2...
[INFO] testing rmq-rpc-0.1.2 against beta-2021-08-01 for beta-1.55-1
[INFO] extracting crate rmq-rpc 0.1.2 into /workspace/builds/worker-102/source
[INFO] validating manifest of crates.io crate rmq-rpc 0.1.2 on toolchain beta-2021-08-01
[INFO] running `Command { std: "/workspace/cargo-home/bin/cargo" "+beta-2021-08-01" "metadata" "--manifest-path" "Cargo.toml" "--no-deps", kill_on_drop: false }`
[INFO] started tweaking crates.io crate rmq-rpc 0.1.2
[INFO] finished tweaking crates.io crate rmq-rpc 0.1.2
[INFO] tweaked toml for crates.io crate rmq-rpc 0.1.2 written to /workspace/builds/worker-102/source/Cargo.toml
[INFO] crate crates.io crate rmq-rpc 0.1.2 already has a lockfile, it will not be regenerated
[INFO] running `Command { std: "/workspace/cargo-home/bin/cargo" "+beta-2021-08-01" "fetch" "--manifest-path" "Cargo.toml", kill_on_drop: false }`
[INFO] [stderr]     Blocking waiting for file lock on package cache
[INFO] [stderr]     Blocking waiting for file lock on package cache
[INFO] [stderr]  Downloading crates ...
[INFO] [stderr]   Downloaded pinky-swear v4.4.0
[INFO] [stderr]   Downloaded amq-protocol-types v6.0.3
[INFO] [stderr]   Downloaded amq-protocol-uri v6.0.3
[INFO] [stderr]   Downloaded amq-protocol v6.0.3
[INFO] [stderr]   Downloaded lapin v1.7.1
[INFO] [stderr]   Downloaded tcp-stream v0.20.6
[INFO] [stderr]   Downloaded amq-protocol-tcp v6.0.3
[INFO] [stderr]   Downloaded tokio-amqp v1.0.0
[INFO] [stderr]   Downloaded tokio v1.6.0
[INFO] running `Command { std: "docker" "create" "-v" "/var/lib/crater-agent-workspace/builds/worker-102/target:/opt/rustwide/target:rw,Z" "-v" "/var/lib/crater-agent-workspace/builds/worker-102/source:/opt/rustwide/workdir:ro,Z" "-v" "/var/lib/crater-agent-workspace/cargo-home:/opt/rustwide/cargo-home:ro,Z" "-v" "/var/lib/crater-agent-workspace/rustup-home:/opt/rustwide/rustup-home:ro,Z" "-e" "SOURCE_DIR=/opt/rustwide/workdir" "-e" "CARGO_TARGET_DIR=/opt/rustwide/target" "-e" "CARGO_HOME=/opt/rustwide/cargo-home" "-e" "RUSTUP_HOME=/opt/rustwide/rustup-home" "-w" "/opt/rustwide/workdir" "-m" "1610612736" "--user" "0:0" "--network" "none" "ghcr.io/rust-lang/crates-build-env/linux@sha256:34b6a614d2c27851fe6cbf88fbd1137609cefab8b10d0615aaeb6fd47975d74e" "/opt/rustwide/cargo-home/bin/cargo" "+beta-2021-08-01" "metadata" "--no-deps" "--format-version=1", kill_on_drop: false }`
[INFO] [stdout] 8baea0134083c79a77b94ee10b6440886a4415ed71d365372dfb007aaebf2242
[INFO] running `Command { std: "docker" "start" "-a" "8baea0134083c79a77b94ee10b6440886a4415ed71d365372dfb007aaebf2242", kill_on_drop: false }`
[INFO] running `Command { std: "docker" "inspect" "8baea0134083c79a77b94ee10b6440886a4415ed71d365372dfb007aaebf2242", kill_on_drop: false }`
[INFO] running `Command { std: "docker" "rm" "-f" "8baea0134083c79a77b94ee10b6440886a4415ed71d365372dfb007aaebf2242", kill_on_drop: false }`
[INFO] [stdout] 8baea0134083c79a77b94ee10b6440886a4415ed71d365372dfb007aaebf2242
[INFO] running `Command { std: "docker" "create" "-v" "/var/lib/crater-agent-workspace/builds/worker-102/target:/opt/rustwide/target:rw,Z" "-v" "/var/lib/crater-agent-workspace/builds/worker-102/source:/opt/rustwide/workdir:ro,Z" "-v" "/var/lib/crater-agent-workspace/cargo-home:/opt/rustwide/cargo-home:ro,Z" "-v" "/var/lib/crater-agent-workspace/rustup-home:/opt/rustwide/rustup-home:ro,Z" "-e" "SOURCE_DIR=/opt/rustwide/workdir" "-e" "CARGO_TARGET_DIR=/opt/rustwide/target" "-e" "CARGO_INCREMENTAL=0" "-e" "RUST_BACKTRACE=full" "-e" "RUSTFLAGS=--cap-lints=warn" "-e" "CARGO_HOME=/opt/rustwide/cargo-home" "-e" "RUSTUP_HOME=/opt/rustwide/rustup-home" "-w" "/opt/rustwide/workdir" "-m" "1610612736" "--user" "0:0" "--network" "none" "ghcr.io/rust-lang/crates-build-env/linux@sha256:34b6a614d2c27851fe6cbf88fbd1137609cefab8b10d0615aaeb6fd47975d74e" "/opt/rustwide/cargo-home/bin/cargo" "+beta-2021-08-01" "build" "--frozen" "--message-format=json", kill_on_drop: false }`
[INFO] [stdout] a937f671afa1b54d6090b39e330036871170a476ddc2e2f7c124bdfdfb6deafc
[INFO] running `Command { std: "docker" "start" "-a" "a937f671afa1b54d6090b39e330036871170a476ddc2e2f7c124bdfdfb6deafc", kill_on_drop: false }`
[INFO] [stderr]     Blocking waiting for file lock on package cache
[INFO] [stderr]    Compiling autocfg v1.0.1
[INFO] [stderr]    Compiling libc v0.2.94
[INFO] [stderr]    Compiling syn v1.0.72
[INFO] [stderr]    Compiling cc v1.0.67
[INFO] [stderr]    Compiling matches v0.1.8
[INFO] [stderr]    Compiling ryu v1.0.5
[INFO] [stderr]    Compiling once_cell v1.7.2
[INFO] [stderr]    Compiling openssl v0.10.34
[INFO] [stderr]    Compiling radium v0.5.3
[INFO] [stderr]    Compiling serde_derive v1.0.126
[INFO] [stderr]    Compiling pin-project-lite v0.2.6
[INFO] [stderr]    Compiling foreign-types-shared v0.1.1
[INFO] [stderr]    Compiling version_check v0.9.3
[INFO] [stderr]    Compiling lexical-core v0.7.6
[INFO] [stderr]    Compiling percent-encoding v2.1.0
[INFO] [stderr]    Compiling regex-syntax v0.6.25
[INFO] [stderr]    Compiling native-tls v0.2.7
[INFO] [stderr]    Compiling serde v1.0.126
[INFO] [stderr]    Compiling wyz v0.2.0
[INFO] [stderr]    Compiling base64 v0.13.0
[INFO] [stderr]    Compiling openssl-probe v0.1.4
[INFO] [stderr]    Compiling tap v1.0.1
[INFO] [stderr]    Compiling tracing-core v0.1.18
[INFO] [stderr]    Compiling arrayvec v0.5.2
[INFO] [stderr]    Compiling static_assertions v1.1.0
[INFO] [stderr]    Compiling serde_json v1.0.64
[INFO] [stderr]    Compiling funty v1.1.0
[INFO] [stderr]    Compiling itoa v0.4.7
[INFO] [stderr]    Compiling doc-comment v0.3.3
[INFO] [stderr]    Compiling futures-core v0.3.15
[INFO] [stderr]    Compiling amq-protocol v6.0.3
[INFO] [stderr]    Compiling proc-macro-hack v0.5.19
[INFO] [stderr]    Compiling cookie-factory v0.3.2
[INFO] [stderr]    Compiling futures-task v0.3.15
[INFO] [stderr]    Compiling lapin v1.7.1
[INFO] [stderr]    Compiling proc-macro-nested v0.1.7
[INFO] [stderr]    Compiling bytes v1.0.1
[INFO] [stderr]    Compiling async-task v4.0.3
[INFO] [stderr]    Compiling slab v0.4.3
[INFO] [stderr]    Compiling pin-utils v0.1.0
[INFO] [stderr]    Compiling unicode-normalization v0.1.17
[INFO] [stderr]    Compiling unicode-bidi v0.3.5
[INFO] [stderr]    Compiling foreign-types v0.3.2
[INFO] [stderr]    Compiling tracing v0.1.26
[INFO] [stderr]    Compiling form_urlencoded v1.0.1
[INFO] [stderr]    Compiling crossbeam-utils v0.8.4
[INFO] [stderr]    Compiling futures-macro v0.3.15
[INFO] [stderr]    Compiling tokio v1.6.0
[INFO] [stderr]    Compiling futures-util v0.3.15
[INFO] [stderr]    Compiling nom v6.1.2
[INFO] [stderr]    Compiling idna v0.2.3
[INFO] [stderr]    Compiling openssl-sys v0.9.63
[INFO] [stderr]    Compiling bitvec v0.19.5
[INFO] [stderr]    Compiling regex v1.5.4
[INFO] [stderr]    Compiling url v2.2.2
[INFO] [stderr]    Compiling mio v0.7.11
[INFO] [stderr]    Compiling parking_lot_core v0.8.3
[INFO] [stderr]    Compiling num_cpus v1.13.0
[INFO] [stderr]    Compiling signal-hook-registry v1.3.0
[INFO] [stderr]    Compiling getrandom v0.2.3
[INFO] [stderr]    Compiling uuid v0.8.2
[INFO] [stderr]    Compiling amq-protocol-uri v6.0.3
[INFO] [stderr]    Compiling parking_lot v0.11.1
[INFO] [stderr]    Compiling pinky-swear v4.4.0
[INFO] [stderr]    Compiling crossbeam-channel v0.5.1
[INFO] [stderr]    Compiling pem v0.8.3
[INFO] [stderr]    Compiling tokio-macros v1.2.0
[INFO] [stderr]    Compiling tcp-stream v0.20.6
[INFO] [stderr]    Compiling amq-protocol-tcp v6.0.3
[INFO] [stderr]    Compiling amq-protocol-types v6.0.3
[INFO] [stderr]    Compiling tokio-amqp v1.0.0
[INFO] [stderr]    Compiling rmq-rpc v0.1.2 (/opt/rustwide/workdir)
[INFO] [stderr]     Finished dev [unoptimized + debuginfo] target(s) in 42.52s
[INFO] running `Command { std: "docker" "inspect" "a937f671afa1b54d6090b39e330036871170a476ddc2e2f7c124bdfdfb6deafc", kill_on_drop: false }`
[INFO] running `Command { std: "docker" "rm" "-f" "a937f671afa1b54d6090b39e330036871170a476ddc2e2f7c124bdfdfb6deafc", kill_on_drop: false }`
[INFO] [stdout] a937f671afa1b54d6090b39e330036871170a476ddc2e2f7c124bdfdfb6deafc
[INFO] running `Command { std: "docker" "create" "-v" "/var/lib/crater-agent-workspace/builds/worker-102/target:/opt/rustwide/target:rw,Z" "-v" "/var/lib/crater-agent-workspace/builds/worker-102/source:/opt/rustwide/workdir:ro,Z" "-v" "/var/lib/crater-agent-workspace/cargo-home:/opt/rustwide/cargo-home:ro,Z" "-v" "/var/lib/crater-agent-workspace/rustup-home:/opt/rustwide/rustup-home:ro,Z" "-e" "SOURCE_DIR=/opt/rustwide/workdir" "-e" "CARGO_TARGET_DIR=/opt/rustwide/target" "-e" "CARGO_INCREMENTAL=0" "-e" "RUST_BACKTRACE=full" "-e" "RUSTFLAGS=--cap-lints=warn" "-e" "CARGO_HOME=/opt/rustwide/cargo-home" "-e" "RUSTUP_HOME=/opt/rustwide/rustup-home" "-w" "/opt/rustwide/workdir" "-m" "1610612736" "--user" "0:0" "--network" "none" "ghcr.io/rust-lang/crates-build-env/linux@sha256:34b6a614d2c27851fe6cbf88fbd1137609cefab8b10d0615aaeb6fd47975d74e" "/opt/rustwide/cargo-home/bin/cargo" "+beta-2021-08-01" "test" "--frozen" "--no-run" "--message-format=json", kill_on_drop: false }`
[INFO] [stdout] aaae10befd3161dc431b5af3c557ff463b3b5260ea3725621457bdff14379343
[INFO] running `Command { std: "docker" "start" "-a" "aaae10befd3161dc431b5af3c557ff463b3b5260ea3725621457bdff14379343", kill_on_drop: false }`
[INFO] [stderr]    Compiling humantime v2.1.0
[INFO] [stderr]    Compiling termcolor v1.1.2
[INFO] [stderr]    Compiling atty v0.2.14
[INFO] [stderr]    Compiling env_logger v0.8.3
[INFO] [stderr]    Compiling rmq-rpc v0.1.2 (/opt/rustwide/workdir)
[INFO] [stdout] error[E0432]: unresolved import `test_utils`
[INFO] [stdout]    --> src/client.rs:139:9
[INFO] [stdout]     |
[INFO] [stdout] 139 |     use test_utils::{Queue, PING, PONG, URL};
[INFO] [stdout]     |         ^^^^^^^^^^ use of undeclared crate or module `test_utils`
[INFO] [stdout] 
[INFO] [stdout] 
[INFO] [stdout] error[E0432]: unresolved import `test_utils`
[INFO] [stdout]    --> src/client.rs:210:9
[INFO] [stdout]     |
[INFO] [stdout] 210 |     use test_utils::{wait_a_moment, Queue, PING, PONG, URL};
[INFO] [stdout]     |         ^^^^^^^^^^ use of undeclared crate or module `test_utils`
[INFO] [stdout] 
[INFO] [stdout] 
[INFO] [stdout] error[E0432]: unresolved import `test_utils`
[INFO] [stdout]    --> src/server.rs:104:9
[INFO] [stdout]     |
[INFO] [stdout] 104 |     use test_utils::{wait_a_moment, Queue, PING, PONG, URL};
[INFO] [stdout]     |         ^^^^^^^^^^ use of undeclared crate or module `test_utils`
[INFO] [stdout] 
[INFO] [stdout] 
[INFO] [stdout] error: aborting due to 3 previous errors
[INFO] [stdout] 
[INFO] [stdout] 
[INFO] [stdout] For more information about this error, try `rustc --explain E0432`.
[INFO] [stdout] 
[INFO] [stderr] error: could not compile `rmq-rpc` due to 4 previous errors
[INFO] [stderr] warning: build failed, waiting for other jobs to finish...
[INFO] [stderr] error: build failed
[INFO] running `Command { std: "docker" "inspect" "aaae10befd3161dc431b5af3c557ff463b3b5260ea3725621457bdff14379343", kill_on_drop: false }`
[INFO] running `Command { std: "docker" "rm" "-f" "aaae10befd3161dc431b5af3c557ff463b3b5260ea3725621457bdff14379343", kill_on_drop: false }`
[INFO] [stdout] aaae10befd3161dc431b5af3c557ff463b3b5260ea3725621457bdff14379343
