[INFO] fetching crate rlp 0.5.1...
[INFO] testing rlp-0.5.1 against beta-2021-08-01 for beta-1.55-1
[INFO] extracting crate rlp 0.5.1 into /workspace/builds/worker-90/source
[INFO] validating manifest of crates.io crate rlp 0.5.1 on toolchain beta-2021-08-01
[INFO] running `Command { std: "/workspace/cargo-home/bin/cargo" "+beta-2021-08-01" "metadata" "--manifest-path" "Cargo.toml" "--no-deps", kill_on_drop: false }`
[INFO] started tweaking crates.io crate rlp 0.5.1
[INFO] finished tweaking crates.io crate rlp 0.5.1
[INFO] tweaked toml for crates.io crate rlp 0.5.1 written to /workspace/builds/worker-90/source/Cargo.toml
[INFO] running `Command { std: "/workspace/cargo-home/bin/cargo" "+beta-2021-08-01" "generate-lockfile" "--manifest-path" "Cargo.toml" "-Zno-index-update", kill_on_drop: false }`
[INFO] [stderr]     Blocking waiting for file lock on package cache
[INFO] running `Command { std: "/workspace/cargo-home/bin/cargo" "+beta-2021-08-01" "fetch" "--manifest-path" "Cargo.toml", kill_on_drop: false }`
[INFO] [stderr]     Blocking waiting for file lock on package cache
[INFO] [stderr]     Blocking waiting for file lock on package cache
[INFO] running `Command { std: "docker" "create" "-v" "/var/lib/crater-agent-workspace/builds/worker-90/target:/opt/rustwide/target:rw,Z" "-v" "/var/lib/crater-agent-workspace/builds/worker-90/source:/opt/rustwide/workdir:ro,Z" "-v" "/var/lib/crater-agent-workspace/cargo-home:/opt/rustwide/cargo-home:ro,Z" "-v" "/var/lib/crater-agent-workspace/rustup-home:/opt/rustwide/rustup-home:ro,Z" "-e" "SOURCE_DIR=/opt/rustwide/workdir" "-e" "CARGO_TARGET_DIR=/opt/rustwide/target" "-e" "CARGO_HOME=/opt/rustwide/cargo-home" "-e" "RUSTUP_HOME=/opt/rustwide/rustup-home" "-w" "/opt/rustwide/workdir" "-m" "1610612736" "--user" "0:0" "--network" "none" "ghcr.io/rust-lang/crates-build-env/linux@sha256:34b6a614d2c27851fe6cbf88fbd1137609cefab8b10d0615aaeb6fd47975d74e" "/opt/rustwide/cargo-home/bin/cargo" "+beta-2021-08-01" "metadata" "--no-deps" "--format-version=1", kill_on_drop: false }`
[INFO] [stdout] 024a7b4cde94e77ba3acc98322745f9b0d0f34b9173c050fc7fc8790cb16a18a
[INFO] running `Command { std: "docker" "start" "-a" "024a7b4cde94e77ba3acc98322745f9b0d0f34b9173c050fc7fc8790cb16a18a", kill_on_drop: false }`
[INFO] running `Command { std: "docker" "inspect" "024a7b4cde94e77ba3acc98322745f9b0d0f34b9173c050fc7fc8790cb16a18a", kill_on_drop: false }`
[INFO] running `Command { std: "docker" "rm" "-f" "024a7b4cde94e77ba3acc98322745f9b0d0f34b9173c050fc7fc8790cb16a18a", kill_on_drop: false }`
[INFO] [stdout] 024a7b4cde94e77ba3acc98322745f9b0d0f34b9173c050fc7fc8790cb16a18a
[INFO] running `Command { std: "docker" "create" "-v" "/var/lib/crater-agent-workspace/builds/worker-90/target:/opt/rustwide/target:rw,Z" "-v" "/var/lib/crater-agent-workspace/builds/worker-90/source:/opt/rustwide/workdir:ro,Z" "-v" "/var/lib/crater-agent-workspace/cargo-home:/opt/rustwide/cargo-home:ro,Z" "-v" "/var/lib/crater-agent-workspace/rustup-home:/opt/rustwide/rustup-home:ro,Z" "-e" "SOURCE_DIR=/opt/rustwide/workdir" "-e" "CARGO_TARGET_DIR=/opt/rustwide/target" "-e" "CARGO_INCREMENTAL=0" "-e" "RUST_BACKTRACE=full" "-e" "RUSTFLAGS=--cap-lints=warn" "-e" "CARGO_HOME=/opt/rustwide/cargo-home" "-e" "RUSTUP_HOME=/opt/rustwide/rustup-home" "-w" "/opt/rustwide/workdir" "-m" "1610612736" "--user" "0:0" "--network" "none" "ghcr.io/rust-lang/crates-build-env/linux@sha256:34b6a614d2c27851fe6cbf88fbd1137609cefab8b10d0615aaeb6fd47975d74e" "/opt/rustwide/cargo-home/bin/cargo" "+beta-2021-08-01" "build" "--frozen" "--message-format=json", kill_on_drop: false }`
[INFO] [stdout] 57602c654d2dfb06763da05576a62b617551f926cf5a188383c4ce34a8355632
[INFO] running `Command { std: "docker" "start" "-a" "57602c654d2dfb06763da05576a62b617551f926cf5a188383c4ce34a8355632", kill_on_drop: false }`
[INFO] [stderr]    Compiling rustc-hex v2.1.0
[INFO] [stderr]    Compiling bytes v1.0.1
[INFO] [stderr]    Compiling rlp v0.5.1 (/opt/rustwide/workdir)
[INFO] [stderr]     Finished dev [unoptimized + debuginfo] target(s) in 1.20s
[INFO] running `Command { std: "docker" "inspect" "57602c654d2dfb06763da05576a62b617551f926cf5a188383c4ce34a8355632", kill_on_drop: false }`
[INFO] running `Command { std: "docker" "rm" "-f" "57602c654d2dfb06763da05576a62b617551f926cf5a188383c4ce34a8355632", kill_on_drop: false }`
[INFO] [stdout] 57602c654d2dfb06763da05576a62b617551f926cf5a188383c4ce34a8355632
[INFO] running `Command { std: "docker" "create" "-v" "/var/lib/crater-agent-workspace/builds/worker-90/target:/opt/rustwide/target:rw,Z" "-v" "/var/lib/crater-agent-workspace/builds/worker-90/source:/opt/rustwide/workdir:ro,Z" "-v" "/var/lib/crater-agent-workspace/cargo-home:/opt/rustwide/cargo-home:ro,Z" "-v" "/var/lib/crater-agent-workspace/rustup-home:/opt/rustwide/rustup-home:ro,Z" "-e" "SOURCE_DIR=/opt/rustwide/workdir" "-e" "CARGO_TARGET_DIR=/opt/rustwide/target" "-e" "CARGO_INCREMENTAL=0" "-e" "RUST_BACKTRACE=full" "-e" "RUSTFLAGS=--cap-lints=warn" "-e" "CARGO_HOME=/opt/rustwide/cargo-home" "-e" "RUSTUP_HOME=/opt/rustwide/rustup-home" "-w" "/opt/rustwide/workdir" "-m" "1610612736" "--user" "0:0" "--network" "none" "ghcr.io/rust-lang/crates-build-env/linux@sha256:34b6a614d2c27851fe6cbf88fbd1137609cefab8b10d0615aaeb6fd47975d74e" "/opt/rustwide/cargo-home/bin/cargo" "+beta-2021-08-01" "test" "--frozen" "--no-run" "--message-format=json", kill_on_drop: false }`
[INFO] [stdout] ab8baf47b6be2ecba72dba82e09d46d2b9eae97bde6a9d47794031364e798967
[INFO] running `Command { std: "docker" "start" "-a" "ab8baf47b6be2ecba72dba82e09d46d2b9eae97bde6a9d47794031364e798967", kill_on_drop: false }`
[INFO] [stderr]    Compiling autocfg v1.0.1
[INFO] [stderr]    Compiling proc-macro2 v1.0.28
[INFO] [stderr]    Compiling serde v1.0.127
[INFO] [stderr]    Compiling unicode-xid v0.2.2
[INFO] [stderr]    Compiling syn v1.0.74
[INFO] [stderr]    Compiling lazy_static v1.4.0
[INFO] [stderr]    Compiling crossbeam-utils v0.8.5
[INFO] [stderr]    Compiling semver v1.0.4
[INFO] [stderr]    Compiling ryu v1.0.5
[INFO] [stderr]    Compiling crossbeam-epoch v0.9.5
[INFO] [stderr]    Compiling memchr v2.4.0
[INFO] [stderr]    Compiling radium v0.6.2
[INFO] [stderr]    Compiling scopeguard v1.1.0
[INFO] [stderr]    Compiling rayon-core v1.9.1
[INFO] [stderr]    Compiling serde_json v1.0.66
[INFO] [stderr]    Compiling crunchy v0.2.2
[INFO] [stderr]    Compiling ppv-lite86 v0.2.10
[INFO] [stderr]    Compiling bitflags v1.2.1
[INFO] [stderr]    Compiling tap v1.0.1
[INFO] [stderr]    Compiling wyz v0.2.0
[INFO] [stderr]    Compiling funty v1.1.0
[INFO] [stderr]    Compiling either v1.6.1
[INFO] [stderr]    Compiling itoa v0.4.7
[INFO] [stderr]    Compiling arrayvec v0.7.1
[INFO] [stderr]    Compiling regex-automata v0.1.10
[INFO] [stderr]    Compiling static_assertions v1.1.0
[INFO] [stderr]    Compiling byte-slice-cast v1.0.0
[INFO] [stderr]    Compiling byteorder v1.4.3
[INFO] [stderr]    Compiling plotters-backend v0.3.2
[INFO] [stderr]    Compiling unicode-width v0.1.8
[INFO] [stderr]    Compiling serde_derive v1.0.127
[INFO] [stderr]    Compiling hex v0.4.3
[INFO] [stderr]    Compiling regex-syntax v0.6.25
[INFO] [stderr]    Compiling same-file v1.0.6
[INFO] [stderr]    Compiling half v1.7.1
[INFO] [stderr]    Compiling oorandom v11.1.3
[INFO] [stderr]    Compiling hex-literal v0.3.3
[INFO] [stderr]    Compiling rlp v0.5.1
[INFO] [stderr]    Compiling getrandom v0.2.3
[INFO] [stderr]    Compiling atty v0.2.14
[INFO] [stderr]    Compiling itertools v0.10.1
[INFO] [stderr]    Compiling walkdir v2.3.2
[INFO] [stderr]    Compiling memoffset v0.6.4
[INFO] [stderr]    Compiling num-traits v0.2.14
[INFO] [stderr]    Compiling rayon v1.5.1
[INFO] [stderr]    Compiling impl-rlp v0.3.0
[INFO] [stderr]    Compiling plotters-svg v0.3.1
[INFO] [stderr]    Compiling textwrap v0.11.0
[INFO] [stderr]    Compiling rand_core v0.6.3
[INFO] [stderr]    Compiling regex v1.5.4
[INFO] [stderr]    Compiling rand_chacha v0.3.1
[INFO] [stderr]    Compiling rand v0.8.4
[INFO] [stderr]    Compiling uint v0.9.1
[INFO] [stderr]    Compiling bitvec v0.20.4
[INFO] [stderr]    Compiling csv-core v0.1.10
[INFO] [stderr]    Compiling crossbeam-channel v0.5.1
[INFO] [stderr]    Compiling clap v2.33.3
[INFO] [stderr]    Compiling rustc_version v0.4.0
[INFO] [stderr]    Compiling cast v0.2.7
[INFO] [stderr]    Compiling fixed-hash v0.7.0
[INFO] [stderr]    Compiling crossbeam-deque v0.8.1
[INFO] [stderr]    Compiling plotters v0.3.1
[INFO] [stderr]    Compiling criterion-plot v0.4.4
[INFO] [stderr]    Compiling quote v1.0.9
[INFO] [stderr]    Compiling toml v0.5.8
[INFO] [stderr]    Compiling bstr v0.2.16
[INFO] [stderr]    Compiling serde_cbor v0.11.1
[INFO] [stderr]    Compiling csv v1.1.6
[INFO] [stderr]    Compiling tinytemplate v1.2.1
[INFO] [stderr]    Compiling thiserror-impl v1.0.26
[INFO] [stderr]    Compiling impl-trait-for-tuples v0.2.1
[INFO] [stderr]    Compiling thiserror v1.0.26
[INFO] [stderr]    Compiling proc-macro-crate v1.0.0
[INFO] [stderr]    Compiling parity-scale-codec-derive v2.2.0
[INFO] [stderr]    Compiling parity-scale-codec v2.2.0
[INFO] [stderr]    Compiling criterion v0.3.5
[INFO] [stderr]    Compiling impl-codec v0.5.1
[INFO] [stderr]    Compiling primitive-types v0.10.1
[INFO] [stderr]    Compiling rlp v0.5.1 (/opt/rustwide/workdir)
[INFO] [stdout] error[E0277]: the trait bound `U256: Encodable` is not satisfied
[INFO] [stdout]    --> tests/tests.rs:216:19
[INFO] [stdout]     |
[INFO] [stdout] 125 | struct ETestPair<T>(T, Vec<u8>)
[INFO] [stdout]     |        --------- required by a bound in this
[INFO] [stdout] 126 | where
[INFO] [stdout] 127 |     T: Encodable;
[INFO] [stdout]     |        --------- required by this bound in `ETestPair`
[INFO] [stdout] ...
[INFO] [stdout] 216 |         ETestPair::from((U256::from(0_u64), hex!("80"))),
[INFO] [stdout]     |                         ^^^^^^^^^^^^^^^^^^^^^^^^^^^^^^^ the trait `Encodable` is not implemented for `U256`
[INFO] [stdout] 
[INFO] [stdout] 
[INFO] [stdout] error[E0277]: the trait bound `U256: Encodable` is not satisfied
[INFO] [stdout]    --> tests/tests.rs:215:14
[INFO] [stdout]     |
[INFO] [stdout] 125 |   struct ETestPair<T>(T, Vec<u8>)
[INFO] [stdout]     |          --------- required by a bound in this
[INFO] [stdout] 126 |   where
[INFO] [stdout] 127 |       T: Encodable;
[INFO] [stdout]     |          --------- required by this bound in `ETestPair`
[INFO] [stdout] ...
[INFO] [stdout] 215 |       let tests = vec![
[INFO] [stdout]     |  _________________^
[INFO] [stdout] 216 | |         ETestPair::from((U256::from(0_u64), hex!("80"))),
[INFO] [stdout] 217 | |         ETestPair::from((U256::from(0x0100_0000_u64), hex!("8401000000"))),
[INFO] [stdout] 218 | |         ETestPair::from((U256::from(0xffff_ffff_u64), hex!("84ffffffff"))),
[INFO] [stdout] ...   |
[INFO] [stdout] 222 | |         )),
[INFO] [stdout] 223 | |     ];
[INFO] [stdout]     | |_____^ the trait `Encodable` is not implemented for `U256`
[INFO] [stdout]     |
[INFO] [stdout]     = note: this error originates in the macro `vec` (in Nightly builds, run with -Z macro-backtrace for more info)
[INFO] [stdout] 
[INFO] [stdout] 
[INFO] [stdout] error[E0277]: the trait bound `U256: Encodable` is not satisfied
[INFO] [stdout]    --> tests/tests.rs:217:19
[INFO] [stdout]     |
[INFO] [stdout] 125 | struct ETestPair<T>(T, Vec<u8>)
[INFO] [stdout]     |        --------- required by a bound in this
[INFO] [stdout] 126 | where
[INFO] [stdout] 127 |     T: Encodable;
[INFO] [stdout]     |        --------- required by this bound in `ETestPair`
[INFO] [stdout] ...
[INFO] [stdout] 217 |         ETestPair::from((U256::from(0x0100_0000_u64), hex!("8401000000"))),
[INFO] [stdout]     |                         ^^^^^^^^^^^^^^^^^^^^^^^^^^^^^^^^^^^^^^^^^^^^^^^^^ the trait `Encodable` is not implemented for `U256`
[INFO] [stdout] 
[INFO] [stdout] 
[INFO] [stdout] error[E0277]: the trait bound `U256: Encodable` is not satisfied
[INFO] [stdout]    --> tests/tests.rs:217:3
[INFO] [stdout]     |
[INFO] [stdout] 125 | struct ETestPair<T>(T, Vec<u8>)
[INFO] [stdout]     |        --------- required by a bound in this
[INFO] [stdout] 126 | where
[INFO] [stdout] 127 |     T: Encodable;
[INFO] [stdout]     |        --------- required by this bound in `ETestPair`
[INFO] [stdout] ...
[INFO] [stdout] 217 |         ETestPair::from((U256::from(0x0100_0000_u64), hex!("8401000000"))),
[INFO] [stdout]     |         ^^^^^^^^^^^^^^^^^^^^^^^^^^^^^^^^^^^^^^^^^^^^^^^^^^^^^^^^^^^^^^^^^^ the trait `Encodable` is not implemented for `U256`
[INFO] [stdout] 
[INFO] [stdout] 
[INFO] [stdout] error[E0277]: the trait bound `U256: Encodable` is not satisfied
[INFO] [stdout]    --> tests/tests.rs:218:19
[INFO] [stdout]     |
[INFO] [stdout] 125 | struct ETestPair<T>(T, Vec<u8>)
[INFO] [stdout]     |        --------- required by a bound in this
[INFO] [stdout] 126 | where
[INFO] [stdout] 127 |     T: Encodable;
[INFO] [stdout]     |        --------- required by this bound in `ETestPair`
[INFO] [stdout] ...
[INFO] [stdout] 218 |         ETestPair::from((U256::from(0xffff_ffff_u64), hex!("84ffffffff"))),
[INFO] [stdout]     |                         ^^^^^^^^^^^^^^^^^^^^^^^^^^^^^^^^^^^^^^^^^^^^^^^^^ the trait `Encodable` is not implemented for `U256`
[INFO] [stdout] 
[INFO] [stdout] 
[INFO] [stdout] error[E0277]: the trait bound `U256: Encodable` is not satisfied
[INFO] [stdout]    --> tests/tests.rs:218:3
[INFO] [stdout]     |
[INFO] [stdout] 125 | struct ETestPair<T>(T, Vec<u8>)
[INFO] [stdout]     |        --------- required by a bound in this
[INFO] [stdout] 126 | where
[INFO] [stdout] 127 |     T: Encodable;
[INFO] [stdout]     |        --------- required by this bound in `ETestPair`
[INFO] [stdout] ...
[INFO] [stdout] 218 |         ETestPair::from((U256::from(0xffff_ffff_u64), hex!("84ffffffff"))),
[INFO] [stdout]     |         ^^^^^^^^^^^^^^^^^^^^^^^^^^^^^^^^^^^^^^^^^^^^^^^^^^^^^^^^^^^^^^^^^^ the trait `Encodable` is not implemented for `U256`
[INFO] [stdout] 
[INFO] [stdout] 
[INFO] [stdout] error[E0277]: the trait bound `U256: Encodable` is not satisfied
[INFO] [stdout]    --> tests/tests.rs:219:3
[INFO] [stdout]     |
[INFO] [stdout] 125 | struct ETestPair<T>(T, Vec<u8>)
[INFO] [stdout]     |        --------- required by a bound in this
[INFO] [stdout] 126 | where
[INFO] [stdout] 127 |     T: Encodable;
[INFO] [stdout]     |        --------- required by this bound in `ETestPair`
[INFO] [stdout] ...
[INFO] [stdout] 219 |         ETestPair::from((
[INFO] [stdout]     |         ^^^^^^^^^ the trait `Encodable` is not implemented for `U256`
[INFO] [stdout] 
[INFO] [stdout] 
[INFO] [stdout] error[E0277]: the trait bound `U256: Encodable` is not satisfied
[INFO] [stdout]    --> tests/tests.rs:219:3
[INFO] [stdout]     |
[INFO] [stdout] 219 |         ETestPair::from((
[INFO] [stdout]     |         ^^^^^^^^^^^^^^^ the trait `Encodable` is not implemented for `U256`
[INFO] [stdout]     |
[INFO] [stdout] note: required because of the requirements on the impl of `From<(U256, [u8; 33])>` for `ETestPair<U256>`
[INFO] [stdout]    --> tests/tests.rs:153:15
[INFO] [stdout]     |
[INFO] [stdout] 153 | impl<T, Repr> From<(T, Repr)> for ETestPair<T>
[INFO] [stdout]     |               ^^^^^^^^^^^^^^^     ^^^^^^^^^^^^
[INFO] [stdout] note: required by `from`
[INFO] [stdout] 
[INFO] [stdout] 
[INFO] [stdout] error[E0277]: the trait bound `U256: Encodable` is not satisfied
[INFO] [stdout]    --> tests/tests.rs:215:14
[INFO] [stdout]     |
[INFO] [stdout] 125 |   struct ETestPair<T>(T, Vec<u8>)
[INFO] [stdout]     |          --------- required by a bound in this
[INFO] [stdout] 126 |   where
[INFO] [stdout] 127 |       T: Encodable;
[INFO] [stdout]     |          --------- required by this bound in `ETestPair`
[INFO] [stdout] ...
[INFO] [stdout] 215 |       let tests = vec![
[INFO] [stdout]     |  _________________^
[INFO] [stdout] 216 | |         ETestPair::from((U256::from(0_u64), hex!("80"))),
[INFO] [stdout] 217 | |         ETestPair::from((U256::from(0x0100_0000_u64), hex!("8401000000"))),
[INFO] [stdout] 218 | |         ETestPair::from((U256::from(0xffff_ffff_u64), hex!("84ffffffff"))),
[INFO] [stdout] ...   |
[INFO] [stdout] 222 | |         )),
[INFO] [stdout] 223 | |     ];
[INFO] [stdout]     | |_____^ the trait `Encodable` is not implemented for `U256`
[INFO] [stdout]     |
[INFO] [stdout]     = note: this error originates in the macro `vec` (in Nightly builds, run with -Z macro-backtrace for more info)
[INFO] [stdout] 
[INFO] [stdout] 
[INFO] [stdout] error[E0277]: the trait bound `U256: Encodable` is not satisfied
[INFO] [stdout]    --> tests/tests.rs:224:19
[INFO] [stdout]     |
[INFO] [stdout] 129 | fn run_encode_tests<T>(tests: Vec<ETestPair<T>>)
[INFO] [stdout]     |    ---------------- required by a bound in this
[INFO] [stdout] 130 | where
[INFO] [stdout] 131 |     T: Encodable,
[INFO] [stdout]     |        --------- required by this bound in `run_encode_tests`
[INFO] [stdout] ...
[INFO] [stdout] 224 |     run_encode_tests(tests);
[INFO] [stdout]     |                      ^^^^^ the trait `Encodable` is not implemented for `U256`
[INFO] [stdout] 
[INFO] [stdout] 
[INFO] [stdout] error[E0277]: the trait bound `H160: Encodable` is not satisfied
[INFO] [stdout]    --> tests/tests.rs:273:35
[INFO] [stdout]     |
[INFO] [stdout] 125 |   struct ETestPair<T>(T, Vec<u8>)
[INFO] [stdout]     |          --------- required by a bound in this
[INFO] [stdout] 126 |   where
[INFO] [stdout] 127 |       T: Encodable;
[INFO] [stdout]     |          --------- required by this bound in `ETestPair`
[INFO] [stdout] ...
[INFO] [stdout] 273 |       let tests = vec![ETestPair::from((
[INFO] [stdout]     |  ______________________________________^
[INFO] [stdout] 274 | |         H160::from(hex!("ef2d6d194084c2de36e0dabfce45d046b37d1106")),
[INFO] [stdout] 275 | |         hex!("94ef2d6d194084c2de36e0dabfce45d046b37d1106"),
[INFO] [stdout] 276 | |     ))];
[INFO] [stdout]     | |_____^ the trait `Encodable` is not implemented for `H160`
[INFO] [stdout] 
[INFO] [stdout] 
[INFO] [stdout] error[E0277]: the trait bound `H160: Encodable` is not satisfied
[INFO] [stdout]    --> tests/tests.rs:273:14
[INFO] [stdout]     |
[INFO] [stdout] 125 |   struct ETestPair<T>(T, Vec<u8>)
[INFO] [stdout]     |          --------- required by a bound in this
[INFO] [stdout] 126 |   where
[INFO] [stdout] 127 |       T: Encodable;
[INFO] [stdout]     |          --------- required by this bound in `ETestPair`
[INFO] [stdout] ...
[INFO] [stdout] 273 |       let tests = vec![ETestPair::from((
[INFO] [stdout]     |  _________________^
[INFO] [stdout] 274 | |         H160::from(hex!("ef2d6d194084c2de36e0dabfce45d046b37d1106")),
[INFO] [stdout] 275 | |         hex!("94ef2d6d194084c2de36e0dabfce45d046b37d1106"),
[INFO] [stdout] 276 | |     ))];
[INFO] [stdout]     | |_______^ the trait `Encodable` is not implemented for `H160`
[INFO] [stdout]     |
[INFO] [stdout]     = note: this error originates in the macro `vec` (in Nightly builds, run with -Z macro-backtrace for more info)
[INFO] [stdout] 
[INFO] [stdout] 
[INFO] [stdout] error[E0277]: the trait bound `H160: Encodable` is not satisfied
[INFO] [stdout]    --> tests/tests.rs:273:14
[INFO] [stdout]     |
[INFO] [stdout] 125 |   struct ETestPair<T>(T, Vec<u8>)
[INFO] [stdout]     |          --------- required by a bound in this
[INFO] [stdout] 126 |   where
[INFO] [stdout] 127 |       T: Encodable;
[INFO] [stdout]     |          --------- required by this bound in `ETestPair`
[INFO] [stdout] ...
[INFO] [stdout] 273 |       let tests = vec![ETestPair::from((
[INFO] [stdout]     |  _________________^
[INFO] [stdout] 274 | |         H160::from(hex!("ef2d6d194084c2de36e0dabfce45d046b37d1106")),
[INFO] [stdout] 275 | |         hex!("94ef2d6d194084c2de36e0dabfce45d046b37d1106"),
[INFO] [stdout] 276 | |     ))];
[INFO] [stdout]     | |_______^ the trait `Encodable` is not implemented for `H160`
[INFO] [stdout]     |
[INFO] [stdout]     = note: this error originates in the macro `vec` (in Nightly builds, run with -Z macro-backtrace for more info)
[INFO] [stdout] 
[INFO] [stdout] 
[INFO] [stdout] error[E0277]: the trait bound `H160: Encodable` is not satisfied
[INFO] [stdout]    --> tests/tests.rs:277:19
[INFO] [stdout]     |
[INFO] [stdout] 129 | fn run_encode_tests<T>(tests: Vec<ETestPair<T>>)
[INFO] [stdout]     |    ---------------- required by a bound in this
[INFO] [stdout] 130 | where
[INFO] [stdout] 131 |     T: Encodable,
[INFO] [stdout]     |        --------- required by this bound in `run_encode_tests`
[INFO] [stdout] ...
[INFO] [stdout] 277 |     run_encode_tests(tests);
[INFO] [stdout]     |                      ^^^^^ the trait `Encodable` is not implemented for `H160`
[INFO] [stdout] 
[INFO] [stdout] 
[INFO] [stdout] error[E0277]: the trait bound `U256: Decodable` is not satisfied
[INFO] [stdout]    --> tests/tests.rs:472:19
[INFO] [stdout]     |
[INFO] [stdout] 344 | struct DTestPair<T>(T, Vec<u8>)
[INFO] [stdout]     |        --------- required by a bound in this
[INFO] [stdout] 345 | where
[INFO] [stdout] 346 |     T: Decodable + fmt::Debug + cmp::Eq;
[INFO] [stdout]     |        --------- required by this bound in `DTestPair`
[INFO] [stdout] ...
[INFO] [stdout] 472 |         DTestPair::from((U256::from(0_u64), hex!("80"))),
[INFO] [stdout]     |                         ^^^^^^^^^^^^^^^^^^^^^^^^^^^^^^^ the trait `Decodable` is not implemented for `U256`
[INFO] [stdout] 
[INFO] [stdout] 
[INFO] [stdout] error[E0277]: the trait bound `U256: Decodable` is not satisfied
[INFO] [stdout]    --> tests/tests.rs:471:14
[INFO] [stdout]     |
[INFO] [stdout] 344 |   struct DTestPair<T>(T, Vec<u8>)
[INFO] [stdout]     |          --------- required by a bound in this
[INFO] [stdout] 345 |   where
[INFO] [stdout] 346 |       T: Decodable + fmt::Debug + cmp::Eq;
[INFO] [stdout]     |          --------- required by this bound in `DTestPair`
[INFO] [stdout] ...
[INFO] [stdout] 471 |       let tests = vec![
[INFO] [stdout]     |  _________________^
[INFO] [stdout] 472 | |         DTestPair::from((U256::from(0_u64), hex!("80"))),
[INFO] [stdout] 473 | |         DTestPair::from((U256::from(0x0100_0000_u64), hex!("8401000000"))),
[INFO] [stdout] 474 | |         DTestPair::from((U256::from(0xffff_ffff_u64), hex!("84ffffffff"))),
[INFO] [stdout] ...   |
[INFO] [stdout] 478 | |         )),
[INFO] [stdout] 479 | |     ];
[INFO] [stdout]     | |_____^ the trait `Decodable` is not implemented for `U256`
[INFO] [stdout]     |
[INFO] [stdout]     = note: this error originates in the macro `vec` (in Nightly builds, run with -Z macro-backtrace for more info)
[INFO] [stdout] 
[INFO] [stdout] 
[INFO] [stdout] error[E0277]: the trait bound `U256: Decodable` is not satisfied
[INFO] [stdout]    --> tests/tests.rs:473:19
[INFO] [stdout]     |
[INFO] [stdout] 344 | struct DTestPair<T>(T, Vec<u8>)
[INFO] [stdout]     |        --------- required by a bound in this
[INFO] [stdout] 345 | where
[INFO] [stdout] 346 |     T: Decodable + fmt::Debug + cmp::Eq;
[INFO] [stdout]     |        --------- required by this bound in `DTestPair`
[INFO] [stdout] ...
[INFO] [stdout] 473 |         DTestPair::from((U256::from(0x0100_0000_u64), hex!("8401000000"))),
[INFO] [stdout]     |                         ^^^^^^^^^^^^^^^^^^^^^^^^^^^^^^^^^^^^^^^^^^^^^^^^^ the trait `Decodable` is not implemented for `U256`
[INFO] [stdout] 
[INFO] [stdout] 
[INFO] [stdout] error[E0277]: the trait bound `U256: Decodable` is not satisfied
[INFO] [stdout]    --> tests/tests.rs:473:3
[INFO] [stdout]     |
[INFO] [stdout] 344 | struct DTestPair<T>(T, Vec<u8>)
[INFO] [stdout]     |        --------- required by a bound in this
[INFO] [stdout] 345 | where
[INFO] [stdout] 346 |     T: Decodable + fmt::Debug + cmp::Eq;
[INFO] [stdout]     |        --------- required by this bound in `DTestPair`
[INFO] [stdout] ...
[INFO] [stdout] 473 |         DTestPair::from((U256::from(0x0100_0000_u64), hex!("8401000000"))),
[INFO] [stdout]     |         ^^^^^^^^^^^^^^^^^^^^^^^^^^^^^^^^^^^^^^^^^^^^^^^^^^^^^^^^^^^^^^^^^^ the trait `Decodable` is not implemented for `U256`
[INFO] [stdout] 
[INFO] [stdout] 
[INFO] [stdout] error[E0277]: the trait bound `U256: Decodable` is not satisfied
[INFO] [stdout]    --> tests/tests.rs:474:19
[INFO] [stdout]     |
[INFO] [stdout] 344 | struct DTestPair<T>(T, Vec<u8>)
[INFO] [stdout]     |        --------- required by a bound in this
[INFO] [stdout] 345 | where
[INFO] [stdout] 346 |     T: Decodable + fmt::Debug + cmp::Eq;
[INFO] [stdout]     |        --------- required by this bound in `DTestPair`
[INFO] [stdout] ...
[INFO] [stdout] 474 |         DTestPair::from((U256::from(0xffff_ffff_u64), hex!("84ffffffff"))),
[INFO] [stdout]     |                         ^^^^^^^^^^^^^^^^^^^^^^^^^^^^^^^^^^^^^^^^^^^^^^^^^ the trait `Decodable` is not implemented for `U256`
[INFO] [stdout] 
[INFO] [stdout] 
[INFO] [stdout] error[E0277]: the trait bound `U256: Decodable` is not satisfied
[INFO] [stdout]    --> tests/tests.rs:474:3
[INFO] [stdout]     |
[INFO] [stdout] 344 | struct DTestPair<T>(T, Vec<u8>)
[INFO] [stdout]     |        --------- required by a bound in this
[INFO] [stdout] 345 | where
[INFO] [stdout] 346 |     T: Decodable + fmt::Debug + cmp::Eq;
[INFO] [stdout]     |        --------- required by this bound in `DTestPair`
[INFO] [stdout] ...
[INFO] [stdout] 474 |         DTestPair::from((U256::from(0xffff_ffff_u64), hex!("84ffffffff"))),
[INFO] [stdout]     |         ^^^^^^^^^^^^^^^^^^^^^^^^^^^^^^^^^^^^^^^^^^^^^^^^^^^^^^^^^^^^^^^^^^ the trait `Decodable` is not implemented for `U256`
[INFO] [stdout] 
[INFO] [stdout] 
[INFO] [stdout] error[E0277]: the trait bound `U256: Decodable` is not satisfied
[INFO] [stdout]    --> tests/tests.rs:475:3
[INFO] [stdout]     |
[INFO] [stdout] 344 | struct DTestPair<T>(T, Vec<u8>)
[INFO] [stdout]     |        --------- required by a bound in this
[INFO] [stdout] 345 | where
[INFO] [stdout] 346 |     T: Decodable + fmt::Debug + cmp::Eq;
[INFO] [stdout]     |        --------- required by this bound in `DTestPair`
[INFO] [stdout] ...
[INFO] [stdout] 475 |         DTestPair::from((
[INFO] [stdout]     |         ^^^^^^^^^ the trait `Decodable` is not implemented for `U256`
[INFO] [stdout] 
[INFO] [stdout] 
[INFO] [stdout] error[E0277]: the trait bound `U256: Decodable` is not satisfied
[INFO] [stdout]    --> tests/tests.rs:475:3
[INFO] [stdout]     |
[INFO] [stdout] 475 |         DTestPair::from((
[INFO] [stdout]     |         ^^^^^^^^^^^^^^^ the trait `Decodable` is not implemented for `U256`
[INFO] [stdout]     |
[INFO] [stdout] note: required because of the requirements on the impl of `From<(U256, [u8; 33])>` for `DTestPair<U256>`
[INFO] [stdout]    --> tests/tests.rs:374:15
[INFO] [stdout]     |
[INFO] [stdout] 374 | impl<T, Repr> From<(T, Repr)> for DTestPair<T>
[INFO] [stdout]     |               ^^^^^^^^^^^^^^^     ^^^^^^^^^^^^
[INFO] [stdout] note: required by `from`
[INFO] [stdout] 
[INFO] [stdout] 
[INFO] [stdout] error[E0277]: the trait bound `U256: Decodable` is not satisfied
[INFO] [stdout]    --> tests/tests.rs:471:14
[INFO] [stdout]     |
[INFO] [stdout] 344 |   struct DTestPair<T>(T, Vec<u8>)
[INFO] [stdout]     |          --------- required by a bound in this
[INFO] [stdout] 345 |   where
[INFO] [stdout] 346 |       T: Decodable + fmt::Debug + cmp::Eq;
[INFO] [stdout]     |          --------- required by this bound in `DTestPair`
[INFO] [stdout] ...
[INFO] [stdout] 471 |       let tests = vec![
[INFO] [stdout]     |  _________________^
[INFO] [stdout] 472 | |         DTestPair::from((U256::from(0_u64), hex!("80"))),
[INFO] [stdout] 473 | |         DTestPair::from((U256::from(0x0100_0000_u64), hex!("8401000000"))),
[INFO] [stdout] 474 | |         DTestPair::from((U256::from(0xffff_ffff_u64), hex!("84ffffffff"))),
[INFO] [stdout] ...   |
[INFO] [stdout] 478 | |         )),
[INFO] [stdout] 479 | |     ];
[INFO] [stdout]     | |_____^ the trait `Decodable` is not implemented for `U256`
[INFO] [stdout]     |
[INFO] [stdout]     = note: this error originates in the macro `vec` (in Nightly builds, run with -Z macro-backtrace for more info)
[INFO] [stdout] 
[INFO] [stdout] 
[INFO] [stdout] error[E0277]: the trait bound `U256: Decodable` is not satisfied
[INFO] [stdout]    --> tests/tests.rs:480:19
[INFO] [stdout]     |
[INFO] [stdout] 352 | fn run_decode_tests<T>(tests: Vec<DTestPair<T>>)
[INFO] [stdout]     |    ---------------- required by a bound in this
[INFO] [stdout] 353 | where
[INFO] [stdout] 354 |     T: Decodable + fmt::Debug + cmp::Eq,
[INFO] [stdout]     |        --------- required by this bound in `run_decode_tests`
[INFO] [stdout] ...
[INFO] [stdout] 480 |     run_decode_tests(tests);
[INFO] [stdout]     |                      ^^^^^ the trait `Decodable` is not implemented for `U256`
[INFO] [stdout] 
[INFO] [stdout] 
[INFO] [stdout] error[E0277]: the trait bound `H160: Decodable` is not satisfied
[INFO] [stdout]    --> tests/tests.rs:505:35
[INFO] [stdout]     |
[INFO] [stdout] 344 |   struct DTestPair<T>(T, Vec<u8>)
[INFO] [stdout]     |          --------- required by a bound in this
[INFO] [stdout] 345 |   where
[INFO] [stdout] 346 |       T: Decodable + fmt::Debug + cmp::Eq;
[INFO] [stdout]     |          --------- required by this bound in `DTestPair`
[INFO] [stdout] ...
[INFO] [stdout] 505 |       let tests = vec![DTestPair::from((
[INFO] [stdout]     |  ______________________________________^
[INFO] [stdout] 506 | |         H160::from(hex!("ef2d6d194084c2de36e0dabfce45d046b37d1106")),
[INFO] [stdout] 507 | |         hex!("94ef2d6d194084c2de36e0dabfce45d046b37d1106"),
[INFO] [stdout] 508 | |     ))];
[INFO] [stdout]     | |_____^ the trait `Decodable` is not implemented for `H160`
[INFO] [stdout] 
[INFO] [stdout] 
[INFO] [stdout] error[E0277]: the trait bound `H160: Decodable` is not satisfied
[INFO] [stdout]    --> tests/tests.rs:505:14
[INFO] [stdout]     |
[INFO] [stdout] 344 |   struct DTestPair<T>(T, Vec<u8>)
[INFO] [stdout]     |          --------- required by a bound in this
[INFO] [stdout] 345 |   where
[INFO] [stdout] 346 |       T: Decodable + fmt::Debug + cmp::Eq;
[INFO] [stdout]     |          --------- required by this bound in `DTestPair`
[INFO] [stdout] ...
[INFO] [stdout] 505 |       let tests = vec![DTestPair::from((
[INFO] [stdout]     |  _________________^
[INFO] [stdout] 506 | |         H160::from(hex!("ef2d6d194084c2de36e0dabfce45d046b37d1106")),
[INFO] [stdout] 507 | |         hex!("94ef2d6d194084c2de36e0dabfce45d046b37d1106"),
[INFO] [stdout] 508 | |     ))];
[INFO] [stdout]     | |_______^ the trait `Decodable` is not implemented for `H160`
[INFO] [stdout]     |
[INFO] [stdout]     = note: this error originates in the macro `vec` (in Nightly builds, run with -Z macro-backtrace for more info)
[INFO] [stdout] 
[INFO] [stdout] 
[INFO] [stdout] error[E0277]: the trait bound `H160: Decodable` is not satisfied
[INFO] [stdout]    --> tests/tests.rs:505:14
[INFO] [stdout]     |
[INFO] [stdout] 344 |   struct DTestPair<T>(T, Vec<u8>)
[INFO] [stdout]     |          --------- required by a bound in this
[INFO] [stdout] 345 |   where
[INFO] [stdout] 346 |       T: Decodable + fmt::Debug + cmp::Eq;
[INFO] [stdout]     |          --------- required by this bound in `DTestPair`
[INFO] [stdout] ...
[INFO] [stdout] 505 |       let tests = vec![DTestPair::from((
[INFO] [stdout]     |  _________________^
[INFO] [stdout] 506 | |         H160::from(hex!("ef2d6d194084c2de36e0dabfce45d046b37d1106")),
[INFO] [stdout] 507 | |         hex!("94ef2d6d194084c2de36e0dabfce45d046b37d1106"),
[INFO] [stdout] 508 | |     ))];
[INFO] [stdout]     | |_______^ the trait `Decodable` is not implemented for `H160`
[INFO] [stdout]     |
[INFO] [stdout]     = note: this error originates in the macro `vec` (in Nightly builds, run with -Z macro-backtrace for more info)
[INFO] [stdout] 
[INFO] [stdout] 
[INFO] [stdout] error[E0277]: the trait bound `H160: Decodable` is not satisfied
[INFO] [stdout]    --> tests/tests.rs:509:19
[INFO] [stdout]     |
[INFO] [stdout] 352 | fn run_decode_tests<T>(tests: Vec<DTestPair<T>>)
[INFO] [stdout]     |    ---------------- required by a bound in this
[INFO] [stdout] 353 | where
[INFO] [stdout] 354 |     T: Decodable + fmt::Debug + cmp::Eq,
[INFO] [stdout]     |        --------- required by this bound in `run_decode_tests`
[INFO] [stdout] ...
[INFO] [stdout] 509 |     run_decode_tests(tests);
[INFO] [stdout]     |                      ^^^^^ the trait `Decodable` is not implemented for `H160`
[INFO] [stdout] 
[INFO] [stdout] 
[INFO] [stdout] error: aborting due to 28 previous errors
[INFO] [stdout] 
[INFO] [stdout] 
[INFO] [stdout] For more information about this error, try `rustc --explain E0277`.
[INFO] [stdout] 
[INFO] [stderr] error: could not compile `rlp` due to 29 previous errors
[INFO] [stderr] warning: build failed, waiting for other jobs to finish...
[INFO] [stderr] error: build failed
[INFO] running `Command { std: "docker" "inspect" "ab8baf47b6be2ecba72dba82e09d46d2b9eae97bde6a9d47794031364e798967", kill_on_drop: false }`
[INFO] running `Command { std: "docker" "rm" "-f" "ab8baf47b6be2ecba72dba82e09d46d2b9eae97bde6a9d47794031364e798967", kill_on_drop: false }`
[INFO] [stdout] ab8baf47b6be2ecba72dba82e09d46d2b9eae97bde6a9d47794031364e798967
