[INFO] fetching crate riker-default 0.2.4...
[INFO] testing riker-default-0.2.4 against 1.54.0 for beta-1.55-1
[INFO] extracting crate riker-default 0.2.4 into /workspace/builds/worker-43/source
[INFO] validating manifest of crates.io crate riker-default 0.2.4 on toolchain 1.54.0
[INFO] running `Command { std: "/workspace/cargo-home/bin/cargo" "+1.54.0" "metadata" "--manifest-path" "Cargo.toml" "--no-deps", kill_on_drop: false }`
[INFO] started tweaking crates.io crate riker-default 0.2.4
[INFO] finished tweaking crates.io crate riker-default 0.2.4
[INFO] tweaked toml for crates.io crate riker-default 0.2.4 written to /workspace/builds/worker-43/source/Cargo.toml
[INFO] running `Command { std: "/workspace/cargo-home/bin/cargo" "+1.54.0" "generate-lockfile" "--manifest-path" "Cargo.toml" "-Zno-index-update", kill_on_drop: false }`
[INFO] [stderr]     Blocking waiting for file lock on package cache
[INFO] running `Command { std: "/workspace/cargo-home/bin/cargo" "+1.54.0" "fetch" "--manifest-path" "Cargo.toml", kill_on_drop: false }`
[INFO] [stderr]     Blocking waiting for file lock on package cache
[INFO] [stderr]     Blocking waiting for file lock on package cache
[INFO] running `Command { std: "docker" "create" "-v" "/var/lib/crater-agent-workspace/builds/worker-43/target:/opt/rustwide/target:rw,Z" "-v" "/var/lib/crater-agent-workspace/builds/worker-43/source:/opt/rustwide/workdir:ro,Z" "-v" "/var/lib/crater-agent-workspace/cargo-home:/opt/rustwide/cargo-home:ro,Z" "-v" "/var/lib/crater-agent-workspace/rustup-home:/opt/rustwide/rustup-home:ro,Z" "-e" "SOURCE_DIR=/opt/rustwide/workdir" "-e" "CARGO_TARGET_DIR=/opt/rustwide/target" "-e" "CARGO_HOME=/opt/rustwide/cargo-home" "-e" "RUSTUP_HOME=/opt/rustwide/rustup-home" "-w" "/opt/rustwide/workdir" "-m" "1610612736" "--user" "0:0" "--network" "none" "ghcr.io/rust-lang/crates-build-env/linux@sha256:34b6a614d2c27851fe6cbf88fbd1137609cefab8b10d0615aaeb6fd47975d74e" "/opt/rustwide/cargo-home/bin/cargo" "+1.54.0" "metadata" "--no-deps" "--format-version=1", kill_on_drop: false }`
[INFO] [stdout] 08b58b6780bf894695dc9aa336b7e3e6f8e2e8dcc96ef69074e5dd5482c31ad8
[INFO] running `Command { std: "docker" "start" "-a" "08b58b6780bf894695dc9aa336b7e3e6f8e2e8dcc96ef69074e5dd5482c31ad8", kill_on_drop: false }`
[INFO] running `Command { std: "docker" "inspect" "08b58b6780bf894695dc9aa336b7e3e6f8e2e8dcc96ef69074e5dd5482c31ad8", kill_on_drop: false }`
[INFO] running `Command { std: "docker" "rm" "-f" "08b58b6780bf894695dc9aa336b7e3e6f8e2e8dcc96ef69074e5dd5482c31ad8", kill_on_drop: false }`
[INFO] [stdout] 08b58b6780bf894695dc9aa336b7e3e6f8e2e8dcc96ef69074e5dd5482c31ad8
[INFO] running `Command { std: "docker" "create" "-v" "/var/lib/crater-agent-workspace/builds/worker-43/target:/opt/rustwide/target:rw,Z" "-v" "/var/lib/crater-agent-workspace/builds/worker-43/source:/opt/rustwide/workdir:ro,Z" "-v" "/var/lib/crater-agent-workspace/cargo-home:/opt/rustwide/cargo-home:ro,Z" "-v" "/var/lib/crater-agent-workspace/rustup-home:/opt/rustwide/rustup-home:ro,Z" "-e" "SOURCE_DIR=/opt/rustwide/workdir" "-e" "CARGO_TARGET_DIR=/opt/rustwide/target" "-e" "CARGO_INCREMENTAL=0" "-e" "RUST_BACKTRACE=full" "-e" "RUSTFLAGS=--cap-lints=warn" "-e" "CARGO_HOME=/opt/rustwide/cargo-home" "-e" "RUSTUP_HOME=/opt/rustwide/rustup-home" "-w" "/opt/rustwide/workdir" "-m" "1610612736" "--user" "0:0" "--network" "none" "ghcr.io/rust-lang/crates-build-env/linux@sha256:34b6a614d2c27851fe6cbf88fbd1137609cefab8b10d0615aaeb6fd47975d74e" "/opt/rustwide/cargo-home/bin/cargo" "+1.54.0" "build" "--frozen" "--message-format=json", kill_on_drop: false }`
[INFO] [stdout] 5c2dd6f9621dfc58e88a61656dc3aeda2a95c0d548e82b0f078be9380c423f3b
[INFO] running `Command { std: "docker" "start" "-a" "5c2dd6f9621dfc58e88a61656dc3aeda2a95c0d548e82b0f078be9380c423f3b", kill_on_drop: false }`
[INFO] [stderr]    Compiling memchr v2.4.0
[INFO] [stderr]    Compiling serde v1.0.127
[INFO] [stderr]    Compiling serde v0.8.23
[INFO] [stderr]    Compiling futures-sink-preview v0.3.0-alpha.19
[INFO] [stderr]    Compiling futures-core-preview v0.3.0-alpha.19
[INFO] [stderr]    Compiling regex-syntax v0.6.25
[INFO] [stderr]    Compiling futures-io-preview v0.3.0-alpha.19
[INFO] [stderr]    Compiling ucd-util v0.1.8
[INFO] [stderr]    Compiling regex v0.2.11
[INFO] [stderr]    Compiling lazy_static v0.2.11
[INFO] [stderr]    Compiling rust-ini v0.13.0
[INFO] [stderr]    Compiling utf8-ranges v1.0.4
[INFO] [stderr]    Compiling runtime-fmt v0.3.0
[INFO] [stderr]    Compiling num-traits v0.2.14
[INFO] [stderr]    Compiling nom v4.2.3
[INFO] [stderr]    Compiling num-integer v0.1.44
[INFO] [stderr]    Compiling thread_local v0.3.6
[INFO] [stderr]    Compiling num_cpus v1.13.0
[INFO] [stderr]    Compiling iovec v0.1.4
[INFO] [stderr]    Compiling rand v0.4.6
[INFO] [stdout] error[E0433]: failed to resolve: could not find `Position` in `v1`
[INFO] [stdout]    --> /opt/rustwide/cargo-home/registry/src/github.com-1ecc6299db9ec823/runtime-fmt-0.3.0/src/lib.rs:522:39
[INFO] [stdout]     |
[INFO] [stdout] 522 |                         position: v1::Position::At(i),
[INFO] [stdout]     |                                       ^^^^^^^^ not found in `v1`
[INFO] [stdout]     |
[INFO] [stdout] help: consider importing this enum
[INFO] [stdout]     |
[INFO] [stdout] 38  | use fmt_macros::Position;
[INFO] [stdout]     |
[INFO] [stdout] 
[INFO] [stdout] 
[INFO] [stdout] error[E0433]: failed to resolve: could not find `Position` in `v1`
[INFO] [stdout]    --> /opt/rustwide/cargo-home/registry/src/github.com-1ecc6299db9ec823/runtime-fmt-0.3.0/src/lib.rs:544:39
[INFO] [stdout]     |
[INFO] [stdout] 544 |                         position: v1::Position::At(argument_pos),
[INFO] [stdout]     |                                       ^^^^^^^^ not found in `v1`
[INFO] [stdout]     |
[INFO] [stdout] help: consider importing this enum
[INFO] [stdout]     |
[INFO] [stdout] 38  | use fmt_macros::Position;
[INFO] [stdout]     |
[INFO] [stdout] 
[INFO] [stdout] 
[INFO] [stdout] error[E0554]: `#![feature]` may not be used on the stable release channel
[INFO] [stdout]   --> /opt/rustwide/cargo-home/registry/src/github.com-1ecc6299db9ec823/runtime-fmt-0.3.0/src/lib.rs:17:1
[INFO] [stdout]    |
[INFO] [stdout] 17 | #![feature(fmt_internals)]
[INFO] [stdout]    | ^^^^^^^^^^^^^^^^^^^^^^^^^^
[INFO] [stdout] 
[INFO] [stdout] 
[INFO] [stdout] error[E0554]: `#![feature]` may not be used on the stable release channel
[INFO] [stdout]   --> /opt/rustwide/cargo-home/registry/src/github.com-1ecc6299db9ec823/runtime-fmt-0.3.0/src/lib.rs:18:1
[INFO] [stdout]    |
[INFO] [stdout] 18 | #![feature(conservative_impl_trait)]
[INFO] [stdout]    | ^^^^^^^^^^^^^^^^^^^^^^^^^^^^^^^^^^^^ help: remove the attribute
[INFO] [stdout]    |
[INFO] [stdout]    = help: the feature `conservative_impl_trait` has been stable since 1.26.0 and no longer requires an attribute to enable
[INFO] [stdout] 
[INFO] [stdout] 
[INFO] [stdout] error[E0554]: `#![feature]` may not be used on the stable release channel
[INFO] [stdout]   --> /opt/rustwide/cargo-home/registry/src/github.com-1ecc6299db9ec823/runtime-fmt-0.3.0/src/lib.rs:19:1
[INFO] [stdout]    |
[INFO] [stdout] 19 | #![feature(specialization)]
[INFO] [stdout]    | ^^^^^^^^^^^^^^^^^^^^^^^^^^^
[INFO] [stdout] 
[INFO] [stdout] 
[INFO] [stdout] error[E0554]: `#![feature]` may not be used on the stable release channel
[INFO] [stdout]   --> /opt/rustwide/cargo-home/registry/src/github.com-1ecc6299db9ec823/runtime-fmt-0.3.0/src/lib.rs:20:1
[INFO] [stdout]    |
[INFO] [stdout] 20 | #![feature(print_internals)]
[INFO] [stdout]    | ^^^^^^^^^^^^^^^^^^^^^^^^^^^^
[INFO] [stdout] 
[INFO] [stdout] 
[INFO] [stdout] error[E0554]: `#![feature]` may not be used on the stable release channel
[INFO] [stdout]   --> /opt/rustwide/cargo-home/registry/src/github.com-1ecc6299db9ec823/runtime-fmt-0.3.0/src/lib.rs:21:1
[INFO] [stdout]    |
[INFO] [stdout] 21 | #![feature(rustc_private)]
[INFO] [stdout]    | ^^^^^^^^^^^^^^^^^^^^^^^^^^
[INFO] [stdout] 
[INFO] [stdout] 
[INFO] [stdout] error[E0554]: `#![feature]` may not be used on the stable release channel
[INFO] [stdout]   --> /opt/rustwide/cargo-home/registry/src/github.com-1ecc6299db9ec823/runtime-fmt-0.3.0/src/lib.rs:22:1
[INFO] [stdout]    |
[INFO] [stdout] 22 | #![feature(try_from)]
[INFO] [stdout]    | ^^^^^^^^^^^^^^^^^^^^^
[INFO] [stdout] 
[INFO] [stdout] 
[INFO] [stderr]    Compiling futures-channel-preview v0.3.0-alpha.19
[INFO] [stdout] error[E0495]: cannot infer an appropriate lifetime for autoref due to conflicting requirements
[INFO] [stdout]    --> /opt/rustwide/cargo-home/registry/src/github.com-1ecc6299db9ec823/runtime-fmt-0.3.0/src/lib.rs:195:33
[INFO] [stdout]     |
[INFO] [stdout] 195 |         let pieces = self.inner.pieces();
[INFO] [stdout]     |                                 ^^^^^^
[INFO] [stdout]     |
[INFO] [stdout] note: first, the lifetime cannot outlive the lifetime `'s` as defined on the impl at 175:6...
[INFO] [stdout]    --> /opt/rustwide/cargo-home/registry/src/github.com-1ecc6299db9ec823/runtime-fmt-0.3.0/src/lib.rs:175:6
[INFO] [stdout]     |
[INFO] [stdout] 175 | impl<'s, T: FormatArgs> PreparedFormat<'s, T> {
[INFO] [stdout]     |      ^^
[INFO] [stdout] note: ...so that the type `Parsed<'s, DelayedParse<T>>` is not borrowed for too long
[INFO] [stdout]    --> /opt/rustwide/cargo-home/registry/src/github.com-1ecc6299db9ec823/runtime-fmt-0.3.0/src/lib.rs:195:22
[INFO] [stdout]     |
[INFO] [stdout] 195 |         let pieces = self.inner.pieces();
[INFO] [stdout]     |                      ^^^^^^^^^^
[INFO] [stdout]     = note: but, the lifetime must be valid for the static lifetime...
[INFO] [stdout] note: ...so that the expression is assignable
[INFO] [stdout]    --> /opt/rustwide/cargo-home/registry/src/github.com-1ecc6299db9ec823/runtime-fmt-0.3.0/src/lib.rs:201:58
[INFO] [stdout]     |
[INFO] [stdout] 201 |             Some(ref fmt) => Arguments::new_v1_formatted(&pieces, &args, fmt),
[INFO] [stdout]     |                                                          ^^^^^^^
[INFO] [stdout]     = note: expected `&[&'static str]`
[INFO] [stdout]                found `&[&str]`
[INFO] [stdout] 
[INFO] [stdout] 
[INFO] [stdout] error[E0495]: cannot infer an appropriate lifetime for autoref due to conflicting requirements
[INFO] [stdout]    --> /opt/rustwide/cargo-home/registry/src/github.com-1ecc6299db9ec823/runtime-fmt-0.3.0/src/lib.rs:266:33
[INFO] [stdout]     |
[INFO] [stdout] 266 |         let pieces = self.inner.pieces();
[INFO] [stdout]     |                                 ^^^^^^
[INFO] [stdout]     |
[INFO] [stdout] note: first, the lifetime cannot outlive the lifetime `'s` as defined on the impl at 246:6...
[INFO] [stdout]    --> /opt/rustwide/cargo-home/registry/src/github.com-1ecc6299db9ec823/runtime-fmt-0.3.0/src/lib.rs:246:6
[INFO] [stdout]     |
[INFO] [stdout] 246 | impl<'s> FormatBuf<'s> {
[INFO] [stdout]     |      ^^
[INFO] [stdout] note: ...so that the type `Parsed<'s, ImmediateParse<'s>>` is not borrowed for too long
[INFO] [stdout]    --> /opt/rustwide/cargo-home/registry/src/github.com-1ecc6299db9ec823/runtime-fmt-0.3.0/src/lib.rs:266:22
[INFO] [stdout]     |
[INFO] [stdout] 266 |         let pieces = self.inner.pieces();
[INFO] [stdout]     |                      ^^^^^^^^^^
[INFO] [stdout]     = note: but, the lifetime must be valid for the static lifetime...
[INFO] [stdout] note: ...so that the expression is assignable
[INFO] [stdout]    --> /opt/rustwide/cargo-home/registry/src/github.com-1ecc6299db9ec823/runtime-fmt-0.3.0/src/lib.rs:268:58
[INFO] [stdout]     |
[INFO] [stdout] 268 |             Some(ref fmt) => Arguments::new_v1_formatted(&pieces, &self.inner.args, fmt),
[INFO] [stdout]     |                                                          ^^^^^^^
[INFO] [stdout]     = note: expected `&[&'static str]`
[INFO] [stdout]                found `&[&str]`
[INFO] [stdout] 
[INFO] [stdout] 
[INFO] [stderr]    Compiling bytes v0.4.12
[INFO] [stderr]    Compiling regex-syntax v0.5.6
[INFO] [stdout] error[E0599]: no method named `is_xid_start` found for type `char` in the current scope
[INFO] [stdout]    --> /opt/rustwide/cargo-home/registry/src/github.com-1ecc6299db9ec823/runtime-fmt-0.3.0/src/fmt_macros.rs:422:34
[INFO] [stdout]     |
[INFO] [stdout] 422 |             Some(&(pos, c)) if c.is_xid_start() => {
[INFO] [stdout]     |                                  ^^^^^^^^^^^^ method not found in `char`
[INFO] [stdout] 
[INFO] [stdout] 
[INFO] [stdout] error[E0599]: no method named `is_xid_continue` found for type `char` in the current scope
[INFO] [stdout]    --> /opt/rustwide/cargo-home/registry/src/github.com-1ecc6299db9ec823/runtime-fmt-0.3.0/src/fmt_macros.rs:431:18
[INFO] [stdout]     |
[INFO] [stdout] 431 |             if c.is_xid_continue() {
[INFO] [stdout]     |                  ^^^^^^^^^^^^^^^ method not found in `char`
[INFO] [stdout] 
[INFO] [stdout] 
[INFO] [stdout] error: aborting due to 12 previous errors
[INFO] [stdout] 
[INFO] [stdout] 
[INFO] [stdout] Some errors have detailed explanations: E0433, E0495, E0554, E0599.
[INFO] [stdout] 
[INFO] [stdout] For more information about an error, try `rustc --explain E0433`.
[INFO] [stdout] 
[INFO] [stderr] error: could not compile `runtime-fmt`
[INFO] [stderr] 
[INFO] [stderr] To learn more, run the command again with --verbose.
[INFO] [stderr] warning: build failed, waiting for other jobs to finish...
[INFO] [stderr] error: build failed
[INFO] running `Command { std: "docker" "inspect" "5c2dd6f9621dfc58e88a61656dc3aeda2a95c0d548e82b0f078be9380c423f3b", kill_on_drop: false }`
[INFO] running `Command { std: "docker" "rm" "-f" "5c2dd6f9621dfc58e88a61656dc3aeda2a95c0d548e82b0f078be9380c423f3b", kill_on_drop: false }`
[INFO] [stdout] 5c2dd6f9621dfc58e88a61656dc3aeda2a95c0d548e82b0f078be9380c423f3b
