[INFO] fetching crate requiem-web 2.0.0-r2...
[INFO] testing requiem-web-2.0.0-r2 against beta-2021-08-01 for beta-1.55-1
[INFO] extracting crate requiem-web 2.0.0-r2 into /workspace/builds/worker-90/source
[INFO] validating manifest of crates.io crate requiem-web 2.0.0-r2 on toolchain beta-2021-08-01
[INFO] running `Command { std: "/workspace/cargo-home/bin/cargo" "+beta-2021-08-01" "metadata" "--manifest-path" "Cargo.toml" "--no-deps", kill_on_drop: false }`
[INFO] started tweaking crates.io crate requiem-web 2.0.0-r2
[INFO] finished tweaking crates.io crate requiem-web 2.0.0-r2
[INFO] tweaked toml for crates.io crate requiem-web 2.0.0-r2 written to /workspace/builds/worker-90/source/Cargo.toml
[INFO] crate crates.io crate requiem-web 2.0.0-r2 already has a lockfile, it will not be regenerated
[INFO] running `Command { std: "/workspace/cargo-home/bin/cargo" "+beta-2021-08-01" "fetch" "--manifest-path" "Cargo.toml", kill_on_drop: false }`
[INFO] [stderr]     Blocking waiting for file lock on package cache
[INFO] [stderr]     Blocking waiting for file lock on package cache
[INFO] [stderr]  Downloading crates ...
[INFO] [stderr]   Downloaded unicode-normalization v0.1.11
[INFO] [stderr]   Downloaded pin-project v0.4.6
[INFO] [stderr]   Downloaded syn v1.0.13
[INFO] [stderr]   Downloaded rustls v0.16.0
[INFO] [stderr]   Downloaded widestring v0.4.0
[INFO] [stderr]   Downloaded actix-codec v0.2.0
[INFO] [stderr]   Downloaded crossbeam-channel v0.4.0
[INFO] [stderr]   Downloaded num-integer v0.1.42
[INFO] [stderr]   Downloaded actix-utils v1.0.6
[INFO] [stderr]   Downloaded actix-rt v1.0.0
[INFO] [stderr]   Downloaded winutil v0.1.1
[INFO] [stderr]   Downloaded actix-http v1.0.1
[INFO] [stderr]   Downloaded ipconfig v0.2.1
[INFO] [stderr]   Downloaded actix_derive v0.5.0
[INFO] [stderr]   Downloaded actix-macros v0.1.1
[INFO] [stderr]   Downloaded backtrace v0.3.42
[INFO] [stderr]   Downloaded actix-connect v1.0.2
[INFO] [stderr]   Downloaded actix-service v1.0.5
[INFO] [stderr]   Downloaded flate2 v1.0.13
[INFO] [stderr]   Downloaded tokio-openssl v0.4.0
[INFO] [stderr]   Downloaded pin-project-internal v0.4.6
[INFO] [stderr]   Downloaded bumpalo v3.1.2
[INFO] [stderr]   Downloaded tokio-rustls v0.12.2
[INFO] [stderr]   Downloaded lock_api v0.3.3
[INFO] [stderr]   Downloaded webpki-roots v0.17.0
[INFO] [stderr]   Downloaded bytestring v0.1.4
[INFO] [stderr]   Downloaded openssl v0.10.26
[INFO] [stderr]   Downloaded serde_json v1.0.44
[INFO] [stderr]   Downloaded resolv-conf v0.6.2
[INFO] [stderr]   Downloaded enum-as-inner v0.3.0
[INFO] [stderr]   Downloaded ring v0.16.9
[INFO] [stderr]   Downloaded hostname v0.1.5
[INFO] [stderr]   Downloaded derive_more v0.99.2
[INFO] [stderr]   Downloaded requiem-rt v1.0.0
[INFO] [stderr]   Downloaded requiem-threadpool v0.3.1
[INFO] [stderr]   Downloaded untrusted v0.7.0
[INFO] [stderr]   Downloaded trust-dns-proto v0.18.0-alpha.2
[INFO] [stderr]   Downloaded failure v0.1.6
[INFO] [stderr]   Downloaded openssl-sys v0.9.53
[INFO] [stderr]   Downloaded requiem-connect v1.0.2
[INFO] [stderr]   Downloaded requiem-testing v1.0.0
[INFO] [stderr]   Downloaded async-trait v0.1.22
[INFO] [stderr]   Downloaded smallvec v1.1.0
[INFO] [stderr]   Downloaded actix-threadpool v0.3.1
[INFO] [stderr]   Downloaded miniz_oxide v0.3.5
[INFO] [stderr]   Downloaded pin-project-lite v0.1.2
[INFO] [stderr]   Downloaded synstructure v0.12.3
[INFO] [stderr]   Downloaded failure_derive v0.1.6
[INFO] [stderr]   Downloaded trust-dns-resolver v0.18.0-alpha.2
[INFO] [stderr]   Downloaded copyless v0.1.4
[INFO] [stderr]   Downloaded parking_lot_core v0.7.0
[INFO] [stderr]   Downloaded parking_lot v0.10.0
[INFO] [stderr]   Downloaded requiem-web-codegen v0.2.0
[INFO] [stderr]   Downloaded requiem-tls v1.0.0
[INFO] [stderr]   Downloaded requiem-router v0.2.4
[INFO] [stderr]   Downloaded requiem-macros v0.1.1
[INFO] [stderr]   Downloaded requiem-server v1.0.1
[INFO] [stderr]   Downloaded requiem-wc v1.0.1
[INFO] [stderr]   Downloaded requiem-service v1.0.5
[INFO] [stderr]   Downloaded requiem-codec v0.2.0
[INFO] [stderr]   Downloaded requiem v0.9.0
[INFO] [stderr]   Downloaded requiem-http v1.0.1
[INFO] [stderr]   Downloaded webpki v0.21.0
[INFO] [stderr]   Downloaded requiem-utils v1.0.6
[INFO] running `Command { std: "docker" "create" "-v" "/var/lib/crater-agent-workspace/builds/worker-90/target:/opt/rustwide/target:rw,Z" "-v" "/var/lib/crater-agent-workspace/builds/worker-90/source:/opt/rustwide/workdir:ro,Z" "-v" "/var/lib/crater-agent-workspace/cargo-home:/opt/rustwide/cargo-home:ro,Z" "-v" "/var/lib/crater-agent-workspace/rustup-home:/opt/rustwide/rustup-home:ro,Z" "-e" "SOURCE_DIR=/opt/rustwide/workdir" "-e" "CARGO_TARGET_DIR=/opt/rustwide/target" "-e" "CARGO_HOME=/opt/rustwide/cargo-home" "-e" "RUSTUP_HOME=/opt/rustwide/rustup-home" "-w" "/opt/rustwide/workdir" "-m" "1610612736" "--user" "0:0" "--network" "none" "ghcr.io/rust-lang/crates-build-env/linux@sha256:34b6a614d2c27851fe6cbf88fbd1137609cefab8b10d0615aaeb6fd47975d74e" "/opt/rustwide/cargo-home/bin/cargo" "+beta-2021-08-01" "metadata" "--no-deps" "--format-version=1", kill_on_drop: false }`
[INFO] [stdout] 97423adb3808d42ca04dd06fe90ef6a17a15ed41235fb1e1b7a5aeebb8880085
[INFO] running `Command { std: "docker" "start" "-a" "97423adb3808d42ca04dd06fe90ef6a17a15ed41235fb1e1b7a5aeebb8880085", kill_on_drop: false }`
[INFO] running `Command { std: "docker" "inspect" "97423adb3808d42ca04dd06fe90ef6a17a15ed41235fb1e1b7a5aeebb8880085", kill_on_drop: false }`
[INFO] running `Command { std: "docker" "rm" "-f" "97423adb3808d42ca04dd06fe90ef6a17a15ed41235fb1e1b7a5aeebb8880085", kill_on_drop: false }`
[INFO] [stdout] 97423adb3808d42ca04dd06fe90ef6a17a15ed41235fb1e1b7a5aeebb8880085
[INFO] running `Command { std: "docker" "create" "-v" "/var/lib/crater-agent-workspace/builds/worker-90/target:/opt/rustwide/target:rw,Z" "-v" "/var/lib/crater-agent-workspace/builds/worker-90/source:/opt/rustwide/workdir:ro,Z" "-v" "/var/lib/crater-agent-workspace/cargo-home:/opt/rustwide/cargo-home:ro,Z" "-v" "/var/lib/crater-agent-workspace/rustup-home:/opt/rustwide/rustup-home:ro,Z" "-e" "SOURCE_DIR=/opt/rustwide/workdir" "-e" "CARGO_TARGET_DIR=/opt/rustwide/target" "-e" "CARGO_INCREMENTAL=0" "-e" "RUST_BACKTRACE=full" "-e" "RUSTFLAGS=--cap-lints=warn" "-e" "CARGO_HOME=/opt/rustwide/cargo-home" "-e" "RUSTUP_HOME=/opt/rustwide/rustup-home" "-w" "/opt/rustwide/workdir" "-m" "1610612736" "--user" "0:0" "--network" "none" "ghcr.io/rust-lang/crates-build-env/linux@sha256:34b6a614d2c27851fe6cbf88fbd1137609cefab8b10d0615aaeb6fd47975d74e" "/opt/rustwide/cargo-home/bin/cargo" "+beta-2021-08-01" "build" "--frozen" "--message-format=json", kill_on_drop: false }`
[INFO] [stdout] b84b452f69554b5de1d7290a30bf2da76307ee961216b9cc08298b069f726a3c
[INFO] running `Command { std: "docker" "start" "-a" "b84b452f69554b5de1d7290a30bf2da76307ee961216b9cc08298b069f726a3c", kill_on_drop: false }`
[INFO] [stderr]    Compiling libc v0.2.66
[INFO] [stderr]    Compiling proc-macro2 v1.0.8
[INFO] [stderr]    Compiling unicode-xid v0.2.0
[INFO] [stderr]    Compiling syn v1.0.13
[INFO] [stderr]    Compiling cfg-if v0.1.10
[INFO] [stderr]    Compiling memchr v2.3.0
[INFO] [stderr]    Compiling log v0.4.8
[INFO] [stderr]    Compiling futures-core v0.3.1
[INFO] [stderr]    Compiling slab v0.4.2
[INFO] [stderr]    Compiling futures-sink v0.3.1
[INFO] [stderr]    Compiling smallvec v1.1.0
[INFO] [stderr]    Compiling proc-macro-nested v0.1.3
[INFO] [stderr]    Compiling bytes v0.5.3
[INFO] [stderr]    Compiling fnv v1.0.6
[INFO] [stderr]    Compiling arc-swap v0.4.4
[INFO] [stderr]    Compiling futures-io v0.3.1
[INFO] [stderr]    Compiling futures-task v0.3.1
[INFO] [stderr]    Compiling pin-utils v0.1.0-alpha.4
[INFO] [stderr]    Compiling cc v1.0.50
[INFO] [stderr]    Compiling pin-project-lite v0.1.2
[INFO] [stderr]    Compiling autocfg v1.0.0
[INFO] [stderr]    Compiling scopeguard v1.0.0
[INFO] [stderr]    Compiling getrandom v0.1.14
[INFO] [stderr]    Compiling typenum v1.11.2
[INFO] [stderr]    Compiling itoa v0.4.4
[INFO] [stderr]    Compiling copyless v0.1.4
[INFO] [stderr]    Compiling failure_derive v0.1.6
[INFO] [stderr]    Compiling ppv-lite86 v0.2.6
[INFO] [stderr]    Compiling serde v1.0.104
[INFO] [stderr]    Compiling unicode-segmentation v1.6.0
[INFO] [stderr]    Compiling byteorder v1.3.2
[INFO] [stderr]    Compiling percent-encoding v2.1.0
[INFO] [stderr]    Compiling rustc-demangle v0.1.16
[INFO] [stderr]    Compiling either v1.5.3
[INFO] [stderr]    Compiling crc32fast v1.2.0
[INFO] [stderr]    Compiling byte-tools v0.3.1
[INFO] [stderr]    Compiling linked-hash-map v0.5.2
[INFO] [stderr]    Compiling ryu v1.0.2
[INFO] [stderr]    Compiling regex-syntax v0.6.13
[INFO] [stderr]    Compiling encoding_rs v0.8.22
[INFO] [stderr]    Compiling adler32 v1.0.4
[INFO] [stderr]    Compiling httparse v1.3.4
[INFO] [stderr]    Compiling fake-simd v0.1.2
[INFO] [stderr]    Compiling opaque-debug v0.2.3
[INFO] [stderr]    Compiling dtoa v0.4.4
[INFO] [stderr]    Compiling mime v0.3.16
[INFO] [stderr]    Compiling base64 v0.11.0
[INFO] [stderr]    Compiling unicode-bidi v0.3.4
[INFO] [stderr]    Compiling thread_local v1.0.1
[INFO] [stderr]    Compiling futures-channel v0.3.1
[INFO] [stderr]    Compiling unicode-normalization v0.1.11
[INFO] [stderr]    Compiling lock_api v0.3.3
[INFO] [stderr]    Compiling block-padding v0.1.5
[INFO] [stderr]    Compiling miniz_oxide v0.3.5
[INFO] [stderr]    Compiling heck v0.3.1
[INFO] [stderr]    Compiling http v0.2.0
[INFO] [stderr]    Compiling bytestring v0.1.4
[INFO] [stderr]    Compiling lru-cache v0.1.2
[INFO] [stderr]    Compiling num-traits v0.2.11
[INFO] [stderr]    Compiling num-integer v0.1.42
[INFO] [stderr]    Compiling indexmap v1.3.1
[INFO] [stderr]    Compiling c2-chacha v0.2.3
[INFO] [stderr]    Compiling idna v0.2.0
[INFO] [stderr]    Compiling backtrace-sys v0.1.32
[INFO] [stderr]    Compiling brotli-sys v0.3.2
[INFO] [stderr]    Compiling aho-corasick v0.7.6
[INFO] [stderr]    Compiling quote v1.0.2
[INFO] [stderr]    Compiling url v2.1.1
[INFO] [stderr]    Compiling iovec v0.1.4
[INFO] [stderr]    Compiling net2 v0.2.33
[INFO] [stderr]    Compiling signal-hook-registry v1.2.0
[INFO] [stderr]    Compiling num_cpus v1.12.0
[INFO] [stderr]    Compiling parking_lot_core v0.7.0
[INFO] [stderr]    Compiling hostname v0.1.5
[INFO] [stderr]    Compiling socket2 v0.3.11
[INFO] [stderr]    Compiling time v0.1.42
[INFO] [stderr]    Compiling flate2 v1.0.13
[INFO] [stderr]    Compiling regex v1.3.3
[INFO] [stderr]    Compiling threadpool v1.7.1
[INFO] [stderr]    Compiling rand_core v0.5.1
[INFO] [stderr]    Compiling generic-array v0.12.3
[INFO] [stderr]    Compiling fxhash v0.2.1
[INFO] [stderr]    Compiling parking_lot v0.10.0
[INFO] [stderr]    Compiling mio v0.6.21
[INFO] [stderr]    Compiling resolv-conf v0.6.2
[INFO] [stderr]    Compiling digest v0.8.1
[INFO] [stderr]    Compiling block-buffer v0.7.3
[INFO] [stderr]    Compiling rand_chacha v0.2.1
[INFO] [stderr]    Compiling mio-uds v0.6.7
[INFO] [stderr]    Compiling sha-1 v0.8.2
[INFO] [stderr]    Compiling rand v0.7.3
[INFO] [stderr]    Compiling tokio v0.2.9
[INFO] [stderr]    Compiling chrono v0.4.10
[INFO] [stderr]    Compiling backtrace v0.3.42
[INFO] [stderr]    Compiling tokio-util v0.2.0
[INFO] [stderr]    Compiling requiem-codec v0.2.0
[INFO] [stderr]    Compiling synstructure v0.12.3
[INFO] [stderr]    Compiling proc-macro-hack v0.5.11
[INFO] [stderr]    Compiling pin-project-internal v0.4.6
[INFO] [stderr]    Compiling derive_more v0.99.2
[INFO] [stderr]    Compiling requiem-macros v0.1.1
[INFO] [stderr]    Compiling serde_derive v1.0.104
[INFO] [stderr]    Compiling async-trait v0.1.22
[INFO] [stderr]    Compiling enum-as-inner v0.3.0
[INFO] [stderr]    Compiling requiem-web-codegen v0.2.0
[INFO] [stderr]    Compiling brotli2 v0.3.2
[INFO] [stderr]    Compiling failure v0.1.6
[INFO] [stderr]    Compiling futures-macro v0.3.1
[INFO] [stderr]    Compiling futures-util v0.3.1
[INFO] [stderr]    Compiling pin-project v0.4.6
[INFO] [stderr]    Compiling requiem-threadpool v0.3.1
[INFO] [stderr]    Compiling futures-executor v0.3.1
[INFO] [stderr]    Compiling requiem-service v1.0.5
[INFO] [stderr]    Compiling h2 v0.2.1
[INFO] [stderr]    Compiling futures v0.3.1
[INFO] [stderr]    Compiling requiem-rt v1.0.0
[INFO] [stderr]    Compiling trust-dns-proto v0.18.0-alpha.2
[INFO] [stderr]    Compiling requiem-utils v1.0.6
[INFO] [stderr]    Compiling requiem-server v1.0.1
[INFO] [stderr]    Compiling requiem-tls v1.0.0
[INFO] [stderr]    Compiling requiem-testing v1.0.0
[INFO] [stderr]    Compiling trust-dns-resolver v0.18.0-alpha.2
[INFO] [stderr]    Compiling requiem-connect v1.0.2
[INFO] [stderr]    Compiling serde_json v1.0.44
[INFO] [stderr]    Compiling serde_urlencoded v0.6.1
[INFO] [stderr]    Compiling requiem-router v0.2.4
[INFO] [stderr]    Compiling requiem-http v1.0.1
[INFO] [stderr]    Compiling requiem-wc v1.0.1
[INFO] [stderr]    Compiling requiem-web v2.0.0-r2 (/opt/rustwide/workdir)
[INFO] [stdout] error: unexpected token
[INFO] [stdout]    --> src/extract.rs:217:20
[INFO] [stdout]     |
[INFO] [stdout] 217 |         futs: ($($T::Future,)+),
[INFO] [stdout]     |                    ^^
[INFO] [stdout] ...
[INFO] [stdout] 255 | tuple_from_req!(TupleFromRequest1, (0, A));
[INFO] [stdout]     | ------------------------------------------- in this macro invocation
[INFO] [stdout]     |
[INFO] [stdout]     = note: this error originates in the macro `tuple_from_req` (in Nightly builds, run with -Z macro-backtrace for more info)
[INFO] [stdout] 
[INFO] [stdout] 
[INFO] [stdout] error: unexpected token
[INFO] [stdout]    --> src/extract.rs:217:20
[INFO] [stdout]     |
[INFO] [stdout] 217 |         futs: ($($T::Future,)+),
[INFO] [stdout]     |                    ^^
[INFO] [stdout] ...
[INFO] [stdout] 256 | tuple_from_req!(TupleFromRequest2, (0, A), (1, B));
[INFO] [stdout]     | --------------------------------------------------- in this macro invocation
[INFO] [stdout]     |
[INFO] [stdout]     = note: this error originates in the macro `tuple_from_req` (in Nightly builds, run with -Z macro-backtrace for more info)
[INFO] [stdout] 
[INFO] [stdout] 
[INFO] [stdout] error: unexpected token
[INFO] [stdout]    --> src/extract.rs:217:20
[INFO] [stdout]     |
[INFO] [stdout] 217 |         futs: ($($T::Future,)+),
[INFO] [stdout]     |                    ^^
[INFO] [stdout] ...
[INFO] [stdout] 257 | tuple_from_req!(TupleFromRequest3, (0, A), (1, B), (2, C));
[INFO] [stdout]     | ----------------------------------------------------------- in this macro invocation
[INFO] [stdout]     |
[INFO] [stdout]     = note: this error originates in the macro `tuple_from_req` (in Nightly builds, run with -Z macro-backtrace for more info)
[INFO] [stdout] 
[INFO] [stdout] 
[INFO] [stdout] error: unexpected token
[INFO] [stdout]    --> src/extract.rs:217:20
[INFO] [stdout]     |
[INFO] [stdout] 217 |         futs: ($($T::Future,)+),
[INFO] [stdout]     |                    ^^
[INFO] [stdout] ...
[INFO] [stdout] 258 | tuple_from_req!(TupleFromRequest4, (0, A), (1, B), (2, C), (3, D));
[INFO] [stdout]     | ------------------------------------------------------------------- in this macro invocation
[INFO] [stdout]     |
[INFO] [stdout]     = note: this error originates in the macro `tuple_from_req` (in Nightly builds, run with -Z macro-backtrace for more info)
[INFO] [stdout] 
[INFO] [stdout] 
[INFO] [stdout] error: unexpected token
[INFO] [stdout]    --> src/extract.rs:217:20
[INFO] [stdout]     |
[INFO] [stdout] 217 |         futs: ($($T::Future,)+),
[INFO] [stdout]     |                    ^^
[INFO] [stdout] ...
[INFO] [stdout] 259 | tuple_from_req!(TupleFromRequest5, (0, A), (1, B), (2, C), (3, D), (4, E));
[INFO] [stdout]     | --------------------------------------------------------------------------- in this macro invocation
[INFO] [stdout]     |
[INFO] [stdout]     = note: this error originates in the macro `tuple_from_req` (in Nightly builds, run with -Z macro-backtrace for more info)
[INFO] [stdout] 
[INFO] [stdout] 
[INFO] [stdout] error: unexpected token
[INFO] [stdout]    --> src/extract.rs:217:20
[INFO] [stdout]     |
[INFO] [stdout] 217 |         futs: ($($T::Future,)+),
[INFO] [stdout]     |                    ^^
[INFO] [stdout] ...
[INFO] [stdout] 260 | tuple_from_req!(TupleFromRequest6, (0, A), (1, B), (2, C), (3, D), (4, E), (5, F));
[INFO] [stdout]     | ----------------------------------------------------------------------------------- in this macro invocation
[INFO] [stdout]     |
[INFO] [stdout]     = note: this error originates in the macro `tuple_from_req` (in Nightly builds, run with -Z macro-backtrace for more info)
[INFO] [stdout] 
[INFO] [stdout] 
[INFO] [stdout] error: unexpected token
[INFO] [stdout]    --> src/extract.rs:217:20
[INFO] [stdout]     |
[INFO] [stdout] 217 |         futs: ($($T::Future,)+),
[INFO] [stdout]     |                    ^^
[INFO] [stdout] ...
[INFO] [stdout] 261 | tuple_from_req!(TupleFromRequest7, (0, A), (1, B), (2, C), (3, D), (4, E), (5, F), (6, G));
[INFO] [stdout]     | ------------------------------------------------------------------------------------------- in this macro invocation
[INFO] [stdout]     |
[INFO] [stdout]     = note: this error originates in the macro `tuple_from_req` (in Nightly builds, run with -Z macro-backtrace for more info)
[INFO] [stdout] 
[INFO] [stdout] 
[INFO] [stdout] error: unexpected token
[INFO] [stdout]    --> src/extract.rs:217:20
[INFO] [stdout]     |
[INFO] [stdout] 217 |         futs: ($($T::Future,)+),
[INFO] [stdout]     |                    ^^
[INFO] [stdout] ...
[INFO] [stdout] 262 | tuple_from_req!(TupleFromRequest8, (0, A), (1, B), (2, C), (3, D), (4, E), (5, F), (6, G), (7, H));
[INFO] [stdout]     | --------------------------------------------------------------------------------------------------- in this macro invocation
[INFO] [stdout]     |
[INFO] [stdout]     = note: this error originates in the macro `tuple_from_req` (in Nightly builds, run with -Z macro-backtrace for more info)
[INFO] [stdout] 
[INFO] [stdout] 
[INFO] [stdout] error: unexpected token
[INFO] [stdout]    --> src/extract.rs:217:20
[INFO] [stdout]     |
[INFO] [stdout] 217 |         futs: ($($T::Future,)+),
[INFO] [stdout]     |                    ^^
[INFO] [stdout] ...
[INFO] [stdout] 263 | tuple_from_req!(TupleFromRequest9, (0, A), (1, B), (2, C), (3, D), (4, E), (5, F), (6, G), (7, H), (8, I));
[INFO] [stdout]     | ----------------------------------------------------------------------------------------------------------- in this macro invocation
[INFO] [stdout]     |
[INFO] [stdout]     = note: this error originates in the macro `tuple_from_req` (in Nightly builds, run with -Z macro-backtrace for more info)
[INFO] [stdout] 
[INFO] [stdout] 
[INFO] [stdout] error: unexpected token
[INFO] [stdout]    --> src/extract.rs:217:20
[INFO] [stdout]     |
[INFO] [stdout] 217 |         futs: ($($T::Future,)+),
[INFO] [stdout]     |                    ^^
[INFO] [stdout] ...
[INFO] [stdout] 264 | tuple_from_req!(TupleFromRequest10, (0, A), (1, B), (2, C), (3, D), (4, E), (5, F), (6, G), (7, H), (8, I), (9, J));
[INFO] [stdout]     | -------------------------------------------------------------------------------------------------------------------- in this macro invocation
[INFO] [stdout]     |
[INFO] [stdout]     = note: this error originates in the macro `tuple_from_req` (in Nightly builds, run with -Z macro-backtrace for more info)
[INFO] [stdout] 
[INFO] [stdout] 
[INFO] [stdout] error[E0599]: no method named `project` found for struct `std::pin::Pin<&mut TupleFromRequest1<A>>` in the current scope
[INFO] [stdout]    --> src/extract.rs:225:29
[INFO] [stdout]     |
[INFO] [stdout] 225 |             let this = self.project();
[INFO] [stdout]     |                             ^^^^^^^ method not found in `std::pin::Pin<&mut TupleFromRequest1<A>>`
[INFO] [stdout] ...
[INFO] [stdout] 255 | tuple_from_req!(TupleFromRequest1, (0, A));
[INFO] [stdout]     | ------------------------------------------- in this macro invocation
[INFO] [stdout]     |
[INFO] [stdout]     = note: this error originates in the macro `tuple_from_req` (in Nightly builds, run with -Z macro-backtrace for more info)
[INFO] [stdout] 
[INFO] [stdout] 
[INFO] [stdout] error[E0599]: no method named `project` found for struct `std::pin::Pin<&mut TupleFromRequest2<A, B>>` in the current scope
[INFO] [stdout]    --> src/extract.rs:225:29
[INFO] [stdout]     |
[INFO] [stdout] 225 |             let this = self.project();
[INFO] [stdout]     |                             ^^^^^^^ method not found in `std::pin::Pin<&mut TupleFromRequest2<A, B>>`
[INFO] [stdout] ...
[INFO] [stdout] 256 | tuple_from_req!(TupleFromRequest2, (0, A), (1, B));
[INFO] [stdout]     | --------------------------------------------------- in this macro invocation
[INFO] [stdout]     |
[INFO] [stdout]     = note: this error originates in the macro `tuple_from_req` (in Nightly builds, run with -Z macro-backtrace for more info)
[INFO] [stdout] 
[INFO] [stdout] 
[INFO] [stdout] error[E0599]: no method named `project` found for struct `std::pin::Pin<&mut TupleFromRequest3<A, B, C>>` in the current scope
[INFO] [stdout]    --> src/extract.rs:225:29
[INFO] [stdout]     |
[INFO] [stdout] 225 |             let this = self.project();
[INFO] [stdout]     |                             ^^^^^^^ method not found in `std::pin::Pin<&mut TupleFromRequest3<A, B, C>>`
[INFO] [stdout] ...
[INFO] [stdout] 257 | tuple_from_req!(TupleFromRequest3, (0, A), (1, B), (2, C));
[INFO] [stdout]     | ----------------------------------------------------------- in this macro invocation
[INFO] [stdout]     |
[INFO] [stdout]     = note: this error originates in the macro `tuple_from_req` (in Nightly builds, run with -Z macro-backtrace for more info)
[INFO] [stdout] 
[INFO] [stdout] 
[INFO] [stdout] error[E0599]: no method named `project` found for struct `std::pin::Pin<&mut TupleFromRequest4<A, B, C, D>>` in the current scope
[INFO] [stdout]    --> src/extract.rs:225:29
[INFO] [stdout]     |
[INFO] [stdout] 225 |             let this = self.project();
[INFO] [stdout]     |                             ^^^^^^^ method not found in `std::pin::Pin<&mut TupleFromRequest4<A, B, C, D>>`
[INFO] [stdout] ...
[INFO] [stdout] 258 | tuple_from_req!(TupleFromRequest4, (0, A), (1, B), (2, C), (3, D));
[INFO] [stdout]     | ------------------------------------------------------------------- in this macro invocation
[INFO] [stdout]     |
[INFO] [stdout]     = note: this error originates in the macro `tuple_from_req` (in Nightly builds, run with -Z macro-backtrace for more info)
[INFO] [stdout] 
[INFO] [stdout] 
[INFO] [stdout] error[E0599]: no method named `project` found for struct `std::pin::Pin<&mut TupleFromRequest5<A, B, C, D, E>>` in the current scope
[INFO] [stdout]    --> src/extract.rs:225:29
[INFO] [stdout]     |
[INFO] [stdout] 225 |             let this = self.project();
[INFO] [stdout]     |                             ^^^^^^^ method not found in `std::pin::Pin<&mut TupleFromRequest5<A, B, C, D, E>>`
[INFO] [stdout] ...
[INFO] [stdout] 259 | tuple_from_req!(TupleFromRequest5, (0, A), (1, B), (2, C), (3, D), (4, E));
[INFO] [stdout]     | --------------------------------------------------------------------------- in this macro invocation
[INFO] [stdout]     |
[INFO] [stdout]     = note: this error originates in the macro `tuple_from_req` (in Nightly builds, run with -Z macro-backtrace for more info)
[INFO] [stdout] 
[INFO] [stdout] 
[INFO] [stdout] error[E0599]: no method named `project` found for struct `std::pin::Pin<&mut TupleFromRequest6<A, B, C, D, E, F>>` in the current scope
[INFO] [stdout]    --> src/extract.rs:225:29
[INFO] [stdout]     |
[INFO] [stdout] 225 |             let this = self.project();
[INFO] [stdout]     |                             ^^^^^^^ method not found in `std::pin::Pin<&mut TupleFromRequest6<A, B, C, D, E, F>>`
[INFO] [stdout] ...
[INFO] [stdout] 260 | tuple_from_req!(TupleFromRequest6, (0, A), (1, B), (2, C), (3, D), (4, E), (5, F));
[INFO] [stdout]     | ----------------------------------------------------------------------------------- in this macro invocation
[INFO] [stdout]     |
[INFO] [stdout]     = note: this error originates in the macro `tuple_from_req` (in Nightly builds, run with -Z macro-backtrace for more info)
[INFO] [stdout] 
[INFO] [stdout] 
[INFO] [stdout] error[E0599]: no method named `project` found for struct `std::pin::Pin<&mut TupleFromRequest7<A, B, C, D, E, F, G>>` in the current scope
[INFO] [stdout]    --> src/extract.rs:225:29
[INFO] [stdout]     |
[INFO] [stdout] 225 |             let this = self.project();
[INFO] [stdout]     |                             ^^^^^^^ method not found in `std::pin::Pin<&mut TupleFromRequest7<A, B, C, D, E, F, G>>`
[INFO] [stdout] ...
[INFO] [stdout] 261 | tuple_from_req!(TupleFromRequest7, (0, A), (1, B), (2, C), (3, D), (4, E), (5, F), (6, G));
[INFO] [stdout]     | ------------------------------------------------------------------------------------------- in this macro invocation
[INFO] [stdout]     |
[INFO] [stdout]     = note: this error originates in the macro `tuple_from_req` (in Nightly builds, run with -Z macro-backtrace for more info)
[INFO] [stdout] 
[INFO] [stdout] 
[INFO] [stdout] error[E0599]: no method named `project` found for struct `std::pin::Pin<&mut TupleFromRequest8<A, B, C, D, E, F, G, H>>` in the current scope
[INFO] [stdout]    --> src/extract.rs:225:29
[INFO] [stdout]     |
[INFO] [stdout] 225 |             let this = self.project();
[INFO] [stdout]     |                             ^^^^^^^ method not found in `std::pin::Pin<&mut TupleFromRequest8<A, B, C, D, E, F, G, H>>`
[INFO] [stdout] ...
[INFO] [stdout] 262 | tuple_from_req!(TupleFromRequest8, (0, A), (1, B), (2, C), (3, D), (4, E), (5, F), (6, G), (7, H));
[INFO] [stdout]     | --------------------------------------------------------------------------------------------------- in this macro invocation
[INFO] [stdout]     |
[INFO] [stdout]     = note: this error originates in the macro `tuple_from_req` (in Nightly builds, run with -Z macro-backtrace for more info)
[INFO] [stdout] 
[INFO] [stdout] 
[INFO] [stdout] error[E0599]: no method named `project` found for struct `std::pin::Pin<&mut TupleFromRequest9<A, B, C, D, E, F, G, H, I>>` in the current scope
[INFO] [stdout]    --> src/extract.rs:225:29
[INFO] [stdout]     |
[INFO] [stdout] 225 |             let this = self.project();
[INFO] [stdout]     |                             ^^^^^^^ method not found in `std::pin::Pin<&mut TupleFromRequest9<A, B, C, D, E, F, G, H, I>>`
[INFO] [stdout] ...
[INFO] [stdout] 263 | tuple_from_req!(TupleFromRequest9, (0, A), (1, B), (2, C), (3, D), (4, E), (5, F), (6, G), (7, H), (8, I));
[INFO] [stdout]     | ----------------------------------------------------------------------------------------------------------- in this macro invocation
[INFO] [stdout]     |
[INFO] [stdout]     = note: this error originates in the macro `tuple_from_req` (in Nightly builds, run with -Z macro-backtrace for more info)
[INFO] [stdout] 
[INFO] [stdout] 
[INFO] [stdout] error[E0599]: no method named `project` found for struct `std::pin::Pin<&mut TupleFromRequest10<A, B, C, D, E, F, G, H, I, J>>` in the current scope
[INFO] [stdout]    --> src/extract.rs:225:29
[INFO] [stdout]     |
[INFO] [stdout] 225 |             let this = self.project();
[INFO] [stdout]     |                             ^^^^^^^ method not found in `std::pin::Pin<&mut TupleFromRequest10<A, B, C, D, E, F, G, H, I, J>>`
[INFO] [stdout] ...
[INFO] [stdout] 264 | tuple_from_req!(TupleFromRequest10, (0, A), (1, B), (2, C), (3, D), (4, E), (5, F), (6, G), (7, H), (8, I), (9, J));
[INFO] [stdout]     | -------------------------------------------------------------------------------------------------------------------- in this macro invocation
[INFO] [stdout]     |
[INFO] [stdout]     = note: this error originates in the macro `tuple_from_req` (in Nightly builds, run with -Z macro-backtrace for more info)
[INFO] [stdout] 
[INFO] [stdout] 
[INFO] [stdout] error: aborting due to 20 previous errors
[INFO] [stdout] 
[INFO] [stdout] 
[INFO] [stdout] For more information about this error, try `rustc --explain E0599`.
[INFO] [stdout] 
[INFO] [stderr] error: could not compile `requiem-web` due to 21 previous errors
[INFO] running `Command { std: "docker" "inspect" "b84b452f69554b5de1d7290a30bf2da76307ee961216b9cc08298b069f726a3c", kill_on_drop: false }`
[INFO] running `Command { std: "docker" "rm" "-f" "b84b452f69554b5de1d7290a30bf2da76307ee961216b9cc08298b069f726a3c", kill_on_drop: false }`
[INFO] [stdout] b84b452f69554b5de1d7290a30bf2da76307ee961216b9cc08298b069f726a3c
