[INFO] fetching crate reduce 0.1.4...
[INFO] testing reduce-0.1.4 against 1.54.0 for beta-1.55-1
[INFO] extracting crate reduce 0.1.4 into /workspace/builds/worker-50/source
[INFO] validating manifest of crates.io crate reduce 0.1.4 on toolchain 1.54.0
[INFO] running `Command { std: "/workspace/cargo-home/bin/cargo" "+1.54.0" "metadata" "--manifest-path" "Cargo.toml" "--no-deps", kill_on_drop: false }`
[INFO] started tweaking crates.io crate reduce 0.1.4
[INFO] finished tweaking crates.io crate reduce 0.1.4
[INFO] tweaked toml for crates.io crate reduce 0.1.4 written to /workspace/builds/worker-50/source/Cargo.toml
[INFO] running `Command { std: "/workspace/cargo-home/bin/cargo" "+1.54.0" "generate-lockfile" "--manifest-path" "Cargo.toml" "-Zno-index-update", kill_on_drop: false }`
[INFO] [stderr]     Blocking waiting for file lock on package cache
[INFO] running `Command { std: "/workspace/cargo-home/bin/cargo" "+1.54.0" "fetch" "--manifest-path" "Cargo.toml", kill_on_drop: false }`
[INFO] [stderr]     Blocking waiting for file lock on package cache
[INFO] [stderr]     Blocking waiting for file lock on package cache
[INFO] running `Command { std: "docker" "create" "-v" "/var/lib/crater-agent-workspace/builds/worker-50/target:/opt/rustwide/target:rw,Z" "-v" "/var/lib/crater-agent-workspace/builds/worker-50/source:/opt/rustwide/workdir:ro,Z" "-v" "/var/lib/crater-agent-workspace/cargo-home:/opt/rustwide/cargo-home:ro,Z" "-v" "/var/lib/crater-agent-workspace/rustup-home:/opt/rustwide/rustup-home:ro,Z" "-e" "SOURCE_DIR=/opt/rustwide/workdir" "-e" "CARGO_TARGET_DIR=/opt/rustwide/target" "-e" "CARGO_HOME=/opt/rustwide/cargo-home" "-e" "RUSTUP_HOME=/opt/rustwide/rustup-home" "-w" "/opt/rustwide/workdir" "-m" "1610612736" "--user" "0:0" "--network" "none" "ghcr.io/rust-lang/crates-build-env/linux@sha256:34b6a614d2c27851fe6cbf88fbd1137609cefab8b10d0615aaeb6fd47975d74e" "/opt/rustwide/cargo-home/bin/cargo" "+1.54.0" "metadata" "--no-deps" "--format-version=1", kill_on_drop: false }`
[INFO] [stdout] 37bbe9f6f7799b1581a95646d2bb22d0cc95d7af4052ddedf4225a10ce1e9313
[INFO] running `Command { std: "docker" "start" "-a" "37bbe9f6f7799b1581a95646d2bb22d0cc95d7af4052ddedf4225a10ce1e9313", kill_on_drop: false }`
[INFO] running `Command { std: "docker" "inspect" "37bbe9f6f7799b1581a95646d2bb22d0cc95d7af4052ddedf4225a10ce1e9313", kill_on_drop: false }`
[INFO] running `Command { std: "docker" "rm" "-f" "37bbe9f6f7799b1581a95646d2bb22d0cc95d7af4052ddedf4225a10ce1e9313", kill_on_drop: false }`
[INFO] [stdout] 37bbe9f6f7799b1581a95646d2bb22d0cc95d7af4052ddedf4225a10ce1e9313
[INFO] running `Command { std: "docker" "create" "-v" "/var/lib/crater-agent-workspace/builds/worker-50/target:/opt/rustwide/target:rw,Z" "-v" "/var/lib/crater-agent-workspace/builds/worker-50/source:/opt/rustwide/workdir:ro,Z" "-v" "/var/lib/crater-agent-workspace/cargo-home:/opt/rustwide/cargo-home:ro,Z" "-v" "/var/lib/crater-agent-workspace/rustup-home:/opt/rustwide/rustup-home:ro,Z" "-e" "SOURCE_DIR=/opt/rustwide/workdir" "-e" "CARGO_TARGET_DIR=/opt/rustwide/target" "-e" "CARGO_INCREMENTAL=0" "-e" "RUST_BACKTRACE=full" "-e" "RUSTFLAGS=--cap-lints=warn" "-e" "CARGO_HOME=/opt/rustwide/cargo-home" "-e" "RUSTUP_HOME=/opt/rustwide/rustup-home" "-w" "/opt/rustwide/workdir" "-m" "1610612736" "--user" "0:0" "--network" "none" "ghcr.io/rust-lang/crates-build-env/linux@sha256:34b6a614d2c27851fe6cbf88fbd1137609cefab8b10d0615aaeb6fd47975d74e" "/opt/rustwide/cargo-home/bin/cargo" "+1.54.0" "build" "--frozen" "--message-format=json", kill_on_drop: false }`
[INFO] [stdout] f85bb3c2f6d4fd96a708ae7d59593aa92fe17c3ff8d43ed1b1413a602d657636
[INFO] running `Command { std: "docker" "start" "-a" "f85bb3c2f6d4fd96a708ae7d59593aa92fe17c3ff8d43ed1b1413a602d657636", kill_on_drop: false }`
[INFO] [stderr]    Compiling reduce v0.1.4 (/opt/rustwide/workdir)
[INFO] [stderr]     Finished dev [unoptimized + debuginfo] target(s) in 1.01s
[INFO] running `Command { std: "docker" "inspect" "f85bb3c2f6d4fd96a708ae7d59593aa92fe17c3ff8d43ed1b1413a602d657636", kill_on_drop: false }`
[INFO] running `Command { std: "docker" "rm" "-f" "f85bb3c2f6d4fd96a708ae7d59593aa92fe17c3ff8d43ed1b1413a602d657636", kill_on_drop: false }`
[INFO] [stdout] f85bb3c2f6d4fd96a708ae7d59593aa92fe17c3ff8d43ed1b1413a602d657636
[INFO] running `Command { std: "docker" "create" "-v" "/var/lib/crater-agent-workspace/builds/worker-50/target:/opt/rustwide/target:rw,Z" "-v" "/var/lib/crater-agent-workspace/builds/worker-50/source:/opt/rustwide/workdir:ro,Z" "-v" "/var/lib/crater-agent-workspace/cargo-home:/opt/rustwide/cargo-home:ro,Z" "-v" "/var/lib/crater-agent-workspace/rustup-home:/opt/rustwide/rustup-home:ro,Z" "-e" "SOURCE_DIR=/opt/rustwide/workdir" "-e" "CARGO_TARGET_DIR=/opt/rustwide/target" "-e" "CARGO_INCREMENTAL=0" "-e" "RUST_BACKTRACE=full" "-e" "RUSTFLAGS=--cap-lints=warn" "-e" "CARGO_HOME=/opt/rustwide/cargo-home" "-e" "RUSTUP_HOME=/opt/rustwide/rustup-home" "-w" "/opt/rustwide/workdir" "-m" "1610612736" "--user" "0:0" "--network" "none" "ghcr.io/rust-lang/crates-build-env/linux@sha256:34b6a614d2c27851fe6cbf88fbd1137609cefab8b10d0615aaeb6fd47975d74e" "/opt/rustwide/cargo-home/bin/cargo" "+1.54.0" "test" "--frozen" "--no-run" "--message-format=json", kill_on_drop: false }`
[INFO] [stdout] da123c35ead62776dcf478ca615779d3f6574610316f1b274d937a8bf5849994
[INFO] running `Command { std: "docker" "start" "-a" "da123c35ead62776dcf478ca615779d3f6574610316f1b274d937a8bf5849994", kill_on_drop: false }`
[INFO] [stderr]    Compiling reduce v0.1.4 (/opt/rustwide/workdir)
[INFO] [stdout] error[E0034]: multiple applicable items in scope
[INFO] [stdout]  --> tests/test.rs:6:29
[INFO] [stdout]   |
[INFO] [stdout] 6 |     let sum = v.into_iter().reduce(|a, b| a + b);
[INFO] [stdout]   |                             ^^^^^^ multiple `reduce` found
[INFO] [stdout]   |
[INFO] [stdout]   = note: candidate #1 is defined in an impl of the trait `Iterator` for the type `std::vec::IntoIter<T, A>`
[INFO] [stdout]   = note: candidate #2 is defined in an impl of the trait `Reduce` for the type `I`
[INFO] [stdout] help: disambiguate the associated function for candidate #1
[INFO] [stdout]   |
[INFO] [stdout] 6 |     let sum = Iterator::reduce(v.into_iter(), |a, b| a + b);
[INFO] [stdout]   |               ^^^^^^^^^^^^^^^^^^^^^^^^^^^^^^^^^^^^^^^^^^^^^
[INFO] [stdout] help: disambiguate the associated function for candidate #2
[INFO] [stdout]   |
[INFO] [stdout] 6 |     let sum = Reduce::reduce(v.into_iter(), |a, b| a + b);
[INFO] [stdout]   |               ^^^^^^^^^^^^^^^^^^^^^^^^^^^^^^^^^^^^^^^^^^^
[INFO] [stdout] 
[INFO] [stdout] 
[INFO] [stdout] error[E0034]: multiple applicable items in scope
[INFO] [stdout]   --> tests/test.rs:13:29
[INFO] [stdout]    |
[INFO] [stdout] 13 |     let sum = v.into_iter().reduce(|a, b| a + b);
[INFO] [stdout]    |                             ^^^^^^ multiple `reduce` found
[INFO] [stdout]    |
[INFO] [stdout]    = note: candidate #1 is defined in an impl of the trait `Iterator` for the type `std::vec::IntoIter<T, A>`
[INFO] [stdout]    = note: candidate #2 is defined in an impl of the trait `Reduce` for the type `I`
[INFO] [stdout] help: disambiguate the associated function for candidate #1
[INFO] [stdout]    |
[INFO] [stdout] 13 |     let sum = Iterator::reduce(v.into_iter(), |a, b| a + b);
[INFO] [stdout]    |               ^^^^^^^^^^^^^^^^^^^^^^^^^^^^^^^^^^^^^^^^^^^^^
[INFO] [stdout] help: disambiguate the associated function for candidate #2
[INFO] [stdout]    |
[INFO] [stdout] 13 |     let sum = Reduce::reduce(v.into_iter(), |a, b| a + b);
[INFO] [stdout]    |               ^^^^^^^^^^^^^^^^^^^^^^^^^^^^^^^^^^^^^^^^^^^
[INFO] [stdout] 
[INFO] [stdout] 
[INFO] [stdout] error[E0034]: multiple applicable items in scope
[INFO] [stdout]   --> tests/test.rs:20:29
[INFO] [stdout]    |
[INFO] [stdout] 20 |     let sum = v.into_iter().reduce(|a, b| a + b);
[INFO] [stdout]    |                             ^^^^^^ multiple `reduce` found
[INFO] [stdout]    |
[INFO] [stdout]    = note: candidate #1 is defined in an impl of the trait `Iterator` for the type `std::vec::IntoIter<T, A>`
[INFO] [stdout]    = note: candidate #2 is defined in an impl of the trait `Reduce` for the type `I`
[INFO] [stdout] help: disambiguate the associated function for candidate #1
[INFO] [stdout]    |
[INFO] [stdout] 20 |     let sum = Iterator::reduce(v.into_iter(), |a, b| a + b);
[INFO] [stdout]    |               ^^^^^^^^^^^^^^^^^^^^^^^^^^^^^^^^^^^^^^^^^^^^^
[INFO] [stdout] help: disambiguate the associated function for candidate #2
[INFO] [stdout]    |
[INFO] [stdout] 20 |     let sum = Reduce::reduce(v.into_iter(), |a, b| a + b);
[INFO] [stdout]    |               ^^^^^^^^^^^^^^^^^^^^^^^^^^^^^^^^^^^^^^^^^^^
[INFO] [stdout] 
[INFO] [stdout] 
[INFO] [stdout] warning: unused import: `reduce::Reduce`
[INFO] [stdout]  --> tests/test.rs:1:5
[INFO] [stdout]   |
[INFO] [stdout] 1 | use reduce::Reduce;
[INFO] [stdout]   |     ^^^^^^^^^^^^^^
[INFO] [stdout]   |
[INFO] [stdout]   = note: `#[warn(unused_imports)]` on by default
[INFO] [stdout] 
[INFO] [stdout] 
[INFO] [stdout] error: aborting due to 3 previous errors; 1 warning emitted
[INFO] [stdout] 
[INFO] [stdout] 
[INFO] [stdout] For more information about this error, try `rustc --explain E0034`.
[INFO] [stdout] 
[INFO] [stderr] error: could not compile `reduce`
[INFO] [stderr] 
[INFO] [stderr] To learn more, run the command again with --verbose.
[INFO] [stderr] warning: build failed, waiting for other jobs to finish...
[INFO] [stderr] error: build failed
[INFO] running `Command { std: "docker" "inspect" "da123c35ead62776dcf478ca615779d3f6574610316f1b274d937a8bf5849994", kill_on_drop: false }`
[INFO] running `Command { std: "docker" "rm" "-f" "da123c35ead62776dcf478ca615779d3f6574610316f1b274d937a8bf5849994", kill_on_drop: false }`
[INFO] [stdout] da123c35ead62776dcf478ca615779d3f6574610316f1b274d937a8bf5849994
