[INFO] fetching crate realfft 2.0.1...
[INFO] testing realfft-2.0.1 against beta-2021-08-01 for beta-1.55-1
[INFO] extracting crate realfft 2.0.1 into /workspace/builds/worker-49/source
[INFO] validating manifest of crates.io crate realfft 2.0.1 on toolchain beta-2021-08-01
[INFO] running `Command { std: "/workspace/cargo-home/bin/cargo" "+beta-2021-08-01" "metadata" "--manifest-path" "Cargo.toml" "--no-deps", kill_on_drop: false }`
[INFO] started tweaking crates.io crate realfft 2.0.1
[INFO] finished tweaking crates.io crate realfft 2.0.1
[INFO] tweaked toml for crates.io crate realfft 2.0.1 written to /workspace/builds/worker-49/source/Cargo.toml
[INFO] crate crates.io crate realfft 2.0.1 already has a lockfile, it will not be regenerated
[INFO] running `Command { std: "/workspace/cargo-home/bin/cargo" "+beta-2021-08-01" "fetch" "--manifest-path" "Cargo.toml", kill_on_drop: false }`
[INFO] [stderr]     Blocking waiting for file lock on package cache
[INFO] [stderr]     Blocking waiting for file lock on package cache
[INFO] [stderr]  Downloading crates ...
[INFO] [stderr]   Downloaded cast v0.2.5
[INFO] [stderr]   Downloaded rustfft v6.0.0
[INFO] running `Command { std: "docker" "create" "-v" "/var/lib/crater-agent-workspace/builds/worker-49/target:/opt/rustwide/target:rw,Z" "-v" "/var/lib/crater-agent-workspace/builds/worker-49/source:/opt/rustwide/workdir:ro,Z" "-v" "/var/lib/crater-agent-workspace/cargo-home:/opt/rustwide/cargo-home:ro,Z" "-v" "/var/lib/crater-agent-workspace/rustup-home:/opt/rustwide/rustup-home:ro,Z" "-e" "SOURCE_DIR=/opt/rustwide/workdir" "-e" "CARGO_TARGET_DIR=/opt/rustwide/target" "-e" "CARGO_HOME=/opt/rustwide/cargo-home" "-e" "RUSTUP_HOME=/opt/rustwide/rustup-home" "-w" "/opt/rustwide/workdir" "-m" "1610612736" "--user" "0:0" "--network" "none" "ghcr.io/rust-lang/crates-build-env/linux@sha256:34b6a614d2c27851fe6cbf88fbd1137609cefab8b10d0615aaeb6fd47975d74e" "/opt/rustwide/cargo-home/bin/cargo" "+beta-2021-08-01" "metadata" "--no-deps" "--format-version=1", kill_on_drop: false }`
[INFO] [stdout] 19c9929b59d14fc24129aeb6bd1cc8c1bc185b263e48597d2c0219bf639f3494
[INFO] running `Command { std: "docker" "start" "-a" "19c9929b59d14fc24129aeb6bd1cc8c1bc185b263e48597d2c0219bf639f3494", kill_on_drop: false }`
[INFO] running `Command { std: "docker" "inspect" "19c9929b59d14fc24129aeb6bd1cc8c1bc185b263e48597d2c0219bf639f3494", kill_on_drop: false }`
[INFO] running `Command { std: "docker" "rm" "-f" "19c9929b59d14fc24129aeb6bd1cc8c1bc185b263e48597d2c0219bf639f3494", kill_on_drop: false }`
[INFO] [stdout] 19c9929b59d14fc24129aeb6bd1cc8c1bc185b263e48597d2c0219bf639f3494
[INFO] running `Command { std: "docker" "create" "-v" "/var/lib/crater-agent-workspace/builds/worker-49/target:/opt/rustwide/target:rw,Z" "-v" "/var/lib/crater-agent-workspace/builds/worker-49/source:/opt/rustwide/workdir:ro,Z" "-v" "/var/lib/crater-agent-workspace/cargo-home:/opt/rustwide/cargo-home:ro,Z" "-v" "/var/lib/crater-agent-workspace/rustup-home:/opt/rustwide/rustup-home:ro,Z" "-e" "SOURCE_DIR=/opt/rustwide/workdir" "-e" "CARGO_TARGET_DIR=/opt/rustwide/target" "-e" "CARGO_INCREMENTAL=0" "-e" "RUST_BACKTRACE=full" "-e" "RUSTFLAGS=--cap-lints=warn" "-e" "CARGO_HOME=/opt/rustwide/cargo-home" "-e" "RUSTUP_HOME=/opt/rustwide/rustup-home" "-w" "/opt/rustwide/workdir" "-m" "1610612736" "--user" "0:0" "--network" "none" "ghcr.io/rust-lang/crates-build-env/linux@sha256:34b6a614d2c27851fe6cbf88fbd1137609cefab8b10d0615aaeb6fd47975d74e" "/opt/rustwide/cargo-home/bin/cargo" "+beta-2021-08-01" "build" "--frozen" "--message-format=json", kill_on_drop: false }`
[INFO] [stdout] 2feb6932e9d1fcaff8e84e9d6c63d62588a582b624c227b76333979b4b8f2d79
[INFO] running `Command { std: "docker" "start" "-a" "2feb6932e9d1fcaff8e84e9d6c63d62588a582b624c227b76333979b4b8f2d79", kill_on_drop: false }`
[INFO] [stderr]    Compiling autocfg v1.0.1
[INFO] [stderr]    Compiling strength_reduce v0.2.3
[INFO] [stderr]    Compiling num-traits v0.2.14
[INFO] [stderr]    Compiling num-integer v0.1.44
[INFO] [stderr]    Compiling num-complex v0.4.0
[INFO] [stderr]    Compiling transpose v0.2.1
[INFO] [stderr]    Compiling primal-check v0.3.1
[INFO] [stderr]    Compiling rustfft v6.0.0
[INFO] [stderr]    Compiling realfft v2.0.1 (/opt/rustwide/workdir)
[INFO] [stderr]     Finished dev [unoptimized + debuginfo] target(s) in 13.44s
[INFO] running `Command { std: "docker" "inspect" "2feb6932e9d1fcaff8e84e9d6c63d62588a582b624c227b76333979b4b8f2d79", kill_on_drop: false }`
[INFO] running `Command { std: "docker" "rm" "-f" "2feb6932e9d1fcaff8e84e9d6c63d62588a582b624c227b76333979b4b8f2d79", kill_on_drop: false }`
[INFO] [stdout] 2feb6932e9d1fcaff8e84e9d6c63d62588a582b624c227b76333979b4b8f2d79
[INFO] running `Command { std: "docker" "create" "-v" "/var/lib/crater-agent-workspace/builds/worker-49/target:/opt/rustwide/target:rw,Z" "-v" "/var/lib/crater-agent-workspace/builds/worker-49/source:/opt/rustwide/workdir:ro,Z" "-v" "/var/lib/crater-agent-workspace/cargo-home:/opt/rustwide/cargo-home:ro,Z" "-v" "/var/lib/crater-agent-workspace/rustup-home:/opt/rustwide/rustup-home:ro,Z" "-e" "SOURCE_DIR=/opt/rustwide/workdir" "-e" "CARGO_TARGET_DIR=/opt/rustwide/target" "-e" "CARGO_INCREMENTAL=0" "-e" "RUST_BACKTRACE=full" "-e" "RUSTFLAGS=--cap-lints=warn" "-e" "CARGO_HOME=/opt/rustwide/cargo-home" "-e" "RUSTUP_HOME=/opt/rustwide/rustup-home" "-w" "/opt/rustwide/workdir" "-m" "1610612736" "--user" "0:0" "--network" "none" "ghcr.io/rust-lang/crates-build-env/linux@sha256:34b6a614d2c27851fe6cbf88fbd1137609cefab8b10d0615aaeb6fd47975d74e" "/opt/rustwide/cargo-home/bin/cargo" "+beta-2021-08-01" "test" "--frozen" "--no-run" "--message-format=json", kill_on_drop: false }`
[INFO] [stdout] 4c73993f84872ce303a8dead8da0624ba3972c1bc085b7642d2620fc20e6a59e
[INFO] running `Command { std: "docker" "start" "-a" "4c73993f84872ce303a8dead8da0624ba3972c1bc085b7642d2620fc20e6a59e", kill_on_drop: false }`
[INFO] [stderr]     Blocking waiting for file lock on package cache
[INFO] [stderr]    Compiling libc v0.2.93
[INFO] [stderr]    Compiling serde v1.0.125
[INFO] [stderr]    Compiling semver-parser v0.7.0
[INFO] [stderr]    Compiling memchr v2.3.4
[INFO] [stderr]    Compiling proc-macro2 v1.0.26
[INFO] [stderr]    Compiling rayon-core v1.9.0
[INFO] [stderr]    Compiling getrandom v0.2.2
[INFO] [stderr]    Compiling unicode-xid v0.2.1
[INFO] [stderr]    Compiling either v1.6.1
[INFO] [stderr]    Compiling syn v1.0.69
[INFO] [stderr]    Compiling itoa v0.4.7
[INFO] [stderr]    Compiling byteorder v1.4.3
[INFO] [stderr]    Compiling serde_derive v1.0.125
[INFO] [stderr]    Compiling plotters-backend v0.3.0
[INFO] [stderr]    Compiling half v1.7.1
[INFO] [stderr]    Compiling regex-syntax v0.6.23
[INFO] [stderr]    Compiling oorandom v11.1.3
[INFO] [stderr]    Compiling crossbeam-utils v0.8.3
[INFO] [stderr]    Compiling memoffset v0.6.3
[INFO] [stderr]    Compiling rayon v1.5.0
[INFO] [stderr]    Compiling ryu v1.0.5
[INFO] [stderr]    Compiling bitflags v1.2.1
[INFO] [stderr]    Compiling serde_json v1.0.64
[INFO] [stderr]    Compiling textwrap v0.11.0
[INFO] [stderr]    Compiling itertools v0.9.0
[INFO] [stderr]    Compiling itertools v0.10.0
[INFO] [stderr]    Compiling semver v0.9.0
[INFO] [stderr]    Compiling regex-automata v0.1.9
[INFO] [stderr]    Compiling plotters-svg v0.3.0
[INFO] [stderr]    Compiling clap v2.33.3
[INFO] [stderr]    Compiling plotters v0.3.0
[INFO] [stderr]    Compiling rustc_version v0.2.3
[INFO] [stderr]    Compiling csv-core v0.1.10
[INFO] [stderr]    Compiling cast v0.2.5
[INFO] [stderr]    Compiling quote v1.0.9
[INFO] [stderr]    Compiling num_cpus v1.13.0
[INFO] [stderr]    Compiling atty v0.2.14
[INFO] [stderr]    Compiling regex v1.4.5
[INFO] [stderr]    Compiling rand_core v0.6.2
[INFO] [stderr]    Compiling criterion-plot v0.4.3
[INFO] [stderr]    Compiling crossbeam-epoch v0.9.3
[INFO] [stderr]    Compiling crossbeam-channel v0.5.1
[INFO] [stderr]    Compiling rand_chacha v0.3.0
[INFO] [stderr]    Compiling rand v0.8.3
[INFO] [stderr]    Compiling crossbeam-deque v0.8.0
[INFO] [stderr]    Compiling bstr v0.2.15
[INFO] [stderr]    Compiling serde_cbor v0.11.1
[INFO] [stderr]    Compiling csv v1.1.6
[INFO] [stderr]    Compiling tinytemplate v1.2.1
[INFO] [stderr]    Compiling criterion v0.3.4
[INFO] [stderr]    Compiling realfft v2.0.1 (/opt/rustwide/workdir)
[INFO] [stdout] error[E0080]: evaluation of `core::core_arch::macros::ValidateConstImm::<51_i32, 0_i32, 15_i32>::VALID` failed
[INFO] [stdout]   |
[INFO] [stdout]   = note: this error originates in the macro `$crate::panic::panic_2015` (in Nightly builds, run with -Z macro-backtrace for more info)
[INFO] [stdout] 
[INFO] [stdout] 
[INFO] [stdout] note: the above error was encountered while instantiating `fn std::arch::x86_64::_mm_blend_ps::<51_i32>`
[INFO] [stdout]     --> /opt/rustwide/cargo-home/registry/src/github.com-1ecc6299db9ec823/rustfft-6.0.0/src/avx/avx_vector.rs:1314:23
[INFO] [stdout]      |
[INFO] [stdout] 1314 |         let blended = _mm_blend_ps(rows[0], rows[2], 0x33);
[INFO] [stdout]      |                       ^^^^^^^^^^^^^^^^^^^^^^^^^^^^^^^^^^^^
[INFO] [stdout] 
[INFO] [stdout] 
[INFO] [stdout] error[E0080]: evaluation of `core::core_arch::macros::ValidateConstImm::<5_i32, 0_i32, 3_i32>::VALID` failed
[INFO] [stdout]   |
[INFO] [stdout]   = note: this error originates in the macro `$crate::panic::panic_2015` (in Nightly builds, run with -Z macro-backtrace for more info)
[INFO] [stdout] 
[INFO] [stdout] 
[INFO] [stdout] note: the above error was encountered while instantiating `fn std::arch::x86_64::_mm_permute_pd::<5_i32>`
[INFO] [stdout]     --> /opt/rustwide/cargo-home/registry/src/github.com-1ecc6299db9ec823/rustfft-6.0.0/src/avx/avx_vector.rs:1859:9
[INFO] [stdout]      |
[INFO] [stdout] 1859 |         _mm_permute_pd(self, 0x05)
[INFO] [stdout]      |         ^^^^^^^^^^^^^^^^^^^^^^^^^^
[INFO] [stdout] 
[INFO] [stdout] 
[INFO] [stdout] error[E0080]: evaluation of `core::core_arch::macros::ValidateConstImm::<15_i32, 0_i32, 3_i32>::VALID` failed
[INFO] [stdout]   |
[INFO] [stdout]   = note: this error originates in the macro `$crate::panic::panic_2015` (in Nightly builds, run with -Z macro-backtrace for more info)
[INFO] [stdout] 
[INFO] [stdout] 
[INFO] [stdout] note: the above error was encountered while instantiating `fn std::arch::x86_64::_mm_permute_pd::<15_i32>`
[INFO] [stdout]     --> /opt/rustwide/cargo-home/registry/src/github.com-1ecc6299db9ec823/rustfft-6.0.0/src/avx/avx_vector.rs:1863:32
[INFO] [stdout]      |
[INFO] [stdout] 1863 |         (_mm_movedup_pd(self), _mm_permute_pd(self, 0x0F))
[INFO] [stdout]      |                                ^^^^^^^^^^^^^^^^^^^^^^^^^^
[INFO] [stdout] 
[INFO] [stdout] 
[INFO] [stdout] error[E0080]: evaluation of `core::core_arch::macros::ValidateConstImm::<51_i32, 0_i32, 15_i32>::VALID` failed
[INFO] [stdout]   |
[INFO] [stdout]   = note: this error originates in the macro `$crate::panic::panic_2015` (in Nightly builds, run with -Z macro-backtrace for more info)
[INFO] [stdout] 
[INFO] [stdout] 
[INFO] [stdout] note: the above error was encountered while instantiating `fn std::arch::x86_64::_mm_blend_ps::<51_i32>`
[INFO] [stdout]     --> /opt/rustwide/cargo-home/registry/src/github.com-1ecc6299db9ec823/rustfft-6.0.0/src/avx/avx_vector.rs:1314:23
[INFO] [stdout]      |
[INFO] [stdout] 1314 |         let blended = _mm_blend_ps(rows[0], rows[2], 0x33);
[INFO] [stdout]      |                       ^^^^^^^^^^^^^^^^^^^^^^^^^^^^^^^^^^^^
[INFO] [stdout] 
[INFO] [stdout] 
[INFO] [stdout] error[E0080]: evaluation of `core::core_arch::macros::ValidateConstImm::<5_i32, 0_i32, 3_i32>::VALID` failed
[INFO] [stdout]   |
[INFO] [stdout]   = note: this error originates in the macro `$crate::panic::panic_2015` (in Nightly builds, run with -Z macro-backtrace for more info)
[INFO] [stdout] 
[INFO] [stdout] 
[INFO] [stdout] note: the above error was encountered while instantiating `fn std::arch::x86_64::_mm_permute_pd::<5_i32>`
[INFO] [stdout]     --> /opt/rustwide/cargo-home/registry/src/github.com-1ecc6299db9ec823/rustfft-6.0.0/src/avx/avx_vector.rs:1859:9
[INFO] [stdout]      |
[INFO] [stdout] 1859 |         _mm_permute_pd(self, 0x05)
[INFO] [stdout]      |         ^^^^^^^^^^^^^^^^^^^^^^^^^^
[INFO] [stdout] 
[INFO] [stdout] 
[INFO] [stdout] error[E0080]: evaluation of `core::core_arch::macros::ValidateConstImm::<15_i32, 0_i32, 3_i32>::VALID` failed
[INFO] [stdout]   |
[INFO] [stdout]   = note: this error originates in the macro `$crate::panic::panic_2015` (in Nightly builds, run with -Z macro-backtrace for more info)
[INFO] [stdout] 
[INFO] [stdout] 
[INFO] [stdout] note: the above error was encountered while instantiating `fn std::arch::x86_64::_mm_permute_pd::<15_i32>`
[INFO] [stdout]     --> /opt/rustwide/cargo-home/registry/src/github.com-1ecc6299db9ec823/rustfft-6.0.0/src/avx/avx_vector.rs:1863:32
[INFO] [stdout]      |
[INFO] [stdout] 1863 |         (_mm_movedup_pd(self), _mm_permute_pd(self, 0x0F))
[INFO] [stdout]      |                                ^^^^^^^^^^^^^^^^^^^^^^^^^^
[INFO] [stdout] 
[INFO] [stdout] 
[INFO] [stdout] error: aborting due to 3 previous errors
[INFO] [stdout] 
[INFO] [stdout] 
[INFO] [stdout] For more information about this error, try `rustc --explain E0080`.
[INFO] [stdout] 
[INFO] [stderr] error: could not compile `realfft` due to 4 previous errors
[INFO] [stderr] warning: build failed, waiting for other jobs to finish...
[INFO] [stdout] error: aborting due to 3 previous errors
[INFO] [stdout] 
[INFO] [stdout] 
[INFO] [stdout] For more information about this error, try `rustc --explain E0080`.
[INFO] [stdout] 
[INFO] [stderr] error: build failed
[INFO] running `Command { std: "docker" "inspect" "4c73993f84872ce303a8dead8da0624ba3972c1bc085b7642d2620fc20e6a59e", kill_on_drop: false }`
[INFO] running `Command { std: "docker" "rm" "-f" "4c73993f84872ce303a8dead8da0624ba3972c1bc085b7642d2620fc20e6a59e", kill_on_drop: false }`
[INFO] [stdout] 4c73993f84872ce303a8dead8da0624ba3972c1bc085b7642d2620fc20e6a59e
