[INFO] fetching crate ratsio 0.4.0-alpha.1...
[INFO] testing ratsio-0.4.0-alpha.1 against 1.54.0 for beta-1.55-1
[INFO] extracting crate ratsio 0.4.0-alpha.1 into /workspace/builds/worker-6/source
[INFO] validating manifest of crates.io crate ratsio 0.4.0-alpha.1 on toolchain 1.54.0
[INFO] running `Command { std: "/workspace/cargo-home/bin/cargo" "+1.54.0" "metadata" "--manifest-path" "Cargo.toml" "--no-deps", kill_on_drop: false }`
[INFO] started tweaking crates.io crate ratsio 0.4.0-alpha.1
[INFO] finished tweaking crates.io crate ratsio 0.4.0-alpha.1
[INFO] tweaked toml for crates.io crate ratsio 0.4.0-alpha.1 written to /workspace/builds/worker-6/source/Cargo.toml
[INFO] crate crates.io crate ratsio 0.4.0-alpha.1 already has a lockfile, it will not be regenerated
[INFO] running `Command { std: "/workspace/cargo-home/bin/cargo" "+1.54.0" "fetch" "--manifest-path" "Cargo.toml", kill_on_drop: false }`
[INFO] [stderr]     Blocking waiting for file lock on package cache
[INFO] running `Command { std: "docker" "create" "-v" "/var/lib/crater-agent-workspace/builds/worker-6/target:/opt/rustwide/target:rw,Z" "-v" "/var/lib/crater-agent-workspace/builds/worker-6/source:/opt/rustwide/workdir:ro,Z" "-v" "/var/lib/crater-agent-workspace/cargo-home:/opt/rustwide/cargo-home:ro,Z" "-v" "/var/lib/crater-agent-workspace/rustup-home:/opt/rustwide/rustup-home:ro,Z" "-e" "SOURCE_DIR=/opt/rustwide/workdir" "-e" "CARGO_TARGET_DIR=/opt/rustwide/target" "-e" "CARGO_HOME=/opt/rustwide/cargo-home" "-e" "RUSTUP_HOME=/opt/rustwide/rustup-home" "-w" "/opt/rustwide/workdir" "-m" "1610612736" "--user" "0:0" "--network" "none" "ghcr.io/rust-lang/crates-build-env/linux@sha256:34b6a614d2c27851fe6cbf88fbd1137609cefab8b10d0615aaeb6fd47975d74e" "/opt/rustwide/cargo-home/bin/cargo" "+1.54.0" "metadata" "--no-deps" "--format-version=1", kill_on_drop: false }`
[INFO] [stdout] 542dc06399b138ea3188bb5f9e05f386ea9565e8b55c206f63c712ef37863f54
[INFO] running `Command { std: "docker" "start" "-a" "542dc06399b138ea3188bb5f9e05f386ea9565e8b55c206f63c712ef37863f54", kill_on_drop: false }`
[INFO] running `Command { std: "docker" "inspect" "542dc06399b138ea3188bb5f9e05f386ea9565e8b55c206f63c712ef37863f54", kill_on_drop: false }`
[INFO] running `Command { std: "docker" "rm" "-f" "542dc06399b138ea3188bb5f9e05f386ea9565e8b55c206f63c712ef37863f54", kill_on_drop: false }`
[INFO] [stdout] 542dc06399b138ea3188bb5f9e05f386ea9565e8b55c206f63c712ef37863f54
[INFO] running `Command { std: "docker" "create" "-v" "/var/lib/crater-agent-workspace/builds/worker-6/target:/opt/rustwide/target:rw,Z" "-v" "/var/lib/crater-agent-workspace/builds/worker-6/source:/opt/rustwide/workdir:ro,Z" "-v" "/var/lib/crater-agent-workspace/cargo-home:/opt/rustwide/cargo-home:ro,Z" "-v" "/var/lib/crater-agent-workspace/rustup-home:/opt/rustwide/rustup-home:ro,Z" "-e" "SOURCE_DIR=/opt/rustwide/workdir" "-e" "CARGO_TARGET_DIR=/opt/rustwide/target" "-e" "CARGO_INCREMENTAL=0" "-e" "RUST_BACKTRACE=full" "-e" "RUSTFLAGS=--cap-lints=warn" "-e" "CARGO_HOME=/opt/rustwide/cargo-home" "-e" "RUSTUP_HOME=/opt/rustwide/rustup-home" "-w" "/opt/rustwide/workdir" "-m" "1610612736" "--user" "0:0" "--network" "none" "ghcr.io/rust-lang/crates-build-env/linux@sha256:34b6a614d2c27851fe6cbf88fbd1137609cefab8b10d0615aaeb6fd47975d74e" "/opt/rustwide/cargo-home/bin/cargo" "+1.54.0" "build" "--frozen" "--message-format=json", kill_on_drop: false }`
[INFO] [stdout] c719b602a1f2a84791c15839e9b540cb7aad49c1be2cb3eb9da3500b4a19e60f
[INFO] running `Command { std: "docker" "start" "-a" "c719b602a1f2a84791c15839e9b540cb7aad49c1be2cb3eb9da3500b4a19e60f", kill_on_drop: false }`
[INFO] [stderr]    Compiling libc v0.2.93
[INFO] [stderr]    Compiling proc-macro2 v1.0.26
[INFO] [stderr]    Compiling syn v1.0.69
[INFO] [stderr]    Compiling syn v0.15.44
[INFO] [stderr]    Compiling ident_case v1.0.1
[INFO] [stderr]    Compiling futures-sink v0.3.14
[INFO] [stderr]    Compiling strsim v0.7.0
[INFO] [stderr]    Compiling unicode-segmentation v1.7.1
[INFO] [stderr]    Compiling openssl v0.10.33
[INFO] [stderr]    Compiling futures-io v0.3.14
[INFO] [stderr]    Compiling regex-syntax v0.6.23
[INFO] [stderr]    Compiling derive_builder v0.7.2
[INFO] [stderr]    Compiling openssl-probe v0.1.2
[INFO] [stderr]    Compiling termcolor v1.1.2
[INFO] [stderr]    Compiling atomic-counter v1.0.1
[INFO] [stderr]    Compiling futures-timer v2.0.2
[INFO] [stderr]    Compiling openssl-sys v0.9.61
[INFO] [stderr]    Compiling indexmap v1.6.2
[INFO] [stderr]    Compiling tokio v1.5.0
[INFO] [stderr]    Compiling nom v4.2.3
[INFO] [stderr]    Compiling humantime v1.3.0
[INFO] [stderr]    Compiling futures-channel v0.3.14
[INFO] [stderr]    Compiling heck v0.3.2
[INFO] [stderr]    Compiling petgraph v0.5.1
[INFO] [stderr]    Compiling quote v1.0.9
[INFO] [stderr]    Compiling native-tls v0.2.7
[INFO] [stderr]    Compiling regex v1.4.5
[INFO] [stderr]    Compiling getrandom v0.2.2
[INFO] [stderr]    Compiling which v4.1.0
[INFO] [stderr]    Compiling num_cpus v1.13.0
[INFO] [stderr]    Compiling mio v0.7.11
[INFO] [stderr]    Compiling atty v0.2.14
[INFO] [stderr]    Compiling rand_os v0.1.3
[INFO] [stderr]    Compiling rand_core v0.6.2
[INFO] [stderr]    Compiling rand v0.6.5
[INFO] [stderr]    Compiling prost-build v0.7.0
[INFO] [stderr]    Compiling rand_chacha v0.3.0
[INFO] [stderr]    Compiling rand v0.8.3
[INFO] [stderr]    Compiling tempfile v3.2.0
[INFO] [stderr]    Compiling env_logger v0.7.1
[INFO] [stderr]    Compiling darling_core v0.9.0
[INFO] [stderr]    Compiling prost-derive v0.7.0
[INFO] [stderr]    Compiling futures-macro v0.3.14
[INFO] [stderr]    Compiling tokio-macros v1.1.0
[INFO] [stderr]    Compiling pin-project-internal v1.0.6
[INFO] [stderr]    Compiling thiserror-impl v1.0.24
[INFO] [stderr]    Compiling darling_macro v0.9.0
[INFO] [stderr]    Compiling futures-util v0.3.14
[INFO] [stderr]    Compiling pin-project v1.0.6
[INFO] [stderr]    Compiling darling v0.9.0
[INFO] [stderr]    Compiling thiserror v1.0.24
[INFO] [stderr]    Compiling derive_builder_core v0.5.0
[INFO] [stderr]    Compiling prost v0.7.0
[INFO] [stderr]    Compiling prost-types v0.7.0
[INFO] [stderr]    Compiling futures-executor v0.3.14
[INFO] [stderr]    Compiling futures v0.3.14
[INFO] [stderr]    Compiling tokio-native-tls v0.3.0
[INFO] [stderr]    Compiling tokio-util v0.6.6
[INFO] [stderr]    Compiling ratsio v0.4.0-alpha.1 (/opt/rustwide/workdir)
[INFO] [stderr]     Finished dev [unoptimized + debuginfo] target(s) in 31.52s
[INFO] running `Command { std: "docker" "inspect" "c719b602a1f2a84791c15839e9b540cb7aad49c1be2cb3eb9da3500b4a19e60f", kill_on_drop: false }`
[INFO] running `Command { std: "docker" "rm" "-f" "c719b602a1f2a84791c15839e9b540cb7aad49c1be2cb3eb9da3500b4a19e60f", kill_on_drop: false }`
[INFO] [stdout] c719b602a1f2a84791c15839e9b540cb7aad49c1be2cb3eb9da3500b4a19e60f
[INFO] running `Command { std: "docker" "create" "-v" "/var/lib/crater-agent-workspace/builds/worker-6/target:/opt/rustwide/target:rw,Z" "-v" "/var/lib/crater-agent-workspace/builds/worker-6/source:/opt/rustwide/workdir:ro,Z" "-v" "/var/lib/crater-agent-workspace/cargo-home:/opt/rustwide/cargo-home:ro,Z" "-v" "/var/lib/crater-agent-workspace/rustup-home:/opt/rustwide/rustup-home:ro,Z" "-e" "SOURCE_DIR=/opt/rustwide/workdir" "-e" "CARGO_TARGET_DIR=/opt/rustwide/target" "-e" "CARGO_INCREMENTAL=0" "-e" "RUST_BACKTRACE=full" "-e" "RUSTFLAGS=--cap-lints=warn" "-e" "CARGO_HOME=/opt/rustwide/cargo-home" "-e" "RUSTUP_HOME=/opt/rustwide/rustup-home" "-w" "/opt/rustwide/workdir" "-m" "1610612736" "--user" "0:0" "--network" "none" "ghcr.io/rust-lang/crates-build-env/linux@sha256:34b6a614d2c27851fe6cbf88fbd1137609cefab8b10d0615aaeb6fd47975d74e" "/opt/rustwide/cargo-home/bin/cargo" "+1.54.0" "test" "--frozen" "--no-run" "--message-format=json", kill_on_drop: false }`
[INFO] [stdout] 3baa8fb30a82b2703ad9f638f2ab9c3a1c5e176d936b71ab8ec5662351919547
[INFO] running `Command { std: "docker" "start" "-a" "3baa8fb30a82b2703ad9f638f2ab9c3a1c5e176d936b71ab8ec5662351919547", kill_on_drop: false }`
[INFO] [stderr]    Compiling nix v0.20.0
[INFO] [stderr]    Compiling ctrlc v3.1.9
[INFO] [stderr]    Compiling ratsio v0.4.0-alpha.1 (/opt/rustwide/workdir)
[INFO] [stdout] warning: unused import: `ratsio::protocol`
[INFO] [stdout]  --> tests/nats_client_test.rs:6:5
[INFO] [stdout]   |
[INFO] [stdout] 6 | use ratsio::protocol;
[INFO] [stdout]   |     ^^^^^^^^^^^^^^^^
[INFO] [stdout]   |
[INFO] [stdout]   = note: `#[warn(unused_imports)]` on by default
[INFO] [stdout] 
[INFO] [stdout] 
[INFO] [stdout] warning: unused import: `ratsio::nuid`
[INFO] [stdout]  --> tests/nats_client_test.rs:7:5
[INFO] [stdout]   |
[INFO] [stdout] 7 | use ratsio::nuid;
[INFO] [stdout]   |     ^^^^^^^^^^^^
[INFO] [stdout] 
[INFO] [stdout] 
[INFO] [stdout] warning: unused import: `ratsio::nats_client::UriVec`
[INFO] [stdout]  --> examples/nats_publish.rs:3:5
[INFO] [stdout]   |
[INFO] [stdout] 3 | use ratsio::nats_client::UriVec;
[INFO] [stdout]   |     ^^^^^^^^^^^^^^^^^^^^^^^^^^^
[INFO] [stdout]   |
[INFO] [stdout]   = note: `#[warn(unused_imports)]` on by default
[INFO] [stdout] 
[INFO] [stdout] 
[INFO] [stdout] warning: variable does not need to be mutable
[INFO] [stdout]   --> examples/nats_sub_token.rs:46:13
[INFO] [stdout]    |
[INFO] [stdout] 46 |         let mut runtime = tokio::runtime::Runtime::new().unwrap();
[INFO] [stdout]    |             ----^^^^^^^
[INFO] [stdout]    |             |
[INFO] [stdout]    |             help: remove this `mut`
[INFO] [stdout]    |
[INFO] [stdout]    = note: `#[warn(unused_mut)]` on by default
[INFO] [stdout] 
[INFO] [stdout] 
[INFO] [stdout] warning: variable does not need to be mutable
[INFO] [stdout]   --> examples/nats_subscribe.rs:46:13
[INFO] [stdout]    |
[INFO] [stdout] 46 |         let mut runtime = tokio::runtime::Runtime::new().unwrap();
[INFO] [stdout]    |             ----^^^^^^^
[INFO] [stdout]    |             |
[INFO] [stdout]    |             help: remove this `mut`
[INFO] [stdout]    |
[INFO] [stdout]    = note: `#[warn(unused_mut)]` on by default
[INFO] [stdout] 
[INFO] [stdout] 
[INFO] [stdout] warning: variable does not need to be mutable
[INFO] [stdout]   --> examples/nats_sub_tls.rs:47:13
[INFO] [stdout]    |
[INFO] [stdout] 47 |         let mut runtime = tokio::runtime::Runtime::new().unwrap();
[INFO] [stdout]    |             ----^^^^^^^
[INFO] [stdout]    |             |
[INFO] [stdout]    |             help: remove this `mut`
[INFO] [stdout]    |
[INFO] [stdout]    = note: `#[warn(unused_mut)]` on by default
[INFO] [stdout] 
[INFO] [stdout] 
[INFO] [stdout] warning: variable does not need to be mutable
[INFO] [stdout]   --> examples/nats_sub_user.rs:45:13
[INFO] [stdout]    |
[INFO] [stdout] 45 |         let mut runtime = tokio::runtime::Runtime::new().unwrap();
[INFO] [stdout]    |             ----^^^^^^^
[INFO] [stdout]    |             |
[INFO] [stdout]    |             help: remove this `mut`
[INFO] [stdout]    |
[INFO] [stdout]    = note: `#[warn(unused_mut)]` on by default
[INFO] [stdout] 
[INFO] [stdout] 
[INFO] [stdout] warning: variable does not need to be mutable
[INFO] [stdout]   --> examples/stan_subscribe.rs:46:13
[INFO] [stdout]    |
[INFO] [stdout] 46 |         let mut runtime = tokio::runtime::Runtime::new().unwrap();
[INFO] [stdout]    |             ----^^^^^^^
[INFO] [stdout]    |             |
[INFO] [stdout]    |             help: remove this `mut`
[INFO] [stdout]    |
[INFO] [stdout]    = note: `#[warn(unused_mut)]` on by default
[INFO] [stdout] 
[INFO] [stdout] 
[INFO] [stderr] error: could not compile `ratsio`
[INFO] [stderr] 
[INFO] [stderr] Caused by:
[INFO] [stderr]   process didn't exit successfully: `rustc --crate-name stan_publish --edition=2018 examples/stan_publish.rs --error-format=json --json=diagnostic-rendered-ansi --crate-type bin --emit=dep-info,link -C embed-bitcode=no -C debuginfo=2 --cfg 'feature="default"' --cfg 'feature="native-tls"' --cfg 'feature="tls"' --cfg 'feature="tokio-native-tls"' -C metadata=f2cd9043d3837788 -C extra-filename=-f2cd9043d3837788 --out-dir /opt/rustwide/target/debug/examples -L dependency=/opt/rustwide/target/debug/deps --extern atomic_counter=/opt/rustwide/target/debug/deps/libatomic_counter-2779bf0c011eaa43.rlib --extern bytes=/opt/rustwide/target/debug/deps/libbytes-df7cac8fc38da202.rlib --extern cfg_if=/opt/rustwide/target/debug/deps/libcfg_if-e7a28af79b261e75.rlib --extern ctrlc=/opt/rustwide/target/debug/deps/libctrlc-f9a0369c55cac6c8.rlib --extern data_encoding=/opt/rustwide/target/debug/deps/libdata_encoding-dc50ea28b6ca94a3.rlib --extern derive_builder=/opt/rustwide/target/debug/deps/libderive_builder-66db34252896f8f7.so --extern env_logger=/opt/rustwide/target/debug/deps/libenv_logger-c8b66317640b8c42.rlib --extern futures=/opt/rustwide/target/debug/deps/libfutures-5f7e4a19eb3f00e6.rlib --extern futures_core=/opt/rustwide/target/debug/deps/libfutures_core-587fa28cd89a6b0b.rlib --extern futures_timer=/opt/rustwide/target/debug/deps/libfutures_timer-d5bfbc0e5c32253b.rlib --extern lazy_static=/opt/rustwide/target/debug/deps/liblazy_static-5c53d641eb010a81.rlib --extern log=/opt/rustwide/target/debug/deps/liblog-c7a6438e9780af3a.rlib --extern native_tls=/opt/rustwide/target/debug/deps/libnative_tls-cd8061c401e93c8d.rlib --extern nom=/opt/rustwide/target/debug/deps/libnom-21a2b23bd9c15ae4.rlib --extern pin_project=/opt/rustwide/target/debug/deps/libpin_project-7df249aefc3d26ab.rlib --extern prost=/opt/rustwide/target/debug/deps/libprost-176e6e10fc34d87b.rlib --extern rand=/opt/rustwide/target/debug/deps/librand-1bf958ecbdc290dd.rlib --extern ratsio=/opt/rustwide/target/debug/deps/libratsio-cbee2f60e58d9112.rlib --extern regex=/opt/rustwide/target/debug/deps/libregex-ff7b93346f2be0bb.rlib --extern sha2=/opt/rustwide/target/debug/deps/libsha2-e5b8b9cfcf3e7a33.rlib --extern thiserror=/opt/rustwide/target/debug/deps/libthiserror-daa5e073d0408a30.rlib --extern tokio=/opt/rustwide/target/debug/deps/libtokio-affa0cc9a4291f03.rlib --extern tokio_native_tls=/opt/rustwide/target/debug/deps/libtokio_native_tls-c2ab43aa8e384c1d.rlib --extern tokio_util=/opt/rustwide/target/debug/deps/libtokio_util-bd17b109f47a1de5.rlib --cap-lints=warn` (signal: 9, SIGKILL: kill)
[INFO] [stderr] warning: build failed, waiting for other jobs to finish...
[INFO] [stdout] error: linking with `cc` failed: exit status: 1
[INFO] [stdout]   |
[INFO] [stdout]   = note: "cc" "-m64" "/opt/rustwide/target/debug/examples/nats_sub_token-856d506ef6282334.nats_sub_token.8iq3hjpa-cgu.0.rcgu.o" "/opt/rustwide/target/debug/examples/nats_sub_token-856d506ef6282334.nats_sub_token.8iq3hjpa-cgu.1.rcgu.o" "/opt/rustwide/target/debug/examples/nats_sub_token-856d506ef6282334.nats_sub_token.8iq3hjpa-cgu.10.rcgu.o" "/opt/rustwide/target/debug/examples/nats_sub_token-856d506ef6282334.nats_sub_token.8iq3hjpa-cgu.11.rcgu.o" "/opt/rustwide/target/debug/examples/nats_sub_token-856d506ef6282334.nats_sub_token.8iq3hjpa-cgu.12.rcgu.o" "/opt/rustwide/target/debug/examples/nats_sub_token-856d506ef6282334.nats_sub_token.8iq3hjpa-cgu.13.rcgu.o" "/opt/rustwide/target/debug/examples/nats_sub_token-856d506ef6282334.nats_sub_token.8iq3hjpa-cgu.14.rcgu.o" "/opt/rustwide/target/debug/examples/nats_sub_token-856d506ef6282334.nats_sub_token.8iq3hjpa-cgu.15.rcgu.o" "/opt/rustwide/target/debug/examples/nats_sub_token-856d506ef6282334.nats_sub_token.8iq3hjpa-cgu.2.rcgu.o" "/opt/rustwide/target/debug/examples/nats_sub_token-856d506ef6282334.nats_sub_token.8iq3hjpa-cgu.3.rcgu.o" "/opt/rustwide/target/debug/examples/nats_sub_token-856d506ef6282334.nats_sub_token.8iq3hjpa-cgu.4.rcgu.o" "/opt/rustwide/target/debug/examples/nats_sub_token-856d506ef6282334.nats_sub_token.8iq3hjpa-cgu.5.rcgu.o" "/opt/rustwide/target/debug/examples/nats_sub_token-856d506ef6282334.nats_sub_token.8iq3hjpa-cgu.6.rcgu.o" "/opt/rustwide/target/debug/examples/nats_sub_token-856d506ef6282334.nats_sub_token.8iq3hjpa-cgu.7.rcgu.o" "/opt/rustwide/target/debug/examples/nats_sub_token-856d506ef6282334.nats_sub_token.8iq3hjpa-cgu.8.rcgu.o" "/opt/rustwide/target/debug/examples/nats_sub_token-856d506ef6282334.nats_sub_token.8iq3hjpa-cgu.9.rcgu.o" "/opt/rustwide/target/debug/examples/nats_sub_token-856d506ef6282334.2qoqguviysippt6u.rcgu.o" "-Wl,--as-needed" "-L" "/opt/rustwide/target/debug/deps" "-L" "/opt/rustwide/rustup-home/toolchains/1.54.0-x86_64-unknown-linux-gnu/lib/rustlib/x86_64-unknown-linux-gnu/lib" "-Wl,-Bstatic" "/opt/rustwide/target/debug/deps/libctrlc-f9a0369c55cac6c8.rlib" "/opt/rustwide/target/debug/deps/libnix-5062c80ece60afb1.rlib" "/opt/rustwide/target/debug/deps/libenv_logger-c8b66317640b8c42.rlib" "/opt/rustwide/target/debug/deps/libtermcolor-01d11b91b4e31953.rlib" "/opt/rustwide/target/debug/deps/libatty-92ee87108ea5f003.rlib" "/opt/rustwide/target/debug/deps/libhumantime-0c5f2594fbfc0e6a.rlib" "/opt/rustwide/target/debug/deps/libquick_error-ed708074fa1e3146.rlib" "/opt/rustwide/target/debug/deps/libratsio-cbee2f60e58d9112.rlib" "/opt/rustwide/target/debug/deps/libsha2-e5b8b9cfcf3e7a33.rlib" "/opt/rustwide/target/debug/deps/libcpuid_bool-464b343952c951fe.rlib" "/opt/rustwide/target/debug/deps/libopaque_debug-45a15423c8ac1fee.rlib" "/opt/rustwide/target/debug/deps/libdigest-cee9498d46fe27c0.rlib" "/opt/rustwide/target/debug/deps/libblock_buffer-ca98df5ecfb40ab8.rlib" "/opt/rustwide/target/debug/deps/libgeneric_array-7ec1671be0b15994.rlib" "/opt/rustwide/target/debug/deps/libtypenum-9959a671b08afc70.rlib" "/opt/rustwide/target/debug/deps/libprost-176e6e10fc34d87b.rlib" "/opt/rustwide/target/debug/deps/libfutures_timer-d5bfbc0e5c32253b.rlib" "/opt/rustwide/target/debug/deps/libthiserror-daa5e073d0408a30.rlib" "/opt/rustwide/target/debug/deps/libtokio_native_tls-c2ab43aa8e384c1d.rlib" "/opt/rustwide/target/debug/deps/libtokio-affa0cc9a4291f03.rlib" "/opt/rustwide/target/debug/deps/libnum_cpus-266a956fcaa6ad7b.rlib" "/opt/rustwide/target/debug/deps/libmio-f64e0939c7e9eb18.rlib" "/opt/rustwide/target/debug/deps/libpin_project-7df249aefc3d26ab.rlib" "/opt/rustwide/target/debug/deps/libnative_tls-cd8061c401e93c8d.rlib" "/opt/rustwide/target/debug/deps/libopenssl_probe-448ee40efb9df675.rlib" "/opt/rustwide/target/debug/deps/libopenssl-fd4a8b495414974c.rlib" "/opt/rustwide/target/debug/deps/libonce_cell-7362716c75555928.rlib" "/opt/rustwide/target/debug/deps/libbitflags-f89ae4b715176e2d.rlib" "/opt/rustwide/target/debug/deps/libforeign_types-6dd7ccee81750d2f.rlib" "/opt/rustwide/target/debug/deps/libforeign_types_shared-1812f2e1ab1a4883.rlib" "/opt/rustwide/target/debug/deps/libopenssl_sys-c248b1592625688a.rlib" "/opt/rustwide/target/debug/deps/libfutures-5f7e4a19eb3f00e6.rlib" "/opt/rustwide/target/debug/deps/libfutures_executor-9b7c218388b3b716.rlib" "/opt/rustwide/target/debug/deps/libfutures_util-8b68ecc524ce7ef6.rlib" "/opt/rustwide/target/debug/deps/libfutures_io-7b330efdb60920f8.rlib" "/opt/rustwide/target/debug/deps/libslab-a95947d689540fa4.rlib" "/opt/rustwide/target/debug/deps/libfutures_channel-74cc4f152565fa3c.rlib" "/opt/rustwide/target/debug/deps/libpin_project_lite-9385a627c3f2ae8b.rlib" "/opt/rustwide/target/debug/deps/libfutures_sink-5ab88a34af58e80b.rlib" "/opt/rustwide/target/debug/deps/libfutures_task-796f5aa8e848fee3.rlib" "/opt/rustwide/target/debug/deps/libpin_utils-576e633f12357c97.rlib" "/opt/rustwide/target/debug/deps/libfutures_core-587fa28cd89a6b0b.rlib" "/opt/rustwide/target/debug/deps/libbytes-df7cac8fc38da202.rlib" "/opt/rustwide/target/debug/deps/librand-1bf958ecbdc290dd.rlib" "/opt/rustwide/target/debug/deps/librand_xorshift-1b1159265b7ea552.rlib" "/opt/rustwide/target/debug/deps/librand_pcg-17ff6a566d93295e.rlib" "/opt/rustwide/target/debug/deps/librand_hc-7f6d4d4fbf0f1f03.rlib" "/opt/rustwide/target/debug/deps/librand_chacha-1c46fb839c131f1e.rlib" "/opt/rustwide/target/debug/deps/librand_isaac-e7e43fc1773729b6.rlib" "/opt/rustwide/target/debug/deps/librand_core-46bc130fb04fd44b.rlib" "/opt/rustwide/target/debug/deps/librand_os-b25b979b5116ce31.rlib" "/opt/rustwide/target/debug/deps/liblibc-1f0fd06272d8fa24.rlib" "/opt/rustwide/target/debug/deps/librand_jitter-d8ba8cbd680b44c7.rlib" "/opt/rustwide/target/debug/deps/librand_core-8195e4f9653f651a.rlib" "/opt/rustwide/target/debug/deps/liblazy_static-5c53d641eb010a81.rlib" "/opt/rustwide/target/debug/deps/liblog-c7a6438e9780af3a.rlib" "/opt/rustwide/target/debug/deps/libcfg_if-38c8a3e888ecb06a.rlib" "/opt/rustwide/target/debug/deps/libnom-21a2b23bd9c15ae4.rlib" "/opt/rustwide/target/debug/deps/libregex-ff7b93346f2be0bb.rlib" "/opt/rustwide/target/debug/deps/libregex_syntax-5c8121566f39070a.rlib" "/opt/rustwide/target/debug/deps/libaho_corasick-5234701034b12ee4.rlib" "/opt/rustwide/target/debug/deps/libmemchr-9559fd627c3017a7.rlib" "-Wl,--start-group" "/opt/rustwide/rustup-home/toolchains/1.54.0-x86_64-unknown-linux-gnu/lib/rustlib/x86_64-unknown-linux-gnu/lib/libstd-2420485b9e5ef5e1.rlib" "/opt/rustwide/rustup-home/toolchains/1.54.0-x86_64-unknown-linux-gnu/lib/rustlib/x86_64-unknown-linux-gnu/lib/libpanic_unwind-785e3cb61c4b1960.rlib" "/opt/rustwide/rustup-home/toolchains/1.54.0-x86_64-unknown-linux-gnu/lib/rustlib/x86_64-unknown-linux-gnu/lib/libminiz_oxide-087191a88bdaa22d.rlib" "/opt/rustwide/rustup-home/toolchains/1.54.0-x86_64-unknown-linux-gnu/lib/rustlib/x86_64-unknown-linux-gnu/lib/libadler-9981842c02975178.rlib" "/opt/rustwide/rustup-home/toolchains/1.54.0-x86_64-unknown-linux-gnu/lib/rustlib/x86_64-unknown-linux-gnu/lib/libobject-6fb405869b015fde.rlib" "/opt/rustwide/rustup-home/toolchains/1.54.0-x86_64-unknown-linux-gnu/lib/rustlib/x86_64-unknown-linux-gnu/lib/libaddr2line-d05c5c3c56004b7b.rlib" "/opt/rustwide/rustup-home/toolchains/1.54.0-x86_64-unknown-linux-gnu/lib/rustlib/x86_64-unknown-linux-gnu/lib/libgimli-42d74d2097528b38.rlib" "/opt/rustwide/rustup-home/toolchains/1.54.0-x86_64-unknown-linux-gnu/lib/rustlib/x86_64-unknown-linux-gnu/lib/libstd_detect-fb36534c113d2209.rlib" "/opt/rustwide/rustup-home/toolchains/1.54.0-x86_64-unknown-linux-gnu/lib/rustlib/x86_64-unknown-linux-gnu/lib/librustc_demangle-b56b9042c12b6535.rlib" "/opt/rustwide/rustup-home/toolchains/1.54.0-x86_64-unknown-linux-gnu/lib/rustlib/x86_64-unknown-linux-gnu/lib/libhashbrown-491902d6cb3e76df.rlib" "/opt/rustwide/rustup-home/toolchains/1.54.0-x86_64-unknown-linux-gnu/lib/rustlib/x86_64-unknown-linux-gnu/lib/librustc_std_workspace_alloc-61834e0981b8c367.rlib" "/opt/rustwide/rustup-home/toolchains/1.54.0-x86_64-unknown-linux-gnu/lib/rustlib/x86_64-unknown-linux-gnu/lib/libunwind-f78aa99d613a55bc.rlib" "/opt/rustwide/rustup-home/toolchains/1.54.0-x86_64-unknown-linux-gnu/lib/rustlib/x86_64-unknown-linux-gnu/lib/libcfg_if-53ee54cd7fed2c57.rlib" "/opt/rustwide/rustup-home/toolchains/1.54.0-x86_64-unknown-linux-gnu/lib/rustlib/x86_64-unknown-linux-gnu/lib/liblibc-544ecdbd6cda3c58.rlib" "/opt/rustwide/rustup-home/toolchains/1.54.0-x86_64-unknown-linux-gnu/lib/rustlib/x86_64-unknown-linux-gnu/lib/liballoc-379cc252b6943a79.rlib" "/opt/rustwide/rustup-home/toolchains/1.54.0-x86_64-unknown-linux-gnu/lib/rustlib/x86_64-unknown-linux-gnu/lib/librustc_std_workspace_core-8063eea38dcc5e62.rlib" "/opt/rustwide/rustup-home/toolchains/1.54.0-x86_64-unknown-linux-gnu/lib/rustlib/x86_64-unknown-linux-gnu/lib/libcore-5b228734afae15ee.rlib" "-Wl,--end-group" "/opt/rustwide/rustup-home/toolchains/1.54.0-x86_64-unknown-linux-gnu/lib/rustlib/x86_64-unknown-linux-gnu/lib/libcompiler_builtins-d6c7a399d95d173f.rlib" "-Wl,-Bdynamic" "-lssl" "-lcrypto" "-lgcc_s" "-lutil" "-lrt" "-lpthread" "-lm" "-ldl" "-lc" "-Wl,--eh-frame-hdr" "-Wl,-znoexecstack" "-L" "/opt/rustwide/rustup-home/toolchains/1.54.0-x86_64-unknown-linux-gnu/lib/rustlib/x86_64-unknown-linux-gnu/lib" "-o" "/opt/rustwide/target/debug/examples/nats_sub_token-856d506ef6282334" "-Wl,--gc-sections" "-pie" "-Wl,-zrelro" "-Wl,-znow" "-nodefaultlibs"
[INFO] [stdout]   = note: collect2: fatal error: ld terminated with signal 9 [Killed]
[INFO] [stdout]           compilation terminated.
[INFO] [stdout]           
[INFO] [stdout] 
[INFO] [stdout] 
[INFO] [stdout] error: aborting due to previous error; 1 warning emitted
[INFO] [stdout] 
[INFO] [stdout] 
[INFO] [stdout] error: linking with `cc` failed: exit status: 1
[INFO] [stdout]   |
[INFO] [stdout]   = note: "cc" "-m64" "/opt/rustwide/target/debug/deps/nats_client_test-ba9ad30f566d04b0.nats_client_test.auigj25f-cgu.0.rcgu.o" "/opt/rustwide/target/debug/deps/nats_client_test-ba9ad30f566d04b0.nats_client_test.auigj25f-cgu.1.rcgu.o" "/opt/rustwide/target/debug/deps/nats_client_test-ba9ad30f566d04b0.nats_client_test.auigj25f-cgu.10.rcgu.o" "/opt/rustwide/target/debug/deps/nats_client_test-ba9ad30f566d04b0.nats_client_test.auigj25f-cgu.11.rcgu.o" "/opt/rustwide/target/debug/deps/nats_client_test-ba9ad30f566d04b0.nats_client_test.auigj25f-cgu.12.rcgu.o" "/opt/rustwide/target/debug/deps/nats_client_test-ba9ad30f566d04b0.nats_client_test.auigj25f-cgu.13.rcgu.o" "/opt/rustwide/target/debug/deps/nats_client_test-ba9ad30f566d04b0.nats_client_test.auigj25f-cgu.14.rcgu.o" "/opt/rustwide/target/debug/deps/nats_client_test-ba9ad30f566d04b0.nats_client_test.auigj25f-cgu.15.rcgu.o" "/opt/rustwide/target/debug/deps/nats_client_test-ba9ad30f566d04b0.nats_client_test.auigj25f-cgu.2.rcgu.o" "/opt/rustwide/target/debug/deps/nats_client_test-ba9ad30f566d04b0.nats_client_test.auigj25f-cgu.3.rcgu.o" "/opt/rustwide/target/debug/deps/nats_client_test-ba9ad30f566d04b0.nats_client_test.auigj25f-cgu.4.rcgu.o" "/opt/rustwide/target/debug/deps/nats_client_test-ba9ad30f566d04b0.nats_client_test.auigj25f-cgu.5.rcgu.o" "/opt/rustwide/target/debug/deps/nats_client_test-ba9ad30f566d04b0.nats_client_test.auigj25f-cgu.6.rcgu.o" "/opt/rustwide/target/debug/deps/nats_client_test-ba9ad30f566d04b0.nats_client_test.auigj25f-cgu.7.rcgu.o" "/opt/rustwide/target/debug/deps/nats_client_test-ba9ad30f566d04b0.nats_client_test.auigj25f-cgu.8.rcgu.o" "/opt/rustwide/target/debug/deps/nats_client_test-ba9ad30f566d04b0.nats_client_test.auigj25f-cgu.9.rcgu.o" "/opt/rustwide/target/debug/deps/nats_client_test-ba9ad30f566d04b0.36tprgb158etr2h7.rcgu.o" "-Wl,--as-needed" "-L" "/opt/rustwide/target/debug/deps" "-L" "/opt/rustwide/rustup-home/toolchains/1.54.0-x86_64-unknown-linux-gnu/lib/rustlib/x86_64-unknown-linux-gnu/lib" "-Wl,-Bstatic" "/opt/rustwide/rustup-home/toolchains/1.54.0-x86_64-unknown-linux-gnu/lib/rustlib/x86_64-unknown-linux-gnu/lib/libtest-3599c5491d44663f.rlib" "/opt/rustwide/rustup-home/toolchains/1.54.0-x86_64-unknown-linux-gnu/lib/rustlib/x86_64-unknown-linux-gnu/lib/libterm-1d56ea45a67842c8.rlib" "/opt/rustwide/rustup-home/toolchains/1.54.0-x86_64-unknown-linux-gnu/lib/rustlib/x86_64-unknown-linux-gnu/lib/libgetopts-9749f7c936ebf9a7.rlib" "/opt/rustwide/rustup-home/toolchains/1.54.0-x86_64-unknown-linux-gnu/lib/rustlib/x86_64-unknown-linux-gnu/lib/libunicode_width-627a220173eefff1.rlib" "/opt/rustwide/rustup-home/toolchains/1.54.0-x86_64-unknown-linux-gnu/lib/rustlib/x86_64-unknown-linux-gnu/lib/librustc_std_workspace_std-16ed15e5bfe21b9b.rlib" "/opt/rustwide/target/debug/deps/libenv_logger-c8b66317640b8c42.rlib" "/opt/rustwide/target/debug/deps/libtermcolor-01d11b91b4e31953.rlib" "/opt/rustwide/target/debug/deps/libatty-92ee87108ea5f003.rlib" "/opt/rustwide/target/debug/deps/libhumantime-0c5f2594fbfc0e6a.rlib" "/opt/rustwide/target/debug/deps/libquick_error-ed708074fa1e3146.rlib" "/opt/rustwide/target/debug/deps/libratsio-cbee2f60e58d9112.rlib" "/opt/rustwide/target/debug/deps/libsha2-e5b8b9cfcf3e7a33.rlib" "/opt/rustwide/target/debug/deps/libcpuid_bool-464b343952c951fe.rlib" "/opt/rustwide/target/debug/deps/libopaque_debug-45a15423c8ac1fee.rlib" "/opt/rustwide/target/debug/deps/libdigest-cee9498d46fe27c0.rlib" "/opt/rustwide/target/debug/deps/libblock_buffer-ca98df5ecfb40ab8.rlib" "/opt/rustwide/target/debug/deps/libgeneric_array-7ec1671be0b15994.rlib" "/opt/rustwide/target/debug/deps/libtypenum-9959a671b08afc70.rlib" "/opt/rustwide/target/debug/deps/libprost-176e6e10fc34d87b.rlib" "/opt/rustwide/target/debug/deps/libfutures_timer-d5bfbc0e5c32253b.rlib" "/opt/rustwide/target/debug/deps/libthiserror-daa5e073d0408a30.rlib" "/opt/rustwide/target/debug/deps/libtokio_native_tls-c2ab43aa8e384c1d.rlib" "/opt/rustwide/target/debug/deps/libtokio-affa0cc9a4291f03.rlib" "/opt/rustwide/target/debug/deps/libnum_cpus-266a956fcaa6ad7b.rlib" "/opt/rustwide/target/debug/deps/libmio-f64e0939c7e9eb18.rlib" "/opt/rustwide/target/debug/deps/libpin_project-7df249aefc3d26ab.rlib" "/opt/rustwide/target/debug/deps/libnative_tls-cd8061c401e93c8d.rlib" "/opt/rustwide/target/debug/deps/libopenssl_probe-448ee40efb9df675.rlib" "/opt/rustwide/target/debug/deps/libopenssl-fd4a8b495414974c.rlib" "/opt/rustwide/target/debug/deps/libonce_cell-7362716c75555928.rlib" "/opt/rustwide/target/debug/deps/libbitflags-f89ae4b715176e2d.rlib" "/opt/rustwide/target/debug/deps/libforeign_types-6dd7ccee81750d2f.rlib" "/opt/rustwide/target/debug/deps/libforeign_types_shared-1812f2e1ab1a4883.rlib" "/opt/rustwide/target/debug/deps/libopenssl_sys-c248b1592625688a.rlib" "/opt/rustwide/target/debug/deps/libfutures-5f7e4a19eb3f00e6.rlib" "/opt/rustwide/target/debug/deps/libfutures_executor-9b7c218388b3b716.rlib" "/opt/rustwide/target/debug/deps/libfutures_util-8b68ecc524ce7ef6.rlib" "/opt/rustwide/target/debug/deps/libfutures_io-7b330efdb60920f8.rlib" "/opt/rustwide/target/debug/deps/libslab-a95947d689540fa4.rlib" "/opt/rustwide/target/debug/deps/libfutures_channel-74cc4f152565fa3c.rlib" "/opt/rustwide/target/debug/deps/libpin_project_lite-9385a627c3f2ae8b.rlib" "/opt/rustwide/target/debug/deps/libfutures_sink-5ab88a34af58e80b.rlib" "/opt/rustwide/target/debug/deps/libfutures_task-796f5aa8e848fee3.rlib" "/opt/rustwide/target/debug/deps/libpin_utils-576e633f12357c97.rlib" "/opt/rustwide/target/debug/deps/libfutures_core-587fa28cd89a6b0b.rlib" "/opt/rustwide/target/debug/deps/libbytes-df7cac8fc38da202.rlib" "/opt/rustwide/target/debug/deps/librand-1bf958ecbdc290dd.rlib" "/opt/rustwide/target/debug/deps/librand_xorshift-1b1159265b7ea552.rlib" "/opt/rustwide/target/debug/deps/librand_pcg-17ff6a566d93295e.rlib" "/opt/rustwide/target/debug/deps/librand_hc-7f6d4d4fbf0f1f03.rlib" "/opt/rustwide/target/debug/deps/librand_chacha-1c46fb839c131f1e.rlib" "/opt/rustwide/target/debug/deps/librand_isaac-e7e43fc1773729b6.rlib" "/opt/rustwide/target/debug/deps/librand_core-46bc130fb04fd44b.rlib" "/opt/rustwide/target/debug/deps/librand_os-b25b979b5116ce31.rlib" "/opt/rustwide/target/debug/deps/liblibc-1f0fd06272d8fa24.rlib" "/opt/rustwide/target/debug/deps/librand_jitter-d8ba8cbd680b44c7.rlib" "/opt/rustwide/target/debug/deps/librand_core-8195e4f9653f651a.rlib" "/opt/rustwide/target/debug/deps/liblazy_static-5c53d641eb010a81.rlib" "/opt/rustwide/target/debug/deps/liblog-c7a6438e9780af3a.rlib" "/opt/rustwide/target/debug/deps/libcfg_if-38c8a3e888ecb06a.rlib" "/opt/rustwide/target/debug/deps/libnom-21a2b23bd9c15ae4.rlib" "/opt/rustwide/target/debug/deps/libregex-ff7b93346f2be0bb.rlib" "/opt/rustwide/target/debug/deps/libregex_syntax-5c8121566f39070a.rlib" "/opt/rustwide/target/debug/deps/libaho_corasick-5234701034b12ee4.rlib" "/opt/rustwide/target/debug/deps/libmemchr-9559fd627c3017a7.rlib" "-Wl,--start-group" "/opt/rustwide/rustup-home/toolchains/1.54.0-x86_64-unknown-linux-gnu/lib/rustlib/x86_64-unknown-linux-gnu/lib/libstd-2420485b9e5ef5e1.rlib" "/opt/rustwide/rustup-home/toolchains/1.54.0-x86_64-unknown-linux-gnu/lib/rustlib/x86_64-unknown-linux-gnu/lib/libpanic_unwind-785e3cb61c4b1960.rlib" "/opt/rustwide/rustup-home/toolchains/1.54.0-x86_64-unknown-linux-gnu/lib/rustlib/x86_64-unknown-linux-gnu/lib/libminiz_oxide-087191a88bdaa22d.rlib" "/opt/rustwide/rustup-home/toolchains/1.54.0-x86_64-unknown-linux-gnu/lib/rustlib/x86_64-unknown-linux-gnu/lib/libadler-9981842c02975178.rlib" "/opt/rustwide/rustup-home/toolchains/1.54.0-x86_64-unknown-linux-gnu/lib/rustlib/x86_64-unknown-linux-gnu/lib/libobject-6fb405869b015fde.rlib" "/opt/rustwide/rustup-home/toolchains/1.54.0-x86_64-unknown-linux-gnu/lib/rustlib/x86_64-unknown-linux-gnu/lib/libaddr2line-d05c5c3c56004b7b.rlib" "/opt/rustwide/rustup-home/toolchains/1.54.0-x86_64-unknown-linux-gnu/lib/rustlib/x86_64-unknown-linux-gnu/lib/libgimli-42d74d2097528b38.rlib" "/opt/rustwide/rustup-home/toolchains/1.54.0-x86_64-unknown-linux-gnu/lib/rustlib/x86_64-unknown-linux-gnu/lib/libstd_detect-fb36534c113d2209.rlib" "/opt/rustwide/rustup-home/toolchains/1.54.0-x86_64-unknown-linux-gnu/lib/rustlib/x86_64-unknown-linux-gnu/lib/librustc_demangle-b56b9042c12b6535.rlib" "/opt/rustwide/rustup-home/toolchains/1.54.0-x86_64-unknown-linux-gnu/lib/rustlib/x86_64-unknown-linux-gnu/lib/libhashbrown-491902d6cb3e76df.rlib" "/opt/rustwide/rustup-home/toolchains/1.54.0-x86_64-unknown-linux-gnu/lib/rustlib/x86_64-unknown-linux-gnu/lib/librustc_std_workspace_alloc-61834e0981b8c367.rlib" "/opt/rustwide/rustup-home/toolchains/1.54.0-x86_64-unknown-linux-gnu/lib/rustlib/x86_64-unknown-linux-gnu/lib/libunwind-f78aa99d613a55bc.rlib" "/opt/rustwide/rustup-home/toolchains/1.54.0-x86_64-unknown-linux-gnu/lib/rustlib/x86_64-unknown-linux-gnu/lib/libcfg_if-53ee54cd7fed2c57.rlib" "/opt/rustwide/rustup-home/toolchains/1.54.0-x86_64-unknown-linux-gnu/lib/rustlib/x86_64-unknown-linux-gnu/lib/liblibc-544ecdbd6cda3c58.rlib" "/opt/rustwide/rustup-home/toolchains/1.54.0-x86_64-unknown-linux-gnu/lib/rustlib/x86_64-unknown-linux-gnu/lib/liballoc-379cc252b6943a79.rlib" "/opt/rustwide/rustup-home/toolchains/1.54.0-x86_64-unknown-linux-gnu/lib/rustlib/x86_64-unknown-linux-gnu/lib/librustc_std_workspace_core-8063eea38dcc5e62.rlib" "/opt/rustwide/rustup-home/toolchains/1.54.0-x86_64-unknown-linux-gnu/lib/rustlib/x86_64-unknown-linux-gnu/lib/libcore-5b228734afae15ee.rlib" "-Wl,--end-group" "/opt/rustwide/rustup-home/toolchains/1.54.0-x86_64-unknown-linux-gnu/lib/rustlib/x86_64-unknown-linux-gnu/lib/libcompiler_builtins-d6c7a399d95d173f.rlib" "-Wl,-Bdynamic" "-lssl" "-lcrypto" "-lgcc_s" "-lutil" "-lrt" "-lpthread" "-lm" "-ldl" "-lc" "-Wl,--eh-frame-hdr" "-Wl,-znoexecstack" "-L" "/opt/rustwide/rustup-home/toolchains/1.54.0-x86_64-unknown-linux-gnu/lib/rustlib/x86_64-unknown-linux-gnu/lib" "-o" "/opt/rustwide/target/debug/deps/nats_client_test-ba9ad30f566d04b0" "-Wl,--gc-sections" "-pie" "-Wl,-zrelro" "-Wl,-znow" "-nodefaultlibs"
[INFO] [stdout]   = note: collect2: fatal error: ld terminated with signal 9 [Killed]
[INFO] [stdout]           compilation terminated.
[INFO] [stdout]           
[INFO] [stdout] 
[INFO] [stdout] 
[INFO] [stdout] error: aborting due to previous error; 2 warnings emitted
[INFO] [stdout] 
[INFO] [stdout] 
[INFO] [stdout] error: linking with `cc` failed: exit status: 1
[INFO] [stdout]   |
[INFO] [stdout]   = note: "cc" "-m64" "/opt/rustwide/target/debug/examples/nats_pub_token-8454a4154bd28a07.nats_pub_token.1lmflvgh-cgu.0.rcgu.o" "/opt/rustwide/target/debug/examples/nats_pub_token-8454a4154bd28a07.nats_pub_token.1lmflvgh-cgu.1.rcgu.o" "/opt/rustwide/target/debug/examples/nats_pub_token-8454a4154bd28a07.nats_pub_token.1lmflvgh-cgu.10.rcgu.o" "/opt/rustwide/target/debug/examples/nats_pub_token-8454a4154bd28a07.nats_pub_token.1lmflvgh-cgu.11.rcgu.o" "/opt/rustwide/target/debug/examples/nats_pub_token-8454a4154bd28a07.nats_pub_token.1lmflvgh-cgu.12.rcgu.o" "/opt/rustwide/target/debug/examples/nats_pub_token-8454a4154bd28a07.nats_pub_token.1lmflvgh-cgu.13.rcgu.o" "/opt/rustwide/target/debug/examples/nats_pub_token-8454a4154bd28a07.nats_pub_token.1lmflvgh-cgu.14.rcgu.o" "/opt/rustwide/target/debug/examples/nats_pub_token-8454a4154bd28a07.nats_pub_token.1lmflvgh-cgu.15.rcgu.o" "/opt/rustwide/target/debug/examples/nats_pub_token-8454a4154bd28a07.nats_pub_token.1lmflvgh-cgu.2.rcgu.o" "/opt/rustwide/target/debug/examples/nats_pub_token-8454a4154bd28a07.nats_pub_token.1lmflvgh-cgu.3.rcgu.o" "/opt/rustwide/target/debug/examples/nats_pub_token-8454a4154bd28a07.nats_pub_token.1lmflvgh-cgu.4.rcgu.o" "/opt/rustwide/target/debug/examples/nats_pub_token-8454a4154bd28a07.nats_pub_token.1lmflvgh-cgu.5.rcgu.o" "/opt/rustwide/target/debug/examples/nats_pub_token-8454a4154bd28a07.nats_pub_token.1lmflvgh-cgu.6.rcgu.o" "/opt/rustwide/target/debug/examples/nats_pub_token-8454a4154bd28a07.nats_pub_token.1lmflvgh-cgu.7.rcgu.o" "/opt/rustwide/target/debug/examples/nats_pub_token-8454a4154bd28a07.nats_pub_token.1lmflvgh-cgu.8.rcgu.o" "/opt/rustwide/target/debug/examples/nats_pub_token-8454a4154bd28a07.nats_pub_token.1lmflvgh-cgu.9.rcgu.o" "/opt/rustwide/target/debug/examples/nats_pub_token-8454a4154bd28a07.13kialudzqjmthw6.rcgu.o" "-Wl,--as-needed" "-L" "/opt/rustwide/target/debug/deps" "-L" "/opt/rustwide/rustup-home/toolchains/1.54.0-x86_64-unknown-linux-gnu/lib/rustlib/x86_64-unknown-linux-gnu/lib" "-Wl,-Bstatic" "/opt/rustwide/target/debug/deps/libenv_logger-c8b66317640b8c42.rlib" "/opt/rustwide/target/debug/deps/libtermcolor-01d11b91b4e31953.rlib" "/opt/rustwide/target/debug/deps/libatty-92ee87108ea5f003.rlib" "/opt/rustwide/target/debug/deps/libhumantime-0c5f2594fbfc0e6a.rlib" "/opt/rustwide/target/debug/deps/libquick_error-ed708074fa1e3146.rlib" "/opt/rustwide/target/debug/deps/libratsio-cbee2f60e58d9112.rlib" "/opt/rustwide/target/debug/deps/libsha2-e5b8b9cfcf3e7a33.rlib" "/opt/rustwide/target/debug/deps/libcpuid_bool-464b343952c951fe.rlib" "/opt/rustwide/target/debug/deps/libopaque_debug-45a15423c8ac1fee.rlib" "/opt/rustwide/target/debug/deps/libdigest-cee9498d46fe27c0.rlib" "/opt/rustwide/target/debug/deps/libblock_buffer-ca98df5ecfb40ab8.rlib" "/opt/rustwide/target/debug/deps/libgeneric_array-7ec1671be0b15994.rlib" "/opt/rustwide/target/debug/deps/libtypenum-9959a671b08afc70.rlib" "/opt/rustwide/target/debug/deps/libprost-176e6e10fc34d87b.rlib" "/opt/rustwide/target/debug/deps/libfutures_timer-d5bfbc0e5c32253b.rlib" "/opt/rustwide/target/debug/deps/libthiserror-daa5e073d0408a30.rlib" "/opt/rustwide/target/debug/deps/libtokio_native_tls-c2ab43aa8e384c1d.rlib" "/opt/rustwide/target/debug/deps/libtokio-affa0cc9a4291f03.rlib" "/opt/rustwide/target/debug/deps/libnum_cpus-266a956fcaa6ad7b.rlib" "/opt/rustwide/target/debug/deps/libmio-f64e0939c7e9eb18.rlib" "/opt/rustwide/target/debug/deps/libpin_project-7df249aefc3d26ab.rlib" "/opt/rustwide/target/debug/deps/libnative_tls-cd8061c401e93c8d.rlib" "/opt/rustwide/target/debug/deps/libopenssl_probe-448ee40efb9df675.rlib" "/opt/rustwide/target/debug/deps/libopenssl-fd4a8b495414974c.rlib" "/opt/rustwide/target/debug/deps/libonce_cell-7362716c75555928.rlib" "/opt/rustwide/target/debug/deps/libbitflags-f89ae4b715176e2d.rlib" "/opt/rustwide/target/debug/deps/libforeign_types-6dd7ccee81750d2f.rlib" "/opt/rustwide/target/debug/deps/libforeign_types_shared-1812f2e1ab1a4883.rlib" "/opt/rustwide/target/debug/deps/libopenssl_sys-c248b1592625688a.rlib" "/opt/rustwide/target/debug/deps/libfutures-5f7e4a19eb3f00e6.rlib" "/opt/rustwide/target/debug/deps/libfutures_executor-9b7c218388b3b716.rlib" "/opt/rustwide/target/debug/deps/libfutures_util-8b68ecc524ce7ef6.rlib" "/opt/rustwide/target/debug/deps/libfutures_io-7b330efdb60920f8.rlib" "/opt/rustwide/target/debug/deps/libslab-a95947d689540fa4.rlib" "/opt/rustwide/target/debug/deps/libfutures_channel-74cc4f152565fa3c.rlib" "/opt/rustwide/target/debug/deps/libpin_project_lite-9385a627c3f2ae8b.rlib" "/opt/rustwide/target/debug/deps/libfutures_sink-5ab88a34af58e80b.rlib" "/opt/rustwide/target/debug/deps/libfutures_task-796f5aa8e848fee3.rlib" "/opt/rustwide/target/debug/deps/libpin_utils-576e633f12357c97.rlib" "/opt/rustwide/target/debug/deps/libfutures_core-587fa28cd89a6b0b.rlib" "/opt/rustwide/target/debug/deps/libbytes-df7cac8fc38da202.rlib" "/opt/rustwide/target/debug/deps/librand-1bf958ecbdc290dd.rlib" "/opt/rustwide/target/debug/deps/librand_xorshift-1b1159265b7ea552.rlib" "/opt/rustwide/target/debug/deps/librand_pcg-17ff6a566d93295e.rlib" "/opt/rustwide/target/debug/deps/librand_hc-7f6d4d4fbf0f1f03.rlib" "/opt/rustwide/target/debug/deps/librand_chacha-1c46fb839c131f1e.rlib" "/opt/rustwide/target/debug/deps/librand_isaac-e7e43fc1773729b6.rlib" "/opt/rustwide/target/debug/deps/librand_core-46bc130fb04fd44b.rlib" "/opt/rustwide/target/debug/deps/librand_os-b25b979b5116ce31.rlib" "/opt/rustwide/target/debug/deps/liblibc-1f0fd06272d8fa24.rlib" "/opt/rustwide/target/debug/deps/librand_jitter-d8ba8cbd680b44c7.rlib" "/opt/rustwide/target/debug/deps/librand_core-8195e4f9653f651a.rlib" "/opt/rustwide/target/debug/deps/liblazy_static-5c53d641eb010a81.rlib" "/opt/rustwide/target/debug/deps/liblog-c7a6438e9780af3a.rlib" "/opt/rustwide/target/debug/deps/libcfg_if-38c8a3e888ecb06a.rlib" "/opt/rustwide/target/debug/deps/libnom-21a2b23bd9c15ae4.rlib" "/opt/rustwide/target/debug/deps/libregex-ff7b93346f2be0bb.rlib" "/opt/rustwide/target/debug/deps/libregex_syntax-5c8121566f39070a.rlib" "/opt/rustwide/target/debug/deps/libaho_corasick-5234701034b12ee4.rlib" "/opt/rustwide/target/debug/deps/libmemchr-9559fd627c3017a7.rlib" "-Wl,--start-group" "/opt/rustwide/rustup-home/toolchains/1.54.0-x86_64-unknown-linux-gnu/lib/rustlib/x86_64-unknown-linux-gnu/lib/libstd-2420485b9e5ef5e1.rlib" "/opt/rustwide/rustup-home/toolchains/1.54.0-x86_64-unknown-linux-gnu/lib/rustlib/x86_64-unknown-linux-gnu/lib/libpanic_unwind-785e3cb61c4b1960.rlib" "/opt/rustwide/rustup-home/toolchains/1.54.0-x86_64-unknown-linux-gnu/lib/rustlib/x86_64-unknown-linux-gnu/lib/libminiz_oxide-087191a88bdaa22d.rlib" "/opt/rustwide/rustup-home/toolchains/1.54.0-x86_64-unknown-linux-gnu/lib/rustlib/x86_64-unknown-linux-gnu/lib/libadler-9981842c02975178.rlib" "/opt/rustwide/rustup-home/toolchains/1.54.0-x86_64-unknown-linux-gnu/lib/rustlib/x86_64-unknown-linux-gnu/lib/libobject-6fb405869b015fde.rlib" "/opt/rustwide/rustup-home/toolchains/1.54.0-x86_64-unknown-linux-gnu/lib/rustlib/x86_64-unknown-linux-gnu/lib/libaddr2line-d05c5c3c56004b7b.rlib" "/opt/rustwide/rustup-home/toolchains/1.54.0-x86_64-unknown-linux-gnu/lib/rustlib/x86_64-unknown-linux-gnu/lib/libgimli-42d74d2097528b38.rlib" "/opt/rustwide/rustup-home/toolchains/1.54.0-x86_64-unknown-linux-gnu/lib/rustlib/x86_64-unknown-linux-gnu/lib/libstd_detect-fb36534c113d2209.rlib" "/opt/rustwide/rustup-home/toolchains/1.54.0-x86_64-unknown-linux-gnu/lib/rustlib/x86_64-unknown-linux-gnu/lib/librustc_demangle-b56b9042c12b6535.rlib" "/opt/rustwide/rustup-home/toolchains/1.54.0-x86_64-unknown-linux-gnu/lib/rustlib/x86_64-unknown-linux-gnu/lib/libhashbrown-491902d6cb3e76df.rlib" "/opt/rustwide/rustup-home/toolchains/1.54.0-x86_64-unknown-linux-gnu/lib/rustlib/x86_64-unknown-linux-gnu/lib/librustc_std_workspace_alloc-61834e0981b8c367.rlib" "/opt/rustwide/rustup-home/toolchains/1.54.0-x86_64-unknown-linux-gnu/lib/rustlib/x86_64-unknown-linux-gnu/lib/libunwind-f78aa99d613a55bc.rlib" "/opt/rustwide/rustup-home/toolchains/1.54.0-x86_64-unknown-linux-gnu/lib/rustlib/x86_64-unknown-linux-gnu/lib/libcfg_if-53ee54cd7fed2c57.rlib" "/opt/rustwide/rustup-home/toolchains/1.54.0-x86_64-unknown-linux-gnu/lib/rustlib/x86_64-unknown-linux-gnu/lib/liblibc-544ecdbd6cda3c58.rlib" "/opt/rustwide/rustup-home/toolchains/1.54.0-x86_64-unknown-linux-gnu/lib/rustlib/x86_64-unknown-linux-gnu/lib/liballoc-379cc252b6943a79.rlib" "/opt/rustwide/rustup-home/toolchains/1.54.0-x86_64-unknown-linux-gnu/lib/rustlib/x86_64-unknown-linux-gnu/lib/librustc_std_workspace_core-8063eea38dcc5e62.rlib" "/opt/rustwide/rustup-home/toolchains/1.54.0-x86_64-unknown-linux-gnu/lib/rustlib/x86_64-unknown-linux-gnu/lib/libcore-5b228734afae15ee.rlib" "-Wl,--end-group" "/opt/rustwide/rustup-home/toolchains/1.54.0-x86_64-unknown-linux-gnu/lib/rustlib/x86_64-unknown-linux-gnu/lib/libcompiler_builtins-d6c7a399d95d173f.rlib" "-Wl,-Bdynamic" "-lssl" "-lcrypto" "-lgcc_s" "-lutil" "-lrt" "-lpthread" "-lm" "-ldl" "-lc" "-Wl,--eh-frame-hdr" "-Wl,-znoexecstack" "-L" "/opt/rustwide/rustup-home/toolchains/1.54.0-x86_64-unknown-linux-gnu/lib/rustlib/x86_64-unknown-linux-gnu/lib" "-o" "/opt/rustwide/target/debug/examples/nats_pub_token-8454a4154bd28a07" "-Wl,--gc-sections" "-pie" "-Wl,-zrelro" "-Wl,-znow" "-nodefaultlibs"
[INFO] [stdout]   = note: collect2: fatal error: ld terminated with signal 9 [Killed]
[INFO] [stdout]           compilation terminated.
[INFO] [stdout]           
[INFO] [stdout] 
[INFO] [stdout] 
[INFO] [stdout] error: aborting due to previous error
[INFO] [stdout] 
[INFO] [stdout] 
[INFO] [stdout] warning: 1 warning emitted
[INFO] [stdout] 
[INFO] [stdout] 
[INFO] [stdout] warning: 1 warning emitted
[INFO] [stdout] 
[INFO] [stdout] 
[INFO] [stdout] warning: 1 warning emitted
[INFO] [stdout] 
[INFO] [stdout] 
[INFO] [stdout] warning: 1 warning emitted
[INFO] [stdout] 
[INFO] [stdout] 
[INFO] [stderr] error: build failed
[INFO] running `Command { std: "docker" "inspect" "3baa8fb30a82b2703ad9f638f2ab9c3a1c5e176d936b71ab8ec5662351919547", kill_on_drop: false }`
[INFO] running `Command { std: "docker" "rm" "-f" "3baa8fb30a82b2703ad9f638f2ab9c3a1c5e176d936b71ab8ec5662351919547", kill_on_drop: false }`
[INFO] [stdout] 3baa8fb30a82b2703ad9f638f2ab9c3a1c5e176d936b71ab8ec5662351919547
