[INFO] fetching crate raqote-usvg-render 0.12.0...
[INFO] testing raqote-usvg-render-0.12.0 against beta-2021-08-01 for beta-1.55-1
[INFO] extracting crate raqote-usvg-render 0.12.0 into /workspace/builds/worker-14/source
[INFO] validating manifest of crates.io crate raqote-usvg-render 0.12.0 on toolchain beta-2021-08-01
[INFO] running `Command { std: "/workspace/cargo-home/bin/cargo" "+beta-2021-08-01" "metadata" "--manifest-path" "Cargo.toml" "--no-deps", kill_on_drop: false }`
[INFO] started tweaking crates.io crate raqote-usvg-render 0.12.0
[INFO] finished tweaking crates.io crate raqote-usvg-render 0.12.0
[INFO] tweaked toml for crates.io crate raqote-usvg-render 0.12.0 written to /workspace/builds/worker-14/source/Cargo.toml
[INFO] crate crates.io crate raqote-usvg-render 0.12.0 already has a lockfile, it will not be regenerated
[INFO] running `Command { std: "/workspace/cargo-home/bin/cargo" "+beta-2021-08-01" "fetch" "--manifest-path" "Cargo.toml", kill_on_drop: false }`
[INFO] [stderr]  Downloading crates ...
[INFO] [stderr]   Downloaded svgfilters v0.1.0
[INFO] [stderr]   Downloaded roxmltree v0.13.0
[INFO] [stderr]   Downloaded usvg v0.11.0
[INFO] [stderr]   Downloaded rustybuzz v0.1.1
[INFO] [stderr]   Downloaded fontdb v0.1.0
[INFO] [stderr]   Downloaded kurbo v0.6.3
[INFO] running `Command { std: "docker" "create" "-v" "/var/lib/crater-agent-workspace/builds/worker-14/target:/opt/rustwide/target:rw,Z" "-v" "/var/lib/crater-agent-workspace/builds/worker-14/source:/opt/rustwide/workdir:ro,Z" "-v" "/var/lib/crater-agent-workspace/cargo-home:/opt/rustwide/cargo-home:ro,Z" "-v" "/var/lib/crater-agent-workspace/rustup-home:/opt/rustwide/rustup-home:ro,Z" "-e" "SOURCE_DIR=/opt/rustwide/workdir" "-e" "CARGO_TARGET_DIR=/opt/rustwide/target" "-e" "CARGO_HOME=/opt/rustwide/cargo-home" "-e" "RUSTUP_HOME=/opt/rustwide/rustup-home" "-w" "/opt/rustwide/workdir" "-m" "1610612736" "--user" "0:0" "--network" "none" "ghcr.io/rust-lang/crates-build-env/linux@sha256:34b6a614d2c27851fe6cbf88fbd1137609cefab8b10d0615aaeb6fd47975d74e" "/opt/rustwide/cargo-home/bin/cargo" "+beta-2021-08-01" "metadata" "--no-deps" "--format-version=1", kill_on_drop: false }`
[INFO] [stdout] be2f3a65309d1064c09ffb676f509f5f0bf9ffd3fba804d3443ff4e20a74d9d9
[INFO] running `Command { std: "docker" "start" "-a" "be2f3a65309d1064c09ffb676f509f5f0bf9ffd3fba804d3443ff4e20a74d9d9", kill_on_drop: false }`
[INFO] running `Command { std: "docker" "inspect" "be2f3a65309d1064c09ffb676f509f5f0bf9ffd3fba804d3443ff4e20a74d9d9", kill_on_drop: false }`
[INFO] running `Command { std: "docker" "rm" "-f" "be2f3a65309d1064c09ffb676f509f5f0bf9ffd3fba804d3443ff4e20a74d9d9", kill_on_drop: false }`
[INFO] [stdout] be2f3a65309d1064c09ffb676f509f5f0bf9ffd3fba804d3443ff4e20a74d9d9
[INFO] running `Command { std: "docker" "create" "-v" "/var/lib/crater-agent-workspace/builds/worker-14/target:/opt/rustwide/target:rw,Z" "-v" "/var/lib/crater-agent-workspace/builds/worker-14/source:/opt/rustwide/workdir:ro,Z" "-v" "/var/lib/crater-agent-workspace/cargo-home:/opt/rustwide/cargo-home:ro,Z" "-v" "/var/lib/crater-agent-workspace/rustup-home:/opt/rustwide/rustup-home:ro,Z" "-e" "SOURCE_DIR=/opt/rustwide/workdir" "-e" "CARGO_TARGET_DIR=/opt/rustwide/target" "-e" "CARGO_INCREMENTAL=0" "-e" "RUST_BACKTRACE=full" "-e" "RUSTFLAGS=--cap-lints=warn" "-e" "CARGO_HOME=/opt/rustwide/cargo-home" "-e" "RUSTUP_HOME=/opt/rustwide/rustup-home" "-w" "/opt/rustwide/workdir" "-m" "1610612736" "--user" "0:0" "--network" "none" "ghcr.io/rust-lang/crates-build-env/linux@sha256:34b6a614d2c27851fe6cbf88fbd1137609cefab8b10d0615aaeb6fd47975d74e" "/opt/rustwide/cargo-home/bin/cargo" "+beta-2021-08-01" "build" "--frozen" "--message-format=json", kill_on_drop: false }`
[INFO] [stdout] 2433f02eba2c1af74bc03060da6eb77a9047c2a91b78875b7d568be9047f9716
[INFO] running `Command { std: "docker" "start" "-a" "2433f02eba2c1af74bc03060da6eb77a9047c2a91b78875b7d568be9047f9716", kill_on_drop: false }`
[INFO] [stderr]    Compiling byteorder v1.3.4
[INFO] [stderr]    Compiling arrayvec v0.5.2
[INFO] [stderr]    Compiling float-cmp v0.5.3
[INFO] [stderr]    Compiling ttf-parser v0.6.2
[INFO] [stderr]    Compiling xmlparser v0.13.3
[INFO] [stderr]    Compiling bytemuck v1.4.1
[INFO] [stderr]    Compiling unicode-script v0.5.2
[INFO] [stderr]    Compiling sw-composite v0.7.14
[INFO] [stderr]    Compiling pico-args v0.3.4
[INFO] [stderr]    Compiling typed-arena v2.0.1
[INFO] [stderr]    Compiling xmlwriter v0.1.0
[INFO] [stderr]    Compiling rctree v0.3.3
[INFO] [stderr]    Compiling unicode-vo v0.1.0
[INFO] [stderr]    Compiling inflate v0.4.5
[INFO] [stderr]    Compiling data-url v0.1.0
[INFO] [stderr]    Compiling getrandom v0.1.15
[INFO] [stderr]    Compiling jobserver v0.1.21
[INFO] [stderr]    Compiling memmap2 v0.1.0
[INFO] [stderr]    Compiling simplecss v0.2.0
[INFO] [stderr]    Compiling euclid v0.20.14
[INFO] [stderr]    Compiling flate2 v1.0.19
[INFO] [stderr]    Compiling rgb v0.8.25
[INFO] [stderr]    Compiling svgtypes v0.5.0
[INFO] [stderr]    Compiling rand_core v0.5.1
[INFO] [stderr]    Compiling roxmltree v0.13.0
[INFO] [stderr]    Compiling kurbo v0.6.3
[INFO] [stderr]    Compiling cc v1.0.62
[INFO] [stderr]    Compiling svgfilters v0.1.0
[INFO] [stderr]    Compiling rand_chacha v0.2.2
[INFO] [stderr]    Compiling lyon_geom v0.15.3
[INFO] [stderr]    Compiling deflate v0.7.20
[INFO] [stderr]    Compiling jpeg-decoder v0.1.20
[INFO] [stderr]    Compiling rand v0.7.3
[INFO] [stderr]    Compiling png v0.15.3
[INFO] [stderr]    Compiling rustybuzz v0.1.1
[INFO] [stderr]    Compiling uuid v0.8.1
[INFO] [stderr]    Compiling raqote v0.8.0
[INFO] [stderr]    Compiling fontdb v0.1.0
[INFO] [stderr]    Compiling usvg v0.11.0
[INFO] [stderr]    Compiling raqote-usvg-render v0.12.0 (/opt/rustwide/workdir)
[INFO] [stderr]     Finished dev [unoptimized + debuginfo] target(s) in 29.22s
[INFO] running `Command { std: "docker" "inspect" "2433f02eba2c1af74bc03060da6eb77a9047c2a91b78875b7d568be9047f9716", kill_on_drop: false }`
[INFO] running `Command { std: "docker" "rm" "-f" "2433f02eba2c1af74bc03060da6eb77a9047c2a91b78875b7d568be9047f9716", kill_on_drop: false }`
[INFO] [stdout] 2433f02eba2c1af74bc03060da6eb77a9047c2a91b78875b7d568be9047f9716
[INFO] running `Command { std: "docker" "create" "-v" "/var/lib/crater-agent-workspace/builds/worker-14/target:/opt/rustwide/target:rw,Z" "-v" "/var/lib/crater-agent-workspace/builds/worker-14/source:/opt/rustwide/workdir:ro,Z" "-v" "/var/lib/crater-agent-workspace/cargo-home:/opt/rustwide/cargo-home:ro,Z" "-v" "/var/lib/crater-agent-workspace/rustup-home:/opt/rustwide/rustup-home:ro,Z" "-e" "SOURCE_DIR=/opt/rustwide/workdir" "-e" "CARGO_TARGET_DIR=/opt/rustwide/target" "-e" "CARGO_INCREMENTAL=0" "-e" "RUST_BACKTRACE=full" "-e" "RUSTFLAGS=--cap-lints=warn" "-e" "CARGO_HOME=/opt/rustwide/cargo-home" "-e" "RUSTUP_HOME=/opt/rustwide/rustup-home" "-w" "/opt/rustwide/workdir" "-m" "1610612736" "--user" "0:0" "--network" "none" "ghcr.io/rust-lang/crates-build-env/linux@sha256:34b6a614d2c27851fe6cbf88fbd1137609cefab8b10d0615aaeb6fd47975d74e" "/opt/rustwide/cargo-home/bin/cargo" "+beta-2021-08-01" "test" "--frozen" "--no-run" "--message-format=json", kill_on_drop: false }`
[INFO] [stdout] 091d2de767be608e371be8ea40ea544d4548a667bd37b5d8fbf6ed1c120262d4
[INFO] running `Command { std: "docker" "start" "-a" "091d2de767be608e371be8ea40ea544d4548a667bd37b5d8fbf6ed1c120262d4", kill_on_drop: false }`
[INFO] [stderr]    Compiling raqote-usvg-render v0.12.0 (/opt/rustwide/workdir)
[INFO] [stdout] error[E0433]: failed to resolve: use of undeclared crate or module `resvg_raqote`
[INFO] [stdout]   --> examples/custom_rtree.rs:55:15
[INFO] [stdout]    |
[INFO] [stdout] 55 |     let img = resvg_raqote::render_to_image(&rtree, &opt).unwrap();
[INFO] [stdout]    |               ^^^^^^^^^^^^ use of undeclared crate or module `resvg_raqote`
[INFO] [stdout] 
[INFO] [stdout] 
[INFO] [stdout] error[E0433]: failed to resolve: use of undeclared crate or module `resvg_raqote`
[INFO] [stdout]  --> examples/custom_rtree.rs:6:29
[INFO] [stdout]   |
[INFO] [stdout] 6 |     let opt = resvg_raqote::Options::default();
[INFO] [stdout]   |                             ^^^^^^^ not found in `resvg_raqote`
[INFO] [stdout]   |
[INFO] [stdout] help: consider importing one of these items
[INFO] [stdout]   |
[INFO] [stdout] 1 | use raqote_usvg_render::Options;
[INFO] [stdout]   |
[INFO] [stdout] 1 | use usvg::Options;
[INFO] [stdout]   |
[INFO] [stdout] 
[INFO] [stdout] 
[INFO] [stderr] error: could not compile `raqote-usvg-render` due to 3 previous errors
[INFO] [stdout] error: aborting due to 2 previous errors
[INFO] [stdout] 
[INFO] [stdout] 
[INFO] [stderr] warning: build failed, waiting for other jobs to finish...
[INFO] [stdout] For more information about this error, try `rustc --explain E0433`.
[INFO] [stdout] 
[INFO] [stdout] error[E0433]: failed to resolve: use of undeclared crate or module `resvg_raqote`
[INFO] [stdout]   --> examples/draw_bboxes.rs:52:15
[INFO] [stdout]    |
[INFO] [stdout] 52 |     let img = resvg_raqote::render_to_image(&rtree, &opt).unwrap();
[INFO] [stdout]    |               ^^^^^^^^^^^^ use of undeclared crate or module `resvg_raqote`
[INFO] [stdout] 
[INFO] [stdout] 
[INFO] [stdout] error[E0433]: failed to resolve: use of undeclared crate or module `resvg_raqote`
[INFO] [stdout]   --> examples/draw_bboxes.rs:22:33
[INFO] [stdout]    |
[INFO] [stdout] 22 |     let mut opt = resvg_raqote::Options::default();
[INFO] [stdout]    |                                 ^^^^^^^ not found in `resvg_raqote`
[INFO] [stdout]    |
[INFO] [stdout] help: consider importing one of these items
[INFO] [stdout]    |
[INFO] [stdout] 1  | use raqote_usvg_render::Options;
[INFO] [stdout]    |
[INFO] [stdout] 1  | use usvg::Options;
[INFO] [stdout]    |
[INFO] [stdout] 
[INFO] [stdout] 
[INFO] [stdout] error: aborting due to 2 previous errors
[INFO] [stdout] 
[INFO] [stdout] 
[INFO] [stdout] For more information about this error, try `rustc --explain E0433`.
[INFO] [stdout] 
[INFO] [stdout] error[E0433]: failed to resolve: use of undeclared crate or module `resvg_raqote`
[INFO] [stdout]   --> examples/minimal.rs:12:15
[INFO] [stdout]    |
[INFO] [stdout] 12 |     let img = resvg_raqote::render_to_image(&rtree, &opt).unwrap();
[INFO] [stdout]    |               ^^^^^^^^^^^^ use of undeclared crate or module `resvg_raqote`
[INFO] [stdout] 
[INFO] [stdout] 
[INFO] [stdout] error[E0433]: failed to resolve: use of undeclared crate or module `resvg_raqote`
[INFO] [stdout]  --> examples/minimal.rs:8:33
[INFO] [stdout]   |
[INFO] [stdout] 8 |     let mut opt = resvg_raqote::Options::default();
[INFO] [stdout]   |                                 ^^^^^^^ not found in `resvg_raqote`
[INFO] [stdout]   |
[INFO] [stdout] help: consider importing one of these items
[INFO] [stdout]   |
[INFO] [stdout] 1 | use raqote_usvg_render::Options;
[INFO] [stdout]   |
[INFO] [stdout] 1 | use usvg::Options;
[INFO] [stdout]   |
[INFO] [stdout] 
[INFO] [stdout] 
[INFO] [stdout] error: aborting due to 2 previous errors
[INFO] [stdout] 
[INFO] [stdout] 
[INFO] [stdout] For more information about this error, try `rustc --explain E0433`.
[INFO] [stdout] 
[INFO] [stderr] error: build failed
[INFO] running `Command { std: "docker" "inspect" "091d2de767be608e371be8ea40ea544d4548a667bd37b5d8fbf6ed1c120262d4", kill_on_drop: false }`
[INFO] running `Command { std: "docker" "rm" "-f" "091d2de767be608e371be8ea40ea544d4548a667bd37b5d8fbf6ed1c120262d4", kill_on_drop: false }`
[INFO] [stdout] 091d2de767be608e371be8ea40ea544d4548a667bd37b5d8fbf6ed1c120262d4
