[INFO] fetching crate raqote-display 0.1.2...
[INFO] testing raqote-display-0.1.2 against beta-2021-08-01 for beta-1.55-1
[INFO] extracting crate raqote-display 0.1.2 into /workspace/builds/worker-6/source
[INFO] validating manifest of crates.io crate raqote-display 0.1.2 on toolchain beta-2021-08-01
[INFO] running `Command { std: "/workspace/cargo-home/bin/cargo" "+beta-2021-08-01" "metadata" "--manifest-path" "Cargo.toml" "--no-deps", kill_on_drop: false }`
[INFO] started tweaking crates.io crate raqote-display 0.1.2
[INFO] finished tweaking crates.io crate raqote-display 0.1.2
[INFO] tweaked toml for crates.io crate raqote-display 0.1.2 written to /workspace/builds/worker-6/source/Cargo.toml
[INFO] crate crates.io crate raqote-display 0.1.2 already has a lockfile, it will not be regenerated
[INFO] running `Command { std: "/workspace/cargo-home/bin/cargo" "+beta-2021-08-01" "fetch" "--manifest-path" "Cargo.toml", kill_on_drop: false }`
[INFO] [stderr]     Blocking waiting for file lock on package cache
[INFO] [stderr]  Downloading crates ...
[INFO] [stderr]   Downloaded embedded-graphics v0.6.2
[INFO] [stderr]   Downloaded sw-composite v0.7.13
[INFO] running `Command { std: "docker" "create" "-v" "/var/lib/crater-agent-workspace/builds/worker-6/target:/opt/rustwide/target:rw,Z" "-v" "/var/lib/crater-agent-workspace/builds/worker-6/source:/opt/rustwide/workdir:ro,Z" "-v" "/var/lib/crater-agent-workspace/cargo-home:/opt/rustwide/cargo-home:ro,Z" "-v" "/var/lib/crater-agent-workspace/rustup-home:/opt/rustwide/rustup-home:ro,Z" "-e" "SOURCE_DIR=/opt/rustwide/workdir" "-e" "CARGO_TARGET_DIR=/opt/rustwide/target" "-e" "CARGO_HOME=/opt/rustwide/cargo-home" "-e" "RUSTUP_HOME=/opt/rustwide/rustup-home" "-w" "/opt/rustwide/workdir" "-m" "1610612736" "--user" "0:0" "--network" "none" "ghcr.io/rust-lang/crates-build-env/linux@sha256:34b6a614d2c27851fe6cbf88fbd1137609cefab8b10d0615aaeb6fd47975d74e" "/opt/rustwide/cargo-home/bin/cargo" "+beta-2021-08-01" "metadata" "--no-deps" "--format-version=1", kill_on_drop: false }`
[INFO] [stdout] c0235353a921f353fcc2ecdd7779ac2aef7a967c24e1160bec3cf18dbcdd624c
[INFO] running `Command { std: "docker" "start" "-a" "c0235353a921f353fcc2ecdd7779ac2aef7a967c24e1160bec3cf18dbcdd624c", kill_on_drop: false }`
[INFO] running `Command { std: "docker" "inspect" "c0235353a921f353fcc2ecdd7779ac2aef7a967c24e1160bec3cf18dbcdd624c", kill_on_drop: false }`
[INFO] running `Command { std: "docker" "rm" "-f" "c0235353a921f353fcc2ecdd7779ac2aef7a967c24e1160bec3cf18dbcdd624c", kill_on_drop: false }`
[INFO] [stdout] c0235353a921f353fcc2ecdd7779ac2aef7a967c24e1160bec3cf18dbcdd624c
[INFO] running `Command { std: "docker" "create" "-v" "/var/lib/crater-agent-workspace/builds/worker-6/target:/opt/rustwide/target:rw,Z" "-v" "/var/lib/crater-agent-workspace/builds/worker-6/source:/opt/rustwide/workdir:ro,Z" "-v" "/var/lib/crater-agent-workspace/cargo-home:/opt/rustwide/cargo-home:ro,Z" "-v" "/var/lib/crater-agent-workspace/rustup-home:/opt/rustwide/rustup-home:ro,Z" "-e" "SOURCE_DIR=/opt/rustwide/workdir" "-e" "CARGO_TARGET_DIR=/opt/rustwide/target" "-e" "CARGO_INCREMENTAL=0" "-e" "RUST_BACKTRACE=full" "-e" "RUSTFLAGS=--cap-lints=warn" "-e" "CARGO_HOME=/opt/rustwide/cargo-home" "-e" "RUSTUP_HOME=/opt/rustwide/rustup-home" "-w" "/opt/rustwide/workdir" "-m" "1610612736" "--user" "0:0" "--network" "none" "ghcr.io/rust-lang/crates-build-env/linux@sha256:34b6a614d2c27851fe6cbf88fbd1137609cefab8b10d0615aaeb6fd47975d74e" "/opt/rustwide/cargo-home/bin/cargo" "+beta-2021-08-01" "build" "--frozen" "--message-format=json", kill_on_drop: false }`
[INFO] [stdout] fc70d65de5702e09cf9257ab3ad1b0fe0fbebedebec90cb6a03a37f0902403be
[INFO] running `Command { std: "docker" "start" "-a" "fc70d65de5702e09cf9257ab3ad1b0fe0fbebedebec90cb6a03a37f0902403be", kill_on_drop: false }`
[INFO] [stderr]     Blocking waiting for file lock on package cache
[INFO] [stderr]    Compiling arrayvec v0.5.1
[INFO] [stderr]    Compiling typed-arena v2.0.1
[INFO] [stderr]    Compiling sw-composite v0.7.13
[INFO] [stderr]    Compiling num-traits v0.2.12
[INFO] [stderr]    Compiling inflate v0.4.5
[INFO] [stderr]    Compiling deflate v0.7.20
[INFO] [stderr]    Compiling embedded-graphics v0.6.2
[INFO] [stderr]    Compiling png v0.15.3
[INFO] [stderr]    Compiling euclid v0.20.14
[INFO] [stderr]    Compiling lyon_geom v0.15.3
[INFO] [stderr]    Compiling raqote v0.8.0
[INFO] [stderr]    Compiling raqote-display v0.1.2 (/opt/rustwide/workdir)
[INFO] [stderr]     Finished dev [unoptimized + debuginfo] target(s) in 9.56s
[INFO] running `Command { std: "docker" "inspect" "fc70d65de5702e09cf9257ab3ad1b0fe0fbebedebec90cb6a03a37f0902403be", kill_on_drop: false }`
[INFO] running `Command { std: "docker" "rm" "-f" "fc70d65de5702e09cf9257ab3ad1b0fe0fbebedebec90cb6a03a37f0902403be", kill_on_drop: false }`
[INFO] [stdout] fc70d65de5702e09cf9257ab3ad1b0fe0fbebedebec90cb6a03a37f0902403be
[INFO] running `Command { std: "docker" "create" "-v" "/var/lib/crater-agent-workspace/builds/worker-6/target:/opt/rustwide/target:rw,Z" "-v" "/var/lib/crater-agent-workspace/builds/worker-6/source:/opt/rustwide/workdir:ro,Z" "-v" "/var/lib/crater-agent-workspace/cargo-home:/opt/rustwide/cargo-home:ro,Z" "-v" "/var/lib/crater-agent-workspace/rustup-home:/opt/rustwide/rustup-home:ro,Z" "-e" "SOURCE_DIR=/opt/rustwide/workdir" "-e" "CARGO_TARGET_DIR=/opt/rustwide/target" "-e" "CARGO_INCREMENTAL=0" "-e" "RUST_BACKTRACE=full" "-e" "RUSTFLAGS=--cap-lints=warn" "-e" "CARGO_HOME=/opt/rustwide/cargo-home" "-e" "RUSTUP_HOME=/opt/rustwide/rustup-home" "-w" "/opt/rustwide/workdir" "-m" "1610612736" "--user" "0:0" "--network" "none" "ghcr.io/rust-lang/crates-build-env/linux@sha256:34b6a614d2c27851fe6cbf88fbd1137609cefab8b10d0615aaeb6fd47975d74e" "/opt/rustwide/cargo-home/bin/cargo" "+beta-2021-08-01" "test" "--frozen" "--no-run" "--message-format=json", kill_on_drop: false }`
[INFO] [stdout] e5b5b6334d3d65cbddde4c05b222d3d57081120b63068749faffa914b9a14e32
[INFO] running `Command { std: "docker" "start" "-a" "e5b5b6334d3d65cbddde4c05b222d3d57081120b63068749faffa914b9a14e32", kill_on_drop: false }`
[INFO] [stderr]    Compiling raqote-display v0.1.2 (/opt/rustwide/workdir)
[INFO] [stdout] error[E0432]: unresolved import `orbclient`
[INFO] [stdout]   --> examples/minimal.rs:11:5
[INFO] [stdout]    |
[INFO] [stdout] 11 | use orbclient::*;
[INFO] [stdout]    |     ^^^^^^^^^ use of undeclared crate or module `orbclient`
[INFO] [stdout] 
[INFO] [stdout] 
[INFO] [stdout] error[E0433]: failed to resolve: use of undeclared crate or module `orbclient`
[INFO] [stdout]   --> examples/minimal.rs:17:41
[INFO] [stdout]    |
[INFO] [stdout] 17 |     let (screen_width, screen_height) = orbclient::get_display_size().unwrap();
[INFO] [stdout]    |                                         ^^^^^^^^^ use of undeclared crate or module `orbclient`
[INFO] [stdout] 
[INFO] [stdout] 
[INFO] [stdout] error[E0433]: failed to resolve: use of undeclared type `Window`
[INFO] [stdout]   --> examples/minimal.rs:38:22
[INFO] [stdout]    |
[INFO] [stdout] 38 |     let mut window = Window::new(
[INFO] [stdout]    |                      ^^^^^^ use of undeclared type `Window`
[INFO] [stdout] 
[INFO] [stdout] 
[INFO] [stdout] error[E0433]: failed to resolve: use of undeclared crate or module `orbclient`
[INFO] [stdout]   --> examples/minimal.rs:51:25
[INFO] [stdout]    |
[INFO] [stdout] 51 |     let color_data: Vec<orbclient::Color> = surface
[INFO] [stdout]    |                         ^^^^^^^^^ use of undeclared crate or module `orbclient`
[INFO] [stdout] 
[INFO] [stdout] 
[INFO] [stdout] error[E0433]: failed to resolve: use of undeclared crate or module `orbclient`
[INFO] [stdout]   --> examples/minimal.rs:53:18
[INFO] [stdout]    |
[INFO] [stdout] 53 |         .map(|p| orbclient::Color { data: *p })
[INFO] [stdout]    |                  ^^^^^^^^^ use of undeclared crate or module `orbclient`
[INFO] [stdout] 
[INFO] [stdout] 
[INFO] [stdout] error[E0433]: failed to resolve: use of undeclared type `EventOption`
[INFO] [stdout]   --> examples/minimal.rs:62:17
[INFO] [stdout]    |
[INFO] [stdout] 62 |                 EventOption::Quit(_quit_event) => break 'events,
[INFO] [stdout]    |                 ^^^^^^^^^^^ use of undeclared type `EventOption`
[INFO] [stdout] 
[INFO] [stdout] 
[INFO] [stdout] error[E0433]: failed to resolve: use of undeclared type `EventOption`
[INFO] [stdout]   --> examples/minimal.rs:63:17
[INFO] [stdout]    |
[INFO] [stdout] 63 |                 EventOption::Mouse(evt) => println!(
[INFO] [stdout]    |                 ^^^^^^^^^^^ use of undeclared type `EventOption`
[INFO] [stdout] 
[INFO] [stdout] 
[INFO] [stdout] error: aborting due to 7 previous errors
[INFO] [stdout] 
[INFO] [stdout] 
[INFO] [stdout] Some errors have detailed explanations: E0432, E0433.
[INFO] [stdout] 
[INFO] [stdout] For more information about an error, try `rustc --explain E0432`.
[INFO] [stdout] 
[INFO] [stderr] error: could not compile `raqote-display` due to 8 previous errors
[INFO] [stderr] warning: build failed, waiting for other jobs to finish...
[INFO] [stderr] error: build failed
[INFO] running `Command { std: "docker" "inspect" "e5b5b6334d3d65cbddde4c05b222d3d57081120b63068749faffa914b9a14e32", kill_on_drop: false }`
[INFO] running `Command { std: "docker" "rm" "-f" "e5b5b6334d3d65cbddde4c05b222d3d57081120b63068749faffa914b9a14e32", kill_on_drop: false }`
[INFO] [stdout] e5b5b6334d3d65cbddde4c05b222d3d57081120b63068749faffa914b9a14e32
