[INFO] fetching crate rabbithole-derive 0.3.1...
[INFO] testing rabbithole-derive-0.3.1 against 1.54.0 for beta-1.55-1
[INFO] extracting crate rabbithole-derive 0.3.1 into /workspace/builds/worker-6/source
[INFO] validating manifest of crates.io crate rabbithole-derive 0.3.1 on toolchain 1.54.0
[INFO] running `Command { std: "/workspace/cargo-home/bin/cargo" "+1.54.0" "metadata" "--manifest-path" "Cargo.toml" "--no-deps", kill_on_drop: false }`
[INFO] started tweaking crates.io crate rabbithole-derive 0.3.1
[INFO] finished tweaking crates.io crate rabbithole-derive 0.3.1
[INFO] tweaked toml for crates.io crate rabbithole-derive 0.3.1 written to /workspace/builds/worker-6/source/Cargo.toml
[INFO] running `Command { std: "/workspace/cargo-home/bin/cargo" "+1.54.0" "generate-lockfile" "--manifest-path" "Cargo.toml" "-Zno-index-update", kill_on_drop: false }`
[INFO] running `Command { std: "/workspace/cargo-home/bin/cargo" "+1.54.0" "fetch" "--manifest-path" "Cargo.toml", kill_on_drop: false }`
[INFO] running `Command { std: "docker" "create" "-v" "/var/lib/crater-agent-workspace/builds/worker-6/target:/opt/rustwide/target:rw,Z" "-v" "/var/lib/crater-agent-workspace/builds/worker-6/source:/opt/rustwide/workdir:ro,Z" "-v" "/var/lib/crater-agent-workspace/cargo-home:/opt/rustwide/cargo-home:ro,Z" "-v" "/var/lib/crater-agent-workspace/rustup-home:/opt/rustwide/rustup-home:ro,Z" "-e" "SOURCE_DIR=/opt/rustwide/workdir" "-e" "CARGO_TARGET_DIR=/opt/rustwide/target" "-e" "CARGO_HOME=/opt/rustwide/cargo-home" "-e" "RUSTUP_HOME=/opt/rustwide/rustup-home" "-w" "/opt/rustwide/workdir" "-m" "1610612736" "--user" "0:0" "--network" "none" "ghcr.io/rust-lang/crates-build-env/linux@sha256:34b6a614d2c27851fe6cbf88fbd1137609cefab8b10d0615aaeb6fd47975d74e" "/opt/rustwide/cargo-home/bin/cargo" "+1.54.0" "metadata" "--no-deps" "--format-version=1", kill_on_drop: false }`
[INFO] [stdout] 6dd40aae34540ef5361b055dbddf396ff486144ec6a6826729c43e5760545495
[INFO] running `Command { std: "docker" "start" "-a" "6dd40aae34540ef5361b055dbddf396ff486144ec6a6826729c43e5760545495", kill_on_drop: false }`
[INFO] running `Command { std: "docker" "inspect" "6dd40aae34540ef5361b055dbddf396ff486144ec6a6826729c43e5760545495", kill_on_drop: false }`
[INFO] running `Command { std: "docker" "rm" "-f" "6dd40aae34540ef5361b055dbddf396ff486144ec6a6826729c43e5760545495", kill_on_drop: false }`
[INFO] [stdout] 6dd40aae34540ef5361b055dbddf396ff486144ec6a6826729c43e5760545495
[INFO] running `Command { std: "docker" "create" "-v" "/var/lib/crater-agent-workspace/builds/worker-6/target:/opt/rustwide/target:rw,Z" "-v" "/var/lib/crater-agent-workspace/builds/worker-6/source:/opt/rustwide/workdir:ro,Z" "-v" "/var/lib/crater-agent-workspace/cargo-home:/opt/rustwide/cargo-home:ro,Z" "-v" "/var/lib/crater-agent-workspace/rustup-home:/opt/rustwide/rustup-home:ro,Z" "-e" "SOURCE_DIR=/opt/rustwide/workdir" "-e" "CARGO_TARGET_DIR=/opt/rustwide/target" "-e" "CARGO_INCREMENTAL=0" "-e" "RUST_BACKTRACE=full" "-e" "RUSTFLAGS=--cap-lints=warn" "-e" "CARGO_HOME=/opt/rustwide/cargo-home" "-e" "RUSTUP_HOME=/opt/rustwide/rustup-home" "-w" "/opt/rustwide/workdir" "-m" "1610612736" "--user" "0:0" "--network" "none" "ghcr.io/rust-lang/crates-build-env/linux@sha256:34b6a614d2c27851fe6cbf88fbd1137609cefab8b10d0615aaeb6fd47975d74e" "/opt/rustwide/cargo-home/bin/cargo" "+1.54.0" "build" "--frozen" "--message-format=json", kill_on_drop: false }`
[INFO] [stdout] 9c8a8d7ec380934f49de7968ea691536e6e8924eaaa914b397ddcb0d4d2ba24c
[INFO] running `Command { std: "docker" "start" "-a" "9c8a8d7ec380934f49de7968ea691536e6e8924eaaa914b397ddcb0d4d2ba24c", kill_on_drop: false }`
[INFO] [stderr]    Compiling syn v1.0.74
[INFO] [stderr]    Compiling thiserror-impl v1.0.26
[INFO] [stderr]    Compiling thiserror v1.0.26
[INFO] [stderr]    Compiling rabbithole-derive v0.3.1 (/opt/rustwide/workdir)
[INFO] [stderr]     Finished dev [unoptimized + debuginfo] target(s) in 12.90s
[INFO] running `Command { std: "docker" "inspect" "9c8a8d7ec380934f49de7968ea691536e6e8924eaaa914b397ddcb0d4d2ba24c", kill_on_drop: false }`
[INFO] running `Command { std: "docker" "rm" "-f" "9c8a8d7ec380934f49de7968ea691536e6e8924eaaa914b397ddcb0d4d2ba24c", kill_on_drop: false }`
[INFO] [stdout] 9c8a8d7ec380934f49de7968ea691536e6e8924eaaa914b397ddcb0d4d2ba24c
[INFO] running `Command { std: "docker" "create" "-v" "/var/lib/crater-agent-workspace/builds/worker-6/target:/opt/rustwide/target:rw,Z" "-v" "/var/lib/crater-agent-workspace/builds/worker-6/source:/opt/rustwide/workdir:ro,Z" "-v" "/var/lib/crater-agent-workspace/cargo-home:/opt/rustwide/cargo-home:ro,Z" "-v" "/var/lib/crater-agent-workspace/rustup-home:/opt/rustwide/rustup-home:ro,Z" "-e" "SOURCE_DIR=/opt/rustwide/workdir" "-e" "CARGO_TARGET_DIR=/opt/rustwide/target" "-e" "CARGO_INCREMENTAL=0" "-e" "RUST_BACKTRACE=full" "-e" "RUSTFLAGS=--cap-lints=warn" "-e" "CARGO_HOME=/opt/rustwide/cargo-home" "-e" "RUSTUP_HOME=/opt/rustwide/rustup-home" "-w" "/opt/rustwide/workdir" "-m" "1610612736" "--user" "0:0" "--network" "none" "ghcr.io/rust-lang/crates-build-env/linux@sha256:34b6a614d2c27851fe6cbf88fbd1137609cefab8b10d0615aaeb6fd47975d74e" "/opt/rustwide/cargo-home/bin/cargo" "+1.54.0" "test" "--frozen" "--no-run" "--message-format=json", kill_on_drop: false }`
[INFO] [stdout] d9a33d783c86b286a1686b01d308a4b8467c63c9db20cf0015836f81efeb0e6d
[INFO] running `Command { std: "docker" "start" "-a" "d9a33d783c86b286a1686b01d308a4b8467c63c9db20cf0015836f81efeb0e6d", kill_on_drop: false }`
[INFO] [stderr]    Compiling getrandom v0.2.3
[INFO] [stderr]    Compiling uuid v0.8.2
[INFO] [stderr]    Compiling rabbithole-derive v0.3.1 (/opt/rustwide/workdir)
[INFO] [stdout] error[E0433]: failed to resolve: use of undeclared crate or module `rabbithole`
[INFO] [stdout]  --> tests/query_test.rs:4:5
[INFO] [stdout]   |
[INFO] [stdout] 4 | use rabbithole::entity::{Entity, SingleEntity};
[INFO] [stdout]   |     ^^^^^^^^^^ use of undeclared crate or module `rabbithole`
[INFO] [stdout] 
[INFO] [stdout] 
[INFO] [stdout] error[E0433]: failed to resolve: use of undeclared crate or module `rabbithole`
[INFO] [stdout]  --> tests/query_test.rs:5:5
[INFO] [stdout]   |
[INFO] [stdout] 5 | use rabbithole::model::document::{Document, Included};
[INFO] [stdout]   |     ^^^^^^^^^^ use of undeclared crate or module `rabbithole`
[INFO] [stdout] 
[INFO] [stdout] 
[INFO] [stdout] error[E0433]: failed to resolve: use of undeclared crate or module `rabbithole`
[INFO] [stdout]  --> tests/query_test.rs:6:5
[INFO] [stdout]   |
[INFO] [stdout] 6 | use rabbithole::model::link::{Link, RawUri};
[INFO] [stdout]   |     ^^^^^^^^^^ use of undeclared crate or module `rabbithole`
[INFO] [stdout] 
[INFO] [stdout] 
[INFO] [stdout] error[E0433]: failed to resolve: use of undeclared crate or module `rabbithole`
[INFO] [stdout]  --> tests/query_test.rs:7:5
[INFO] [stdout]   |
[INFO] [stdout] 7 | use rabbithole::model::resource::Resource;
[INFO] [stdout]   |     ^^^^^^^^^^ use of undeclared crate or module `rabbithole`
[INFO] [stdout] 
[INFO] [stdout] 
[INFO] [stdout] error[E0433]: failed to resolve: use of undeclared crate or module `rabbithole`
[INFO] [stdout]  --> tests/query_test.rs:8:5
[INFO] [stdout]   |
[INFO] [stdout] 8 | use rabbithole::query::Query;
[INFO] [stdout]   |     ^^^^^^^^^^ use of undeclared crate or module `rabbithole`
[INFO] [stdout] 
[INFO] [stdout] 
[INFO] [stdout] error[E0433]: failed to resolve: use of undeclared crate or module `rabbithole`
[INFO] [stdout]   --> tests/query_test.rs:15:10
[INFO] [stdout]    |
[INFO] [stdout] 15 | #[derive(rbh_derive::EntityDecorator, Serialize, Deserialize, Clone)]
[INFO] [stdout]    |          ^^^^^^^^^^^^^^^^^^^^^^^^^^^ use of undeclared crate or module `rabbithole`
[INFO] [stdout]    |
[INFO] [stdout]    = note: this error originates in the derive macro `rbh_derive::EntityDecorator` (in Nightly builds, run with -Z macro-backtrace for more info)
[INFO] [stdout] 
[INFO] [stdout] 
[INFO] [stdout] error[E0433]: failed to resolve: use of undeclared crate or module `rabbithole`
[INFO] [stdout]   --> tests/query_test.rs:32:10
[INFO] [stdout]    |
[INFO] [stdout] 32 | #[derive(rbh_derive::EntityDecorator, Serialize, Deserialize, Clone)]
[INFO] [stdout]    |          ^^^^^^^^^^^^^^^^^^^^^^^^^^^ use of undeclared crate or module `rabbithole`
[INFO] [stdout]    |
[INFO] [stdout]    = note: this error originates in the derive macro `rbh_derive::EntityDecorator` (in Nightly builds, run with -Z macro-backtrace for more info)
[INFO] [stdout] 
[INFO] [stdout] 
[INFO] [stdout] error[E0433]: failed to resolve: use of undeclared crate or module `rabbithole`
[INFO] [stdout]  --> tests/entity_test.rs:8:5
[INFO] [stdout]   |
[INFO] [stdout] 8 | use rabbithole::model::resource::*;
[INFO] [stdout]   |     ^^^^^^^^^^ use of undeclared crate or module `rabbithole`
[INFO] [stdout] 
[INFO] [stdout] 
[INFO] [stdout] error[E0433]: failed to resolve: use of undeclared crate or module `rabbithole`
[INFO] [stdout]  --> tests/entity_test.rs:4:5
[INFO] [stdout]   |
[INFO] [stdout] 4 | use rabbithole::entity::Entity;
[INFO] [stdout]   |     ^^^^^^^^^^ use of undeclared crate or module `rabbithole`
[INFO] [stdout] 
[INFO] [stdout] 
[INFO] [stdout] error[E0433]: failed to resolve: use of undeclared crate or module `rabbithole`
[INFO] [stdout]  --> tests/entity_test.rs:5:5
[INFO] [stdout]   |
[INFO] [stdout] 5 | use rabbithole::model::document::{Document, DocumentItem, PrimaryDataItem};
[INFO] [stdout]   |     ^^^^^^^^^^ use of undeclared crate or module `rabbithole`
[INFO] [stdout] 
[INFO] [stdout] 
[INFO] [stdout] error[E0433]: failed to resolve: use of undeclared crate or module `rabbithole`
[INFO] [stdout]  --> tests/entity_test.rs:6:5
[INFO] [stdout]   |
[INFO] [stdout] 6 | use rabbithole::model::link::{Link, RawUri};
[INFO] [stdout]   |     ^^^^^^^^^^ use of undeclared crate or module `rabbithole`
[INFO] [stdout] 
[INFO] [stdout] 
[INFO] [stdout] error[E0433]: failed to resolve: use of undeclared crate or module `rabbithole`
[INFO] [stdout]  --> tests/entity_test.rs:7:5
[INFO] [stdout]   |
[INFO] [stdout] 7 | use rabbithole::model::relationship::Relationship;
[INFO] [stdout]   |     ^^^^^^^^^^ use of undeclared crate or module `rabbithole`
[INFO] [stdout] 
[INFO] [stdout] 
[INFO] [stdout] error[E0433]: failed to resolve: use of undeclared crate or module `rabbithole`
[INFO] [stdout]  --> tests/entity_test.rs:9:5
[INFO] [stdout]   |
[INFO] [stdout] 9 | use rabbithole::query::Query;
[INFO] [stdout]   |     ^^^^^^^^^^ use of undeclared crate or module `rabbithole`
[INFO] [stdout] 
[INFO] [stdout] 
[INFO] [stdout] error[E0433]: failed to resolve: use of undeclared crate or module `rabbithole`
[INFO] [stdout]   --> tests/entity_test.rs:16:10
[INFO] [stdout]    |
[INFO] [stdout] 16 | #[derive(rbh_derive::EntityDecorator, Serialize, Deserialize, Clone)]
[INFO] [stdout]    |          ^^^^^^^^^^^^^^^^^^^^^^^^^^^ use of undeclared crate or module `rabbithole`
[INFO] [stdout]    |
[INFO] [stdout]    = note: this error originates in the derive macro `rbh_derive::EntityDecorator` (in Nightly builds, run with -Z macro-backtrace for more info)
[INFO] [stdout] 
[INFO] [stdout] 
[INFO] [stdout] error[E0433]: failed to resolve: use of undeclared crate or module `rabbithole`
[INFO] [stdout]   --> tests/entity_test.rs:28:10
[INFO] [stdout]    |
[INFO] [stdout] 28 | #[derive(rbh_derive::EntityDecorator, Serialize, Deserialize, Clone)]
[INFO] [stdout]    |          ^^^^^^^^^^^^^^^^^^^^^^^^^^^ use of undeclared crate or module `rabbithole`
[INFO] [stdout]    |
[INFO] [stdout]    = note: this error originates in the derive macro `rbh_derive::EntityDecorator` (in Nightly builds, run with -Z macro-backtrace for more info)
[INFO] [stdout] 
[INFO] [stdout] 
[INFO] [stdout] error[E0433]: failed to resolve: use of undeclared crate or module `rabbithole`
[INFO] [stdout]   --> tests/entity_test.rs:45:10
[INFO] [stdout]    |
[INFO] [stdout] 45 | #[derive(rbh_derive::EntityDecorator, Serialize, Deserialize, Clone)]
[INFO] [stdout]    |          ^^^^^^^^^^^^^^^^^^^^^^^^^^^ use of undeclared crate or module `rabbithole`
[INFO] [stdout]    |
[INFO] [stdout]    = note: this error originates in the derive macro `rbh_derive::EntityDecorator` (in Nightly builds, run with -Z macro-backtrace for more info)
[INFO] [stdout] 
[INFO] [stdout] 
[INFO] [stdout] error[E0432]: unresolved imports `rabbithole::entity::Entity`, `rabbithole::model::document::Document`, `rabbithole::model::document::DocumentItem`, `rabbithole::model::document::PrimaryDataItem`, `rabbithole::model::link::Link`, `rabbithole::model::link::RawUri`, `rabbithole::model::relationship::Relationship`, `rabbithole::query::Query`, `rabbithole`, `rabbithole`, `rabbithole`
[INFO] [stdout]   --> tests/entity_test.rs:4:5
[INFO] [stdout]    |
[INFO] [stdout] 4  | use rabbithole::entity::Entity;
[INFO] [stdout]    |     ^^^^^^^^^^^^^^^^^^^^^^^^^^
[INFO] [stdout] 5  | use rabbithole::model::document::{Document, DocumentItem, PrimaryDataItem};
[INFO] [stdout]    |                                   ^^^^^^^^  ^^^^^^^^^^^^  ^^^^^^^^^^^^^^^
[INFO] [stdout] 6  | use rabbithole::model::link::{Link, RawUri};
[INFO] [stdout]    |                               ^^^^  ^^^^^^
[INFO] [stdout] 7  | use rabbithole::model::relationship::Relationship;
[INFO] [stdout]    |     ^^^^^^^^^^^^^^^^^^^^^^^^^^^^^^^^^^^^^^^^^^^^^
[INFO] [stdout] 8  | use rabbithole::model::resource::*;
[INFO] [stdout] 9  | use rabbithole::query::Query;
[INFO] [stdout]    |     ^^^^^^^^^^^^^^^^^^^^^^^^
[INFO] [stdout] ...
[INFO] [stdout] 16 | #[derive(rbh_derive::EntityDecorator, Serialize, Deserialize, Clone)]
[INFO] [stdout]    |          ^^^^^^^^^^^^^^^^^^^^^^^^^^^
[INFO] [stdout] ...
[INFO] [stdout] 28 | #[derive(rbh_derive::EntityDecorator, Serialize, Deserialize, Clone)]
[INFO] [stdout]    |          ^^^^^^^^^^^^^^^^^^^^^^^^^^^
[INFO] [stdout] ...
[INFO] [stdout] 45 | #[derive(rbh_derive::EntityDecorator, Serialize, Deserialize, Clone)]
[INFO] [stdout]    |          ^^^^^^^^^^^^^^^^^^^^^^^^^^^
[INFO] [stdout]    |
[INFO] [stdout]    = note: this error originates in the derive macro `rbh_derive::EntityDecorator` (in Nightly builds, run with -Z macro-backtrace for more info)
[INFO] [stdout] 
[INFO] [stdout] 
[INFO] [stdout] error: cannot find derive macro `Serialize` in this scope
[INFO] [stdout]   --> tests/entity_test.rs:16:39
[INFO] [stdout]    |
[INFO] [stdout] 16 | #[derive(rbh_derive::EntityDecorator, Serialize, Deserialize, Clone)]
[INFO] [stdout]    |                                       ^^^^^^^^^
[INFO] [stdout] 
[INFO] [stdout] 
[INFO] [stdout] error: cannot find derive macro `Deserialize` in this scope
[INFO] [stdout]   --> tests/entity_test.rs:16:50
[INFO] [stdout]    |
[INFO] [stdout] 16 | #[derive(rbh_derive::EntityDecorator, Serialize, Deserialize, Clone)]
[INFO] [stdout]    |                                                  ^^^^^^^^^^^
[INFO] [stdout] 
[INFO] [stdout] 
[INFO] [stdout] error: cannot find attribute `serde` in this scope
[INFO] [stdout]   --> tests/entity_test.rs:23:7
[INFO] [stdout]    |
[INFO] [stdout] 23 |     #[serde(bound(deserialize = "Option<Flea>: Deserialize<'de>"))]
[INFO] [stdout]    |       ^^^^^
[INFO] [stdout] 
[INFO] [stdout] 
[INFO] [stdout] error: cannot find derive macro `Serialize` in this scope
[INFO] [stdout]   --> tests/query_test.rs:15:39
[INFO] [stdout]    |
[INFO] [stdout] 15 | #[derive(rbh_derive::EntityDecorator, Serialize, Deserialize, Clone)]
[INFO] [stdout]    |                                       ^^^^^^^^^
[INFO] [stdout] 
[INFO] [stdout] 
[INFO] [stdout] error: cannot find derive macro `Deserialize` in this scope
[INFO] [stdout]   --> tests/query_test.rs:15:50
[INFO] [stdout]    |
[INFO] [stdout] 15 | #[derive(rbh_derive::EntityDecorator, Serialize, Deserialize, Clone)]
[INFO] [stdout]    |                                                  ^^^^^^^^^^^
[INFO] [stdout] 
[INFO] [stdout] 
[INFO] [stdout] error: cannot find derive macro `Serialize` in this scope
[INFO] [stdout]   --> tests/query_test.rs:32:39
[INFO] [stdout]    |
[INFO] [stdout] 32 | #[derive(rbh_derive::EntityDecorator, Serialize, Deserialize, Clone)]
[INFO] [stdout]    |                                       ^^^^^^^^^
[INFO] [stdout] 
[INFO] [stdout] 
[INFO] [stdout] error: cannot find derive macro `Deserialize` in this scope
[INFO] [stdout]   --> tests/query_test.rs:32:50
[INFO] [stdout]    |
[INFO] [stdout] 32 | #[derive(rbh_derive::EntityDecorator, Serialize, Deserialize, Clone)]
[INFO] [stdout]    |                                                  ^^^^^^^^^^^
[INFO] [stdout] 
[INFO] [stdout] 
[INFO] [stdout] error[E0433]: failed to resolve: use of undeclared type `Document`
[INFO] [stdout]   --> tests/query_test.rs:81:22
[INFO] [stdout]    |
[INFO] [stdout] 81 |     let manual_doc = Document::multiple_resources(
[INFO] [stdout]    |                      ^^^^^^^^ use of undeclared type `Document`
[INFO] [stdout] 
[INFO] [stdout] 
[INFO] [stdout] error: cannot find derive macro `Serialize` in this scope
[INFO] [stdout]   --> tests/entity_test.rs:28:39
[INFO] [stdout]    |
[INFO] [stdout] 28 | #[derive(rbh_derive::EntityDecorator, Serialize, Deserialize, Clone)]
[INFO] [stdout]    |                                       ^^^^^^^^^
[INFO] [stdout] 
[INFO] [stdout] 
[INFO] [stdout] error: cannot find derive macro `Deserialize` in this scope
[INFO] [stdout]   --> tests/entity_test.rs:28:50
[INFO] [stdout]    |
[INFO] [stdout] 28 | #[derive(rbh_derive::EntityDecorator, Serialize, Deserialize, Clone)]
[INFO] [stdout]    |                                                  ^^^^^^^^^^^
[INFO] [stdout] 
[INFO] [stdout] 
[INFO] [stdout] error: cannot find attribute `serde` in this scope
[INFO] [stdout]   --> tests/entity_test.rs:39:7
[INFO] [stdout]    |
[INFO] [stdout] 39 |     #[serde(bound(deserialize = "&'a Human: Deserialize<'de>"))]
[INFO] [stdout]    |       ^^^^^
[INFO] [stdout] 
[INFO] [stdout] 
[INFO] [stdout] error: cannot find derive macro `Serialize` in this scope
[INFO] [stdout]   --> tests/entity_test.rs:45:39
[INFO] [stdout]    |
[INFO] [stdout] 45 | #[derive(rbh_derive::EntityDecorator, Serialize, Deserialize, Clone)]
[INFO] [stdout]    |                                       ^^^^^^^^^
[INFO] [stdout] 
[INFO] [stdout] 
[INFO] [stdout] error: cannot find derive macro `Deserialize` in this scope
[INFO] [stdout]   --> tests/entity_test.rs:45:50
[INFO] [stdout]    |
[INFO] [stdout] 45 | #[derive(rbh_derive::EntityDecorator, Serialize, Deserialize, Clone)]
[INFO] [stdout]    |                                                  ^^^^^^^^^^^
[INFO] [stdout] 
[INFO] [stdout] 
[INFO] [stdout] error: cannot find derive macro `Serialize` in this scope
[INFO] [stdout]   --> tests/entity_test.rs:53:17
[INFO] [stdout]    |
[INFO] [stdout] 53 | #[derive(Debug, Serialize, Deserialize, Clone, Ord, PartialOrd, Eq, PartialEq)]
[INFO] [stdout]    |                 ^^^^^^^^^
[INFO] [stdout] 
[INFO] [stdout] 
[INFO] [stdout] error: cannot find derive macro `Deserialize` in this scope
[INFO] [stdout]   --> tests/entity_test.rs:53:28
[INFO] [stdout]    |
[INFO] [stdout] 53 | #[derive(Debug, Serialize, Deserialize, Clone, Ord, PartialOrd, Eq, PartialEq)]
[INFO] [stdout]    |                            ^^^^^^^^^^^
[INFO] [stdout] 
[INFO] [stdout] 
[INFO] [stdout] error[E0433]: failed to resolve: use of undeclared type `Link`
[INFO] [stdout]   --> tests/query_test.rs:84:38
[INFO] [stdout]    |
[INFO] [stdout] 84 |         Some(HashMap::from_iter(vec![Link::slf(
[INFO] [stdout]    |                                      ^^^^ use of undeclared type `Link`
[INFO] [stdout] 
[INFO] [stdout] 
[INFO] [stdout] error[E0433]: failed to resolve: use of undeclared type `Document`
[INFO] [stdout]    --> tests/query_test.rs:108:22
[INFO] [stdout]     |
[INFO] [stdout] 108 |     let manual_doc = Document::multiple_resources(
[INFO] [stdout]     |                      ^^^^^^^^ use of undeclared type `Document`
[INFO] [stdout] 
[INFO] [stdout] 
[INFO] [stdout] error[E0433]: failed to resolve: use of undeclared type `Link`
[INFO] [stdout]    --> tests/query_test.rs:111:38
[INFO] [stdout]     |
[INFO] [stdout] 111 |         Some(HashMap::from_iter(vec![Link::slf(
[INFO] [stdout]     |                                      ^^^^ use of undeclared type `Link`
[INFO] [stdout] 
[INFO] [stdout] 
[INFO] [stdout] error[E0433]: failed to resolve: use of undeclared type `ResourceIdentifier`
[INFO] [stdout]    --> tests/entity_test.rs:139:13
[INFO] [stdout]     |
[INFO] [stdout] 139 |         id: ResourceIdentifier::new("humans", "number"),
[INFO] [stdout]     |             ^^^^^^^^^^^^^^^^^^ use of undeclared type `ResourceIdentifier`
[INFO] [stdout] 
[INFO] [stdout] 
[INFO] [stdout] error[E0433]: failed to resolve: use of undeclared type `Document`
[INFO] [stdout]    --> tests/query_test.rs:132:22
[INFO] [stdout]     |
[INFO] [stdout] 132 |     let manual_doc = Document::multiple_resources(
[INFO] [stdout]     |                      ^^^^^^^^ use of undeclared type `Document`
[INFO] [stdout] 
[INFO] [stdout] 
[INFO] [stdout] error[E0433]: failed to resolve: use of undeclared type `Link`
[INFO] [stdout]    --> tests/query_test.rs:135:38
[INFO] [stdout]     |
[INFO] [stdout] 135 |         Some(HashMap::from_iter(vec![Link::slf(
[INFO] [stdout]     |                                      ^^^^ use of undeclared type `Link`
[INFO] [stdout] 
[INFO] [stdout] 
[INFO] [stdout] error[E0433]: failed to resolve: use of undeclared type `Document`
[INFO] [stdout]    --> tests/query_test.rs:166:22
[INFO] [stdout]     |
[INFO] [stdout] 166 |     let manual_doc = Document::multiple_resources(
[INFO] [stdout]     |                      ^^^^^^^^ use of undeclared type `Document`
[INFO] [stdout] 
[INFO] [stdout] 
[INFO] [stdout] error[E0433]: failed to resolve: use of undeclared type `IdentifierData`
[INFO] [stdout]    --> tests/entity_test.rs:146:19
[INFO] [stdout]     |
[INFO] [stdout] 146 |             data: IdentifierData::Single(Some(ResourceIdentifier {
[INFO] [stdout]     |                   ^^^^^^^^^^^^^^ use of undeclared type `IdentifierData`
[INFO] [stdout] 
[INFO] [stdout] 
[INFO] [stdout] error[E0433]: failed to resolve: use of undeclared type `Link`
[INFO] [stdout]    --> tests/query_test.rs:169:38
[INFO] [stdout]     |
[INFO] [stdout] 169 |         Some(HashMap::from_iter(vec![Link::slf(
[INFO] [stdout]     |                                      ^^^^ use of undeclared type `Link`
[INFO] [stdout] 
[INFO] [stdout] 
[INFO] [stdout] error[E0433]: failed to resolve: use of undeclared type `ResourceIdentifier`
[INFO] [stdout]    --> tests/entity_test.rs:175:13
[INFO] [stdout]     |
[INFO] [stdout] 175 |         id: ResourceIdentifier::new("fleas", "a"),
[INFO] [stdout]     |             ^^^^^^^^^^^^^^^^^^ use of undeclared type `ResourceIdentifier`
[INFO] [stdout] 
[INFO] [stdout] 
[INFO] [stdout] error[E0433]: failed to resolve: use of undeclared crate or module `rabbithole`
[INFO] [stdout]   --> tests/query_test.rs:15:10
[INFO] [stdout]    |
[INFO] [stdout] 15 | #[derive(rbh_derive::EntityDecorator, Serialize, Deserialize, Clone)]
[INFO] [stdout]    |          ^^^^^^^^^^^^^^^^^^^^^^^^^^^ not found in `rabbithole::model::error`
[INFO] [stdout]    |
[INFO] [stdout]    = note: this error originates in the derive macro `rbh_derive::EntityDecorator` (in Nightly builds, run with -Z macro-backtrace for more info)
[INFO] [stdout] help: consider importing one of these items
[INFO] [stdout]    |
[INFO] [stdout] 4  | use core::fmt::Error;
[INFO] [stdout]    |
[INFO] [stdout] 4  | use rand::Error;
[INFO] [stdout]    |
[INFO] [stdout] 4  | use serde::__private::doc::Error;
[INFO] [stdout]    |
[INFO] [stdout] 4  | use serde::__private::fmt::Error;
[INFO] [stdout]    |
[INFO] [stdout]      and 10 other candidates
[INFO] [stdout] 
[INFO] [stdout] 
[INFO] [stdout] error[E0433]: failed to resolve: use of undeclared crate or module `rabbithole`
[INFO] [stdout]   --> tests/query_test.rs:32:10
[INFO] [stdout]    |
[INFO] [stdout] 32 | #[derive(rbh_derive::EntityDecorator, Serialize, Deserialize, Clone)]
[INFO] [stdout]    |          ^^^^^^^^^^^^^^^^^^^^^^^^^^^ not found in `rabbithole::model::error`
[INFO] [stdout]    |
[INFO] [stdout]    = note: this error originates in the derive macro `rbh_derive::EntityDecorator` (in Nightly builds, run with -Z macro-backtrace for more info)
[INFO] [stdout] help: consider importing one of these items
[INFO] [stdout]    |
[INFO] [stdout] 4  | use core::fmt::Error;
[INFO] [stdout]    |
[INFO] [stdout] 4  | use rand::Error;
[INFO] [stdout]    |
[INFO] [stdout] 4  | use serde::__private::doc::Error;
[INFO] [stdout]    |
[INFO] [stdout] 4  | use serde::__private::fmt::Error;
[INFO] [stdout]    |
[INFO] [stdout]      and 10 other candidates
[INFO] [stdout] 
[INFO] [stdout] 
[INFO] [stdout] error[E0412]: cannot find type `Resource` in this scope
[INFO] [stdout]   --> tests/query_test.rs:70:27
[INFO] [stdout]    |
[INFO] [stdout] 60 | fn default_include_test() {
[INFO] [stdout]    |                        - help: you might be missing a type parameter: `<Resource>`
[INFO] [stdout] ...
[INFO] [stdout] 70 |     let master_reses: Vec<Resource> =
[INFO] [stdout]    |                           ^^^^^^^^ not found in this scope
[INFO] [stdout] 
[INFO] [stdout] 
[INFO] [stdout] error[E0412]: cannot find type `Included` in this scope
[INFO] [stdout]   --> tests/query_test.rs:73:30
[INFO] [stdout]    |
[INFO] [stdout] 73 |     let mut manual_included: Included = Default::default();
[INFO] [stdout]    |                              ^^^^^^^^ not found in this scope
[INFO] [stdout]    |
[INFO] [stdout] help: there is an enum variant `core::ops::Bound::Included` and 1 other; try using the variant's enum
[INFO] [stdout]    |
[INFO] [stdout] 73 |     let mut manual_included: core::ops::Bound = Default::default();
[INFO] [stdout]    |                              ^^^^^^^^^^^^^^^^
[INFO] [stdout] 73 |     let mut manual_included: std::ops::Bound = Default::default();
[INFO] [stdout]    |                              ^^^^^^^^^^^^^^^
[INFO] [stdout] 
[INFO] [stdout] 
[INFO] [stdout] error[E0412]: cannot find type `Resource` in this scope
[INFO] [stdout]   --> tests/query_test.rs:76:24
[INFO] [stdout]    |
[INFO] [stdout] 76 |             let d_res: Resource =
[INFO] [stdout]    |                        ^^^^^^^^ not found in this scope
[INFO] [stdout] 
[INFO] [stdout] 
[INFO] [stdout] error[E0412]: cannot find type `RawUri` in this scope
[INFO] [stdout]   --> tests/query_test.rs:86:28
[INFO] [stdout]    |
[INFO] [stdout] 60 | fn default_include_test() {
[INFO] [stdout]    |                        - help: you might be missing a type parameter: `<RawUri>`
[INFO] [stdout] ...
[INFO] [stdout] 86 |             "/api".parse::<RawUri>().unwrap(),
[INFO] [stdout]    |                            ^^^^^^ not found in this scope
[INFO] [stdout] 
[INFO] [stdout] 
[INFO] [stdout] error[E0422]: cannot find struct, variant or union type `Query` in this scope
[INFO] [stdout]   --> tests/query_test.rs:99:10
[INFO] [stdout]    |
[INFO] [stdout] 99 |         &Query {
[INFO] [stdout]    |          ^^^^^ not found in this scope
[INFO] [stdout] 
[INFO] [stdout] 
[INFO] [stdout] error[E0412]: cannot find type `Resource` in this scope
[INFO] [stdout]    --> tests/query_test.rs:106:27
[INFO] [stdout]     |
[INFO] [stdout] 93  | fn only_unknown_include_test() {
[INFO] [stdout]     |                             - help: you might be missing a type parameter: `<Resource>`
[INFO] [stdout] ...
[INFO] [stdout] 106 |     let master_reses: Vec<Resource> =
[INFO] [stdout]     |                           ^^^^^^^^ not found in this scope
[INFO] [stdout] 
[INFO] [stdout] 
[INFO] [stdout] error[E0412]: cannot find type `RawUri` in this scope
[INFO] [stdout]    --> tests/query_test.rs:113:28
[INFO] [stdout]     |
[INFO] [stdout] 93  | fn only_unknown_include_test() {
[INFO] [stdout]     |                             - help: you might be missing a type parameter: `<RawUri>`
[INFO] [stdout] ...
[INFO] [stdout] 113 |             "/api".parse::<RawUri>().unwrap(),
[INFO] [stdout]     |                            ^^^^^^ not found in this scope
[INFO] [stdout] 
[INFO] [stdout] 
[INFO] [stdout] error[E0422]: cannot find struct, variant or union type `Query` in this scope
[INFO] [stdout]    --> tests/query_test.rs:126:10
[INFO] [stdout]     |
[INFO] [stdout] 126 |         &Query { include: Some(Default::default()), ..Default::default() },
[INFO] [stdout]     |          ^^^^^ not found in this scope
[INFO] [stdout] 
[INFO] [stdout] 
[INFO] [stdout] error[E0412]: cannot find type `Resource` in this scope
[INFO] [stdout]    --> tests/query_test.rs:130:27
[INFO] [stdout]     |
[INFO] [stdout] 120 | fn not_included_fields_but_retain_attributes() {
[INFO] [stdout]     |                                             - help: you might be missing a type parameter: `<Resource>`
[INFO] [stdout] ...
[INFO] [stdout] 130 |     let master_reses: Vec<Resource> =
[INFO] [stdout]     |                           ^^^^^^^^ not found in this scope
[INFO] [stdout] 
[INFO] [stdout] 
[INFO] [stdout] error[E0412]: cannot find type `RawUri` in this scope
[INFO] [stdout]    --> tests/query_test.rs:137:28
[INFO] [stdout]     |
[INFO] [stdout] 120 | fn not_included_fields_but_retain_attributes() {
[INFO] [stdout]     |                                             - help: you might be missing a type parameter: `<RawUri>`
[INFO] [stdout] ...
[INFO] [stdout] 137 |             "/api".parse::<RawUri>().unwrap(),
[INFO] [stdout]     |                            ^^^^^^ not found in this scope
[INFO] [stdout] 
[INFO] [stdout] 
[INFO] [stdout] error[E0422]: cannot find struct, variant or union type `Query` in this scope
[INFO] [stdout]    --> tests/query_test.rs:152:10
[INFO] [stdout]     |
[INFO] [stdout] 152 |         &Query { fields: fields_query.clone(), ..Default::default() },
[INFO] [stdout]     |          ^^^^^ not found in this scope
[INFO] [stdout] 
[INFO] [stdout] 
[INFO] [stdout] error[E0412]: cannot find type `Resource` in this scope
[INFO] [stdout]    --> tests/query_test.rs:156:27
[INFO] [stdout]     |
[INFO] [stdout] 144 | fn not_foreign_attributes_but_retain_included_fields() {
[INFO] [stdout]     |                                                     - help: you might be missing a type parameter: `<Resource>`
[INFO] [stdout] ...
[INFO] [stdout] 156 |     let master_reses: Vec<Resource> =
[INFO] [stdout]     |                           ^^^^^^^^ not found in this scope
[INFO] [stdout] 
[INFO] [stdout] 
[INFO] [stdout] error[E0412]: cannot find type `Included` in this scope
[INFO] [stdout]    --> tests/query_test.rs:158:30
[INFO] [stdout]     |
[INFO] [stdout] 158 |     let mut manual_included: Included = Default::default();
[INFO] [stdout]     |                              ^^^^^^^^ not found in this scope
[INFO] [stdout]     |
[INFO] [stdout] help: there is an enum variant `core::ops::Bound::Included` and 1 other; try using the variant's enum
[INFO] [stdout]     |
[INFO] [stdout] 158 |     let mut manual_included: core::ops::Bound = Default::default();
[INFO] [stdout]     |                              ^^^^^^^^^^^^^^^^
[INFO] [stdout] 158 |     let mut manual_included: std::ops::Bound = Default::default();
[INFO] [stdout]     |                              ^^^^^^^^^^^^^^^
[INFO] [stdout] 
[INFO] [stdout] 
[INFO] [stdout] error[E0412]: cannot find type `Resource` in this scope
[INFO] [stdout]    --> tests/query_test.rs:161:24
[INFO] [stdout]     |
[INFO] [stdout] 161 |             let d_res: Resource =
[INFO] [stdout]     |                        ^^^^^^^^ not found in this scope
[INFO] [stdout] 
[INFO] [stdout] 
[INFO] [stdout] error[E0412]: cannot find type `RawUri` in this scope
[INFO] [stdout]    --> tests/query_test.rs:171:28
[INFO] [stdout]     |
[INFO] [stdout] 144 | fn not_foreign_attributes_but_retain_included_fields() {
[INFO] [stdout]     |                                                     - help: you might be missing a type parameter: `<RawUri>`
[INFO] [stdout] ...
[INFO] [stdout] 171 |             "/api".parse::<RawUri>().unwrap(),
[INFO] [stdout]     |                            ^^^^^^ not found in this scope
[INFO] [stdout] 
[INFO] [stdout] 
[INFO] [stdout] warning: unused imports: `Deserialize`, `Serialize`
[INFO] [stdout]  --> tests/query_test.rs:9:13
[INFO] [stdout]   |
[INFO] [stdout] 9 | use serde::{Deserialize, Serialize};
[INFO] [stdout]   |             ^^^^^^^^^^^  ^^^^^^^^^
[INFO] [stdout]   |
[INFO] [stdout]   = note: `#[warn(unused_imports)]` on by default
[INFO] [stdout] 
[INFO] [stdout] 
[INFO] [stdout] error: aborting due to 36 previous errors; 1 warning emitted
[INFO] [stdout] 
[INFO] [stdout] 
[INFO] [stdout] error[E0433]: failed to resolve: use of undeclared type `ResourceIdentifier`
[INFO] [stdout]    --> tests/entity_test.rs:191:13
[INFO] [stdout]     |
[INFO] [stdout] 191 |         id: ResourceIdentifier::new("fleas", "b"),
[INFO] [stdout]     |             ^^^^^^^^^^^^^^^^^^ use of undeclared type `ResourceIdentifier`
[INFO] [stdout] 
[INFO] [stdout] 
[INFO] [stdout] error[E0433]: failed to resolve: use of undeclared type `ResourceIdentifier`
[INFO] [stdout]    --> tests/entity_test.rs:214:13
[INFO] [stdout]     |
[INFO] [stdout] 214 |         id: ResourceIdentifier::new("dogs", "1"),
[INFO] [stdout]     |             ^^^^^^^^^^^^^^^^^^ use of undeclared type `ResourceIdentifier`
[INFO] [stdout] 
[INFO] [stdout] 
[INFO] [stdout] error[E0433]: failed to resolve: use of undeclared type `IdentifierData`
[INFO] [stdout]    --> tests/entity_test.rs:222:23
[INFO] [stdout]     |
[INFO] [stdout] 222 |                 data: IdentifierData::Multiple(Default::default()),
[INFO] [stdout]     |                       ^^^^^^^^^^^^^^ use of undeclared type `IdentifierData`
[INFO] [stdout] 
[INFO] [stdout] 
[INFO] [stdout] Some errors have detailed explanations: E0412, E0422, E0433.
[INFO] [stdout] 
[INFO] [stdout] For more information about an error, try `rustc --explain E0412`.
[INFO] [stdout] 
[INFO] [stdout] error[E0433]: failed to resolve: use of undeclared type `IdentifierData`
[INFO] [stdout]    --> tests/entity_test.rs:239:23
[INFO] [stdout]     |
[INFO] [stdout] 239 |                 data: IdentifierData::Multiple(vec![
[INFO] [stdout]     |                       ^^^^^^^^^^^^^^ use of undeclared type `IdentifierData`
[INFO] [stdout] 
[INFO] [stdout] 
[INFO] [stderr] error: could not compile `rabbithole-derive`
[INFO] [stdout] error[E0433]: failed to resolve: use of undeclared type `IdentifierData`
[INFO] [stdout]    --> tests/entity_test.rs:259:23
[INFO] [stdout]     |
[INFO] [stdout] 259 |                 data: IdentifierData::Single(Some(ResourceIdentifier {
[INFO] [stdout]     |                       ^^^^^^^^^^^^^^ use of undeclared type `IdentifierData`
[INFO] [stdout] 
[INFO] [stdout] 
[INFO] [stderr] 
[INFO] [stderr] To learn more, run the command again with --verbose.
[INFO] [stderr] warning: build failed, waiting for other jobs to finish...
[INFO] [stdout] error[E0433]: failed to resolve: use of undeclared type `Document`
[INFO] [stdout]    --> tests/entity_test.rs:286:20
[INFO] [stdout]     |
[INFO] [stdout] 286 |     let document = Document::single_resource(
[INFO] [stdout]     |                    ^^^^^^^^ use of undeclared type `Document`
[INFO] [stdout] 
[INFO] [stdout] 
[INFO] [stdout] error[E0433]: failed to resolve: use of undeclared type `Link`
[INFO] [stdout]    --> tests/entity_test.rs:293:38
[INFO] [stdout]     |
[INFO] [stdout] 293 |         Some(HashMap::from_iter(vec![Link::slf(
[INFO] [stdout]     |                                      ^^^^ use of undeclared type `Link`
[INFO] [stdout] 
[INFO] [stdout] 
[INFO] [stdout] error[E0433]: failed to resolve: use of undeclared type `DocumentItem`
[INFO] [stdout]    --> tests/entity_test.rs:315:9
[INFO] [stdout]     |
[INFO] [stdout] 315 |         DocumentItem::PrimaryData(Some((PrimaryDataItem::Single(doc_res), doc_inc))),
[INFO] [stdout]     |         ^^^^^^^^^^^^ use of undeclared type `DocumentItem`
[INFO] [stdout] 
[INFO] [stdout] 
[INFO] [stdout] error[E0433]: failed to resolve: use of undeclared type `PrimaryDataItem`
[INFO] [stdout]    --> tests/entity_test.rs:315:41
[INFO] [stdout]     |
[INFO] [stdout] 315 |         DocumentItem::PrimaryData(Some((PrimaryDataItem::Single(doc_res), doc_inc))),
[INFO] [stdout]     |                                         ^^^^^^^^^^^^^^^ use of undeclared type `PrimaryDataItem`
[INFO] [stdout] 
[INFO] [stdout] 
[INFO] [stdout] error[E0433]: failed to resolve: use of undeclared type `DocumentItem`
[INFO] [stdout]    --> tests/entity_test.rs:316:9
[INFO] [stdout]     |
[INFO] [stdout] 316 |         DocumentItem::PrimaryData(Some((PrimaryDataItem::Single(gen_res), gen_inc))),
[INFO] [stdout]     |         ^^^^^^^^^^^^ use of undeclared type `DocumentItem`
[INFO] [stdout] 
[INFO] [stdout] 
[INFO] [stdout] error[E0433]: failed to resolve: use of undeclared type `PrimaryDataItem`
[INFO] [stdout]    --> tests/entity_test.rs:316:41
[INFO] [stdout]     |
[INFO] [stdout] 316 |         DocumentItem::PrimaryData(Some((PrimaryDataItem::Single(gen_res), gen_inc))),
[INFO] [stdout]     |                                         ^^^^^^^^^^^^^^^ use of undeclared type `PrimaryDataItem`
[INFO] [stdout] 
[INFO] [stdout] 
[INFO] [stdout] error[E0433]: failed to resolve: use of undeclared crate or module `rabbithole`
[INFO] [stdout]   --> tests/entity_test.rs:16:10
[INFO] [stdout]    |
[INFO] [stdout] 16 | #[derive(rbh_derive::EntityDecorator, Serialize, Deserialize, Clone)]
[INFO] [stdout]    |          ^^^^^^^^^^^^^^^^^^^^^^^^^^^ not found in `rabbithole::model::error`
[INFO] [stdout]    |
[INFO] [stdout]    = note: this error originates in the derive macro `rbh_derive::EntityDecorator` (in Nightly builds, run with -Z macro-backtrace for more info)
[INFO] [stdout] help: consider importing one of these items
[INFO] [stdout]    |
[INFO] [stdout] 4  | use core::fmt::Error;
[INFO] [stdout]    |
[INFO] [stdout] 4  | use rand::Error;
[INFO] [stdout]    |
[INFO] [stdout] 4  | use serde::__private::doc::Error;
[INFO] [stdout]    |
[INFO] [stdout] 4  | use serde::__private::fmt::Error;
[INFO] [stdout]    |
[INFO] [stdout]      and 10 other candidates
[INFO] [stdout] 
[INFO] [stdout] 
[INFO] [stdout] error[E0433]: failed to resolve: use of undeclared crate or module `rabbithole`
[INFO] [stdout]   --> tests/entity_test.rs:28:10
[INFO] [stdout]    |
[INFO] [stdout] 28 | #[derive(rbh_derive::EntityDecorator, Serialize, Deserialize, Clone)]
[INFO] [stdout]    |          ^^^^^^^^^^^^^^^^^^^^^^^^^^^ not found in `rabbithole::model::error`
[INFO] [stdout]    |
[INFO] [stdout]    = note: this error originates in the derive macro `rbh_derive::EntityDecorator` (in Nightly builds, run with -Z macro-backtrace for more info)
[INFO] [stdout] help: consider importing one of these items
[INFO] [stdout]    |
[INFO] [stdout] 4  | use core::fmt::Error;
[INFO] [stdout]    |
[INFO] [stdout] 4  | use rand::Error;
[INFO] [stdout]    |
[INFO] [stdout] 4  | use serde::__private::doc::Error;
[INFO] [stdout]    |
[INFO] [stdout] 4  | use serde::__private::fmt::Error;
[INFO] [stdout]    |
[INFO] [stdout]      and 10 other candidates
[INFO] [stdout] 
[INFO] [stdout] 
[INFO] [stdout] error[E0433]: failed to resolve: use of undeclared crate or module `rabbithole`
[INFO] [stdout]   --> tests/entity_test.rs:45:10
[INFO] [stdout]    |
[INFO] [stdout] 45 | #[derive(rbh_derive::EntityDecorator, Serialize, Deserialize, Clone)]
[INFO] [stdout]    |          ^^^^^^^^^^^^^^^^^^^^^^^^^^^ not found in `rabbithole::model::error`
[INFO] [stdout]    |
[INFO] [stdout]    = note: this error originates in the derive macro `rbh_derive::EntityDecorator` (in Nightly builds, run with -Z macro-backtrace for more info)
[INFO] [stdout] help: consider importing one of these items
[INFO] [stdout]    |
[INFO] [stdout] 4  | use core::fmt::Error;
[INFO] [stdout]    |
[INFO] [stdout] 4  | use rand::Error;
[INFO] [stdout]    |
[INFO] [stdout] 4  | use serde::__private::doc::Error;
[INFO] [stdout]    |
[INFO] [stdout] 4  | use serde::__private::fmt::Error;
[INFO] [stdout]    |
[INFO] [stdout]      and 10 other candidates
[INFO] [stdout] 
[INFO] [stdout] 
[INFO] [stdout] error[E0422]: cannot find struct, variant or union type `Resource` in this scope
[INFO] [stdout]    --> tests/entity_test.rs:138:22
[INFO] [stdout]     |
[INFO] [stdout] 138 |     let master_res = Resource {
[INFO] [stdout]     |                      ^^^^^^^^ not found in this scope
[INFO] [stdout] 
[INFO] [stdout] 
[INFO] [stdout] error[E0422]: cannot find struct, variant or union type `Relationship` in this scope
[INFO] [stdout]    --> tests/entity_test.rs:145:69
[INFO] [stdout]     |
[INFO] [stdout] 145 |         relationships: HashMap::from_iter(vec![("only_flea".into(), Relationship {
[INFO] [stdout]     |                                                                     ^^^^^^^^^^^^ not found in this scope
[INFO] [stdout] 
[INFO] [stdout] 
[INFO] [stdout] error[E0422]: cannot find struct, variant or union type `ResourceIdentifier` in this scope
[INFO] [stdout]    --> tests/entity_test.rs:146:47
[INFO] [stdout]     |
[INFO] [stdout] 146 |             data: IdentifierData::Single(Some(ResourceIdentifier {
[INFO] [stdout]     |                                               ^^^^^^^^^^^^^^^^^^ not found in this scope
[INFO] [stdout] 
[INFO] [stdout] 
[INFO] [stdout] error[E0412]: cannot find type `Link` in this scope
[INFO] [stdout]    --> tests/entity_test.rs:154:34
[INFO] [stdout]     |
[INFO] [stdout] 128 | fn general_test() {
[INFO] [stdout]     |                - help: you might be missing a type parameter: `<Link>`
[INFO] [stdout] ...
[INFO] [stdout] 154 |                         .parse::<Link>()
[INFO] [stdout]     |                                  ^^^^ not found in this scope
[INFO] [stdout] 
[INFO] [stdout] 
[INFO] [stdout] error[E0412]: cannot find type `Link` in this scope
[INFO] [stdout]    --> tests/entity_test.rs:159:79
[INFO] [stdout]     |
[INFO] [stdout] 128 | fn general_test() {
[INFO] [stdout]     |                - help: you might be missing a type parameter: `<Link>`
[INFO] [stdout] ...
[INFO] [stdout] 159 |                     "https://example.com/api/humans/number/only_flea".parse::<Link>().unwrap(),
[INFO] [stdout]     |                                                                               ^^^^ not found in this scope
[INFO] [stdout] 
[INFO] [stdout] 
[INFO] [stdout] error[E0412]: cannot find type `Link` in this scope
[INFO] [stdout]    --> tests/entity_test.rs:167:61
[INFO] [stdout]     |
[INFO] [stdout] 128 | fn general_test() {
[INFO] [stdout]     |                - help: you might be missing a type parameter: `<Link>`
[INFO] [stdout] ...
[INFO] [stdout] 167 |             "https://example.com/api/humans/number".parse::<Link>().unwrap(),
[INFO] [stdout]     |                                                             ^^^^ not found in this scope
[INFO] [stdout] 
[INFO] [stdout] 
[INFO] [stdout] error[E0422]: cannot find struct, variant or union type `Resource` in this scope
[INFO] [stdout]    --> tests/entity_test.rs:174:26
[INFO] [stdout]     |
[INFO] [stdout] 174 |     let dog_flea_a_res = Resource {
[INFO] [stdout]     |                          ^^^^^^^^ not found in this scope
[INFO] [stdout] 
[INFO] [stdout] 
[INFO] [stdout] error[E0412]: cannot find type `Link` in this scope
[INFO] [stdout]    --> tests/entity_test.rs:183:55
[INFO] [stdout]     |
[INFO] [stdout] 128 | fn general_test() {
[INFO] [stdout]     |                - help: you might be missing a type parameter: `<Link>`
[INFO] [stdout] ...
[INFO] [stdout] 183 |             "https://example.com/api/fleas/a".parse::<Link>().unwrap(),
[INFO] [stdout]     |                                                       ^^^^ not found in this scope
[INFO] [stdout] 
[INFO] [stdout] 
[INFO] [stdout] error[E0422]: cannot find struct, variant or union type `Resource` in this scope
[INFO] [stdout]    --> tests/entity_test.rs:190:26
[INFO] [stdout]     |
[INFO] [stdout] 190 |     let dog_flea_b_res = Resource {
[INFO] [stdout]     |                          ^^^^^^^^ not found in this scope
[INFO] [stdout] 
[INFO] [stdout] 
[INFO] [stdout] error[E0412]: cannot find type `Link` in this scope
[INFO] [stdout]    --> tests/entity_test.rs:199:55
[INFO] [stdout]     |
[INFO] [stdout] 128 | fn general_test() {
[INFO] [stdout]     |                - help: you might be missing a type parameter: `<Link>`
[INFO] [stdout] ...
[INFO] [stdout] 199 |             "https://example.com/api/fleas/b".parse::<Link>().unwrap(),
[INFO] [stdout]     |                                                       ^^^^ not found in this scope
[INFO] [stdout] 
[INFO] [stdout] 
[INFO] [stdout] error[E0422]: cannot find struct, variant or union type `Resource` in this scope
[INFO] [stdout]    --> tests/entity_test.rs:213:19
[INFO] [stdout]     |
[INFO] [stdout] 213 |     let dog_res = Resource {
[INFO] [stdout]     |                   ^^^^^^^^ not found in this scope
[INFO] [stdout] 
[INFO] [stdout] 
[INFO] [stdout] error[E0422]: cannot find struct, variant or union type `Relationship` in this scope
[INFO] [stdout]    --> tests/entity_test.rs:221:32
[INFO] [stdout]     |
[INFO] [stdout] 221 |             ("friends".into(), Relationship {
[INFO] [stdout]     |                                ^^^^^^^^^^^^ not found in this scope
[INFO] [stdout] 
[INFO] [stdout] 
[INFO] [stdout] error[E0412]: cannot find type `Link` in this scope
[INFO] [stdout]    --> tests/entity_test.rs:227:38
[INFO] [stdout]     |
[INFO] [stdout] 128 | fn general_test() {
[INFO] [stdout]     |                - help: you might be missing a type parameter: `<Link>`
[INFO] [stdout] ...
[INFO] [stdout] 227 |                             .parse::<Link>()
[INFO] [stdout]     |                                      ^^^^ not found in this scope
[INFO] [stdout] 
[INFO] [stdout] 
[INFO] [stdout] error[E0412]: cannot find type `Link` in this scope
[INFO] [stdout]    --> tests/entity_test.rs:232:74
[INFO] [stdout]     |
[INFO] [stdout] 128 | fn general_test() {
[INFO] [stdout]     |                - help: you might be missing a type parameter: `<Link>`
[INFO] [stdout] ...
[INFO] [stdout] 232 |                         "https://example.com/api/dogs/1/friends".parse::<Link>().unwrap(),
[INFO] [stdout]     |                                                                          ^^^^ not found in this scope
[INFO] [stdout] 
[INFO] [stdout] 
[INFO] [stdout] error[E0422]: cannot find struct, variant or union type `Relationship` in this scope
[INFO] [stdout]    --> tests/entity_test.rs:238:30
[INFO] [stdout]     |
[INFO] [stdout] 238 |             ("fleas".into(), Relationship {
[INFO] [stdout]     |                              ^^^^^^^^^^^^ not found in this scope
[INFO] [stdout] 
[INFO] [stdout] 
[INFO] [stdout] error[E0422]: cannot find struct, variant or union type `ResourceIdentifier` in this scope
[INFO] [stdout]    --> tests/entity_test.rs:240:21
[INFO] [stdout]     |
[INFO] [stdout] 240 |                     ResourceIdentifier { ty: "fleas".to_string(), id: "a".to_string() },
[INFO] [stdout]     |                     ^^^^^^^^^^^^^^^^^^ not found in this scope
[INFO] [stdout] 
[INFO] [stdout] 
[INFO] [stdout] error[E0422]: cannot find struct, variant or union type `ResourceIdentifier` in this scope
[INFO] [stdout]    --> tests/entity_test.rs:241:21
[INFO] [stdout]     |
[INFO] [stdout] 241 |                     ResourceIdentifier { ty: "fleas".to_string(), id: "b".to_string() },
[INFO] [stdout]     |                     ^^^^^^^^^^^^^^^^^^ not found in this scope
[INFO] [stdout] 
[INFO] [stdout] 
[INFO] [stdout] error[E0412]: cannot find type `Link` in this scope
[INFO] [stdout]    --> tests/entity_test.rs:247:38
[INFO] [stdout]     |
[INFO] [stdout] 128 | fn general_test() {
[INFO] [stdout]     |                - help: you might be missing a type parameter: `<Link>`
[INFO] [stdout] ...
[INFO] [stdout] 247 |                             .parse::<Link>()
[INFO] [stdout]     |                                      ^^^^ not found in this scope
[INFO] [stdout] 
[INFO] [stdout] 
[INFO] [stdout] error[E0412]: cannot find type `Link` in this scope
[INFO] [stdout]    --> tests/entity_test.rs:252:72
[INFO] [stdout]     |
[INFO] [stdout] 128 | fn general_test() {
[INFO] [stdout]     |                - help: you might be missing a type parameter: `<Link>`
[INFO] [stdout] ...
[INFO] [stdout] 252 |                         "https://example.com/api/dogs/1/fleas".parse::<Link>().unwrap(),
[INFO] [stdout]     |                                                                        ^^^^ not found in this scope
[INFO] [stdout] 
[INFO] [stdout] 
[INFO] [stdout] error[E0422]: cannot find struct, variant or union type `Relationship` in this scope
[INFO] [stdout]    --> tests/entity_test.rs:258:31
[INFO] [stdout]     |
[INFO] [stdout] 258 |             ("master".into(), Relationship {
[INFO] [stdout]     |                               ^^^^^^^^^^^^ not found in this scope
[INFO] [stdout] 
[INFO] [stdout] 
[INFO] [stdout] error[E0422]: cannot find struct, variant or union type `ResourceIdentifier` in this scope
[INFO] [stdout]    --> tests/entity_test.rs:259:51
[INFO] [stdout]     |
[INFO] [stdout] 259 |                 data: IdentifierData::Single(Some(ResourceIdentifier {
[INFO] [stdout]     |                                                   ^^^^^^^^^^^^^^^^^^ not found in this scope
[INFO] [stdout] 
[INFO] [stdout] 
[INFO] [stdout] error[E0412]: cannot find type `Link` in this scope
[INFO] [stdout]    --> tests/entity_test.rs:267:38
[INFO] [stdout]     |
[INFO] [stdout] 128 | fn general_test() {
[INFO] [stdout]     |                - help: you might be missing a type parameter: `<Link>`
[INFO] [stdout] ...
[INFO] [stdout] 267 |                             .parse::<Link>()
[INFO] [stdout]     |                                      ^^^^ not found in this scope
[INFO] [stdout] 
[INFO] [stdout] 
[INFO] [stdout] error[E0412]: cannot find type `Link` in this scope
[INFO] [stdout]    --> tests/entity_test.rs:272:73
[INFO] [stdout]     |
[INFO] [stdout] 128 | fn general_test() {
[INFO] [stdout]     |                - help: you might be missing a type parameter: `<Link>`
[INFO] [stdout] ...
[INFO] [stdout] 272 |                         "https://example.com/api/dogs/1/master".parse::<Link>().unwrap(),
[INFO] [stdout]     |                                                                         ^^^^ not found in this scope
[INFO] [stdout] 
[INFO] [stdout] 
[INFO] [stdout] error[E0412]: cannot find type `Link` in this scope
[INFO] [stdout]    --> tests/entity_test.rs:281:54
[INFO] [stdout]     |
[INFO] [stdout] 128 | fn general_test() {
[INFO] [stdout]     |                - help: you might be missing a type parameter: `<Link>`
[INFO] [stdout] ...
[INFO] [stdout] 281 |             "https://example.com/api/dogs/1".parse::<Link>().unwrap(),
[INFO] [stdout]     |                                                      ^^^^ not found in this scope
[INFO] [stdout] 
[INFO] [stdout] 
[INFO] [stdout] error[E0412]: cannot find type `RawUri` in this scope
[INFO] [stdout]    --> tests/entity_test.rs:295:28
[INFO] [stdout]     |
[INFO] [stdout] 128 | fn general_test() {
[INFO] [stdout]     |                - help: you might be missing a type parameter: `<RawUri>`
[INFO] [stdout] ...
[INFO] [stdout] 295 |             "/api".parse::<RawUri>().unwrap(),
[INFO] [stdout]     |                            ^^^^^^ not found in this scope
[INFO] [stdout] 
[INFO] [stdout] 
[INFO] [stdout] error[E0412]: cannot find type `Document` in this scope
[INFO] [stdout]    --> tests/entity_test.rs:299:18
[INFO] [stdout]     |
[INFO] [stdout] 299 |     let gen_doc: Document = dog
[INFO] [stdout]     |                  ^^^^^^^^ not found in this scope
[INFO] [stdout] 
[INFO] [stdout] 
[INFO] [stdout] error[E0422]: cannot find struct, variant or union type `Query` in this scope
[INFO] [stdout]    --> tests/entity_test.rs:302:14
[INFO] [stdout]     |
[INFO] [stdout] 302 |             &Query {
[INFO] [stdout]     |              ^^^^^ not found in this scope
[INFO] [stdout] 
[INFO] [stdout] 
[INFO] [stdout] warning: unused imports: `Deserialize`, `Serialize`
[INFO] [stdout]   --> tests/entity_test.rs:10:13
[INFO] [stdout]    |
[INFO] [stdout] 10 | use serde::{Deserialize, Serialize};
[INFO] [stdout]    |             ^^^^^^^^^^^  ^^^^^^^^^
[INFO] [stdout]    |
[INFO] [stdout]    = note: `#[warn(unused_imports)]` on by default
[INFO] [stdout] 
[INFO] [stdout] 
[INFO] [stdout] error: aborting due to 64 previous errors; 1 warning emitted
[INFO] [stdout] 
[INFO] [stdout] 
[INFO] [stdout] Some errors have detailed explanations: E0412, E0422, E0432, E0433.
[INFO] [stdout] 
[INFO] [stdout] For more information about an error, try `rustc --explain E0412`.
[INFO] [stdout] 
[INFO] [stderr] error: build failed
[INFO] running `Command { std: "docker" "inspect" "d9a33d783c86b286a1686b01d308a4b8467c63c9db20cf0015836f81efeb0e6d", kill_on_drop: false }`
[INFO] running `Command { std: "docker" "rm" "-f" "d9a33d783c86b286a1686b01d308a4b8467c63c9db20cf0015836f81efeb0e6d", kill_on_drop: false }`
[INFO] [stdout] d9a33d783c86b286a1686b01d308a4b8467c63c9db20cf0015836f81efeb0e6d
