[INFO] fetching crate ra_ap_rust-analyzer 0.0.67...
[INFO] testing ra_ap_rust-analyzer-0.0.67 against 1.54.0 for beta-1.55-1
[INFO] extracting crate ra_ap_rust-analyzer 0.0.67 into /workspace/builds/worker-3/source
[INFO] validating manifest of crates.io crate ra_ap_rust-analyzer 0.0.67 on toolchain 1.54.0
[INFO] running `Command { std: "/workspace/cargo-home/bin/cargo" "+1.54.0" "metadata" "--manifest-path" "Cargo.toml" "--no-deps", kill_on_drop: false }`
[INFO] started tweaking crates.io crate ra_ap_rust-analyzer 0.0.67
[INFO] finished tweaking crates.io crate ra_ap_rust-analyzer 0.0.67
[INFO] tweaked toml for crates.io crate ra_ap_rust-analyzer 0.0.67 written to /workspace/builds/worker-3/source/Cargo.toml
[INFO] crate crates.io crate ra_ap_rust-analyzer 0.0.67 already has a lockfile, it will not be regenerated
[INFO] running `Command { std: "/workspace/cargo-home/bin/cargo" "+1.54.0" "fetch" "--manifest-path" "Cargo.toml", kill_on_drop: false }`
[INFO] [stderr]     Blocking waiting for file lock on package cache
[INFO] running `Command { std: "docker" "create" "-v" "/var/lib/crater-agent-workspace/builds/worker-3/target:/opt/rustwide/target:rw,Z" "-v" "/var/lib/crater-agent-workspace/builds/worker-3/source:/opt/rustwide/workdir:ro,Z" "-v" "/var/lib/crater-agent-workspace/cargo-home:/opt/rustwide/cargo-home:ro,Z" "-v" "/var/lib/crater-agent-workspace/rustup-home:/opt/rustwide/rustup-home:ro,Z" "-e" "SOURCE_DIR=/opt/rustwide/workdir" "-e" "CARGO_TARGET_DIR=/opt/rustwide/target" "-e" "CARGO_HOME=/opt/rustwide/cargo-home" "-e" "RUSTUP_HOME=/opt/rustwide/rustup-home" "-w" "/opt/rustwide/workdir" "-m" "1610612736" "--user" "0:0" "--network" "none" "ghcr.io/rust-lang/crates-build-env/linux@sha256:34b6a614d2c27851fe6cbf88fbd1137609cefab8b10d0615aaeb6fd47975d74e" "/opt/rustwide/cargo-home/bin/cargo" "+1.54.0" "metadata" "--no-deps" "--format-version=1", kill_on_drop: false }`
[INFO] [stdout] efda67b4fffc0714de0d1ea57d0806d92f663ab455f0df37a6d698bc6761183a
[INFO] running `Command { std: "docker" "start" "-a" "efda67b4fffc0714de0d1ea57d0806d92f663ab455f0df37a6d698bc6761183a", kill_on_drop: false }`
[INFO] running `Command { std: "docker" "inspect" "efda67b4fffc0714de0d1ea57d0806d92f663ab455f0df37a6d698bc6761183a", kill_on_drop: false }`
[INFO] running `Command { std: "docker" "rm" "-f" "efda67b4fffc0714de0d1ea57d0806d92f663ab455f0df37a6d698bc6761183a", kill_on_drop: false }`
[INFO] [stdout] efda67b4fffc0714de0d1ea57d0806d92f663ab455f0df37a6d698bc6761183a
[INFO] running `Command { std: "docker" "create" "-v" "/var/lib/crater-agent-workspace/builds/worker-3/target:/opt/rustwide/target:rw,Z" "-v" "/var/lib/crater-agent-workspace/builds/worker-3/source:/opt/rustwide/workdir:ro,Z" "-v" "/var/lib/crater-agent-workspace/cargo-home:/opt/rustwide/cargo-home:ro,Z" "-v" "/var/lib/crater-agent-workspace/rustup-home:/opt/rustwide/rustup-home:ro,Z" "-e" "SOURCE_DIR=/opt/rustwide/workdir" "-e" "CARGO_TARGET_DIR=/opt/rustwide/target" "-e" "CARGO_INCREMENTAL=0" "-e" "RUST_BACKTRACE=full" "-e" "RUSTFLAGS=--cap-lints=warn" "-e" "CARGO_HOME=/opt/rustwide/cargo-home" "-e" "RUSTUP_HOME=/opt/rustwide/rustup-home" "-w" "/opt/rustwide/workdir" "-m" "1610612736" "--user" "0:0" "--network" "none" "ghcr.io/rust-lang/crates-build-env/linux@sha256:34b6a614d2c27851fe6cbf88fbd1137609cefab8b10d0615aaeb6fd47975d74e" "/opt/rustwide/cargo-home/bin/cargo" "+1.54.0" "build" "--frozen" "--message-format=json", kill_on_drop: false }`
[INFO] [stdout] 37f02dc50f8df719ef266e681a269f1d2a2eca05a54aad4b171db8461a2206ac
[INFO] running `Command { std: "docker" "start" "-a" "37f02dc50f8df719ef266e681a269f1d2a2eca05a54aad4b171db8461a2206ac", kill_on_drop: false }`
[INFO] [stderr]    Compiling hashbrown v0.11.2
[INFO] [stderr]    Compiling text-size v1.1.0
[INFO] [stderr]    Compiling fst v0.4.7
[INFO] [stderr]    Compiling ra_ap_la-arena v0.0.67
[INFO] [stderr]    Compiling arrayvec v0.7.1
[INFO] [stderr]    Compiling dissimilar v1.0.2
[INFO] [stderr]    Compiling cov-mark v2.0.0-pre.1
[INFO] [stderr]    Compiling oorandom v11.1.3
[INFO] [stderr]    Compiling ra_ap_limit v0.0.67
[INFO] [stderr]    Compiling serde_json v1.0.66
[INFO] [stderr]    Compiling anymap v0.12.1
[INFO] [stderr]    Compiling camino v1.0.5
[INFO] [stderr]    Compiling semver v1.0.4
[INFO] [stderr]    Compiling jod-thread v0.1.2
[INFO] [stderr]    Compiling snap v1.0.5
[INFO] [stderr]    Compiling pulldown-cmark v0.8.0
[INFO] [stderr]    Compiling home v0.5.3
[INFO] [stderr]    Compiling ra_ap_rust-analyzer v0.0.67 (/opt/rustwide/workdir)
[INFO] [stderr]    Compiling dot v0.1.4
[INFO] [stderr]    Compiling xflags-macros v0.2.3
[INFO] [stderr]    Compiling itertools v0.10.1
[INFO] [stderr]    Compiling ra_ap_parser v0.0.67
[INFO] [stderr]    Compiling rustc-ap-rustc_lexer v725.0.0
[INFO] [stderr]    Compiling sharded-slab v0.1.2
[INFO] [stderr]    Compiling regex v1.5.4
[INFO] [stderr]    Compiling matchers v0.0.1
[INFO] [stderr]    Compiling always-assert v0.1.2
[INFO] [stderr]    Compiling perf-event-open-sys v1.0.1
[INFO] [stderr]    Compiling ena v0.14.0
[INFO] [stderr]    Compiling inotify-sys v0.1.5
[INFO] [stderr]    Compiling memmap2 v0.3.0
[INFO] [stderr]    Compiling mio v0.7.13
[INFO] [stderr]    Compiling tracing-log v0.1.2
[INFO] [stderr]    Compiling env_logger v0.9.0
[INFO] [stderr]    Compiling object v0.26.0
[INFO] [stderr]    Compiling dashmap v4.0.2
[INFO] [stderr]    Compiling threadpool v1.8.1
[INFO] [stderr]    Compiling ra_ap_text_edit v0.0.67
[INFO] [stderr]    Compiling ra_ap_stdx v0.0.67
[INFO] [stderr]    Compiling inotify v0.9.3
[INFO] [stderr]    Compiling ra_ap_toolchain v0.0.67
[INFO] [stderr]    Compiling salsa-macros v0.17.0-pre.1
[INFO] [stderr]    Compiling tracing-attributes v0.1.15
[INFO] [stderr]    Compiling serde_repr v0.1.7
[INFO] [stderr]    Compiling chalk-derive v0.69.0
[INFO] [stderr]    Compiling smol_str v0.1.18
[INFO] [stderr]    Compiling ra_ap_paths v0.0.67
[INFO] [stderr]    Compiling cargo-platform v0.1.1
[INFO] [stderr]    Compiling url v2.2.2
[INFO] [stderr]    Compiling serde_path_to_error v0.1.4
[INFO] [stderr]    Compiling rayon v1.5.1
[INFO] [stderr]    Compiling perf-event v0.4.7
[INFO] [stderr]    Compiling expect-test v1.1.0
[INFO] [stderr]    Compiling indexmap v1.7.0
[INFO] [stderr]    Compiling notify v5.0.0-pre.11
[INFO] [stderr] warning: Could not find `.git/HEAD` from manifest dir!
[INFO] [stderr]    Compiling countme v2.0.4
[INFO] [stderr]    Compiling pulldown-cmark-to-cmark v6.0.2
[INFO] [stderr]    Compiling ra_ap_tt v0.0.67
[INFO] [stderr]    Compiling ra_ap_profile v0.0.67
[INFO] [stderr]    Compiling rowan v0.13.0-pre.8
[INFO] [stderr]    Compiling ra_ap_test_utils v0.0.67
[INFO] [stderr]    Compiling ra_ap_cfg v0.0.67
[INFO] [stderr]    Compiling petgraph v0.5.1
[INFO] [stderr]    Compiling xflags v0.2.3
[INFO] [stderr]    Compiling ra_ap_vfs v0.0.67
[INFO] [stderr]    Compiling ra_ap_syntax v0.0.67
[INFO] [stderr]    Compiling ra_ap_vfs-notify v0.0.67
[INFO] [stderr]    Compiling chalk-ir v0.69.0
[INFO] [stderr]    Compiling salsa v0.17.0-pre.1
[INFO] [stderr]    Compiling cargo_metadata v0.14.0
[INFO] [stderr]    Compiling lsp-types v0.89.2
[INFO] [stderr]    Compiling lsp-server v0.5.2
[INFO] [stderr]    Compiling tracing v0.1.26
[INFO] [stderr]    Compiling tracing-subscriber v0.2.19
[INFO] [stderr]    Compiling ra_ap_base_db v0.0.67
[INFO] [stderr]    Compiling ra_ap_mbe v0.0.67
[INFO] [stderr]    Compiling tracing-tree v0.1.9
[INFO] [stderr]    Compiling chalk-solve v0.69.0
[INFO] [stderr]    Compiling ra_ap_flycheck v0.0.67
[INFO] [stderr]    Compiling ra_ap_proc_macro_api v0.0.67
[INFO] [stderr]    Compiling ra_ap_hir_expand v0.0.67
[INFO] [stderr]    Compiling ra_ap_proc_macro_srv v0.0.67
[INFO] [stderr]    Compiling ra_ap_project_model v0.0.67
[INFO] [stderr]    Compiling ra_ap_hir_def v0.0.67
[INFO] [stderr]    Compiling chalk-recursive v0.69.0
[INFO] [stderr]    Compiling ra_ap_hir_ty v0.0.67
[INFO] [stderr]    Compiling ra_ap_hir v0.0.67
[INFO] [stderr]    Compiling ra_ap_ide_db v0.0.67
[INFO] [stderr]    Compiling ra_ap_ide_assists v0.0.67
[INFO] [stderr]    Compiling ra_ap_ide_completion v0.0.67
[INFO] [stderr]    Compiling ra_ap_ide_diagnostics v0.0.67
[INFO] [stderr]    Compiling ra_ap_ide_ssr v0.0.67
[INFO] [stderr]    Compiling ra_ap_ide v0.0.67
[INFO] [stderr]     Finished dev [unoptimized + debuginfo] target(s) in 3m 30s
[INFO] running `Command { std: "docker" "inspect" "37f02dc50f8df719ef266e681a269f1d2a2eca05a54aad4b171db8461a2206ac", kill_on_drop: false }`
[INFO] running `Command { std: "docker" "rm" "-f" "37f02dc50f8df719ef266e681a269f1d2a2eca05a54aad4b171db8461a2206ac", kill_on_drop: false }`
[INFO] [stdout] 37f02dc50f8df719ef266e681a269f1d2a2eca05a54aad4b171db8461a2206ac
[INFO] running `Command { std: "docker" "create" "-v" "/var/lib/crater-agent-workspace/builds/worker-3/target:/opt/rustwide/target:rw,Z" "-v" "/var/lib/crater-agent-workspace/builds/worker-3/source:/opt/rustwide/workdir:ro,Z" "-v" "/var/lib/crater-agent-workspace/cargo-home:/opt/rustwide/cargo-home:ro,Z" "-v" "/var/lib/crater-agent-workspace/rustup-home:/opt/rustwide/rustup-home:ro,Z" "-e" "SOURCE_DIR=/opt/rustwide/workdir" "-e" "CARGO_TARGET_DIR=/opt/rustwide/target" "-e" "CARGO_INCREMENTAL=0" "-e" "RUST_BACKTRACE=full" "-e" "RUSTFLAGS=--cap-lints=warn" "-e" "CARGO_HOME=/opt/rustwide/cargo-home" "-e" "RUSTUP_HOME=/opt/rustwide/rustup-home" "-w" "/opt/rustwide/workdir" "-m" "1610612736" "--user" "0:0" "--network" "none" "ghcr.io/rust-lang/crates-build-env/linux@sha256:34b6a614d2c27851fe6cbf88fbd1137609cefab8b10d0615aaeb6fd47975d74e" "/opt/rustwide/cargo-home/bin/cargo" "+1.54.0" "test" "--frozen" "--no-run" "--message-format=json", kill_on_drop: false }`
[INFO] [stdout] 72f34aa0843180258b5a31cf6271f74abbe25efc49f81e9ce70cfb3d6c14d824
[INFO] running `Command { std: "docker" "start" "-a" "72f34aa0843180258b5a31cf6271f74abbe25efc49f81e9ce70cfb3d6c14d824", kill_on_drop: false }`
[INFO] [stderr]    Compiling xshell-macros v0.1.14
[INFO] [stderr] warning: Could not find `.git/HEAD` from manifest dir!
[INFO] [stderr]    Compiling xshell v0.1.14
[INFO] [stderr]    Compiling ra_ap_rust-analyzer v0.0.67 (/opt/rustwide/workdir)
[INFO] [stdout] error[E0432]: unresolved import `test_utils`
[INFO] [stdout]   --> tests/slow-tests/support.rs:16:5
[INFO] [stdout]    |
[INFO] [stdout] 16 | use test_utils::Fixture;
[INFO] [stdout]    |     ^^^^^^^^^^ use of undeclared crate or module `test_utils`
[INFO] [stdout] 
[INFO] [stdout] 
[INFO] [stdout] error[E0432]: unresolved import `test_utils`
[INFO] [stdout]   --> tests/slow-tests/main.rs:32:5
[INFO] [stdout]    |
[INFO] [stdout] 32 | use test_utils::skip_slow_tests;
[INFO] [stdout]    |     ^^^^^^^^^^ use of undeclared crate or module `test_utils`
[INFO] [stdout] 
[INFO] [stdout] 
[INFO] [stdout] error[E0433]: failed to resolve: use of undeclared crate or module `sourcegen`
[INFO] [stdout]   --> tests/slow-tests/sourcegen.rs:16:15
[INFO] [stdout]    |
[INFO] [stdout] 16 |     let dst = sourcegen::project_root().join("docs/user/generated_features.adoc");
[INFO] [stdout]    |               ^^^^^^^^^ use of undeclared crate or module `sourcegen`
[INFO] [stdout] 
[INFO] [stdout] 
[INFO] [stdout] error[E0433]: failed to resolve: use of undeclared crate or module `sourcegen`
[INFO] [stdout]   --> tests/slow-tests/sourcegen.rs:23:15
[INFO] [stdout]    |
[INFO] [stdout] 23 |     location: sourcegen::Location,
[INFO] [stdout]    |               ^^^^^^^^^ use of undeclared crate or module `sourcegen`
[INFO] [stdout] 
[INFO] [stdout] 
[INFO] [stdout] error[E0433]: failed to resolve: use of undeclared crate or module `sourcegen`
[INFO] [stdout]   --> tests/slow-tests/sourcegen.rs:29:26
[INFO] [stdout]    |
[INFO] [stdout] 29 |         let crates_dir = sourcegen::project_root().join("crates");
[INFO] [stdout]    |                          ^^^^^^^^^ use of undeclared crate or module `sourcegen`
[INFO] [stdout] 
[INFO] [stdout] 
[INFO] [stdout] error[E0433]: failed to resolve: use of undeclared crate or module `sourcegen`
[INFO] [stdout]   --> tests/slow-tests/sourcegen.rs:32:21
[INFO] [stdout]    |
[INFO] [stdout] 32 |         for path in sourcegen::list_rust_files(&crates_dir) {
[INFO] [stdout]    |                     ^^^^^^^^^ use of undeclared crate or module `sourcegen`
[INFO] [stdout] 
[INFO] [stdout] 
[INFO] [stdout] error[E0433]: failed to resolve: use of undeclared crate or module `sourcegen`
[INFO] [stdout]   --> tests/slow-tests/sourcegen.rs:40:34
[INFO] [stdout]    |
[INFO] [stdout] 40 |             let comment_blocks = sourcegen::CommentBlock::extract("Feature", &text);
[INFO] [stdout]    |                                  ^^^^^^^^^ use of undeclared crate or module `sourcegen`
[INFO] [stdout] 
[INFO] [stdout] 
[INFO] [stdout] error[E0433]: failed to resolve: use of undeclared crate or module `sourcegen`
[INFO] [stdout]   --> tests/slow-tests/sourcegen.rs:48:32
[INFO] [stdout]    |
[INFO] [stdout] 48 |                 let location = sourcegen::Location { file: path.clone(), line: block.line };
[INFO] [stdout]    |                                ^^^^^^^^^ use of undeclared crate or module `sourcegen`
[INFO] [stdout] 
[INFO] [stdout] 
[INFO] [stdout] error[E0433]: failed to resolve: use of undeclared crate or module `sourcegen`
[INFO] [stdout]   --> tests/slow-tests/tidy.rs:10:22
[INFO] [stdout]    |
[INFO] [stdout] 10 |     let _dir = pushd(sourcegen::project_root()).unwrap();
[INFO] [stdout]    |                      ^^^^^^^^^ use of undeclared crate or module `sourcegen`
[INFO] [stdout] 
[INFO] [stdout] 
[INFO] [stdout] error[E0433]: failed to resolve: use of undeclared crate or module `sourcegen`
[INFO] [stdout]   --> tests/slow-tests/tidy.rs:32:23
[INFO] [stdout]    |
[INFO] [stdout] 32 |             read_file(sourcegen::project_root().join("crates/rust-analyzer/src/lsp_ext.rs"))
[INFO] [stdout]    |                       ^^^^^^^^^ use of undeclared crate or module `sourcegen`
[INFO] [stdout] 
[INFO] [stdout] 
[INFO] [stdout] error[E0433]: failed to resolve: use of undeclared crate or module `sourcegen`
[INFO] [stdout]   --> tests/slow-tests/tidy.rs:39:23
[INFO] [stdout]    |
[INFO] [stdout] 39 |             read_file(sourcegen::project_root().join("docs/dev/lsp-extensions.md")).unwrap();
[INFO] [stdout]    |                       ^^^^^^^^^ use of undeclared crate or module `sourcegen`
[INFO] [stdout] 
[INFO] [stdout] 
[INFO] [stdout] error[E0433]: failed to resolve: use of undeclared crate or module `sourcegen`
[INFO] [stdout]   --> tests/slow-tests/tidy.rs:65:17
[INFO] [stdout]    |
[INFO] [stdout] 65 |     let files = sourcegen::list_files(&sourcegen::project_root().join("crates"));
[INFO] [stdout]    |                 ^^^^^^^^^ use of undeclared crate or module `sourcegen`
[INFO] [stdout] 
[INFO] [stdout] 
[INFO] [stdout] error[E0433]: failed to resolve: use of undeclared crate or module `sourcegen`
[INFO] [stdout]   --> tests/slow-tests/tidy.rs:65:40
[INFO] [stdout]    |
[INFO] [stdout] 65 |     let files = sourcegen::list_files(&sourcegen::project_root().join("crates"));
[INFO] [stdout]    |                                        ^^^^^^^^^ use of undeclared crate or module `sourcegen`
[INFO] [stdout] 
[INFO] [stdout] 
[INFO] [stdout] error[E0433]: failed to resolve: use of undeclared crate or module `sourcegen`
[INFO] [stdout]    --> tests/slow-tests/tidy.rs:439:20
[INFO] [stdout]     |
[INFO] [stdout] 439 |     p.strip_prefix(sourcegen::project_root())
[INFO] [stdout]     |                    ^^^^^^^^^ use of undeclared crate or module `sourcegen`
[INFO] [stdout] 
[INFO] [stdout] 
[INFO] [stdout] error[E0432]: unresolved import `mbe`
[INFO] [stdout]    --> src/cargo_target_spec.rs:194:9
[INFO] [stdout]     |
[INFO] [stdout] 194 |     use mbe::ast_to_token_tree;
[INFO] [stdout]     |         ^^^ use of undeclared crate or module `mbe`
[INFO] [stdout] 
[INFO] [stdout] 
[INFO] [stdout] error[E0432]: unresolved import `test_utils`
[INFO] [stdout]     --> src/config.rs:1171:9
[INFO] [stdout]      |
[INFO] [stdout] 1171 |     use test_utils::{ensure_file_contents, project_root};
[INFO] [stdout]      |         ^^^^^^^^^^ use of undeclared crate or module `test_utils`
[INFO] [stdout] 
[INFO] [stdout] 
[INFO] [stdout] error[E0432]: unresolved import `test_utils`
[INFO] [stdout]   --> src/integrated_benchmarks.rs:21:5
[INFO] [stdout]    |
[INFO] [stdout] 21 | use test_utils::project_root;
[INFO] [stdout]    |     ^^^^^^^^^^ use of undeclared crate or module `test_utils`
[INFO] [stdout] 
[INFO] [stdout] 
[INFO] [stdout] error[E0277]: the size for values of type `str` cannot be known at compilation time
[INFO] [stdout]    --> tests/slow-tests/sourcegen.rs:45:21
[INFO] [stdout]     |
[INFO] [stdout] 45  |                     panic!("invalid feature name: {:?}:\n  {}", id, msg)
[INFO] [stdout]     |                     ^^^^^^^^^^^^^^^^^^^^^^^^^^^^^^^^^^^^^^^^^^^^^^^^^^^^ doesn't have a size known at compile-time
[INFO] [stdout]     |
[INFO] [stdout]     = help: the trait `Sized` is not implemented for `str`
[INFO] [stdout]     = note: this error originates in the macro `$crate::format_args` (in Nightly builds, run with -Z macro-backtrace for more info)
[INFO] [stdout] 
[INFO] [stdout] 
[INFO] [stdout] error[E0308]: mismatched types
[INFO] [stdout]   --> tests/slow-tests/sourcegen.rs:49:36
[INFO] [stdout]    |
[INFO] [stdout] 49 |                 acc.push(Feature { id, location, doc })
[INFO] [stdout]    |                                    ^^ expected struct `std::string::String`, found `str`
[INFO] [stdout]    |
[INFO] [stdout] help: try using a conversion method
[INFO] [stdout]    |
[INFO] [stdout] 49 |                 acc.push(Feature { id: id.to_string(), location, doc })
[INFO] [stdout]    |                                    ^^^^^^^^^^^^^^^^^^
[INFO] [stdout] 49 |                 acc.push(Feature { id: id.to_string(), location, doc })
[INFO] [stdout]    |                                    ^^^^^^^^^^^^^^^^^^
[INFO] [stdout] 49 |                 acc.push(Feature { id: id.to_string(), location, doc })
[INFO] [stdout]    |                                    ^^^^^^^^^^^^^^^^^^
[INFO] [stdout] 
[INFO] [stdout] 
[INFO] [stdout] error: aborting due to 16 previous errors
[INFO] [stdout] 
[INFO] [stdout] 
[INFO] [stdout] Some errors have detailed explanations: E0277, E0308, E0432, E0433.
[INFO] [stdout] 
[INFO] [stdout] For more information about an error, try `rustc --explain E0277`.
[INFO] [stdout] 
[INFO] [stderr] The following warnings were emitted during compilation:
[INFO] [stderr] 
[INFO] [stderr] warning: Could not find `.git/HEAD` from manifest dir!
[INFO] [stderr] 
[INFO] [stderr] error: could not compile `ra_ap_rust-analyzer`
[INFO] [stderr] 
[INFO] [stderr] To learn more, run the command again with --verbose.
[INFO] [stderr] warning: build failed, waiting for other jobs to finish...
[INFO] [stdout] error: aborting due to 3 previous errors
[INFO] [stdout] 
[INFO] [stdout] 
[INFO] [stdout] For more information about this error, try `rustc --explain E0432`.
[INFO] [stdout] 
[INFO] [stderr] The following warnings were emitted during compilation:
[INFO] [stderr] 
[INFO] [stderr] warning: Could not find `.git/HEAD` from manifest dir!
[INFO] [stderr] 
[INFO] [stderr] error: build failed
[INFO] running `Command { std: "docker" "inspect" "72f34aa0843180258b5a31cf6271f74abbe25efc49f81e9ce70cfb3d6c14d824", kill_on_drop: false }`
[INFO] running `Command { std: "docker" "rm" "-f" "72f34aa0843180258b5a31cf6271f74abbe25efc49f81e9ce70cfb3d6c14d824", kill_on_drop: false }`
[INFO] [stdout] 72f34aa0843180258b5a31cf6271f74abbe25efc49f81e9ce70cfb3d6c14d824
