[INFO] fetching crate ra_ap_mbe 0.0.67...
[INFO] testing ra_ap_mbe-0.0.67 against beta-2021-08-01 for beta-1.55-1
[INFO] extracting crate ra_ap_mbe 0.0.67 into /workspace/builds/worker-13/source
[INFO] validating manifest of crates.io crate ra_ap_mbe 0.0.67 on toolchain beta-2021-08-01
[INFO] running `Command { std: "/workspace/cargo-home/bin/cargo" "+beta-2021-08-01" "metadata" "--manifest-path" "Cargo.toml" "--no-deps", kill_on_drop: false }`
[INFO] started tweaking crates.io crate ra_ap_mbe 0.0.67
[INFO] finished tweaking crates.io crate ra_ap_mbe 0.0.67
[INFO] tweaked toml for crates.io crate ra_ap_mbe 0.0.67 written to /workspace/builds/worker-13/source/Cargo.toml
[INFO] running `Command { std: "/workspace/cargo-home/bin/cargo" "+beta-2021-08-01" "generate-lockfile" "--manifest-path" "Cargo.toml" "-Zno-index-update", kill_on_drop: false }`
[INFO] running `Command { std: "/workspace/cargo-home/bin/cargo" "+beta-2021-08-01" "fetch" "--manifest-path" "Cargo.toml", kill_on_drop: false }`
[INFO] running `Command { std: "docker" "create" "-v" "/var/lib/crater-agent-workspace/builds/worker-13/target:/opt/rustwide/target:rw,Z" "-v" "/var/lib/crater-agent-workspace/builds/worker-13/source:/opt/rustwide/workdir:ro,Z" "-v" "/var/lib/crater-agent-workspace/cargo-home:/opt/rustwide/cargo-home:ro,Z" "-v" "/var/lib/crater-agent-workspace/rustup-home:/opt/rustwide/rustup-home:ro,Z" "-e" "SOURCE_DIR=/opt/rustwide/workdir" "-e" "CARGO_TARGET_DIR=/opt/rustwide/target" "-e" "CARGO_HOME=/opt/rustwide/cargo-home" "-e" "RUSTUP_HOME=/opt/rustwide/rustup-home" "-w" "/opt/rustwide/workdir" "-m" "1610612736" "--user" "0:0" "--network" "none" "ghcr.io/rust-lang/crates-build-env/linux@sha256:34b6a614d2c27851fe6cbf88fbd1137609cefab8b10d0615aaeb6fd47975d74e" "/opt/rustwide/cargo-home/bin/cargo" "+beta-2021-08-01" "metadata" "--no-deps" "--format-version=1", kill_on_drop: false }`
[INFO] [stdout] 2cf64333108ce5a66e9a12a0f34c2a66643b884a3ab6ad268feedc5064442741
[INFO] running `Command { std: "docker" "start" "-a" "2cf64333108ce5a66e9a12a0f34c2a66643b884a3ab6ad268feedc5064442741", kill_on_drop: false }`
[INFO] running `Command { std: "docker" "inspect" "2cf64333108ce5a66e9a12a0f34c2a66643b884a3ab6ad268feedc5064442741", kill_on_drop: false }`
[INFO] running `Command { std: "docker" "rm" "-f" "2cf64333108ce5a66e9a12a0f34c2a66643b884a3ab6ad268feedc5064442741", kill_on_drop: false }`
[INFO] [stdout] 2cf64333108ce5a66e9a12a0f34c2a66643b884a3ab6ad268feedc5064442741
[INFO] running `Command { std: "docker" "create" "-v" "/var/lib/crater-agent-workspace/builds/worker-13/target:/opt/rustwide/target:rw,Z" "-v" "/var/lib/crater-agent-workspace/builds/worker-13/source:/opt/rustwide/workdir:ro,Z" "-v" "/var/lib/crater-agent-workspace/cargo-home:/opt/rustwide/cargo-home:ro,Z" "-v" "/var/lib/crater-agent-workspace/rustup-home:/opt/rustwide/rustup-home:ro,Z" "-e" "SOURCE_DIR=/opt/rustwide/workdir" "-e" "CARGO_TARGET_DIR=/opt/rustwide/target" "-e" "CARGO_INCREMENTAL=0" "-e" "RUST_BACKTRACE=full" "-e" "RUSTFLAGS=--cap-lints=warn" "-e" "CARGO_HOME=/opt/rustwide/cargo-home" "-e" "RUSTUP_HOME=/opt/rustwide/rustup-home" "-w" "/opt/rustwide/workdir" "-m" "1610612736" "--user" "0:0" "--network" "none" "ghcr.io/rust-lang/crates-build-env/linux@sha256:34b6a614d2c27851fe6cbf88fbd1137609cefab8b10d0615aaeb6fd47975d74e" "/opt/rustwide/cargo-home/bin/cargo" "+beta-2021-08-01" "build" "--frozen" "--message-format=json", kill_on_drop: false }`
[INFO] [stdout] c4fbb531b4ec490a791d29a2037111340dbd3f2130e5d10b8a2cb72450e3a307
[INFO] running `Command { std: "docker" "start" "-a" "c4fbb531b4ec490a791d29a2037111340dbd3f2130e5d10b8a2cb72450e3a307", kill_on_drop: false }`
[INFO] [stderr]    Compiling text-size v1.1.0
[INFO] [stderr]    Compiling hashbrown v0.11.2
[INFO] [stderr]    Compiling drop_bomb v0.1.5
[INFO] [stderr]    Compiling ra_ap_la-arena v0.0.67
[INFO] [stderr]    Compiling cov-mark v2.0.0-pre.1
[INFO] [stderr]    Compiling indexmap v1.7.0
[INFO] [stderr]    Compiling rustc-ap-rustc_lexer v725.0.0
[INFO] [stderr]    Compiling perf-event-open-sys v1.0.1
[INFO] [stderr]    Compiling always-assert v0.1.2
[INFO] [stderr]    Compiling countme v2.0.4
[INFO] [stderr]    Compiling serde v1.0.127
[INFO] [stderr]    Compiling ra_ap_stdx v0.0.67
[INFO] [stderr]    Compiling ra_ap_text_edit v0.0.67
[INFO] [stderr]    Compiling ra_ap_parser v0.0.67
[INFO] [stderr]    Compiling perf-event v0.4.7
[INFO] [stderr]    Compiling rowan v0.13.0-pre.8
[INFO] [stderr]    Compiling ra_ap_profile v0.0.67
[INFO] [stderr]    Compiling smol_str v0.1.18
[INFO] [stderr]    Compiling ra_ap_tt v0.0.67
[INFO] [stderr]    Compiling ra_ap_syntax v0.0.67
[INFO] [stderr]    Compiling ra_ap_mbe v0.0.67 (/opt/rustwide/workdir)
[INFO] [stderr]     Finished dev [unoptimized + debuginfo] target(s) in 17.47s
[INFO] running `Command { std: "docker" "inspect" "c4fbb531b4ec490a791d29a2037111340dbd3f2130e5d10b8a2cb72450e3a307", kill_on_drop: false }`
[INFO] running `Command { std: "docker" "rm" "-f" "c4fbb531b4ec490a791d29a2037111340dbd3f2130e5d10b8a2cb72450e3a307", kill_on_drop: false }`
[INFO] [stdout] c4fbb531b4ec490a791d29a2037111340dbd3f2130e5d10b8a2cb72450e3a307
[INFO] running `Command { std: "docker" "create" "-v" "/var/lib/crater-agent-workspace/builds/worker-13/target:/opt/rustwide/target:rw,Z" "-v" "/var/lib/crater-agent-workspace/builds/worker-13/source:/opt/rustwide/workdir:ro,Z" "-v" "/var/lib/crater-agent-workspace/cargo-home:/opt/rustwide/cargo-home:ro,Z" "-v" "/var/lib/crater-agent-workspace/rustup-home:/opt/rustwide/rustup-home:ro,Z" "-e" "SOURCE_DIR=/opt/rustwide/workdir" "-e" "CARGO_TARGET_DIR=/opt/rustwide/target" "-e" "CARGO_INCREMENTAL=0" "-e" "RUST_BACKTRACE=full" "-e" "RUSTFLAGS=--cap-lints=warn" "-e" "CARGO_HOME=/opt/rustwide/cargo-home" "-e" "RUSTUP_HOME=/opt/rustwide/rustup-home" "-w" "/opt/rustwide/workdir" "-m" "1610612736" "--user" "0:0" "--network" "none" "ghcr.io/rust-lang/crates-build-env/linux@sha256:34b6a614d2c27851fe6cbf88fbd1137609cefab8b10d0615aaeb6fd47975d74e" "/opt/rustwide/cargo-home/bin/cargo" "+beta-2021-08-01" "test" "--frozen" "--no-run" "--message-format=json", kill_on_drop: false }`
[INFO] [stdout] 7c697af41190ef67f4ee25b81b67005b3e7413503bbab54533fa3bdb7f925456
[INFO] running `Command { std: "docker" "start" "-a" "7c697af41190ef67f4ee25b81b67005b3e7413503bbab54533fa3bdb7f925456", kill_on_drop: false }`
[INFO] [stderr]    Compiling ra_ap_mbe v0.0.67 (/opt/rustwide/workdir)
[INFO] [stdout] error[E0432]: unresolved import `test_utils`
[INFO] [stdout]    --> src/syntax_bridge.rs:717:9
[INFO] [stdout]     |
[INFO] [stdout] 717 |     use test_utils::assert_eq_text;
[INFO] [stdout]     |         ^^^^^^^^^^ use of undeclared crate or module `test_utils`
[INFO] [stdout] 
[INFO] [stdout] 
[INFO] [stdout] error[E0432]: unresolved import `test_utils`
[INFO] [stdout]  --> src/tests/expand.rs:6:5
[INFO] [stdout]   |
[INFO] [stdout] 6 | use test_utils::assert_eq_text;
[INFO] [stdout]   |     ^^^^^^^^^^ use of undeclared crate or module `test_utils`
[INFO] [stdout] 
[INFO] [stdout] 
[INFO] [stdout] error[E0432]: unresolved import `test_utils`
[INFO] [stdout]  --> src/tests.rs:8:5
[INFO] [stdout]   |
[INFO] [stdout] 8 | use test_utils::assert_eq_text;
[INFO] [stdout]   |     ^^^^^^^^^^ use of undeclared crate or module `test_utils`
[INFO] [stdout] 
[INFO] [stdout] 
[INFO] [stdout] error[E0432]: unresolved import `test_utils`
[INFO] [stdout]  --> src/benchmark.rs:8:5
[INFO] [stdout]   |
[INFO] [stdout] 8 | use test_utils::{bench, bench_fixture, skip_slow_tests};
[INFO] [stdout]   |     ^^^^^^^^^^ use of undeclared crate or module `test_utils`
[INFO] [stdout] 
[INFO] [stdout] 
[INFO] [stdout] error[E0433]: failed to resolve: use of undeclared crate or module `test_utils`
[INFO] [stdout]    --> src/tests.rs:73:17
[INFO] [stdout]     |
[INFO] [stdout] 73  |                 test_utils::assert_eq_text!(&expected.trim(), &actual.trim());
[INFO] [stdout]     |                 ^^^^^^^^^^ use of undeclared crate or module `test_utils`
[INFO] [stdout] ...
[INFO] [stdout] 127 | impl_fixture!(MacroFixture);
[INFO] [stdout]     | ---------------------------- in this macro invocation
[INFO] [stdout]     |
[INFO] [stdout]     = note: this error originates in the macro `impl_fixture` (in Nightly builds, run with -Z macro-backtrace for more info)
[INFO] [stdout] 
[INFO] [stdout] 
[INFO] [stdout] error[E0433]: failed to resolve: use of undeclared crate or module `test_utils`
[INFO] [stdout]    --> src/tests.rs:73:17
[INFO] [stdout]     |
[INFO] [stdout] 73  |                 test_utils::assert_eq_text!(&expected.trim(), &actual.trim());
[INFO] [stdout]     |                 ^^^^^^^^^^ use of undeclared crate or module `test_utils`
[INFO] [stdout] ...
[INFO] [stdout] 128 | impl_fixture!(MacroFixture2);
[INFO] [stdout]     | ----------------------------- in this macro invocation
[INFO] [stdout]     |
[INFO] [stdout]     = note: this error originates in the macro `impl_fixture` (in Nightly builds, run with -Z macro-backtrace for more info)
[INFO] [stdout] 
[INFO] [stdout] 
[INFO] [stdout] error: cannot determine resolution for the macro `assert_eq_text`
[INFO] [stdout]    --> src/syntax_bridge.rs:833:9
[INFO] [stdout]     |
[INFO] [stdout] 833 |         assert_eq_text!(&*tt, "( x");
[INFO] [stdout]     |         ^^^^^^^^^^^^^^
[INFO] [stdout]     |
[INFO] [stdout]     = note: import resolution is stuck, try simplifying macro imports
[INFO] [stdout] 
[INFO] [stdout] 
[INFO] [stdout] error: cannot determine resolution for the macro `assert_eq_text`
[INFO] [stdout]    --> src/tests/expand.rs:209:5
[INFO] [stdout]     |
[INFO] [stdout] 209 |     assert_eq_text!(
[INFO] [stdout]     |     ^^^^^^^^^^^^^^
[INFO] [stdout]     |
[INFO] [stdout]     = note: import resolution is stuck, try simplifying macro imports
[INFO] [stdout] 
[INFO] [stdout] 
[INFO] [stdout] error: cannot determine resolution for the macro `assert_eq_text`
[INFO] [stdout]     --> src/tests/expand.rs:1051:5
[INFO] [stdout]      |
[INFO] [stdout] 1051 |     assert_eq_text!(
[INFO] [stdout]      |     ^^^^^^^^^^^^^^
[INFO] [stdout]      |
[INFO] [stdout]      = note: import resolution is stuck, try simplifying macro imports
[INFO] [stdout] 
[INFO] [stdout] 
[INFO] [stdout] error: cannot determine resolution for the macro `assert_eq_text`
[INFO] [stdout]     --> src/tests/expand.rs:1843:5
[INFO] [stdout]      |
[INFO] [stdout] 1843 |     assert_eq_text!(
[INFO] [stdout]      |     ^^^^^^^^^^^^^^
[INFO] [stdout]      |
[INFO] [stdout]      = note: import resolution is stuck, try simplifying macro imports
[INFO] [stdout] 
[INFO] [stdout] 
[INFO] [stdout] error: aborting due to 10 previous errors
[INFO] [stdout] 
[INFO] [stdout] 
[INFO] [stdout] Some errors have detailed explanations: E0432, E0433.
[INFO] [stdout] 
[INFO] [stdout] For more information about an error, try `rustc --explain E0432`.
[INFO] [stdout] 
[INFO] [stderr] error: could not compile `ra_ap_mbe` due to 11 previous errors
[INFO] running `Command { std: "docker" "inspect" "7c697af41190ef67f4ee25b81b67005b3e7413503bbab54533fa3bdb7f925456", kill_on_drop: false }`
[INFO] running `Command { std: "docker" "rm" "-f" "7c697af41190ef67f4ee25b81b67005b3e7413503bbab54533fa3bdb7f925456", kill_on_drop: false }`
[INFO] [stdout] 7c697af41190ef67f4ee25b81b67005b3e7413503bbab54533fa3bdb7f925456
