[INFO] fetching crate ra_ap_ide_assists 0.0.67...
[INFO] testing ra_ap_ide_assists-0.0.67 against 1.54.0 for beta-1.55-1
[INFO] extracting crate ra_ap_ide_assists 0.0.67 into /workspace/builds/worker-8/source
[INFO] validating manifest of crates.io crate ra_ap_ide_assists 0.0.67 on toolchain 1.54.0
[INFO] running `Command { std: "/workspace/cargo-home/bin/cargo" "+1.54.0" "metadata" "--manifest-path" "Cargo.toml" "--no-deps", kill_on_drop: false }`
[INFO] started tweaking crates.io crate ra_ap_ide_assists 0.0.67
[INFO] finished tweaking crates.io crate ra_ap_ide_assists 0.0.67
[INFO] tweaked toml for crates.io crate ra_ap_ide_assists 0.0.67 written to /workspace/builds/worker-8/source/Cargo.toml
[INFO] running `Command { std: "/workspace/cargo-home/bin/cargo" "+1.54.0" "generate-lockfile" "--manifest-path" "Cargo.toml" "-Zno-index-update", kill_on_drop: false }`
[INFO] running `Command { std: "/workspace/cargo-home/bin/cargo" "+1.54.0" "fetch" "--manifest-path" "Cargo.toml", kill_on_drop: false }`
[INFO] running `Command { std: "docker" "create" "-v" "/var/lib/crater-agent-workspace/builds/worker-8/target:/opt/rustwide/target:rw,Z" "-v" "/var/lib/crater-agent-workspace/builds/worker-8/source:/opt/rustwide/workdir:ro,Z" "-v" "/var/lib/crater-agent-workspace/cargo-home:/opt/rustwide/cargo-home:ro,Z" "-v" "/var/lib/crater-agent-workspace/rustup-home:/opt/rustwide/rustup-home:ro,Z" "-e" "SOURCE_DIR=/opt/rustwide/workdir" "-e" "CARGO_TARGET_DIR=/opt/rustwide/target" "-e" "CARGO_HOME=/opt/rustwide/cargo-home" "-e" "RUSTUP_HOME=/opt/rustwide/rustup-home" "-w" "/opt/rustwide/workdir" "-m" "1610612736" "--user" "0:0" "--network" "none" "ghcr.io/rust-lang/crates-build-env/linux@sha256:34b6a614d2c27851fe6cbf88fbd1137609cefab8b10d0615aaeb6fd47975d74e" "/opt/rustwide/cargo-home/bin/cargo" "+1.54.0" "metadata" "--no-deps" "--format-version=1", kill_on_drop: false }`
[INFO] [stdout] fd965190000e15f1a141444362ea13cc74fce29519078bc56b0f6c7e0a7b746b
[INFO] running `Command { std: "docker" "start" "-a" "fd965190000e15f1a141444362ea13cc74fce29519078bc56b0f6c7e0a7b746b", kill_on_drop: false }`
[INFO] running `Command { std: "docker" "inspect" "fd965190000e15f1a141444362ea13cc74fce29519078bc56b0f6c7e0a7b746b", kill_on_drop: false }`
[INFO] running `Command { std: "docker" "rm" "-f" "fd965190000e15f1a141444362ea13cc74fce29519078bc56b0f6c7e0a7b746b", kill_on_drop: false }`
[INFO] [stdout] fd965190000e15f1a141444362ea13cc74fce29519078bc56b0f6c7e0a7b746b
[INFO] running `Command { std: "docker" "create" "-v" "/var/lib/crater-agent-workspace/builds/worker-8/target:/opt/rustwide/target:rw,Z" "-v" "/var/lib/crater-agent-workspace/builds/worker-8/source:/opt/rustwide/workdir:ro,Z" "-v" "/var/lib/crater-agent-workspace/cargo-home:/opt/rustwide/cargo-home:ro,Z" "-v" "/var/lib/crater-agent-workspace/rustup-home:/opt/rustwide/rustup-home:ro,Z" "-e" "SOURCE_DIR=/opt/rustwide/workdir" "-e" "CARGO_TARGET_DIR=/opt/rustwide/target" "-e" "CARGO_INCREMENTAL=0" "-e" "RUST_BACKTRACE=full" "-e" "RUSTFLAGS=--cap-lints=warn" "-e" "CARGO_HOME=/opt/rustwide/cargo-home" "-e" "RUSTUP_HOME=/opt/rustwide/rustup-home" "-w" "/opt/rustwide/workdir" "-m" "1610612736" "--user" "0:0" "--network" "none" "ghcr.io/rust-lang/crates-build-env/linux@sha256:34b6a614d2c27851fe6cbf88fbd1137609cefab8b10d0615aaeb6fd47975d74e" "/opt/rustwide/cargo-home/bin/cargo" "+1.54.0" "build" "--frozen" "--message-format=json", kill_on_drop: false }`
[INFO] [stdout] e6c5ee5b3db01914617030df727c255bb34c41e3409912690a82b9c8dcae8efb
[INFO] running `Command { std: "docker" "start" "-a" "e6c5ee5b3db01914617030df727c255bb34c41e3409912690a82b9c8dcae8efb", kill_on_drop: false }`
[INFO] [stderr]    Compiling ra_ap_limit v0.0.67
[INFO] [stderr]    Compiling anymap v0.12.1
[INFO] [stderr]    Compiling itertools v0.10.1
[INFO] [stderr]    Compiling ena v0.14.0
[INFO] [stderr]    Compiling dashmap v4.0.2
[INFO] [stderr]    Compiling petgraph v0.5.1
[INFO] [stderr]    Compiling synstructure v0.12.5
[INFO] [stderr]    Compiling salsa-macros v0.17.0-pre.1
[INFO] [stderr]    Compiling tracing-attributes v0.1.15
[INFO] [stderr]    Compiling smol_str v0.1.18
[INFO] [stderr]    Compiling ra_ap_paths v0.0.67
[INFO] [stderr]    Compiling rayon v1.5.1
[INFO] [stderr]    Compiling ra_ap_tt v0.0.67
[INFO] [stderr]    Compiling ra_ap_vfs v0.0.67
[INFO] [stderr]    Compiling countme v2.0.4
[INFO] [stderr]    Compiling ra_ap_cfg v0.0.67
[INFO] [stderr]    Compiling ra_ap_profile v0.0.67
[INFO] [stderr]    Compiling rowan v0.13.0-pre.8
[INFO] [stderr]    Compiling ra_ap_test_utils v0.0.67
[INFO] [stderr]    Compiling chalk-derive v0.69.0
[INFO] [stderr]    Compiling ra_ap_syntax v0.0.67
[INFO] [stderr]    Compiling chalk-ir v0.69.0
[INFO] [stderr]    Compiling tracing v0.1.26
[INFO] [stderr]    Compiling salsa v0.17.0-pre.1
[INFO] [stderr]    Compiling ra_ap_mbe v0.0.67
[INFO] [stderr]    Compiling ra_ap_base_db v0.0.67
[INFO] [stderr]    Compiling chalk-solve v0.69.0
[INFO] [stderr]    Compiling ra_ap_hir_expand v0.0.67
[INFO] [stderr]    Compiling ra_ap_hir_def v0.0.67
[INFO] [stderr]    Compiling chalk-recursive v0.69.0
[INFO] [stderr]    Compiling ra_ap_hir_ty v0.0.67
[INFO] [stderr]    Compiling ra_ap_hir v0.0.67
[INFO] [stderr]    Compiling ra_ap_ide_db v0.0.67
[INFO] [stderr]    Compiling ra_ap_ide_assists v0.0.67 (/opt/rustwide/workdir)
[INFO] [stderr]     Finished dev [unoptimized + debuginfo] target(s) in 1m 37s
[INFO] running `Command { std: "docker" "inspect" "e6c5ee5b3db01914617030df727c255bb34c41e3409912690a82b9c8dcae8efb", kill_on_drop: false }`
[INFO] running `Command { std: "docker" "rm" "-f" "e6c5ee5b3db01914617030df727c255bb34c41e3409912690a82b9c8dcae8efb", kill_on_drop: false }`
[INFO] [stdout] e6c5ee5b3db01914617030df727c255bb34c41e3409912690a82b9c8dcae8efb
[INFO] running `Command { std: "docker" "create" "-v" "/var/lib/crater-agent-workspace/builds/worker-8/target:/opt/rustwide/target:rw,Z" "-v" "/var/lib/crater-agent-workspace/builds/worker-8/source:/opt/rustwide/workdir:ro,Z" "-v" "/var/lib/crater-agent-workspace/cargo-home:/opt/rustwide/cargo-home:ro,Z" "-v" "/var/lib/crater-agent-workspace/rustup-home:/opt/rustwide/rustup-home:ro,Z" "-e" "SOURCE_DIR=/opt/rustwide/workdir" "-e" "CARGO_TARGET_DIR=/opt/rustwide/target" "-e" "CARGO_INCREMENTAL=0" "-e" "RUST_BACKTRACE=full" "-e" "RUSTFLAGS=--cap-lints=warn" "-e" "CARGO_HOME=/opt/rustwide/cargo-home" "-e" "RUSTUP_HOME=/opt/rustwide/rustup-home" "-w" "/opt/rustwide/workdir" "-m" "1610612736" "--user" "0:0" "--network" "none" "ghcr.io/rust-lang/crates-build-env/linux@sha256:34b6a614d2c27851fe6cbf88fbd1137609cefab8b10d0615aaeb6fd47975d74e" "/opt/rustwide/cargo-home/bin/cargo" "+1.54.0" "test" "--frozen" "--no-run" "--message-format=json", kill_on_drop: false }`
[INFO] [stdout] f92734e1ea330051b84492075ac75b776a1b98378ad5229e3e85d58175f607c2
[INFO] running `Command { std: "docker" "start" "-a" "f92734e1ea330051b84492075ac75b776a1b98378ad5229e3e85d58175f607c2", kill_on_drop: false }`
[INFO] [stderr]    Compiling ra_ap_ide_assists v0.0.67 (/opt/rustwide/workdir)
[INFO] [stdout] error[E0432]: unresolved import `test_utils`
[INFO] [stdout]  --> src/tests/sourcegen.rs:5:5
[INFO] [stdout]   |
[INFO] [stdout] 5 | use test_utils::project_root;
[INFO] [stdout]   |     ^^^^^^^^^^ use of undeclared crate or module `test_utils`
[INFO] [stdout] 
[INFO] [stdout] 
[INFO] [stdout] error[E0432]: unresolved import `test_utils`
[INFO] [stdout]   --> src/tests.rs:17:5
[INFO] [stdout]    |
[INFO] [stdout] 17 | use test_utils::{assert_eq_text, extract_offset};
[INFO] [stdout]    |     ^^^^^^^^^^ use of undeclared crate or module `test_utils`
[INFO] [stdout] 
[INFO] [stdout] 
[INFO] [stdout] error: cannot determine resolution for the macro `assert_eq_text`
[INFO] [stdout]    --> src/tests.rs:108:5
[INFO] [stdout]     |
[INFO] [stdout] 108 |     assert_eq_text!(&after, &actual);
[INFO] [stdout]     |     ^^^^^^^^^^^^^^
[INFO] [stdout]     |
[INFO] [stdout]     = note: import resolution is stuck, try simplifying macro imports
[INFO] [stdout] 
[INFO] [stdout] 
[INFO] [stdout] error: cannot determine resolution for the macro `assert_eq_text`
[INFO] [stdout]    --> src/tests.rs:174:13
[INFO] [stdout]     |
[INFO] [stdout] 174 |             assert_eq_text!(after, &buf);
[INFO] [stdout]     |             ^^^^^^^^^^^^^^
[INFO] [stdout]     |
[INFO] [stdout]     = note: import resolution is stuck, try simplifying macro imports
[INFO] [stdout] 
[INFO] [stdout] 
[INFO] [stdout] error: cannot determine resolution for the macro `assert_eq_text`
[INFO] [stdout]    --> src/tests.rs:178:13
[INFO] [stdout]     |
[INFO] [stdout] 178 |             assert_eq_text!(&text_without_caret[range], target);
[INFO] [stdout]     |             ^^^^^^^^^^^^^^
[INFO] [stdout]     |
[INFO] [stdout]     = note: import resolution is stuck, try simplifying macro imports
[INFO] [stdout] 
[INFO] [stdout] 
[INFO] [stdout] error[E0433]: failed to resolve: use of undeclared crate or module `sourcegen`
[INFO] [stdout]   --> src/tests/sourcegen.rs:38:19
[INFO] [stdout]    |
[INFO] [stdout] 38 |         let buf = sourcegen::add_preamble("sourcegen_assists_docs", sourcegen::reformat(buf));
[INFO] [stdout]    |                   ^^^^^^^^^ use of undeclared crate or module `sourcegen`
[INFO] [stdout] 
[INFO] [stdout] 
[INFO] [stdout] error[E0433]: failed to resolve: use of undeclared crate or module `sourcegen`
[INFO] [stdout]   --> src/tests/sourcegen.rs:38:69
[INFO] [stdout]    |
[INFO] [stdout] 38 |         let buf = sourcegen::add_preamble("sourcegen_assists_docs", sourcegen::reformat(buf));
[INFO] [stdout]    |                                                                     ^^^^^^^^^ use of undeclared crate or module `sourcegen`
[INFO] [stdout] 
[INFO] [stdout] 
[INFO] [stdout] error[E0433]: failed to resolve: use of undeclared crate or module `sourcegen`
[INFO] [stdout]   --> src/tests/sourcegen.rs:39:9
[INFO] [stdout]    |
[INFO] [stdout] 39 |         sourcegen::ensure_file_contents(
[INFO] [stdout]    |         ^^^^^^^^^ use of undeclared crate or module `sourcegen`
[INFO] [stdout] 
[INFO] [stdout] 
[INFO] [stdout] error[E0433]: failed to resolve: use of undeclared crate or module `sourcegen`
[INFO] [stdout]   --> src/tests/sourcegen.rs:50:24
[INFO] [stdout]    |
[INFO] [stdout] 50 |         let contents = sourcegen::add_preamble(
[INFO] [stdout]    |                        ^^^^^^^^^ use of undeclared crate or module `sourcegen`
[INFO] [stdout] 
[INFO] [stdout] 
[INFO] [stdout] error[E0433]: failed to resolve: use of undeclared crate or module `sourcegen`
[INFO] [stdout]   --> src/tests/sourcegen.rs:62:15
[INFO] [stdout]    |
[INFO] [stdout] 62 |     location: sourcegen::Location,
[INFO] [stdout]    |               ^^^^^^^^^ use of undeclared crate or module `sourcegen`
[INFO] [stdout] 
[INFO] [stdout] 
[INFO] [stdout] error[E0433]: failed to resolve: use of undeclared crate or module `sourcegen`
[INFO] [stdout]   --> src/tests/sourcegen.rs:73:21
[INFO] [stdout]    |
[INFO] [stdout] 73 |         for path in sourcegen::list_rust_files(&handlers_dir) {
[INFO] [stdout]    |                     ^^^^^^^^^ use of undeclared crate or module `sourcegen`
[INFO] [stdout] 
[INFO] [stdout] 
[INFO] [stdout] error[E0433]: failed to resolve: use of undeclared crate or module `sourcegen`
[INFO] [stdout]   --> src/tests/sourcegen.rs:81:34
[INFO] [stdout]    |
[INFO] [stdout] 81 |             let comment_blocks = sourcegen::CommentBlock::extract("Assist", &text);
[INFO] [stdout]    |                                  ^^^^^^^^^ use of undeclared crate or module `sourcegen`
[INFO] [stdout] 
[INFO] [stdout] 
[INFO] [stdout] error[E0433]: failed to resolve: use of undeclared crate or module `sourcegen`
[INFO] [stdout]    --> src/tests/sourcegen.rs:106:32
[INFO] [stdout]     |
[INFO] [stdout] 106 |                 let location = sourcegen::Location { file: path.to_path_buf(), line: block.line };
[INFO] [stdout]     |                                ^^^^^^^^^ use of undeclared crate or module `sourcegen`
[INFO] [stdout] 
[INFO] [stdout] 
[INFO] [stdout] error[E0277]: the size for values of type `str` cannot be known at compilation time
[INFO] [stdout]    --> src/tests.rs:214:29
[INFO] [stdout]     |
[INFO] [stdout] 214 |     let (before_cursor_pos, before) = extract_offset(before);
[INFO] [stdout]     |                             ^^^^^^ doesn't have a size known at compile-time
[INFO] [stdout]     |
[INFO] [stdout]     = help: the trait `Sized` is not implemented for `str`
[INFO] [stdout]     = note: all local variables must have a statically known size
[INFO] [stdout]     = help: unsized locals are gated as an unstable feature
[INFO] [stdout] 
[INFO] [stdout] 
[INFO] [stdout] error: aborting due to 14 previous errors
[INFO] [stdout] 
[INFO] [stdout] 
[INFO] [stdout] Some errors have detailed explanations: E0277, E0432, E0433.
[INFO] [stdout] 
[INFO] [stdout] For more information about an error, try `rustc --explain E0277`.
[INFO] [stdout] 
[INFO] [stderr] error: could not compile `ra_ap_ide_assists`
[INFO] [stderr] 
[INFO] [stderr] To learn more, run the command again with --verbose.
[INFO] running `Command { std: "docker" "inspect" "f92734e1ea330051b84492075ac75b776a1b98378ad5229e3e85d58175f607c2", kill_on_drop: false }`
[INFO] running `Command { std: "docker" "rm" "-f" "f92734e1ea330051b84492075ac75b776a1b98378ad5229e3e85d58175f607c2", kill_on_drop: false }`
[INFO] [stdout] f92734e1ea330051b84492075ac75b776a1b98378ad5229e3e85d58175f607c2
