[INFO] fetching crate query-params-derive 0.1.1...
[INFO] testing query-params-derive-0.1.1 against 1.54.0 for beta-1.55-1
[INFO] extracting crate query-params-derive 0.1.1 into /workspace/builds/worker-118/source
[INFO] validating manifest of crates.io crate query-params-derive 0.1.1 on toolchain 1.54.0
[INFO] running `Command { std: "/workspace/cargo-home/bin/cargo" "+1.54.0" "metadata" "--manifest-path" "Cargo.toml" "--no-deps", kill_on_drop: false }`
[INFO] started tweaking crates.io crate query-params-derive 0.1.1
[INFO] finished tweaking crates.io crate query-params-derive 0.1.1
[INFO] tweaked toml for crates.io crate query-params-derive 0.1.1 written to /workspace/builds/worker-118/source/Cargo.toml
[INFO] running `Command { std: "/workspace/cargo-home/bin/cargo" "+1.54.0" "generate-lockfile" "--manifest-path" "Cargo.toml" "-Zno-index-update", kill_on_drop: false }`
[INFO] [stderr]     Blocking waiting for file lock on package cache
[INFO] running `Command { std: "/workspace/cargo-home/bin/cargo" "+1.54.0" "fetch" "--manifest-path" "Cargo.toml", kill_on_drop: false }`
[INFO] [stderr]     Blocking waiting for file lock on package cache
[INFO] [stderr]     Blocking waiting for file lock on package cache
[INFO] running `Command { std: "docker" "create" "-v" "/var/lib/crater-agent-workspace/builds/worker-118/target:/opt/rustwide/target:rw,Z" "-v" "/var/lib/crater-agent-workspace/builds/worker-118/source:/opt/rustwide/workdir:ro,Z" "-v" "/var/lib/crater-agent-workspace/cargo-home:/opt/rustwide/cargo-home:ro,Z" "-v" "/var/lib/crater-agent-workspace/rustup-home:/opt/rustwide/rustup-home:ro,Z" "-e" "SOURCE_DIR=/opt/rustwide/workdir" "-e" "CARGO_TARGET_DIR=/opt/rustwide/target" "-e" "CARGO_HOME=/opt/rustwide/cargo-home" "-e" "RUSTUP_HOME=/opt/rustwide/rustup-home" "-w" "/opt/rustwide/workdir" "-m" "1610612736" "--user" "0:0" "--network" "none" "ghcr.io/rust-lang/crates-build-env/linux@sha256:34b6a614d2c27851fe6cbf88fbd1137609cefab8b10d0615aaeb6fd47975d74e" "/opt/rustwide/cargo-home/bin/cargo" "+1.54.0" "metadata" "--no-deps" "--format-version=1", kill_on_drop: false }`
[INFO] [stdout] b6dd5bcbf814cf9bac2f3e02e9c1c80a94ad8bd2633af57327e909ba0293f108
[INFO] running `Command { std: "docker" "start" "-a" "b6dd5bcbf814cf9bac2f3e02e9c1c80a94ad8bd2633af57327e909ba0293f108", kill_on_drop: false }`
[INFO] running `Command { std: "docker" "inspect" "b6dd5bcbf814cf9bac2f3e02e9c1c80a94ad8bd2633af57327e909ba0293f108", kill_on_drop: false }`
[INFO] running `Command { std: "docker" "rm" "-f" "b6dd5bcbf814cf9bac2f3e02e9c1c80a94ad8bd2633af57327e909ba0293f108", kill_on_drop: false }`
[INFO] [stdout] b6dd5bcbf814cf9bac2f3e02e9c1c80a94ad8bd2633af57327e909ba0293f108
[INFO] running `Command { std: "docker" "create" "-v" "/var/lib/crater-agent-workspace/builds/worker-118/target:/opt/rustwide/target:rw,Z" "-v" "/var/lib/crater-agent-workspace/builds/worker-118/source:/opt/rustwide/workdir:ro,Z" "-v" "/var/lib/crater-agent-workspace/cargo-home:/opt/rustwide/cargo-home:ro,Z" "-v" "/var/lib/crater-agent-workspace/rustup-home:/opt/rustwide/rustup-home:ro,Z" "-e" "SOURCE_DIR=/opt/rustwide/workdir" "-e" "CARGO_TARGET_DIR=/opt/rustwide/target" "-e" "CARGO_INCREMENTAL=0" "-e" "RUST_BACKTRACE=full" "-e" "RUSTFLAGS=--cap-lints=warn" "-e" "CARGO_HOME=/opt/rustwide/cargo-home" "-e" "RUSTUP_HOME=/opt/rustwide/rustup-home" "-w" "/opt/rustwide/workdir" "-m" "1610612736" "--user" "0:0" "--network" "none" "ghcr.io/rust-lang/crates-build-env/linux@sha256:34b6a614d2c27851fe6cbf88fbd1137609cefab8b10d0615aaeb6fd47975d74e" "/opt/rustwide/cargo-home/bin/cargo" "+1.54.0" "build" "--frozen" "--message-format=json", kill_on_drop: false }`
[INFO] [stdout] 13ea8373ac5458db98917887a803695815b163be7a893e088bfe637aa29ce65c
[INFO] running `Command { std: "docker" "start" "-a" "13ea8373ac5458db98917887a803695815b163be7a893e088bfe637aa29ce65c", kill_on_drop: false }`
[INFO] [stderr]    Compiling syn v1.0.74
[INFO] [stderr]    Compiling query-params-trait v0.0.1
[INFO] [stderr]    Compiling query-params-derive v0.1.1 (/opt/rustwide/workdir)
[INFO] [stdout] error[E0433]: failed to resolve: could not find `export` in `syn`
[INFO] [stdout]    --> src/lib.rs:101:74
[INFO] [stdout]     |
[INFO] [stdout] 101 | fn gen_serialization_query_params(ast: &syn::DeriveInput) -> Result<syn::export::TokenStream2> {
[INFO] [stdout]     |                                                                          ^^^^^^ could not find `export` in `syn`
[INFO] [stdout] 
[INFO] [stdout] 
[INFO] [stdout] error[E0433]: failed to resolve: could not find `export` in `syn`
[INFO] [stdout]    --> src/lib.rs:127:62
[INFO] [stdout]     |
[INFO] [stdout] 127 | fn get_print_fields(fields: &syn::Fields) -> Result<Vec<syn::export::TokenStream2>> {
[INFO] [stdout]     |                                                              ^^^^^^ could not find `export` in `syn`
[INFO] [stdout] 
[INFO] [stdout] 
[INFO] [stdout] error[E0433]: failed to resolve: could not find `export` in `syn`
[INFO] [stdout]    --> src/lib.rs:194:78
[INFO] [stdout]     |
[INFO] [stdout] 194 | fn vec_to_query_params(name: syn::Ident, ident: &Option<syn::Ident>) -> syn::export::TokenStream2 {
[INFO] [stdout]     |                                                                              ^^^^^^ could not find `export` in `syn`
[INFO] [stdout] 
[INFO] [stdout] 
[INFO] [stdout] error[E0433]: failed to resolve: could not find `export` in `syn`
[INFO] [stdout]    --> src/lib.rs:211:11
[INFO] [stdout]     |
[INFO] [stdout] 211 | ) -> syn::export::TokenStream2 {
[INFO] [stdout]     |           ^^^^^^ could not find `export` in `syn`
[INFO] [stdout] 
[INFO] [stdout] 
[INFO] [stdout] error[E0433]: failed to resolve: could not find `export` in `syn`
[INFO] [stdout]    --> src/lib.rs:222:11
[INFO] [stdout]     |
[INFO] [stdout] 222 | ) -> syn::export::TokenStream2 {
[INFO] [stdout]     |           ^^^^^^ could not find `export` in `syn`
[INFO] [stdout] 
[INFO] [stdout] 
[INFO] [stdout] error: aborting due to 5 previous errors
[INFO] [stdout] 
[INFO] [stdout] 
[INFO] [stdout] For more information about this error, try `rustc --explain E0433`.
[INFO] [stdout] 
[INFO] [stderr] error: could not compile `query-params-derive`
[INFO] [stderr] 
[INFO] [stderr] To learn more, run the command again with --verbose.
[INFO] running `Command { std: "docker" "inspect" "13ea8373ac5458db98917887a803695815b163be7a893e088bfe637aa29ce65c", kill_on_drop: false }`
[INFO] running `Command { std: "docker" "rm" "-f" "13ea8373ac5458db98917887a803695815b163be7a893e088bfe637aa29ce65c", kill_on_drop: false }`
[INFO] [stdout] 13ea8373ac5458db98917887a803695815b163be7a893e088bfe637aa29ce65c
