[INFO] fetching crate quad-url 0.1.0...
[INFO] testing quad-url-0.1.0 against beta-2021-08-01 for beta-1.55-1
[INFO] extracting crate quad-url 0.1.0 into /workspace/builds/worker-102/source
[INFO] validating manifest of crates.io crate quad-url 0.1.0 on toolchain beta-2021-08-01
[INFO] running `Command { std: "/workspace/cargo-home/bin/cargo" "+beta-2021-08-01" "metadata" "--manifest-path" "Cargo.toml" "--no-deps", kill_on_drop: false }`
[INFO] started tweaking crates.io crate quad-url 0.1.0
[INFO] finished tweaking crates.io crate quad-url 0.1.0
[INFO] tweaked toml for crates.io crate quad-url 0.1.0 written to /workspace/builds/worker-102/source/Cargo.toml
[INFO] crate crates.io crate quad-url 0.1.0 already has a lockfile, it will not be regenerated
[INFO] running `Command { std: "/workspace/cargo-home/bin/cargo" "+beta-2021-08-01" "fetch" "--manifest-path" "Cargo.toml", kill_on_drop: false }`
[INFO] [stderr]     Blocking waiting for file lock on package cache
[INFO] [stderr]     Blocking waiting for file lock on package cache
[INFO] [stderr]  Downloading crates ...
[INFO] [stderr]   Downloaded epaint v0.10.0
[INFO] [stderr]   Downloaded atomic_refcell v0.1.7
[INFO] [stderr]   Downloaded webbrowser v0.5.5
[INFO] [stderr]   Downloaded egui v0.10.0
[INFO] [stderr]   Downloaded emath v0.10.0
[INFO] [stderr]   Downloaded sapp-jsutils v0.1.4
[INFO] running `Command { std: "docker" "create" "-v" "/var/lib/crater-agent-workspace/builds/worker-102/target:/opt/rustwide/target:rw,Z" "-v" "/var/lib/crater-agent-workspace/builds/worker-102/source:/opt/rustwide/workdir:ro,Z" "-v" "/var/lib/crater-agent-workspace/cargo-home:/opt/rustwide/cargo-home:ro,Z" "-v" "/var/lib/crater-agent-workspace/rustup-home:/opt/rustwide/rustup-home:ro,Z" "-e" "SOURCE_DIR=/opt/rustwide/workdir" "-e" "CARGO_TARGET_DIR=/opt/rustwide/target" "-e" "CARGO_HOME=/opt/rustwide/cargo-home" "-e" "RUSTUP_HOME=/opt/rustwide/rustup-home" "-w" "/opt/rustwide/workdir" "-m" "1610612736" "--user" "0:0" "--network" "none" "ghcr.io/rust-lang/crates-build-env/linux@sha256:34b6a614d2c27851fe6cbf88fbd1137609cefab8b10d0615aaeb6fd47975d74e" "/opt/rustwide/cargo-home/bin/cargo" "+beta-2021-08-01" "metadata" "--no-deps" "--format-version=1", kill_on_drop: false }`
[INFO] [stdout] efb58a27fc16902391e2bef449525b2e553bc2d3557786bc84b1d897024ebaae
[INFO] running `Command { std: "docker" "start" "-a" "efb58a27fc16902391e2bef449525b2e553bc2d3557786bc84b1d897024ebaae", kill_on_drop: false }`
[INFO] running `Command { std: "docker" "inspect" "efb58a27fc16902391e2bef449525b2e553bc2d3557786bc84b1d897024ebaae", kill_on_drop: false }`
[INFO] running `Command { std: "docker" "rm" "-f" "efb58a27fc16902391e2bef449525b2e553bc2d3557786bc84b1d897024ebaae", kill_on_drop: false }`
[INFO] [stdout] efb58a27fc16902391e2bef449525b2e553bc2d3557786bc84b1d897024ebaae
[INFO] running `Command { std: "docker" "create" "-v" "/var/lib/crater-agent-workspace/builds/worker-102/target:/opt/rustwide/target:rw,Z" "-v" "/var/lib/crater-agent-workspace/builds/worker-102/source:/opt/rustwide/workdir:ro,Z" "-v" "/var/lib/crater-agent-workspace/cargo-home:/opt/rustwide/cargo-home:ro,Z" "-v" "/var/lib/crater-agent-workspace/rustup-home:/opt/rustwide/rustup-home:ro,Z" "-e" "SOURCE_DIR=/opt/rustwide/workdir" "-e" "CARGO_TARGET_DIR=/opt/rustwide/target" "-e" "CARGO_INCREMENTAL=0" "-e" "RUST_BACKTRACE=full" "-e" "RUSTFLAGS=--cap-lints=warn" "-e" "CARGO_HOME=/opt/rustwide/cargo-home" "-e" "RUSTUP_HOME=/opt/rustwide/rustup-home" "-w" "/opt/rustwide/workdir" "-m" "1610612736" "--user" "0:0" "--network" "none" "ghcr.io/rust-lang/crates-build-env/linux@sha256:34b6a614d2c27851fe6cbf88fbd1137609cefab8b10d0615aaeb6fd47975d74e" "/opt/rustwide/cargo-home/bin/cargo" "+beta-2021-08-01" "build" "--frozen" "--message-format=json", kill_on_drop: false }`
[INFO] [stdout] d893c080ce93046997d40e4d202cd9117e6fb7c29c4263cf508dd4feeecfe640
[INFO] running `Command { std: "docker" "start" "-a" "d893c080ce93046997d40e4d202cd9117e6fb7c29c4263cf508dd4feeecfe640", kill_on_drop: false }`
[INFO] [stderr]    Compiling sapp-jsutils v0.1.4
[INFO] [stderr]    Compiling webbrowser v0.5.5
[INFO] [stderr]    Compiling quad-url v0.1.0 (/opt/rustwide/workdir)
[INFO] [stderr]     Finished dev [unoptimized + debuginfo] target(s) in 1.01s
[INFO] running `Command { std: "docker" "inspect" "d893c080ce93046997d40e4d202cd9117e6fb7c29c4263cf508dd4feeecfe640", kill_on_drop: false }`
[INFO] running `Command { std: "docker" "rm" "-f" "d893c080ce93046997d40e4d202cd9117e6fb7c29c4263cf508dd4feeecfe640", kill_on_drop: false }`
[INFO] [stdout] d893c080ce93046997d40e4d202cd9117e6fb7c29c4263cf508dd4feeecfe640
[INFO] running `Command { std: "docker" "create" "-v" "/var/lib/crater-agent-workspace/builds/worker-102/target:/opt/rustwide/target:rw,Z" "-v" "/var/lib/crater-agent-workspace/builds/worker-102/source:/opt/rustwide/workdir:ro,Z" "-v" "/var/lib/crater-agent-workspace/cargo-home:/opt/rustwide/cargo-home:ro,Z" "-v" "/var/lib/crater-agent-workspace/rustup-home:/opt/rustwide/rustup-home:ro,Z" "-e" "SOURCE_DIR=/opt/rustwide/workdir" "-e" "CARGO_TARGET_DIR=/opt/rustwide/target" "-e" "CARGO_INCREMENTAL=0" "-e" "RUST_BACKTRACE=full" "-e" "RUSTFLAGS=--cap-lints=warn" "-e" "CARGO_HOME=/opt/rustwide/cargo-home" "-e" "RUSTUP_HOME=/opt/rustwide/rustup-home" "-w" "/opt/rustwide/workdir" "-m" "1610612736" "--user" "0:0" "--network" "none" "ghcr.io/rust-lang/crates-build-env/linux@sha256:34b6a614d2c27851fe6cbf88fbd1137609cefab8b10d0615aaeb6fd47975d74e" "/opt/rustwide/cargo-home/bin/cargo" "+beta-2021-08-01" "test" "--frozen" "--no-run" "--message-format=json", kill_on_drop: false }`
[INFO] [stdout] f2de3cd5746c96777c369e5c9b6b31ce82dc03a645db1e9b137d0d18fa74a0de
[INFO] running `Command { std: "docker" "start" "-a" "f2de3cd5746c96777c369e5c9b6b31ce82dc03a645db1e9b137d0d18fa74a0de", kill_on_drop: false }`
[INFO] [stderr]    Compiling libc v0.2.90
[INFO] [stderr]    Compiling getrandom v0.2.2
[INFO] [stderr]    Compiling ttf-parser v0.6.2
[INFO] [stderr]    Compiling once_cell v1.7.2
[INFO] [stderr]    Compiling ab_glyph_rasterizer v0.1.4
[INFO] [stderr]    Compiling atomic_refcell v0.1.7
[INFO] [stderr]    Compiling emath v0.10.0
[INFO] [stderr]    Compiling ahash v0.7.2
[INFO] [stderr]    Compiling owned_ttf_parser v0.6.0
[INFO] [stderr]    Compiling rusttype v0.9.2
[INFO] [stderr]    Compiling epaint v0.10.0
[INFO] [stderr]    Compiling egui v0.10.0
[INFO] [stderr]    Compiling quad-url v0.1.0 (/opt/rustwide/workdir)
[INFO] [stdout] error[E0433]: failed to resolve: use of undeclared crate or module `macroquad`
[INFO] [stdout]  --> examples/test.rs:2:5
[INFO] [stdout]   |
[INFO] [stdout] 2 | use macroquad::prelude::*;
[INFO] [stdout]   |     ^^^^^^^^^ use of undeclared crate or module `macroquad`
[INFO] [stdout] 
[INFO] [stdout] 
[INFO] [stdout] error[E0432]: unresolved import `egui_macroquad`
[INFO] [stdout]  --> examples/test.rs:1:5
[INFO] [stdout]   |
[INFO] [stdout] 1 | use egui_macroquad::Egui;
[INFO] [stdout]   |     ^^^^^^^^^^^^^^ use of undeclared crate or module `egui_macroquad`
[INFO] [stdout] 
[INFO] [stdout] 
[INFO] [stdout] error[E0433]: failed to resolve: use of undeclared crate or module `macroquad`
[INFO] [stdout]   --> examples/test.rs:13:3
[INFO] [stdout]    |
[INFO] [stdout] 13 | #[macroquad::main(window_conf)]
[INFO] [stdout]    |   ^^^^^^^^^ use of undeclared crate or module `macroquad`
[INFO] [stdout] 
[INFO] [stdout] 
[INFO] [stdout] error[E0412]: cannot find type `Conf` in this scope
[INFO] [stdout]  --> examples/test.rs:5:21
[INFO] [stdout]   |
[INFO] [stdout] 5 | fn window_conf() -> Conf {
[INFO] [stdout]   |                     ^^^^ not found in this scope
[INFO] [stdout] 
[INFO] [stdout] 
[INFO] [stdout] error[E0422]: cannot find struct, variant or union type `Conf` in this scope
[INFO] [stdout]  --> examples/test.rs:6:5
[INFO] [stdout]   |
[INFO] [stdout] 6 |     Conf {
[INFO] [stdout]   |     ^^^^ not found in this scope
[INFO] [stdout] 
[INFO] [stdout] 
[INFO] [stdout] error[E0425]: cannot find function `clear_background` in this scope
[INFO] [stdout]   --> examples/test.rs:33:9
[INFO] [stdout]    |
[INFO] [stdout] 33 |         clear_background(WHITE);
[INFO] [stdout]    |         ^^^^^^^^^^^^^^^^ not found in this scope
[INFO] [stdout] 
[INFO] [stdout] 
[INFO] [stdout] error[E0425]: cannot find value `WHITE` in this scope
[INFO] [stdout]   --> examples/test.rs:33:26
[INFO] [stdout]    |
[INFO] [stdout] 33 |         clear_background(WHITE);
[INFO] [stdout]    |                          ^^^^^ not found in this scope
[INFO] [stdout] 
[INFO] [stdout] 
[INFO] [stdout] error[E0425]: cannot find function `next_frame` in this scope
[INFO] [stdout]    --> examples/test.rs:107:9
[INFO] [stdout]     |
[INFO] [stdout] 107 |         next_frame().await
[INFO] [stdout]     |         ^^^^^^^^^^ not found in this scope
[INFO] [stdout] 
[INFO] [stdout] 
[INFO] [stdout] error[E0752]: `main` function is not allowed to be `async`
[INFO] [stdout]   --> examples/test.rs:14:1
[INFO] [stdout]    |
[INFO] [stdout] 14 | async fn main() {
[INFO] [stdout]    | ^^^^^^^^^^^^^^^ `main` function is not allowed to be `async`
[INFO] [stdout] 
[INFO] [stdout] 
[INFO] [stdout] error: aborting due to 9 previous errors
[INFO] [stdout] 
[INFO] [stdout] 
[INFO] [stdout] Some errors have detailed explanations: E0412, E0422, E0425, E0432, E0433, E0752.
[INFO] [stdout] 
[INFO] [stdout] For more information about an error, try `rustc --explain E0412`.
[INFO] [stdout] 
[INFO] [stderr] error: could not compile `quad-url` due to 10 previous errors
[INFO] [stderr] warning: build failed, waiting for other jobs to finish...
[INFO] [stderr] error: build failed
[INFO] running `Command { std: "docker" "inspect" "f2de3cd5746c96777c369e5c9b6b31ce82dc03a645db1e9b137d0d18fa74a0de", kill_on_drop: false }`
[INFO] running `Command { std: "docker" "rm" "-f" "f2de3cd5746c96777c369e5c9b6b31ce82dc03a645db1e9b137d0d18fa74a0de", kill_on_drop: false }`
[INFO] [stdout] f2de3cd5746c96777c369e5c9b6b31ce82dc03a645db1e9b137d0d18fa74a0de
