[INFO] fetching crate qcollect 0.4.1...
[INFO] testing qcollect-0.4.1 against 1.54.0 for beta-1.55-1
[INFO] extracting crate qcollect 0.4.1 into /workspace/builds/worker-35/source
[INFO] validating manifest of crates.io crate qcollect 0.4.1 on toolchain 1.54.0
[INFO] running `Command { std: "/workspace/cargo-home/bin/cargo" "+1.54.0" "metadata" "--manifest-path" "Cargo.toml" "--no-deps", kill_on_drop: false }`
[INFO] started tweaking crates.io crate qcollect 0.4.1
[INFO] finished tweaking crates.io crate qcollect 0.4.1
[INFO] tweaked toml for crates.io crate qcollect 0.4.1 written to /workspace/builds/worker-35/source/Cargo.toml
[INFO] running `Command { std: "/workspace/cargo-home/bin/cargo" "+1.54.0" "generate-lockfile" "--manifest-path" "Cargo.toml" "-Zno-index-update", kill_on_drop: false }`
[INFO] [stderr]     Blocking waiting for file lock on package cache
[INFO] running `Command { std: "/workspace/cargo-home/bin/cargo" "+1.54.0" "fetch" "--manifest-path" "Cargo.toml", kill_on_drop: false }`
[INFO] running `Command { std: "docker" "create" "-v" "/var/lib/crater-agent-workspace/builds/worker-35/target:/opt/rustwide/target:rw,Z" "-v" "/var/lib/crater-agent-workspace/builds/worker-35/source:/opt/rustwide/workdir:ro,Z" "-v" "/var/lib/crater-agent-workspace/cargo-home:/opt/rustwide/cargo-home:ro,Z" "-v" "/var/lib/crater-agent-workspace/rustup-home:/opt/rustwide/rustup-home:ro,Z" "-e" "SOURCE_DIR=/opt/rustwide/workdir" "-e" "CARGO_TARGET_DIR=/opt/rustwide/target" "-e" "CARGO_HOME=/opt/rustwide/cargo-home" "-e" "RUSTUP_HOME=/opt/rustwide/rustup-home" "-w" "/opt/rustwide/workdir" "-m" "1610612736" "--user" "0:0" "--network" "none" "ghcr.io/rust-lang/crates-build-env/linux@sha256:34b6a614d2c27851fe6cbf88fbd1137609cefab8b10d0615aaeb6fd47975d74e" "/opt/rustwide/cargo-home/bin/cargo" "+1.54.0" "metadata" "--no-deps" "--format-version=1", kill_on_drop: false }`
[INFO] [stdout] 66c61c403fc1193718a71de923659a0e02e1719a9ed4df2569c47dd8b7f6467b
[INFO] running `Command { std: "docker" "start" "-a" "66c61c403fc1193718a71de923659a0e02e1719a9ed4df2569c47dd8b7f6467b", kill_on_drop: false }`
[INFO] running `Command { std: "docker" "inspect" "66c61c403fc1193718a71de923659a0e02e1719a9ed4df2569c47dd8b7f6467b", kill_on_drop: false }`
[INFO] running `Command { std: "docker" "rm" "-f" "66c61c403fc1193718a71de923659a0e02e1719a9ed4df2569c47dd8b7f6467b", kill_on_drop: false }`
[INFO] [stdout] 66c61c403fc1193718a71de923659a0e02e1719a9ed4df2569c47dd8b7f6467b
[INFO] running `Command { std: "docker" "create" "-v" "/var/lib/crater-agent-workspace/builds/worker-35/target:/opt/rustwide/target:rw,Z" "-v" "/var/lib/crater-agent-workspace/builds/worker-35/source:/opt/rustwide/workdir:ro,Z" "-v" "/var/lib/crater-agent-workspace/cargo-home:/opt/rustwide/cargo-home:ro,Z" "-v" "/var/lib/crater-agent-workspace/rustup-home:/opt/rustwide/rustup-home:ro,Z" "-e" "SOURCE_DIR=/opt/rustwide/workdir" "-e" "CARGO_TARGET_DIR=/opt/rustwide/target" "-e" "CARGO_INCREMENTAL=0" "-e" "RUST_BACKTRACE=full" "-e" "RUSTFLAGS=--cap-lints=warn" "-e" "CARGO_HOME=/opt/rustwide/cargo-home" "-e" "RUSTUP_HOME=/opt/rustwide/rustup-home" "-w" "/opt/rustwide/workdir" "-m" "1610612736" "--user" "0:0" "--network" "none" "ghcr.io/rust-lang/crates-build-env/linux@sha256:34b6a614d2c27851fe6cbf88fbd1137609cefab8b10d0615aaeb6fd47975d74e" "/opt/rustwide/cargo-home/bin/cargo" "+1.54.0" "build" "--frozen" "--message-format=json", kill_on_drop: false }`
[INFO] [stdout] db3d513479872835b3049a570cd78cfb6dbe0a2a425f27ebcbc8d657ee924daa
[INFO] running `Command { std: "docker" "start" "-a" "db3d513479872835b3049a570cd78cfb6dbe0a2a425f27ebcbc8d657ee924daa", kill_on_drop: false }`
[INFO] [stderr]    Compiling vec_map v0.3.0
[INFO] [stderr]    Compiling rustc-serialize v0.3.24
[INFO] [stderr]    Compiling qcollect-traits v0.4.1
[INFO] [stdout] error[E0432]: unresolved import `std::collections::hash_state`
[INFO] [stdout]  --> /opt/rustwide/cargo-home/registry/src/github.com-1ecc6299db9ec823/qcollect-traits-0.4.1/src/impls_libstd.rs:8:23
[INFO] [stdout]   |
[INFO] [stdout] 8 | use std::collections::hash_state::HashState;
[INFO] [stdout]   |                       ^^^^^^^^^^ could not find `hash_state` in `collections`
[INFO] [stdout] 
[INFO] [stdout] 
[INFO] [stdout] error[E0554]: `#![feature]` may not be used on the stable release channel
[INFO] [stdout]   --> /opt/rustwide/cargo-home/registry/src/github.com-1ecc6299db9ec823/qcollect-traits-0.4.1/src/lib.rs:12:1
[INFO] [stdout]    |
[INFO] [stdout] 12 | #![feature(associated_type_defaults)]
[INFO] [stdout]    | ^^^^^^^^^^^^^^^^^^^^^^^^^^^^^^^^^^^^^
[INFO] [stdout] 
[INFO] [stdout] 
[INFO] [stdout] error[E0554]: `#![feature]` may not be used on the stable release channel
[INFO] [stdout]   --> /opt/rustwide/cargo-home/registry/src/github.com-1ecc6299db9ec823/qcollect-traits-0.4.1/src/lib.rs:13:1
[INFO] [stdout]    |
[INFO] [stdout] 13 | #![feature(hashmap_hasher)]
[INFO] [stdout]    | ^^^^^^^^^^^^^^^^^^^^^^^^^^^
[INFO] [stdout] 
[INFO] [stdout] 
[INFO] [stdout] error: aborting due to 3 previous errors
[INFO] [stdout] 
[INFO] [stdout] 
[INFO] [stdout] Some errors have detailed explanations: E0432, E0554.
[INFO] [stdout] 
[INFO] [stdout] For more information about an error, try `rustc --explain E0432`.
[INFO] [stdout] 
[INFO] [stderr] error: could not compile `qcollect-traits`
[INFO] [stderr] 
[INFO] [stderr] To learn more, run the command again with --verbose.
[INFO] [stderr] warning: build failed, waiting for other jobs to finish...
[INFO] [stderr] error: build failed
[INFO] running `Command { std: "docker" "inspect" "db3d513479872835b3049a570cd78cfb6dbe0a2a425f27ebcbc8d657ee924daa", kill_on_drop: false }`
[INFO] running `Command { std: "docker" "rm" "-f" "db3d513479872835b3049a570cd78cfb6dbe0a2a425f27ebcbc8d657ee924daa", kill_on_drop: false }`
[INFO] [stdout] db3d513479872835b3049a570cd78cfb6dbe0a2a425f27ebcbc8d657ee924daa
