[INFO] fetching crate prust_core 0.1.3...
[INFO] testing prust_core-0.1.3 against 1.54.0 for beta-1.55-1
[INFO] extracting crate prust_core 0.1.3 into /workspace/builds/worker-18/source
[INFO] validating manifest of crates.io crate prust_core 0.1.3 on toolchain 1.54.0
[INFO] running `Command { std: "/workspace/cargo-home/bin/cargo" "+1.54.0" "metadata" "--manifest-path" "Cargo.toml" "--no-deps", kill_on_drop: false }`
[INFO] started tweaking crates.io crate prust_core 0.1.3
[INFO] finished tweaking crates.io crate prust_core 0.1.3
[INFO] tweaked toml for crates.io crate prust_core 0.1.3 written to /workspace/builds/worker-18/source/Cargo.toml
[INFO] running `Command { std: "/workspace/cargo-home/bin/cargo" "+1.54.0" "generate-lockfile" "--manifest-path" "Cargo.toml" "-Zno-index-update", kill_on_drop: false }`
[INFO] [stderr]     Blocking waiting for file lock on package cache
[INFO] running `Command { std: "/workspace/cargo-home/bin/cargo" "+1.54.0" "fetch" "--manifest-path" "Cargo.toml", kill_on_drop: false }`
[INFO] [stderr]     Blocking waiting for file lock on package cache
[INFO] running `Command { std: "docker" "create" "-v" "/var/lib/crater-agent-workspace/builds/worker-18/target:/opt/rustwide/target:rw,Z" "-v" "/var/lib/crater-agent-workspace/builds/worker-18/source:/opt/rustwide/workdir:ro,Z" "-v" "/var/lib/crater-agent-workspace/cargo-home:/opt/rustwide/cargo-home:ro,Z" "-v" "/var/lib/crater-agent-workspace/rustup-home:/opt/rustwide/rustup-home:ro,Z" "-e" "SOURCE_DIR=/opt/rustwide/workdir" "-e" "CARGO_TARGET_DIR=/opt/rustwide/target" "-e" "CARGO_HOME=/opt/rustwide/cargo-home" "-e" "RUSTUP_HOME=/opt/rustwide/rustup-home" "-w" "/opt/rustwide/workdir" "-m" "1610612736" "--user" "0:0" "--network" "none" "ghcr.io/rust-lang/crates-build-env/linux@sha256:34b6a614d2c27851fe6cbf88fbd1137609cefab8b10d0615aaeb6fd47975d74e" "/opt/rustwide/cargo-home/bin/cargo" "+1.54.0" "metadata" "--no-deps" "--format-version=1", kill_on_drop: false }`
[INFO] [stdout] 713d81d68b7c87d0e93f173a702b15cb3d865c8a112d1ef704a1686f0c70d6ed
[INFO] running `Command { std: "docker" "start" "-a" "713d81d68b7c87d0e93f173a702b15cb3d865c8a112d1ef704a1686f0c70d6ed", kill_on_drop: false }`
[INFO] running `Command { std: "docker" "inspect" "713d81d68b7c87d0e93f173a702b15cb3d865c8a112d1ef704a1686f0c70d6ed", kill_on_drop: false }`
[INFO] running `Command { std: "docker" "rm" "-f" "713d81d68b7c87d0e93f173a702b15cb3d865c8a112d1ef704a1686f0c70d6ed", kill_on_drop: false }`
[INFO] [stdout] 713d81d68b7c87d0e93f173a702b15cb3d865c8a112d1ef704a1686f0c70d6ed
[INFO] running `Command { std: "docker" "create" "-v" "/var/lib/crater-agent-workspace/builds/worker-18/target:/opt/rustwide/target:rw,Z" "-v" "/var/lib/crater-agent-workspace/builds/worker-18/source:/opt/rustwide/workdir:ro,Z" "-v" "/var/lib/crater-agent-workspace/cargo-home:/opt/rustwide/cargo-home:ro,Z" "-v" "/var/lib/crater-agent-workspace/rustup-home:/opt/rustwide/rustup-home:ro,Z" "-e" "SOURCE_DIR=/opt/rustwide/workdir" "-e" "CARGO_TARGET_DIR=/opt/rustwide/target" "-e" "CARGO_INCREMENTAL=0" "-e" "RUST_BACKTRACE=full" "-e" "RUSTFLAGS=--cap-lints=warn" "-e" "CARGO_HOME=/opt/rustwide/cargo-home" "-e" "RUSTUP_HOME=/opt/rustwide/rustup-home" "-w" "/opt/rustwide/workdir" "-m" "1610612736" "--user" "0:0" "--network" "none" "ghcr.io/rust-lang/crates-build-env/linux@sha256:34b6a614d2c27851fe6cbf88fbd1137609cefab8b10d0615aaeb6fd47975d74e" "/opt/rustwide/cargo-home/bin/cargo" "+1.54.0" "build" "--frozen" "--message-format=json", kill_on_drop: false }`
[INFO] [stdout] b9d2595450f783a267b772068abe9cdc0ce3b4f903fc86e6f07d7805489a8f77
[INFO] running `Command { std: "docker" "start" "-a" "b9d2595450f783a267b772068abe9cdc0ce3b4f903fc86e6f07d7805489a8f77", kill_on_drop: false }`
[INFO] [stderr]    Compiling ahash v0.3.8
[INFO] [stderr]    Compiling byteorder v1.4.3
[INFO] [stderr]    Compiling arrayvec v0.5.2
[INFO] [stderr]    Compiling arrayref v0.3.6
[INFO] [stderr]    Compiling hashbrown v0.8.2
[INFO] [stderr]    Compiling prust_core v0.1.3 (/opt/rustwide/workdir)
[INFO] [stdout] error[E0412]: cannot find type `NoneError` in module `core::option`
[INFO] [stdout]   --> src/error.rs:27:40
[INFO] [stdout]    |
[INFO] [stdout] 27 | impl core::convert::From<core::option::NoneError> for Error {
[INFO] [stdout]    |                                        ^^^^^^^^^ not found in `core::option`
[INFO] [stdout]    |
[INFO] [stdout] help: there is an enum variant `crate::Error::NoneError`; try using the variant's enum
[INFO] [stdout]    |
[INFO] [stdout] 27 | impl core::convert::From<crate::Error> for Error {
[INFO] [stdout]    |                          ^^^^^^^^^^^^
[INFO] [stdout] 
[INFO] [stdout] 
[INFO] [stdout] error[E0412]: cannot find type `NoneError` in module `core::option`
[INFO] [stdout]   --> src/error.rs:28:30
[INFO] [stdout]    |
[INFO] [stdout] 28 |     fn from(_: core::option::NoneError) -> Self {
[INFO] [stdout]    |                              ^^^^^^^^^ not found in `core::option`
[INFO] [stdout]    |
[INFO] [stdout] help: there is an enum variant `crate::Error::NoneError`; try using the variant's enum
[INFO] [stdout]    |
[INFO] [stdout] 28 |     fn from(_: crate::Error) -> Self {
[INFO] [stdout]    |                ^^^^^^^^^^^^
[INFO] [stdout] 
[INFO] [stdout] 
[INFO] [stdout] error[E0554]: `#![feature]` may not be used on the stable release channel
[INFO] [stdout]  --> src/lib.rs:1:1
[INFO] [stdout]   |
[INFO] [stdout] 1 | #![feature(allow_internal_unstable)]
[INFO] [stdout]   | ^^^^^^^^^^^^^^^^^^^^^^^^^^^^^^^^^^^^
[INFO] [stdout] 
[INFO] [stdout] 
[INFO] [stdout] error[E0554]: `#![feature]` may not be used on the stable release channel
[INFO] [stdout]  --> src/lib.rs:2:1
[INFO] [stdout]   |
[INFO] [stdout] 2 | #![feature(try_trait)]
[INFO] [stdout]   | ^^^^^^^^^^^^^^^^^^^^^^
[INFO] [stdout] 
[INFO] [stdout] 
[INFO] [stdout] error[E0554]: `#![feature]` may not be used on the stable release channel
[INFO] [stdout]  --> src/lib.rs:3:1
[INFO] [stdout]   |
[INFO] [stdout] 3 | #![feature(arbitrary_enum_discriminant)]
[INFO] [stdout]   | ^^^^^^^^^^^^^^^^^^^^^^^^^^^^^^^^^^^^^^^^
[INFO] [stdout] 
[INFO] [stdout] 
[INFO] [stdout] error: aborting due to 5 previous errors
[INFO] [stdout] 
[INFO] [stdout] 
[INFO] [stdout] Some errors have detailed explanations: E0412, E0554.
[INFO] [stdout] 
[INFO] [stdout] For more information about an error, try `rustc --explain E0412`.
[INFO] [stdout] 
[INFO] [stderr] error: could not compile `prust_core`
[INFO] [stderr] 
[INFO] [stderr] To learn more, run the command again with --verbose.
[INFO] running `Command { std: "docker" "inspect" "b9d2595450f783a267b772068abe9cdc0ce3b4f903fc86e6f07d7805489a8f77", kill_on_drop: false }`
[INFO] running `Command { std: "docker" "rm" "-f" "b9d2595450f783a267b772068abe9cdc0ce3b4f903fc86e6f07d7805489a8f77", kill_on_drop: false }`
[INFO] [stdout] b9d2595450f783a267b772068abe9cdc0ce3b4f903fc86e6f07d7805489a8f77
