[INFO] fetching crate powerpack-cli 0.2.0...
[INFO] testing powerpack-cli-0.2.0 against beta-2021-08-01 for beta-1.55-1
[INFO] extracting crate powerpack-cli 0.2.0 into /workspace/builds/worker-3/source
[INFO] validating manifest of crates.io crate powerpack-cli 0.2.0 on toolchain beta-2021-08-01
[INFO] running `Command { std: "/workspace/cargo-home/bin/cargo" "+beta-2021-08-01" "metadata" "--manifest-path" "Cargo.toml" "--no-deps", kill_on_drop: false }`
[INFO] started tweaking crates.io crate powerpack-cli 0.2.0
[INFO] finished tweaking crates.io crate powerpack-cli 0.2.0
[INFO] tweaked toml for crates.io crate powerpack-cli 0.2.0 written to /workspace/builds/worker-3/source/Cargo.toml
[INFO] crate crates.io crate powerpack-cli 0.2.0 already has a lockfile, it will not be regenerated
[INFO] running `Command { std: "/workspace/cargo-home/bin/cargo" "+beta-2021-08-01" "fetch" "--manifest-path" "Cargo.toml", kill_on_drop: false }`
[INFO] [stderr]     Blocking waiting for file lock on package cache
[INFO] [stderr]  Downloading crates ...
[INFO] [stderr]   Downloaded toml_edit v0.2.1
[INFO] [stderr]   Downloaded casual v0.2.0
[INFO] [stderr]   Downloaded peter v0.2.1
[INFO] running `Command { std: "docker" "create" "-v" "/var/lib/crater-agent-workspace/builds/worker-3/target:/opt/rustwide/target:rw,Z" "-v" "/var/lib/crater-agent-workspace/builds/worker-3/source:/opt/rustwide/workdir:ro,Z" "-v" "/var/lib/crater-agent-workspace/cargo-home:/opt/rustwide/cargo-home:ro,Z" "-v" "/var/lib/crater-agent-workspace/rustup-home:/opt/rustwide/rustup-home:ro,Z" "-e" "SOURCE_DIR=/opt/rustwide/workdir" "-e" "CARGO_TARGET_DIR=/opt/rustwide/target" "-e" "CARGO_HOME=/opt/rustwide/cargo-home" "-e" "RUSTUP_HOME=/opt/rustwide/rustup-home" "-w" "/opt/rustwide/workdir" "-m" "1610612736" "--user" "0:0" "--network" "none" "ghcr.io/rust-lang/crates-build-env/linux@sha256:34b6a614d2c27851fe6cbf88fbd1137609cefab8b10d0615aaeb6fd47975d74e" "/opt/rustwide/cargo-home/bin/cargo" "+beta-2021-08-01" "metadata" "--no-deps" "--format-version=1", kill_on_drop: false }`
[INFO] [stdout] 332bb76cc8bd21660769903875ce8aaf4ac9293219afd5f2a696434830fa8235
[INFO] [stderr] WARNING: Your kernel does not support swap limit capabilities or the cgroup is not mounted. Memory limited without swap.
[INFO] running `Command { std: "docker" "start" "-a" "332bb76cc8bd21660769903875ce8aaf4ac9293219afd5f2a696434830fa8235", kill_on_drop: false }`
[INFO] running `Command { std: "docker" "inspect" "332bb76cc8bd21660769903875ce8aaf4ac9293219afd5f2a696434830fa8235", kill_on_drop: false }`
[INFO] running `Command { std: "docker" "rm" "-f" "332bb76cc8bd21660769903875ce8aaf4ac9293219afd5f2a696434830fa8235", kill_on_drop: false }`
[INFO] [stdout] 332bb76cc8bd21660769903875ce8aaf4ac9293219afd5f2a696434830fa8235
[INFO] running `Command { std: "docker" "create" "-v" "/var/lib/crater-agent-workspace/builds/worker-3/target:/opt/rustwide/target:rw,Z" "-v" "/var/lib/crater-agent-workspace/builds/worker-3/source:/opt/rustwide/workdir:ro,Z" "-v" "/var/lib/crater-agent-workspace/cargo-home:/opt/rustwide/cargo-home:ro,Z" "-v" "/var/lib/crater-agent-workspace/rustup-home:/opt/rustwide/rustup-home:ro,Z" "-e" "SOURCE_DIR=/opt/rustwide/workdir" "-e" "CARGO_TARGET_DIR=/opt/rustwide/target" "-e" "CARGO_INCREMENTAL=0" "-e" "RUST_BACKTRACE=full" "-e" "RUSTFLAGS=--cap-lints=warn" "-e" "CARGO_HOME=/opt/rustwide/cargo-home" "-e" "RUSTUP_HOME=/opt/rustwide/rustup-home" "-w" "/opt/rustwide/workdir" "-m" "1610612736" "--user" "0:0" "--network" "none" "ghcr.io/rust-lang/crates-build-env/linux@sha256:34b6a614d2c27851fe6cbf88fbd1137609cefab8b10d0615aaeb6fd47975d74e" "/opt/rustwide/cargo-home/bin/cargo" "+beta-2021-08-01" "build" "--frozen" "--message-format=json", kill_on_drop: false }`
[INFO] [stdout] bdfd7f49a53fedd42f94174526a5b051e410baf71bbcb9cf493ff3e202a1f370
[INFO] [stderr] WARNING: Your kernel does not support swap limit capabilities or the cgroup is not mounted. Memory limited without swap.
[INFO] running `Command { std: "docker" "start" "-a" "bdfd7f49a53fedd42f94174526a5b051e410baf71bbcb9cf493ff3e202a1f370", kill_on_drop: false }`
[INFO] [stderr]    Compiling proc-macro2 v1.0.27
[INFO] [stderr]    Compiling syn v1.0.73
[INFO] [stderr]    Compiling libc v0.2.97
[INFO] [stderr]    Compiling cc v1.0.68
[INFO] [stderr]    Compiling crc32fast v1.2.1
[INFO] [stderr]    Compiling serde_json v1.0.64
[INFO] [stderr]    Compiling camino v1.0.4
[INFO] [stderr]    Compiling anyhow v1.0.41
[INFO] [stderr]    Compiling safemem v0.3.3
[INFO] [stderr]    Compiling xml-rs v0.8.3
[INFO] [stderr]    Compiling linked-hash-map v0.5.4
[INFO] [stderr]    Compiling home v0.5.3
[INFO] [stderr]    Compiling casual v0.2.0
[INFO] [stderr]    Compiling peter v0.2.1
[INFO] [stderr]    Compiling combine v4.6.0
[INFO] [stderr]    Compiling line-wrap v0.1.1
[INFO] [stderr]    Compiling quote v1.0.9
[INFO] [stderr]    Compiling libz-sys v1.1.3
[INFO] [stderr]    Compiling proc-macro-error-attr v1.0.4
[INFO] [stderr]    Compiling time v0.1.43
[INFO] [stderr]    Compiling getrandom v0.2.3
[INFO] [stderr]    Compiling atty v0.2.14
[INFO] [stderr]    Compiling uuid v0.8.2
[INFO] [stderr]    Compiling flate2 v1.0.20
[INFO] [stderr]    Compiling chrono v0.4.19
[INFO] [stderr]    Compiling proc-macro-error v1.0.4
[INFO] [stderr]    Compiling serde_derive v1.0.126
[INFO] [stderr]    Compiling thiserror-impl v1.0.26
[INFO] [stderr]    Compiling clap_derive v3.0.0-beta.2
[INFO] [stderr]    Compiling toml_edit v0.2.1
[INFO] [stderr]    Compiling thiserror v1.0.26
[INFO] [stderr]    Compiling zip v0.5.13
[INFO] [stderr]    Compiling clap v3.0.0-beta.2
[INFO] [stderr]    Compiling serde v1.0.126
[INFO] [stderr]    Compiling cargo-platform v0.1.1
[INFO] [stderr]    Compiling semver v0.11.0
[INFO] [stderr]    Compiling plist v1.1.0
[INFO] [stderr]    Compiling cargo_metadata v0.13.1
[INFO] [stderr]    Compiling powerpack-cli v0.2.0 (/opt/rustwide/workdir)
[INFO] [stderr]     Finished dev [unoptimized + debuginfo] target(s) in 1m 52s
[INFO] running `Command { std: "docker" "inspect" "bdfd7f49a53fedd42f94174526a5b051e410baf71bbcb9cf493ff3e202a1f370", kill_on_drop: false }`
[INFO] running `Command { std: "docker" "rm" "-f" "bdfd7f49a53fedd42f94174526a5b051e410baf71bbcb9cf493ff3e202a1f370", kill_on_drop: false }`
[INFO] [stdout] bdfd7f49a53fedd42f94174526a5b051e410baf71bbcb9cf493ff3e202a1f370
[INFO] running `Command { std: "docker" "create" "-v" "/var/lib/crater-agent-workspace/builds/worker-3/target:/opt/rustwide/target:rw,Z" "-v" "/var/lib/crater-agent-workspace/builds/worker-3/source:/opt/rustwide/workdir:ro,Z" "-v" "/var/lib/crater-agent-workspace/cargo-home:/opt/rustwide/cargo-home:ro,Z" "-v" "/var/lib/crater-agent-workspace/rustup-home:/opt/rustwide/rustup-home:ro,Z" "-e" "SOURCE_DIR=/opt/rustwide/workdir" "-e" "CARGO_TARGET_DIR=/opt/rustwide/target" "-e" "CARGO_INCREMENTAL=0" "-e" "RUST_BACKTRACE=full" "-e" "RUSTFLAGS=--cap-lints=warn" "-e" "CARGO_HOME=/opt/rustwide/cargo-home" "-e" "RUSTUP_HOME=/opt/rustwide/rustup-home" "-w" "/opt/rustwide/workdir" "-m" "1610612736" "--user" "0:0" "--network" "none" "ghcr.io/rust-lang/crates-build-env/linux@sha256:34b6a614d2c27851fe6cbf88fbd1137609cefab8b10d0615aaeb6fd47975d74e" "/opt/rustwide/cargo-home/bin/cargo" "+beta-2021-08-01" "test" "--frozen" "--no-run" "--message-format=json", kill_on_drop: false }`
[INFO] [stdout] f26ada6911f2798a0eab913cbda2b8cbb3e278284cc610368d3f4b28f17d4f72
[INFO] [stderr] WARNING: Your kernel does not support swap limit capabilities or the cgroup is not mounted. Memory limited without swap.
[INFO] running `Command { std: "docker" "start" "-a" "f26ada6911f2798a0eab913cbda2b8cbb3e278284cc610368d3f4b28f17d4f72", kill_on_drop: false }`
[INFO] [stderr]     Blocking waiting for file lock on package cache
[INFO] [stderr]    Compiling powerpack-cli v0.2.0 (/opt/rustwide/workdir)
[INFO] [stdout] error[E0433]: failed to resolve: use of undeclared crate or module `powerpack`
[INFO] [stdout]   --> tests/../src/main.template.rs:12:15
[INFO] [stdout]    |
[INFO] [stdout] 12 |         .icon(powerpack::Icon::with_type("public.script"));
[INFO] [stdout]    |               ^^^^^^^^^ use of undeclared crate or module `powerpack`
[INFO] [stdout] 
[INFO] [stdout] 
[INFO] [stdout] error[E0433]: failed to resolve: use of undeclared crate or module `powerpack`
[INFO] [stdout]   --> tests/../src/main.template.rs:15:5
[INFO] [stdout]    |
[INFO] [stdout] 15 |     powerpack::output(iter::once(item))?;
[INFO] [stdout]    |     ^^^^^^^^^ use of undeclared crate or module `powerpack`
[INFO] [stdout] 
[INFO] [stdout] 
[INFO] [stdout] error[E0433]: failed to resolve: use of undeclared crate or module `powerpack`
[INFO] [stdout]   --> tests/../src/main.template.rs:10:27
[INFO] [stdout]    |
[INFO] [stdout] 10 |     let item = powerpack::Item::new("Hello world!")
[INFO] [stdout]    |                           ^^^^ not found in `powerpack`
[INFO] [stdout]    |
[INFO] [stdout] help: consider importing this enum
[INFO] [stdout]    |
[INFO] [stdout] 1  | use toml_edit::Item;
[INFO] [stdout]    |
[INFO] [stdout] 
[INFO] [stdout] 
[INFO] [stdout] error: aborting due to 3 previous errors
[INFO] [stdout] 
[INFO] [stdout] 
[INFO] [stdout] For more information about this error, try `rustc --explain E0433`.
[INFO] [stdout] 
[INFO] [stderr] error: could not compile `powerpack-cli` due to 4 previous errors
[INFO] [stderr] warning: build failed, waiting for other jobs to finish...
[INFO] [stderr] error: build failed
[INFO] running `Command { std: "docker" "inspect" "f26ada6911f2798a0eab913cbda2b8cbb3e278284cc610368d3f4b28f17d4f72", kill_on_drop: false }`
[INFO] running `Command { std: "docker" "rm" "-f" "f26ada6911f2798a0eab913cbda2b8cbb3e278284cc610368d3f4b28f17d4f72", kill_on_drop: false }`
[INFO] [stdout] f26ada6911f2798a0eab913cbda2b8cbb3e278284cc610368d3f4b28f17d4f72
