[INFO] fetching crate portal 3.0.1...
[INFO] testing portal-3.0.1 against 1.54.0 for beta-1.55-1
[INFO] extracting crate portal 3.0.1 into /workspace/builds/worker-11/source
[INFO] validating manifest of crates.io crate portal 3.0.1 on toolchain 1.54.0
[INFO] running `Command { std: "/workspace/cargo-home/bin/cargo" "+1.54.0" "metadata" "--manifest-path" "Cargo.toml" "--no-deps", kill_on_drop: false }`
[INFO] started tweaking crates.io crate portal 3.0.1
[INFO] finished tweaking crates.io crate portal 3.0.1
[INFO] tweaked toml for crates.io crate portal 3.0.1 written to /workspace/builds/worker-11/source/Cargo.toml
[INFO] crate crates.io crate portal 3.0.1 already has a lockfile, it will not be regenerated
[INFO] running `Command { std: "/workspace/cargo-home/bin/cargo" "+1.54.0" "fetch" "--manifest-path" "Cargo.toml", kill_on_drop: false }`
[INFO] [stderr]     Blocking waiting for file lock on package cache
[INFO] running `Command { std: "docker" "create" "-v" "/var/lib/crater-agent-workspace/builds/worker-11/target:/opt/rustwide/target:rw,Z" "-v" "/var/lib/crater-agent-workspace/builds/worker-11/source:/opt/rustwide/workdir:ro,Z" "-v" "/var/lib/crater-agent-workspace/cargo-home:/opt/rustwide/cargo-home:ro,Z" "-v" "/var/lib/crater-agent-workspace/rustup-home:/opt/rustwide/rustup-home:ro,Z" "-e" "SOURCE_DIR=/opt/rustwide/workdir" "-e" "CARGO_TARGET_DIR=/opt/rustwide/target" "-e" "CARGO_HOME=/opt/rustwide/cargo-home" "-e" "RUSTUP_HOME=/opt/rustwide/rustup-home" "-w" "/opt/rustwide/workdir" "-m" "1610612736" "--user" "0:0" "--network" "none" "ghcr.io/rust-lang/crates-build-env/linux@sha256:34b6a614d2c27851fe6cbf88fbd1137609cefab8b10d0615aaeb6fd47975d74e" "/opt/rustwide/cargo-home/bin/cargo" "+1.54.0" "metadata" "--no-deps" "--format-version=1", kill_on_drop: false }`
[INFO] [stdout] 68f3a36d63b62014677ee88cdf479d2e853db75b4e8cbd28ea04cfc558d3e80c
[INFO] [stderr] WARNING: Your kernel does not support swap limit capabilities or the cgroup is not mounted. Memory limited without swap.
[INFO] running `Command { std: "docker" "start" "-a" "68f3a36d63b62014677ee88cdf479d2e853db75b4e8cbd28ea04cfc558d3e80c", kill_on_drop: false }`
[INFO] running `Command { std: "docker" "inspect" "68f3a36d63b62014677ee88cdf479d2e853db75b4e8cbd28ea04cfc558d3e80c", kill_on_drop: false }`
[INFO] running `Command { std: "docker" "rm" "-f" "68f3a36d63b62014677ee88cdf479d2e853db75b4e8cbd28ea04cfc558d3e80c", kill_on_drop: false }`
[INFO] [stdout] 68f3a36d63b62014677ee88cdf479d2e853db75b4e8cbd28ea04cfc558d3e80c
[INFO] running `Command { std: "docker" "create" "-v" "/var/lib/crater-agent-workspace/builds/worker-11/target:/opt/rustwide/target:rw,Z" "-v" "/var/lib/crater-agent-workspace/builds/worker-11/source:/opt/rustwide/workdir:ro,Z" "-v" "/var/lib/crater-agent-workspace/cargo-home:/opt/rustwide/cargo-home:ro,Z" "-v" "/var/lib/crater-agent-workspace/rustup-home:/opt/rustwide/rustup-home:ro,Z" "-e" "SOURCE_DIR=/opt/rustwide/workdir" "-e" "CARGO_TARGET_DIR=/opt/rustwide/target" "-e" "CARGO_INCREMENTAL=0" "-e" "RUST_BACKTRACE=full" "-e" "RUSTFLAGS=--cap-lints=warn" "-e" "CARGO_HOME=/opt/rustwide/cargo-home" "-e" "RUSTUP_HOME=/opt/rustwide/rustup-home" "-w" "/opt/rustwide/workdir" "-m" "1610612736" "--user" "0:0" "--network" "none" "ghcr.io/rust-lang/crates-build-env/linux@sha256:34b6a614d2c27851fe6cbf88fbd1137609cefab8b10d0615aaeb6fd47975d74e" "/opt/rustwide/cargo-home/bin/cargo" "+1.54.0" "build" "--frozen" "--message-format=json", kill_on_drop: false }`
[INFO] [stdout] 3e6cb00a65d1b21c884f84771ccb14c52cbc93954ddcedb3ecb583cfd99d50fc
[INFO] [stderr] WARNING: Your kernel does not support swap limit capabilities or the cgroup is not mounted. Memory limited without swap.
[INFO] running `Command { std: "docker" "start" "-a" "3e6cb00a65d1b21c884f84771ccb14c52cbc93954ddcedb3ecb583cfd99d50fc", kill_on_drop: false }`
[INFO] [stderr]    Compiling libc v0.2.92
[INFO] [stderr]    Compiling syn v1.0.68
[INFO] [stderr]    Compiling value-bag v1.0.0-alpha.6
[INFO] [stderr]    Compiling sval v1.0.0-alpha.5
[INFO] [stderr]    Compiling log v0.4.14
[INFO] [stderr]    Compiling serde_derive v1.0.125
[INFO] [stderr]    Compiling futures-core v0.3.13
[INFO] [stderr]    Compiling serde v1.0.125
[INFO] [stderr]    Compiling once_cell v1.7.2
[INFO] [stderr]    Compiling futures-io v0.3.13
[INFO] [stderr]    Compiling pin-project-lite v0.2.6
[INFO] [stderr]    Compiling subtle v2.4.0
[INFO] [stderr]    Compiling getrandom v0.1.16
[INFO] [stderr]    Compiling anyhow v1.0.40
[INFO] [stderr]    Compiling getrandom v0.2.2
[INFO] [stderr]    Compiling vec-arena v1.1.0
[INFO] [stderr]    Compiling signal-hook v0.3.8
[INFO] [stderr]    Compiling arrayvec v0.5.2
[INFO] [stderr]    Compiling serde_json v1.0.64
[INFO] [stderr]    Compiling futures-sink v0.3.13
[INFO] [stderr]    Compiling const_fn v0.4.6
[INFO] [stderr]    Compiling lexical-core v0.7.5
[INFO] [stderr]    Compiling byteorder v1.4.3
[INFO] [stderr]    Compiling http-types v2.10.0
[INFO] [stderr]    Compiling spin v0.5.2
[INFO] [stderr]    Compiling untrusted v0.7.1
[INFO] [stderr]    Compiling curl v0.4.35
[INFO] [stderr]    Compiling async-trait v0.1.48
[INFO] [stderr]    Compiling futures-task v0.3.13
[INFO] [stderr]    Compiling httparse v1.3.5
[INFO] [stderr]    Compiling isahc v0.9.14
[INFO] [stderr]    Compiling constant_time_eq v0.1.5
[INFO] [stderr]    Compiling bindgen v0.54.0
[INFO] [stderr]    Compiling rustversion v1.0.4
[INFO] [stderr]    Compiling oid-registry v0.1.1
[INFO] [stderr]    Compiling route-recognizer v0.2.0
[INFO] [stderr]    Compiling biscuit-auth v1.0.0
[INFO] [stderr]    Compiling zeroize v1.2.0
[INFO] [stderr]    Compiling custom_derive v0.1.7
[INFO] [stderr]    Compiling owned-alloc v0.2.0
[INFO] [stderr]    Compiling hex v0.4.3
[INFO] [stderr]    Compiling json v0.12.4
[INFO] [stderr]    Compiling crossbeam-utils v0.8.3
[INFO] [stderr]    Compiling standback v0.2.17
[INFO] [stderr]    Compiling time v0.2.26
[INFO] [stderr]    Compiling cookie v0.14.4
[INFO] [stderr]    Compiling nom v6.1.2
[INFO] [stderr]    Compiling tracing-core v0.1.17
[INFO] [stderr]    Compiling num-bigint v0.4.0
[INFO] [stderr]    Compiling async-lock v2.3.0
[INFO] [stderr]    Compiling tinyvec v1.2.0
[INFO] [stderr]    Compiling go-flag v0.1.0
[INFO] [stderr]    Compiling futures-channel v0.3.13
[INFO] [stderr]    Compiling lock_api v0.4.3
[INFO] [stderr]    Compiling http v0.2.3
[INFO] [stderr]    Compiling itertools v0.9.0
[INFO] [stderr]    Compiling conv v0.3.3
[INFO] [stderr]    Compiling lockfree v0.5.1
[INFO] [stderr]    Compiling async-channel v1.6.1
[INFO] [stderr]    Compiling async-dup v1.2.2
[INFO] [stderr]    Compiling futures-lite v1.11.3
[INFO] [stderr]    Compiling nom v5.1.2
[INFO] [stderr]    Compiling sluice v0.5.4
[INFO] [stderr]    Compiling spinning_top v0.2.3
[INFO] [stderr]    Compiling bitvec v0.19.5
[INFO] [stderr]    Compiling cipher v0.2.5
[INFO] [stderr]    Compiling crypto-mac v0.10.0
[INFO] [stderr]    Compiling block-buffer v0.9.0
[INFO] [stderr]    Compiling universal-hash v0.4.0
[INFO] [stderr]    Compiling aead v0.3.2
[INFO] [stderr]    Compiling crypto-mac v0.8.0
[INFO] [stderr]    Compiling rmp v0.8.10
[INFO] [stderr]    Compiling size v0.1.2
[INFO] [stderr]    Compiling flume v0.9.2
[INFO] [stderr]    Compiling pem v0.8.3
[INFO] [stderr]    Compiling sonic-channel v0.4.0
[INFO] [stderr]    Compiling unicode-normalization v0.1.17
[INFO] [stderr]    Compiling polyval v0.4.5
[INFO] [stderr]    Compiling sha2 v0.9.3
[INFO] [stderr]    Compiling hmac v0.10.1
[INFO] [stderr]    Compiling jobserver v0.1.21
[INFO] [stderr]    Compiling socket2 v0.4.0
[INFO] [stderr]    Compiling num_cpus v1.13.0
[INFO] [stderr]    Compiling signal-hook-registry v1.3.0
[INFO] [stderr]    Compiling time v0.1.44
[INFO] [stderr]    Compiling atty v0.2.14
[INFO] [stderr]    Compiling socket2 v0.3.19
[INFO] [stderr]    Compiling which v3.1.1
[INFO] [stderr]    Compiling hmac v0.8.1
[INFO] [stderr]    Compiling blocking v1.0.2
[INFO] [stderr]    Compiling async-executor v1.4.0
[INFO] [stderr]    Compiling aes-soft v0.6.4
[INFO] [stderr]    Compiling ctr v0.6.0
[INFO] [stderr]    Compiling ghash v0.3.1
[INFO] [stderr]    Compiling crossbeam-queue v0.3.1
[INFO] [stderr]    Compiling hkdf v0.10.0
[INFO] [stderr]    Compiling dashmap v4.0.2
[INFO] [stderr]    Compiling cc v1.0.67
[INFO] [stderr]    Compiling rand_core v0.6.2
[INFO] [stderr]    Compiling rand_core v0.5.1
[INFO] [stderr]    Compiling nb-connect v1.1.0
[INFO] [stderr]    Compiling clap v2.33.3
[INFO] [stderr]    Compiling colored v2.0.0
[INFO] [stderr]    Compiling idna v0.2.2
[INFO] [stderr]    Compiling aes v0.6.0
[INFO] [stderr]    Compiling byte-pool v0.2.3
[INFO] [stderr]    Compiling cexpr v0.4.0
[INFO] [stderr]    Compiling rand_chacha v0.3.0
[INFO] [stderr]    Compiling rand_chacha v0.2.2
[INFO] [stderr]    Compiling curve25519-dalek v3.0.2
[INFO] [stderr]    Compiling aes-gcm v0.8.0
[INFO] [stderr]    Compiling rand v0.7.3
[INFO] [stderr]    Compiling rand v0.8.3
[INFO] [stderr]    Compiling libnghttp2-sys v0.1.6+1.43.0
[INFO] [stderr]    Compiling libz-sys v1.1.2
[INFO] [stderr]    Compiling openssl-sys v0.9.61
[INFO] [stderr]    Compiling curl-sys v0.4.41+curl-7.75.0
[INFO] [stderr]    Compiling ring v0.16.20
[INFO] [stderr]    Compiling libloading v0.5.2
[INFO] [stderr]    Compiling blake3 v0.3.7
[INFO] [stderr]    Compiling clang-sys v0.29.3
[INFO] [stderr]    Compiling rusticata-macros v3.0.1
[INFO] [stderr]    Compiling webpki v0.21.4
[INFO] [stderr]    Compiling sct v0.6.0
[INFO] [stderr]    Compiling ctor v0.1.20
[INFO] [stderr]    Compiling thiserror-impl v1.0.24
[INFO] [stderr]    Compiling async-attributes v1.1.2
[INFO] [stderr]    Compiling time-macros-impl v0.1.1
[INFO] [stderr]    Compiling pin-project-internal v1.0.6
[INFO] [stderr]    Compiling tracing-attributes v0.1.15
[INFO] [stderr]    Compiling futures-macro v0.3.13
[INFO] [stderr]    Compiling der-oid-macro v0.4.0
[INFO] [stderr]    Compiling prost-derive v0.7.0
[INFO] [stderr]    Compiling webpki-roots v0.21.1
[INFO] [stderr]    Compiling der-parser v5.1.0
[INFO] [stderr]    Compiling time-macros v0.1.1
[INFO] [stderr]    Compiling futures-util v0.3.13
[INFO] [stderr]    Compiling polling v2.0.3
[INFO] [stderr]    Compiling kv-log-macro v1.0.7
[INFO] [stderr]    Compiling env_logger v0.7.1
[INFO] [stderr]    Compiling rustls v0.19.0
[INFO] [stderr]    Compiling pin-project v1.0.6
[INFO] [stderr]    Compiling tracing v0.1.25
[INFO] [stderr]    Compiling thiserror v1.0.24
[INFO] [stderr]    Compiling async-io v1.3.1
[INFO] [stderr]    Compiling tracing-futures v0.2.5
[INFO] [stderr]    Compiling async-global-executor v2.0.2
[INFO] [stderr]    Compiling async-process v1.0.2
[INFO] [stderr]    Compiling prost v0.7.0
[INFO] [stderr]    Compiling async-std v1.9.0
[INFO] [stderr]    Compiling prost-types v0.7.0
[INFO] [stderr]    Compiling async-rustls v0.2.0
[INFO] [stderr]    Compiling futures-executor v0.3.13
[INFO] [stderr]    Compiling futures v0.3.13
[INFO] [stderr]    Compiling librocksdb-sys v6.11.4
[INFO] [stderr]    Compiling url v2.2.1
[INFO] [stderr]    Compiling chrono v0.4.19
[INFO] [stderr]    Compiling serde_qs v0.7.2
[INFO] [stderr]    Compiling serde_urlencoded v0.7.0
[INFO] [stderr]    Compiling bincode v1.3.1
[INFO] [stderr]    Compiling rmp-serde v0.15.4
[INFO] [stderr]    Compiling uuid v0.8.2
[INFO] [stderr]    Compiling nippy v2.0.0
[INFO] [stderr]    Compiling yasna v0.3.2
[INFO] [stderr]    Compiling x509-parser v0.9.2
[INFO] [stderr]    Compiling femme v2.1.1
[INFO] [stderr]    Compiling async-session v2.0.1
[INFO] [stderr]    Compiling rcgen v0.8.9
[INFO] [stderr]    Compiling http-client v6.3.5
[INFO] [stderr]    Compiling async-h1 v2.3.2
[INFO] [stderr]    Compiling async-sse v4.1.0
[INFO] [stderr]    Compiling surf v2.2.0
[INFO] [stderr]    Compiling tide v0.16.0
[INFO] [stderr]    Compiling rustls-acme v0.1.5
[INFO] [stderr] error: could not compile `biscuit-auth`
[INFO] [stderr] 
[INFO] [stderr] Caused by:
[INFO] [stderr]   process didn't exit successfully: `rustc --crate-name biscuit_auth --edition=2018 /opt/rustwide/cargo-home/registry/src/github.com-1ecc6299db9ec823/biscuit-auth-1.0.0/src/lib.rs --error-format=json --json=diagnostic-rendered-ansi --crate-type lib --emit=dep-info,metadata,link -C embed-bitcode=no -C debuginfo=2 --cfg 'feature="default"' --cfg 'feature="regex-full"' -C metadata=2bf23ec24df91c14 -C extra-filename=-2bf23ec24df91c14 --out-dir /opt/rustwide/target/debug/deps -L dependency=/opt/rustwide/target/debug/deps --extern bytes=/opt/rustwide/target/debug/deps/libbytes-df7cac8fc38da202.rmeta --extern chrono=/opt/rustwide/target/debug/deps/libchrono-19344ca3a67b2b5c.rmeta --extern curve25519_dalek=/opt/rustwide/target/debug/deps/libcurve25519_dalek-2f69d674a812e180.rmeta --extern hex=/opt/rustwide/target/debug/deps/libhex-26332ec05e0770db.rmeta --extern hmac=/opt/rustwide/target/debug/deps/libhmac-a40a722681945aae.rmeta --extern nom=/opt/rustwide/target/debug/deps/libnom-7d132f1e244e09b7.rmeta --extern prost=/opt/rustwide/target/debug/deps/libprost-1077d60799bf221f.rmeta --extern prost_types=/opt/rustwide/target/debug/deps/libprost_types-3b766b3ed0bc57e1.rmeta --extern rand=/opt/rustwide/target/debug/deps/librand-dcee922a38b97b9a.rmeta --extern rand_core=/opt/rustwide/target/debug/deps/librand_core-b36e6f52b3afd881.rmeta --extern regex=/opt/rustwide/target/debug/deps/libregex-ff7b93346f2be0bb.rmeta --extern sha2=/opt/rustwide/target/debug/deps/libsha2-e5b8b9cfcf3e7a33.rmeta --extern thiserror=/opt/rustwide/target/debug/deps/libthiserror-b3759495c0d993bb.rmeta --extern zeroize=/opt/rustwide/target/debug/deps/libzeroize-3165f93b5fabe6a7.rmeta --cap-lints allow --cap-lints=warn` (signal: 9, SIGKILL: kill)
[INFO] [stderr] warning: build failed, waiting for other jobs to finish...
[INFO] [stderr] The following warnings were emitted during compilation:
[INFO] [stderr] 
[INFO] [stderr] warning: c++: fatal error: Killed signal terminated program cc1plus
[INFO] [stderr] warning: compilation terminated.
[INFO] [stderr] warning: c++: fatal error: Killed signal terminated program cc1plus
[INFO] [stderr] warning: compilation terminated.
[INFO] [stderr] warning: c++: fatal error: Killed signal terminated program cc1plus
[INFO] [stderr] warning: compilation terminated.
[INFO] [stderr] warning: c++: fatal error: Killed signal terminated program cc1plus
[INFO] [stderr] warning: compilation terminated.
[INFO] [stderr] warning: c++: fatal error: Killed signal terminated program cc1plus
[INFO] [stderr] warning: compilation terminated.
[INFO] [stderr] warning: c++: fatal error: Killed signal terminated program cc1plus
[INFO] [stderr] warning: compilation terminated.
[INFO] [stderr] warning: c++: fatal error: Killed signal terminated program cc1plus
[INFO] [stderr] warning: compilation terminated.
[INFO] [stderr] warning: c++: fatal error: Killed signal terminated program cc1plus
[INFO] [stderr] warning: compilation terminated.
[INFO] [stderr] warning: c++: fatal error: Killed signal terminated program cc1plus
[INFO] [stderr] warning: compilation terminated.
[INFO] [stderr] warning: c++: fatal error: Killed signal terminated program cc1plus
[INFO] [stderr] warning: compilation terminated.
[INFO] [stderr] warning: c++: fatal error: Killed signal terminated program cc1plus
[INFO] [stderr] warning: compilation terminated.
[INFO] [stderr] warning: c++: fatal error: Killed signal terminated program cc1plus
[INFO] [stderr] warning: compilation terminated.
[INFO] [stderr] 
[INFO] [stderr] error: build failed
[INFO] running `Command { std: "docker" "inspect" "3e6cb00a65d1b21c884f84771ccb14c52cbc93954ddcedb3ecb583cfd99d50fc", kill_on_drop: false }`
[INFO] running `Command { std: "docker" "rm" "-f" "3e6cb00a65d1b21c884f84771ccb14c52cbc93954ddcedb3ecb583cfd99d50fc", kill_on_drop: false }`
[INFO] [stdout] 3e6cb00a65d1b21c884f84771ccb14c52cbc93954ddcedb3ecb583cfd99d50fc
