[INFO] fetching crate pliantdb-server 0.1.0-dev.4...
[INFO] testing pliantdb-server-0.1.0-dev.4 against 1.54.0 for beta-1.55-1
[INFO] extracting crate pliantdb-server 0.1.0-dev.4 into /workspace/builds/worker-2/source
[INFO] validating manifest of crates.io crate pliantdb-server 0.1.0-dev.4 on toolchain 1.54.0
[INFO] running `Command { std: "/workspace/cargo-home/bin/cargo" "+1.54.0" "metadata" "--manifest-path" "Cargo.toml" "--no-deps", kill_on_drop: false }`
[INFO] started tweaking crates.io crate pliantdb-server 0.1.0-dev.4
[INFO] finished tweaking crates.io crate pliantdb-server 0.1.0-dev.4
[INFO] tweaked toml for crates.io crate pliantdb-server 0.1.0-dev.4 written to /workspace/builds/worker-2/source/Cargo.toml
[INFO] running `Command { std: "/workspace/cargo-home/bin/cargo" "+1.54.0" "generate-lockfile" "--manifest-path" "Cargo.toml" "-Zno-index-update", kill_on_drop: false }`
[INFO] [stderr]     Blocking waiting for file lock on package cache
[INFO] running `Command { std: "/workspace/cargo-home/bin/cargo" "+1.54.0" "fetch" "--manifest-path" "Cargo.toml", kill_on_drop: false }`
[INFO] [stderr]     Blocking waiting for file lock on package cache
[INFO] running `Command { std: "docker" "create" "-v" "/var/lib/crater-agent-workspace/builds/worker-2/target:/opt/rustwide/target:rw,Z" "-v" "/var/lib/crater-agent-workspace/builds/worker-2/source:/opt/rustwide/workdir:ro,Z" "-v" "/var/lib/crater-agent-workspace/cargo-home:/opt/rustwide/cargo-home:ro,Z" "-v" "/var/lib/crater-agent-workspace/rustup-home:/opt/rustwide/rustup-home:ro,Z" "-e" "SOURCE_DIR=/opt/rustwide/workdir" "-e" "CARGO_TARGET_DIR=/opt/rustwide/target" "-e" "CARGO_HOME=/opt/rustwide/cargo-home" "-e" "RUSTUP_HOME=/opt/rustwide/rustup-home" "-w" "/opt/rustwide/workdir" "-m" "1610612736" "--user" "0:0" "--network" "none" "ghcr.io/rust-lang/crates-build-env/linux@sha256:34b6a614d2c27851fe6cbf88fbd1137609cefab8b10d0615aaeb6fd47975d74e" "/opt/rustwide/cargo-home/bin/cargo" "+1.54.0" "metadata" "--no-deps" "--format-version=1", kill_on_drop: false }`
[INFO] [stdout] ebddf2c4b5abdf6180085b1a9c833ef5ba549486547abfab94cb36ff8df5da06
[INFO] [stderr] WARNING: Your kernel does not support swap limit capabilities or the cgroup is not mounted. Memory limited without swap.
[INFO] running `Command { std: "docker" "start" "-a" "ebddf2c4b5abdf6180085b1a9c833ef5ba549486547abfab94cb36ff8df5da06", kill_on_drop: false }`
[INFO] running `Command { std: "docker" "inspect" "ebddf2c4b5abdf6180085b1a9c833ef5ba549486547abfab94cb36ff8df5da06", kill_on_drop: false }`
[INFO] running `Command { std: "docker" "rm" "-f" "ebddf2c4b5abdf6180085b1a9c833ef5ba549486547abfab94cb36ff8df5da06", kill_on_drop: false }`
[INFO] [stdout] ebddf2c4b5abdf6180085b1a9c833ef5ba549486547abfab94cb36ff8df5da06
[INFO] running `Command { std: "docker" "create" "-v" "/var/lib/crater-agent-workspace/builds/worker-2/target:/opt/rustwide/target:rw,Z" "-v" "/var/lib/crater-agent-workspace/builds/worker-2/source:/opt/rustwide/workdir:ro,Z" "-v" "/var/lib/crater-agent-workspace/cargo-home:/opt/rustwide/cargo-home:ro,Z" "-v" "/var/lib/crater-agent-workspace/rustup-home:/opt/rustwide/rustup-home:ro,Z" "-e" "SOURCE_DIR=/opt/rustwide/workdir" "-e" "CARGO_TARGET_DIR=/opt/rustwide/target" "-e" "CARGO_INCREMENTAL=0" "-e" "RUST_BACKTRACE=full" "-e" "RUSTFLAGS=--cap-lints=warn" "-e" "CARGO_HOME=/opt/rustwide/cargo-home" "-e" "RUSTUP_HOME=/opt/rustwide/rustup-home" "-w" "/opt/rustwide/workdir" "-m" "1610612736" "--user" "0:0" "--network" "none" "ghcr.io/rust-lang/crates-build-env/linux@sha256:34b6a614d2c27851fe6cbf88fbd1137609cefab8b10d0615aaeb6fd47975d74e" "/opt/rustwide/cargo-home/bin/cargo" "+1.54.0" "build" "--frozen" "--message-format=json", kill_on_drop: false }`
[INFO] [stdout] 27a1679739a61cdc1b8ec10af8e584bc8458106a6b0a99e9cf7c523f56f7367d
[INFO] [stderr] WARNING: Your kernel does not support swap limit capabilities or the cgroup is not mounted. Memory limited without swap.
[INFO] running `Command { std: "docker" "start" "-a" "27a1679739a61cdc1b8ec10af8e584bc8458106a6b0a99e9cf7c523f56f7367d", kill_on_drop: false }`
[INFO] [stderr]    Compiling oid-registry v0.1.5
[INFO] [stderr]    Compiling spinning_top v0.2.4
[INFO] [stderr]    Compiling getrandom v0.2.3
[INFO] [stderr]    Compiling futures-channel v0.3.16
[INFO] [stderr]    Compiling parking_lot_core v0.8.3
[INFO] [stderr]    Compiling mio v0.7.13
[INFO] [stderr]    Compiling fs2 v0.4.3
[INFO] [stderr]    Compiling ring v0.16.20
[INFO] [stderr]    Compiling darling_core v0.12.4
[INFO] [stderr]    Compiling allochronic-util-macros v0.0.1-dev-1
[INFO] [stderr]    Compiling clap v2.33.3
[INFO] [stderr]    Compiling nom v6.2.1
[INFO] [stderr]    Compiling num-bigint v0.4.0
[INFO] [stderr]    Compiling chrono v0.4.19
[INFO] [stderr]    Compiling serde_json v1.0.66
[INFO] [stderr]    Compiling serde_cbor v0.11.1
[INFO] [stderr]    Compiling pliantdb-macros v0.1.0-dev.4
[INFO] [stderr]    Compiling zeroize v1.4.1
[INFO] [stderr]    Compiling rand_core v0.6.3
[INFO] [stderr]    Compiling nanorand v0.6.1
[INFO] [stderr]    Compiling futures-util v0.3.16
[INFO] [stderr]    Compiling parking_lot v0.11.1
[INFO] [stderr]    Compiling rand_chacha v0.3.1
[INFO] [stderr]    Compiling flume v0.10.8
[INFO] [stderr]    Compiling tokio v1.9.0
[INFO] [stderr]    Compiling sled v0.34.6
[INFO] [stderr]    Compiling yasna v0.4.0
[INFO] [stderr]    Compiling rand v0.8.4
[INFO] [stderr]    Compiling sct v0.6.1
[INFO] [stderr]    Compiling webpki v0.21.4
[INFO] [stderr]    Compiling trybuild v1.0.43
[INFO] [stderr]    Compiling rcgen v0.8.11
[INFO] [stderr]    Compiling ct-logs v0.8.0
[INFO] [stderr]    Compiling rustls v0.19.1
[INFO] [stderr]    Compiling webpki-roots v0.21.1
[INFO] [stderr]    Compiling structopt v0.3.22
[INFO] [stderr]    Compiling tungstenite v0.13.0
[INFO] [stderr]    Compiling rusticata-macros v3.1.0
[INFO] [stderr]    Compiling der-oid-macro v0.4.0
[INFO] [stderr]    Compiling darling_macro v0.12.4
[INFO] [stderr]    Compiling futures-executor v0.3.16
[INFO] [stderr]    Compiling futures v0.3.16
[INFO] [stderr]    Compiling allochronic-util v0.0.1-dev-1
[INFO] [stderr]    Compiling der-parser v5.1.2
[INFO] [stderr]    Compiling circulate v0.1.0
[INFO] [stderr]    Compiling pliantdb-jobs v0.1.0-dev.4
[INFO] [stderr]    Compiling tokio-tungstenite v0.14.0
[INFO] [stderr]    Compiling darling v0.12.4
[INFO] [stderr]    Compiling actionable-macros v0.1.0-dev.4
[INFO] [stderr]    Compiling rustls-native-certs v0.5.0
[INFO] [stderr]    Compiling x509-parser v0.9.2
[INFO] [stderr]    Compiling quinn-proto v0.7.3
[INFO] [stderr]    Compiling actionable v0.1.0-dev.4
[INFO] [stderr]    Compiling quinn v0.7.2
[INFO] [stderr]    Compiling pliantdb-core v0.1.0-dev.4
[INFO] [stderr]    Compiling fabruic v0.0.1-dev.2
[INFO] [stderr]    Compiling pliantdb-local v0.1.0-dev.4
[INFO] [stderr]    Compiling pliantdb-server v0.1.0-dev.4 (/opt/rustwide/workdir)
[INFO] [stdout] error[E0195]: lifetime parameters or bounds on method `resource_name` do not match the trait declaration
[INFO] [stdout]    --> src/server.rs:765:21
[INFO] [stdout]     |
[INFO] [stdout] 765 |     fn resource_name<'a>(
[INFO] [stdout]     |                     ^^^^ lifetimes do not match method in trait
[INFO] [stdout] 
[INFO] [stdout] 
[INFO] [stdout] error[E0195]: lifetime parameters or bounds on method `resource_name` do not match the trait declaration
[INFO] [stdout]    --> src/server.rs:794:21
[INFO] [stdout]     |
[INFO] [stdout] 794 |     fn resource_name<'a>(&self, database: &'a String) -> ResourceName<'a> {
[INFO] [stdout]     |                     ^^^^ lifetimes do not match method in trait
[INFO] [stdout] 
[INFO] [stdout] 
[INFO] [stdout] error[E0195]: lifetime parameters or bounds on method `resource_name` do not match the trait declaration
[INFO] [stdout]    --> src/server.rs:816:21
[INFO] [stdout]     |
[INFO] [stdout] 816 |     fn resource_name(&self) -> ResourceName<'static> {
[INFO] [stdout]     |                     ^ lifetimes do not match method in trait
[INFO] [stdout] 
[INFO] [stdout] 
[INFO] [stdout] error[E0195]: lifetime parameters or bounds on method `resource_name` do not match the trait declaration
[INFO] [stdout]    --> src/server.rs:840:21
[INFO] [stdout]     |
[INFO] [stdout] 840 |     fn resource_name(&self) -> ResourceName<'static> {
[INFO] [stdout]     |                     ^ lifetimes do not match method in trait
[INFO] [stdout] 
[INFO] [stdout] 
[INFO] [stdout] error[E0195]: lifetime parameters or bounds on method `resource_name` do not match the trait declaration
[INFO] [stdout]    --> src/server.rs:878:21
[INFO] [stdout]     |
[INFO] [stdout] 878 |     fn resource_name<'a>(
[INFO] [stdout]     |                     ^^^^ lifetimes do not match method in trait
[INFO] [stdout] 
[INFO] [stdout] 
[INFO] [stdout] error[E0195]: lifetime parameters or bounds on method `resource_name` do not match the trait declaration
[INFO] [stdout]    --> src/server.rs:949:21
[INFO] [stdout]     |
[INFO] [stdout] 949 |     fn resource_name<'a>(
[INFO] [stdout]     |                     ^^^^ lifetimes do not match method in trait
[INFO] [stdout] 
[INFO] [stdout] 
[INFO] [stdout] error[E0195]: lifetime parameters or bounds on method `resource_name` do not match the trait declaration
[INFO] [stdout]    --> src/server.rs:990:21
[INFO] [stdout]     |
[INFO] [stdout] 990 |     fn resource_name<'a>(
[INFO] [stdout]     |                     ^^^^ lifetimes do not match method in trait
[INFO] [stdout] 
[INFO] [stdout] 
[INFO] [stdout] error[E0195]: lifetime parameters or bounds on method `resource_name` do not match the trait declaration
[INFO] [stdout]     --> src/server.rs:1080:21
[INFO] [stdout]      |
[INFO] [stdout] 1080 |     fn resource_name<'a>(
[INFO] [stdout]      |                     ^^^^ lifetimes do not match method in trait
[INFO] [stdout] 
[INFO] [stdout] 
[INFO] [stdout] error[E0195]: lifetime parameters or bounds on method `resource_name` do not match the trait declaration
[INFO] [stdout]     --> src/server.rs:1112:21
[INFO] [stdout]      |
[INFO] [stdout] 1112 |     fn resource_name(&self) -> ResourceName<'_> {
[INFO] [stdout]      |                     ^ lifetimes do not match method in trait
[INFO] [stdout] 
[INFO] [stdout] 
[INFO] [stdout] error[E0195]: lifetime parameters or bounds on method `resource_name` do not match the trait declaration
[INFO] [stdout]     --> src/server.rs:1136:21
[INFO] [stdout]      |
[INFO] [stdout] 1136 |     fn resource_name(&self) -> ResourceName<'_> {
[INFO] [stdout]      |                     ^ lifetimes do not match method in trait
[INFO] [stdout] 
[INFO] [stdout] 
[INFO] [stdout] error[E0195]: lifetime parameters or bounds on method `resource_name` do not match the trait declaration
[INFO] [stdout]     --> src/server.rs:1176:21
[INFO] [stdout]      |
[INFO] [stdout] 1176 |     fn resource_name<'a>(&'a self, topic: &'a String, _payload: &'a Vec<u8>) -> ResourceName<'a> {
[INFO] [stdout]      |                     ^^^^ lifetimes do not match method in trait
[INFO] [stdout] 
[INFO] [stdout] 
[INFO] [stdout] error[E0195]: lifetime parameters or bounds on method `resource_name` do not match the trait declaration
[INFO] [stdout]     --> src/server.rs:1258:21
[INFO] [stdout]      |
[INFO] [stdout] 1258 |     fn resource_name<'a>(&'a self, _subscriber_id: &'a u64, topic: &'a String) -> ResourceName<'a> {
[INFO] [stdout]      |                     ^^^^ lifetimes do not match method in trait
[INFO] [stdout] 
[INFO] [stdout] 
[INFO] [stdout] error[E0195]: lifetime parameters or bounds on method `resource_name` do not match the trait declaration
[INFO] [stdout]     --> src/server.rs:1289:21
[INFO] [stdout]      |
[INFO] [stdout] 1289 |     fn resource_name<'a>(&'a self, _subscriber_id: &'a u64, topic: &'a String) -> ResourceName<'a> {
[INFO] [stdout]      |                     ^^^^ lifetimes do not match method in trait
[INFO] [stdout] 
[INFO] [stdout] 
[INFO] [stdout] error[E0195]: lifetime parameters or bounds on method `resource_name` do not match the trait declaration
[INFO] [stdout]     --> src/server.rs:1347:21
[INFO] [stdout]      |
[INFO] [stdout] 1347 |     fn resource_name<'a>(&'a self, op: &'a KeyOperation) -> ResourceName<'a> {
[INFO] [stdout]      |                     ^^^^ lifetimes do not match method in trait
[INFO] [stdout] 
[INFO] [stdout] 
[INFO] [stdout] error: aborting due to 14 previous errors
[INFO] [stdout] 
[INFO] [stdout] 
[INFO] [stdout] For more information about this error, try `rustc --explain E0195`.
[INFO] [stdout] 
[INFO] [stderr] error: could not compile `pliantdb-server`
[INFO] [stderr] 
[INFO] [stderr] To learn more, run the command again with --verbose.
[INFO] running `Command { std: "docker" "inspect" "27a1679739a61cdc1b8ec10af8e584bc8458106a6b0a99e9cf7c523f56f7367d", kill_on_drop: false }`
[INFO] running `Command { std: "docker" "rm" "-f" "27a1679739a61cdc1b8ec10af8e584bc8458106a6b0a99e9cf7c523f56f7367d", kill_on_drop: false }`
[INFO] [stdout] 27a1679739a61cdc1b8ec10af8e584bc8458106a6b0a99e9cf7c523f56f7367d
