[INFO] fetching crate pkger 0.0.4...
[INFO] testing pkger-0.0.4 against beta-2021-08-01 for beta-1.55-1
[INFO] extracting crate pkger 0.0.4 into /workspace/builds/worker-5/source
[INFO] validating manifest of crates.io crate pkger 0.0.4 on toolchain beta-2021-08-01
[INFO] running `Command { std: "/workspace/cargo-home/bin/cargo" "+beta-2021-08-01" "metadata" "--manifest-path" "Cargo.toml" "--no-deps", kill_on_drop: false }`
[INFO] started tweaking crates.io crate pkger 0.0.4
[INFO] finished tweaking crates.io crate pkger 0.0.4
[INFO] tweaked toml for crates.io crate pkger 0.0.4 written to /workspace/builds/worker-5/source/Cargo.toml
[INFO] crate crates.io crate pkger 0.0.4 already has a lockfile, it will not be regenerated
[INFO] running `Command { std: "/workspace/cargo-home/bin/cargo" "+beta-2021-08-01" "fetch" "--manifest-path" "Cargo.toml", kill_on_drop: false }`
[INFO] [stderr]  Downloading crates ...
[INFO] [stderr]   Downloaded futures-core v0.3.1
[INFO] [stderr]   Downloaded futures-sink v0.3.1
[INFO] [stderr]   Downloaded pin-project v0.4.6
[INFO] [stderr]   Downloaded futures-util v0.3.1
[INFO] [stderr]   Downloaded futures-executor v0.3.1
[INFO] [stderr]   Downloaded num-bigint v0.2.4
[INFO] [stderr]   Downloaded structopt-derive v0.4.0
[INFO] [stderr]   Downloaded static_assertions v0.3.4
[INFO] [stderr]   Downloaded rle-decode-fast v1.0.1
[INFO] [stderr]   Downloaded syn-mid v0.4.0
[INFO] [stderr]   Downloaded cpio v0.2.0
[INFO] [stderr]   Downloaded libflate v0.1.27
[INFO] [stderr]   Downloaded futures-task v0.3.1
[INFO] [stderr]   Downloaded wincolor v1.0.2
[INFO] [stderr]   Downloaded bytes v0.5.3
[INFO] [stderr]   Downloaded futures-io v0.3.1
[INFO] [stderr]   Downloaded indexmap v1.3.0
[INFO] [stderr]   Downloaded tokio-util v0.2.0
[INFO] [stderr]   Downloaded pin-project-lite v0.1.1
[INFO] [stderr]   Downloaded tokio-macros v0.2.1
[INFO] [stderr]   Downloaded proc-macro2 v1.0.7
[INFO] [stderr]   Downloaded enum-display-derive v0.1.0
[INFO] [stderr]   Downloaded proc-macro-error-attr v0.4.3
[INFO] [stderr]   Downloaded rustversion v1.0.1
[INFO] [stderr]   Downloaded backtrace-sys v0.1.32
[INFO] [stderr]   Downloaded proc-macro-error v0.4.4
[INFO] [stderr]   Downloaded structopt v0.3.7
[INFO] [stderr]   Downloaded nom v5.0.1
[INFO] [stderr]   Downloaded backtrace v0.3.40
[INFO] [stderr]   Downloaded lexical-core v0.4.6
[INFO] [stderr]   Downloaded tokio v0.2.6
[INFO] [stderr]   Downloaded termcolor v1.0.5
[INFO] [stderr]   Downloaded failure_derive v0.1.6
[INFO] [stderr]   Downloaded num-complex v0.2.3
[INFO] [stderr]   Downloaded num-rational v0.2.2
[INFO] [stderr]   Downloaded filetime v0.2.8
[INFO] [stderr]   Downloaded proc-macro-hack v0.5.11
[INFO] [stderr]   Downloaded http v0.2.0
[INFO] [stderr]   Downloaded hyper v0.13.1
[INFO] [stderr]   Downloaded syn v1.0.13
[INFO] [stderr]   Downloaded wharf v0.1.10
[INFO] [stderr]   Downloaded h2 v0.2.1
[INFO] [stderr]   Downloaded num v0.2.0
[INFO] [stderr]   Downloaded sha2 v0.8.0
[INFO] [stderr]   Downloaded toml v0.5.5
[INFO] [stderr]   Downloaded cc v1.0.48
[INFO] [stderr]   Downloaded failure v0.1.6
[INFO] [stderr]   Downloaded futures v0.3.1
[INFO] [stderr]   Downloaded futures-channel v0.3.1
[INFO] [stderr]   Downloaded futures-macro v0.3.1
[INFO] [stderr]   Downloaded proc-macro-nested v0.1.3
[INFO] [stderr]   Downloaded pin-project-internal v0.4.6
[INFO] [stderr]   Downloaded chrono v0.4.10
[INFO] [stderr]   Downloaded rpm-rs v0.2.1
[INFO] running `Command { std: "docker" "create" "-v" "/var/lib/crater-agent-workspace/builds/worker-5/target:/opt/rustwide/target:rw,Z" "-v" "/var/lib/crater-agent-workspace/builds/worker-5/source:/opt/rustwide/workdir:ro,Z" "-v" "/var/lib/crater-agent-workspace/cargo-home:/opt/rustwide/cargo-home:ro,Z" "-v" "/var/lib/crater-agent-workspace/rustup-home:/opt/rustwide/rustup-home:ro,Z" "-e" "SOURCE_DIR=/opt/rustwide/workdir" "-e" "CARGO_TARGET_DIR=/opt/rustwide/target" "-e" "CARGO_HOME=/opt/rustwide/cargo-home" "-e" "RUSTUP_HOME=/opt/rustwide/rustup-home" "-w" "/opt/rustwide/workdir" "-m" "1610612736" "--user" "0:0" "--network" "none" "ghcr.io/rust-lang/crates-build-env/linux@sha256:34b6a614d2c27851fe6cbf88fbd1137609cefab8b10d0615aaeb6fd47975d74e" "/opt/rustwide/cargo-home/bin/cargo" "+beta-2021-08-01" "metadata" "--no-deps" "--format-version=1", kill_on_drop: false }`
[INFO] [stdout] 369a2a772f14e38c88b84ad961349c3f9681ae1e64e785a42079368d232159d2
[INFO] [stderr] WARNING: Your kernel does not support swap limit capabilities or the cgroup is not mounted. Memory limited without swap.
[INFO] running `Command { std: "docker" "start" "-a" "369a2a772f14e38c88b84ad961349c3f9681ae1e64e785a42079368d232159d2", kill_on_drop: false }`
[INFO] running `Command { std: "docker" "inspect" "369a2a772f14e38c88b84ad961349c3f9681ae1e64e785a42079368d232159d2", kill_on_drop: false }`
[INFO] running `Command { std: "docker" "rm" "-f" "369a2a772f14e38c88b84ad961349c3f9681ae1e64e785a42079368d232159d2", kill_on_drop: false }`
[INFO] [stdout] 369a2a772f14e38c88b84ad961349c3f9681ae1e64e785a42079368d232159d2
[INFO] running `Command { std: "docker" "create" "-v" "/var/lib/crater-agent-workspace/builds/worker-5/target:/opt/rustwide/target:rw,Z" "-v" "/var/lib/crater-agent-workspace/builds/worker-5/source:/opt/rustwide/workdir:ro,Z" "-v" "/var/lib/crater-agent-workspace/cargo-home:/opt/rustwide/cargo-home:ro,Z" "-v" "/var/lib/crater-agent-workspace/rustup-home:/opt/rustwide/rustup-home:ro,Z" "-e" "SOURCE_DIR=/opt/rustwide/workdir" "-e" "CARGO_TARGET_DIR=/opt/rustwide/target" "-e" "CARGO_INCREMENTAL=0" "-e" "RUST_BACKTRACE=full" "-e" "RUSTFLAGS=--cap-lints=warn" "-e" "CARGO_HOME=/opt/rustwide/cargo-home" "-e" "RUSTUP_HOME=/opt/rustwide/rustup-home" "-w" "/opt/rustwide/workdir" "-m" "1610612736" "--user" "0:0" "--network" "none" "ghcr.io/rust-lang/crates-build-env/linux@sha256:34b6a614d2c27851fe6cbf88fbd1137609cefab8b10d0615aaeb6fd47975d74e" "/opt/rustwide/cargo-home/bin/cargo" "+beta-2021-08-01" "build" "--frozen" "--message-format=json", kill_on_drop: false }`
[INFO] [stdout] 6bc5042d34fdd6d12b6df56af3001dcd410f47c345bd7d862f158859b98a01c2
[INFO] [stderr] WARNING: Your kernel does not support swap limit capabilities or the cgroup is not mounted. Memory limited without swap.
[INFO] running `Command { std: "docker" "start" "-a" "6bc5042d34fdd6d12b6df56af3001dcd410f47c345bd7d862f158859b98a01c2", kill_on_drop: false }`
[INFO] [stderr]     Blocking waiting for file lock on package cache
[INFO] [stderr]    Compiling proc-macro2 v1.0.7
[INFO] [stderr]    Compiling syn v1.0.13
[INFO] [stderr]    Compiling byteorder v1.3.2
[INFO] [stderr]    Compiling pin-project-lite v0.1.1
[INFO] [stderr]    Compiling cpio v0.2.0
[INFO] [stderr]    Compiling num-traits v0.2.10
[INFO] [stderr]    Compiling num-integer v0.1.41
[INFO] [stderr]    Compiling num-bigint v0.2.4
[INFO] [stderr]    Compiling num-complex v0.2.3
[INFO] [stderr]    Compiling num-iter v0.1.39
[INFO] [stderr]    Compiling num-rational v0.2.2
[INFO] [stderr]    Compiling nom v5.0.1
[INFO] [stderr]    Compiling xattr v0.2.2
[INFO] [stderr]    Compiling filetime v0.2.8
[INFO] [stderr]    Compiling lexical-core v0.4.6
[INFO] [stderr]    Compiling enum-display-derive v0.1.0
[INFO] [stderr]    Compiling libflate v0.1.27
[INFO] [stderr]    Compiling clap v2.33.0
[INFO] [stderr]    Compiling env_logger v0.6.2
[INFO] [stderr]    Compiling tar v0.4.26
[INFO] [stderr]    Compiling block-buffer v0.7.3
[INFO] [stderr]    Compiling md-5 v0.8.0
[INFO] [stderr]    Compiling sha2 v0.8.0
[INFO] [stderr]    Compiling quote v1.0.2
[INFO] [stdout] error[E0308]: mismatched types
[INFO] [stdout]    --> /opt/rustwide/cargo-home/registry/src/github.com-1ecc6299db9ec823/lexical-core-0.4.6/src/atof/algorithm/bigcomp.rs:243:55
[INFO] [stdout]     |
[INFO] [stdout] 243 |     let nlz = den.leading_zeros().wrapping_sub(wlz) & (u32::BITS - 1);
[INFO] [stdout]     |                                                       ^^^^^^^^^^^^^^^ expected `usize`, found `u32`
[INFO] [stdout] 
[INFO] [stdout] 
[INFO] [stdout] error[E0277]: no implementation for `usize & u32`
[INFO] [stdout]    --> /opt/rustwide/cargo-home/registry/src/github.com-1ecc6299db9ec823/lexical-core-0.4.6/src/atof/algorithm/bigcomp.rs:243:53
[INFO] [stdout]     |
[INFO] [stdout] 243 |     let nlz = den.leading_zeros().wrapping_sub(wlz) & (u32::BITS - 1);
[INFO] [stdout]     |                                                     ^ no implementation for `usize & u32`
[INFO] [stdout]     |
[INFO] [stdout]     = help: the trait `BitAnd<u32>` is not implemented for `usize`
[INFO] [stdout] 
[INFO] [stdout] 
[INFO] [stdout] error[E0308]: mismatched types
[INFO] [stdout]    --> /opt/rustwide/cargo-home/registry/src/github.com-1ecc6299db9ec823/lexical-core-0.4.6/src/atof/algorithm/bigcomp.rs:261:40
[INFO] [stdout]     |
[INFO] [stdout] 261 |         let (q, r) = shift.ceil_divmod(Limb::BITS);
[INFO] [stdout]     |                                        ^^^^^^^^^^ expected `usize`, found `u32`
[INFO] [stdout]     |
[INFO] [stdout] help: you can convert a `u32` to a `usize` and panic if the converted value doesn't fit
[INFO] [stdout]     |
[INFO] [stdout] 261 |         let (q, r) = shift.ceil_divmod(Limb::BITS.try_into().unwrap());
[INFO] [stdout]     |                                        ^^^^^^^^^^^^^^^^^^^^^^^^^^^^^^
[INFO] [stdout] 
[INFO] [stdout] 
[INFO] [stdout] error[E0308]: mismatched types
[INFO] [stdout]   --> /opt/rustwide/cargo-home/registry/src/github.com-1ecc6299db9ec823/lexical-core-0.4.6/src/atof/algorithm/bigint.rs:85:24
[INFO] [stdout]    |
[INFO] [stdout] 85 |     let bytes = bits / Limb::BITS;
[INFO] [stdout]    |                        ^^^^^^^^^^ expected `usize`, found `u32`
[INFO] [stdout] 
[INFO] [stdout] 
[INFO] [stdout] error[E0277]: cannot divide `usize` by `u32`
[INFO] [stdout]   --> /opt/rustwide/cargo-home/registry/src/github.com-1ecc6299db9ec823/lexical-core-0.4.6/src/atof/algorithm/bigint.rs:85:22
[INFO] [stdout]    |
[INFO] [stdout] 85 |     let bytes = bits / Limb::BITS;
[INFO] [stdout]    |                      ^ no implementation for `usize / u32`
[INFO] [stdout]    |
[INFO] [stdout]    = help: the trait `Div<u32>` is not implemented for `usize`
[INFO] [stdout] 
[INFO] [stdout] 
[INFO] [stdout] error[E0308]: mismatched types
[INFO] [stdout]     --> /opt/rustwide/cargo-home/registry/src/github.com-1ecc6299db9ec823/lexical-core-0.4.6/src/atof/algorithm/math.rs:1045:42
[INFO] [stdout]      |
[INFO] [stdout] 1045 |     let mut count = index.saturating_mul(Limb::BITS);
[INFO] [stdout]      |                                          ^^^^^^^^^^ expected `usize`, found `u32`
[INFO] [stdout]      |
[INFO] [stdout] help: you can convert a `u32` to a `usize` and panic if the converted value doesn't fit
[INFO] [stdout]      |
[INFO] [stdout] 1045 |     let mut count = index.saturating_mul(Limb::BITS.try_into().unwrap());
[INFO] [stdout]      |                                          ^^^^^^^^^^^^^^^^^^^^^^^^^^^^^^
[INFO] [stdout] 
[INFO] [stdout] 
[INFO] [stdout] error[E0308]: mismatched types
[INFO] [stdout]     --> /opt/rustwide/cargo-home/registry/src/github.com-1ecc6299db9ec823/lexical-core-0.4.6/src/atof/algorithm/math.rs:1060:28
[INFO] [stdout]      |
[INFO] [stdout] 1060 |     Limb::BITS.checked_mul(x.len())
[INFO] [stdout]      |                            ^^^^^^^ expected `u32`, found `usize`
[INFO] [stdout]      |
[INFO] [stdout] help: you can convert a `usize` to a `u32` and panic if the converted value doesn't fit
[INFO] [stdout]      |
[INFO] [stdout] 1060 |     Limb::BITS.checked_mul(x.len().try_into().unwrap())
[INFO] [stdout]      |                            ^^^^^^^^^^^^^^^^^^^^^^^^^^^
[INFO] [stdout] 
[INFO] [stdout] 
[INFO] [stdout] error[E0308]: mismatched types
[INFO] [stdout]     --> /opt/rustwide/cargo-home/registry/src/github.com-1ecc6299db9ec823/lexical-core-0.4.6/src/atof/algorithm/math.rs:1061:22
[INFO] [stdout]      |
[INFO] [stdout] 1061 |         .map(|v| v - nlz)
[INFO] [stdout]      |                      ^^^ expected `u32`, found `usize`
[INFO] [stdout] 
[INFO] [stdout] 
[INFO] [stdout] error[E0277]: cannot subtract `usize` from `u32`
[INFO] [stdout]     --> /opt/rustwide/cargo-home/registry/src/github.com-1ecc6299db9ec823/lexical-core-0.4.6/src/atof/algorithm/math.rs:1061:20
[INFO] [stdout]      |
[INFO] [stdout] 1061 |         .map(|v| v - nlz)
[INFO] [stdout]      |                    ^ no implementation for `u32 - usize`
[INFO] [stdout]      |
[INFO] [stdout]      = help: the trait `Sub<usize>` is not implemented for `u32`
[INFO] [stdout] 
[INFO] [stdout] 
[INFO] [stdout] error[E0308]: mismatched types
[INFO] [stdout]     --> /opt/rustwide/cargo-home/registry/src/github.com-1ecc6299db9ec823/lexical-core-0.4.6/src/atof/algorithm/math.rs:1062:20
[INFO] [stdout]      |
[INFO] [stdout] 1062 |         .unwrap_or(usize::max_value())
[INFO] [stdout]      |                    ^^^^^^^^^^^^^^^^^^ expected `u32`, found `usize`
[INFO] [stdout]      |
[INFO] [stdout] help: you can convert a `usize` to a `u32` and panic if the converted value doesn't fit
[INFO] [stdout]      |
[INFO] [stdout] 1062 |         .unwrap_or(usize::max_value().try_into().unwrap())
[INFO] [stdout]      |                    ^^^^^^^^^^^^^^^^^^^^^^^^^^^^^^^^^^^^^^
[INFO] [stdout] 
[INFO] [stdout] 
[INFO] [stdout] error[E0308]: mismatched types
[INFO] [stdout]     --> /opt/rustwide/cargo-home/registry/src/github.com-1ecc6299db9ec823/lexical-core-0.4.6/src/atof/algorithm/math.rs:1060:5
[INFO] [stdout]      |
[INFO] [stdout] 1056 |   pub fn bit_length(x: &[Limb]) -> usize {
[INFO] [stdout]      |                                    ----- expected `usize` because of return type
[INFO] [stdout] ...
[INFO] [stdout] 1060 | /     Limb::BITS.checked_mul(x.len())
[INFO] [stdout] 1061 | |         .map(|v| v - nlz)
[INFO] [stdout] 1062 | |         .unwrap_or(usize::max_value())
[INFO] [stdout]      | |______________________________________^ expected `usize`, found `u32`
[INFO] [stdout]      |
[INFO] [stdout] help: you can convert a `u32` to a `usize` and panic if the converted value doesn't fit
[INFO] [stdout]      |
[INFO] [stdout] 1060 |     Limb::BITS.checked_mul(x.len())
[INFO] [stdout] 1061 |         .map(|v| v - nlz)
[INFO] [stdout] 1062 |         .unwrap_or(usize::max_value()).try_into().unwrap()
[INFO] [stdout]      |
[INFO] [stdout] 
[INFO] [stdout] 
[INFO] [stdout] error[E0308]: mismatched types
[INFO] [stdout]     --> /opt/rustwide/cargo-home/registry/src/github.com-1ecc6299db9ec823/lexical-core-0.4.6/src/atof/algorithm/math.rs:1087:23
[INFO] [stdout]      |
[INFO] [stdout] 1087 |     debug_assert!(n < bits && n != 0);
[INFO] [stdout]      |                       ^^^^ expected `usize`, found `u32`
[INFO] [stdout]      |
[INFO] [stdout] help: you can convert a `u32` to a `usize` and panic if the converted value doesn't fit
[INFO] [stdout]      |
[INFO] [stdout] 1087 |     debug_assert!(n < bits.try_into().unwrap() && n != 0);
[INFO] [stdout]      |                       ^^^^^^^^^^^^^^^^^^^^^^^^
[INFO] [stdout] 
[INFO] [stdout] 
[INFO] [stdout] error[E0308]: mismatched types
[INFO] [stdout]     --> /opt/rustwide/cargo-home/registry/src/github.com-1ecc6299db9ec823/lexical-core-0.4.6/src/atof/algorithm/math.rs:1094:25
[INFO] [stdout]      |
[INFO] [stdout] 1094 |     let lshift = bits - n;
[INFO] [stdout]      |                         ^ expected `u32`, found `usize`
[INFO] [stdout] 
[INFO] [stdout] 
[INFO] [stdout] error[E0277]: cannot subtract `usize` from `u32`
[INFO] [stdout]     --> /opt/rustwide/cargo-home/registry/src/github.com-1ecc6299db9ec823/lexical-core-0.4.6/src/atof/algorithm/math.rs:1094:23
[INFO] [stdout]      |
[INFO] [stdout] 1094 |     let lshift = bits - n;
[INFO] [stdout]      |                       ^ no implementation for `u32 - usize`
[INFO] [stdout]      |
[INFO] [stdout]      = help: the trait `Sub<usize>` is not implemented for `u32`
[INFO] [stdout] 
[INFO] [stdout] 
[INFO] [stdout] error[E0308]: mismatched types
[INFO] [stdout]     --> /opt/rustwide/cargo-home/registry/src/github.com-1ecc6299db9ec823/lexical-core-0.4.6/src/atof/algorithm/math.rs:1135:19
[INFO] [stdout]      |
[INFO] [stdout] 1135 |     let rem = n % bits;
[INFO] [stdout]      |                   ^^^^ expected `usize`, found `u32`
[INFO] [stdout] 
[INFO] [stdout] 
[INFO] [stdout] error[E0277]: cannot mod `usize` by `u32`
[INFO] [stdout]     --> /opt/rustwide/cargo-home/registry/src/github.com-1ecc6299db9ec823/lexical-core-0.4.6/src/atof/algorithm/math.rs:1135:17
[INFO] [stdout]      |
[INFO] [stdout] 1135 |     let rem = n % bits;
[INFO] [stdout]      |                 ^ no implementation for `usize % u32`
[INFO] [stdout]      |
[INFO] [stdout]      = help: the trait `Rem<u32>` is not implemented for `usize`
[INFO] [stdout] 
[INFO] [stdout] 
[INFO] [stdout] error[E0308]: mismatched types
[INFO] [stdout]     --> /opt/rustwide/cargo-home/registry/src/github.com-1ecc6299db9ec823/lexical-core-0.4.6/src/atof/algorithm/math.rs:1136:19
[INFO] [stdout]      |
[INFO] [stdout] 1136 |     let div = n / bits;
[INFO] [stdout]      |                   ^^^^ expected `usize`, found `u32`
[INFO] [stdout] 
[INFO] [stdout] 
[INFO] [stdout] error[E0277]: cannot divide `usize` by `u32`
[INFO] [stdout]     --> /opt/rustwide/cargo-home/registry/src/github.com-1ecc6299db9ec823/lexical-core-0.4.6/src/atof/algorithm/math.rs:1136:17
[INFO] [stdout]      |
[INFO] [stdout] 1136 |     let div = n / bits;
[INFO] [stdout]      |                 ^ no implementation for `usize / u32`
[INFO] [stdout]      |
[INFO] [stdout]      = help: the trait `Div<u32>` is not implemented for `usize`
[INFO] [stdout] 
[INFO] [stdout] 
[INFO] [stdout] error[E0308]: mismatched types
[INFO] [stdout]     --> /opt/rustwide/cargo-home/registry/src/github.com-1ecc6299db9ec823/lexical-core-0.4.6/src/atof/algorithm/math.rs:1192:23
[INFO] [stdout]      |
[INFO] [stdout] 1192 |     debug_assert!(n < bits);
[INFO] [stdout]      |                       ^^^^ expected `usize`, found `u32`
[INFO] [stdout]      |
[INFO] [stdout] help: you can convert a `u32` to a `usize` and panic if the converted value doesn't fit
[INFO] [stdout]      |
[INFO] [stdout] 1192 |     debug_assert!(n < bits.try_into().unwrap());
[INFO] [stdout]      |                       ^^^^^^^^^^^^^^^^^^^^^^^^
[INFO] [stdout] 
[INFO] [stdout] 
[INFO] [stdout] error[E0308]: mismatched types
[INFO] [stdout]     --> /opt/rustwide/cargo-home/registry/src/github.com-1ecc6299db9ec823/lexical-core-0.4.6/src/atof/algorithm/math.rs:1202:25
[INFO] [stdout]      |
[INFO] [stdout] 1202 |     let rshift = bits - n;
[INFO] [stdout]      |                         ^ expected `u32`, found `usize`
[INFO] [stdout] 
[INFO] [stdout] 
[INFO] [stdout] error[E0277]: cannot subtract `usize` from `u32`
[INFO] [stdout]     --> /opt/rustwide/cargo-home/registry/src/github.com-1ecc6299db9ec823/lexical-core-0.4.6/src/atof/algorithm/math.rs:1202:23
[INFO] [stdout]      |
[INFO] [stdout] 1202 |     let rshift = bits - n;
[INFO] [stdout]      |                       ^ no implementation for `u32 - usize`
[INFO] [stdout]      |
[INFO] [stdout]      = help: the trait `Sub<usize>` is not implemented for `u32`
[INFO] [stdout] 
[INFO] [stdout] 
[INFO] [stdout] error[E0308]: mismatched types
[INFO] [stdout]     --> /opt/rustwide/cargo-home/registry/src/github.com-1ecc6299db9ec823/lexical-core-0.4.6/src/atof/algorithm/math.rs:1254:19
[INFO] [stdout]      |
[INFO] [stdout] 1254 |     let rem = n % bits;
[INFO] [stdout]      |                   ^^^^ expected `usize`, found `u32`
[INFO] [stdout] 
[INFO] [stdout] 
[INFO] [stdout] error[E0277]: cannot mod `usize` by `u32`
[INFO] [stdout]     --> /opt/rustwide/cargo-home/registry/src/github.com-1ecc6299db9ec823/lexical-core-0.4.6/src/atof/algorithm/math.rs:1254:17
[INFO] [stdout]      |
[INFO] [stdout] 1254 |     let rem = n % bits;
[INFO] [stdout]      |                 ^ no implementation for `usize % u32`
[INFO] [stdout]      |
[INFO] [stdout]      = help: the trait `Rem<u32>` is not implemented for `usize`
[INFO] [stdout] 
[INFO] [stdout] 
[INFO] [stdout] error[E0308]: mismatched types
[INFO] [stdout]     --> /opt/rustwide/cargo-home/registry/src/github.com-1ecc6299db9ec823/lexical-core-0.4.6/src/atof/algorithm/math.rs:1255:19
[INFO] [stdout]      |
[INFO] [stdout] 1255 |     let div = n / bits;
[INFO] [stdout]      |                   ^^^^ expected `usize`, found `u32`
[INFO] [stdout] 
[INFO] [stdout] 
[INFO] [stdout] error[E0277]: cannot divide `usize` by `u32`
[INFO] [stdout]     --> /opt/rustwide/cargo-home/registry/src/github.com-1ecc6299db9ec823/lexical-core-0.4.6/src/atof/algorithm/math.rs:1255:17
[INFO] [stdout]      |
[INFO] [stdout] 1255 |     let div = n / bits;
[INFO] [stdout]      |                 ^ no implementation for `usize / u32`
[INFO] [stdout]      |
[INFO] [stdout]      = help: the trait `Div<u32>` is not implemented for `usize`
[INFO] [stdout] 
[INFO] [stdout] 
[INFO] [stdout] error[E0308]: mismatched types
[INFO] [stdout]     --> /opt/rustwide/cargo-home/registry/src/github.com-1ecc6299db9ec823/lexical-core-0.4.6/src/atof/algorithm/math.rs:2066:27
[INFO] [stdout]      |
[INFO] [stdout] 2066 |     let rs = Limb::BITS - s;
[INFO] [stdout]      |                           ^ expected `u32`, found `usize`
[INFO] [stdout] 
[INFO] [stdout] 
[INFO] [stdout] error[E0277]: cannot subtract `usize` from `u32`
[INFO] [stdout]     --> /opt/rustwide/cargo-home/registry/src/github.com-1ecc6299db9ec823/lexical-core-0.4.6/src/atof/algorithm/math.rs:2066:25
[INFO] [stdout]      |
[INFO] [stdout] 2066 |     let rs = Limb::BITS - s;
[INFO] [stdout]      |                         ^ no implementation for `u32 - usize`
[INFO] [stdout]      |
[INFO] [stdout]      = help: the trait `Sub<usize>` is not implemented for `u32`
[INFO] [stdout] 
[INFO] [stdout] 
[INFO] [stdout] error: aborting due to 27 previous errors
[INFO] [stdout] 
[INFO] [stdout] 
[INFO] [stdout] Some errors have detailed explanations: E0277, E0308.
[INFO] [stdout] 
[INFO] [stdout] For more information about an error, try `rustc --explain E0277`.
[INFO] [stdout] 
[INFO] [stderr] error: could not compile `lexical-core` due to 28 previous errors
[INFO] [stderr] warning: build failed, waiting for other jobs to finish...
[INFO] [stderr] error: build failed
[INFO] running `Command { std: "docker" "inspect" "6bc5042d34fdd6d12b6df56af3001dcd410f47c345bd7d862f158859b98a01c2", kill_on_drop: false }`
[INFO] running `Command { std: "docker" "rm" "-f" "6bc5042d34fdd6d12b6df56af3001dcd410f47c345bd7d862f158859b98a01c2", kill_on_drop: false }`
[INFO] [stdout] 6bc5042d34fdd6d12b6df56af3001dcd410f47c345bd7d862f158859b98a01c2
