[INFO] fetching crate piske 0.1.2...
[INFO] testing piske-0.1.2 against beta-2021-08-01 for beta-1.55-1
[INFO] extracting crate piske 0.1.2 into /workspace/builds/worker-7/source
[INFO] validating manifest of crates.io crate piske 0.1.2 on toolchain beta-2021-08-01
[INFO] running `Command { std: "/workspace/cargo-home/bin/cargo" "+beta-2021-08-01" "metadata" "--manifest-path" "Cargo.toml" "--no-deps", kill_on_drop: false }`
[INFO] started tweaking crates.io crate piske 0.1.2
[INFO] finished tweaking crates.io crate piske 0.1.2
[INFO] tweaked toml for crates.io crate piske 0.1.2 written to /workspace/builds/worker-7/source/Cargo.toml
[INFO] running `Command { std: "/workspace/cargo-home/bin/cargo" "+beta-2021-08-01" "generate-lockfile" "--manifest-path" "Cargo.toml" "-Zno-index-update", kill_on_drop: false }`
[INFO] running `Command { std: "/workspace/cargo-home/bin/cargo" "+beta-2021-08-01" "fetch" "--manifest-path" "Cargo.toml", kill_on_drop: false }`
[INFO] [stderr]  Downloading crates ...
[INFO] [stderr]   Downloaded utf8parse v0.1.1
[INFO] [stderr]   Downloaded nix v0.13.1
[INFO] [stderr]   Downloaded rustyline v4.1.0
[INFO] [stderr]   Downloaded codemap v0.1.3
[INFO] [stderr]   Downloaded codemap-diagnostic v0.1.1
[INFO] [stderr]   Downloaded sindra v0.1.0
[INFO] [stderr]   Downloaded psk_std v0.1.0
[INFO] [stderr]   Downloaded wee-peg v0.5.4
[INFO] running `Command { std: "docker" "create" "-v" "/var/lib/crater-agent-workspace/builds/worker-7/target:/opt/rustwide/target:rw,Z" "-v" "/var/lib/crater-agent-workspace/builds/worker-7/source:/opt/rustwide/workdir:ro,Z" "-v" "/var/lib/crater-agent-workspace/cargo-home:/opt/rustwide/cargo-home:ro,Z" "-v" "/var/lib/crater-agent-workspace/rustup-home:/opt/rustwide/rustup-home:ro,Z" "-e" "SOURCE_DIR=/opt/rustwide/workdir" "-e" "CARGO_TARGET_DIR=/opt/rustwide/target" "-e" "CARGO_HOME=/opt/rustwide/cargo-home" "-e" "RUSTUP_HOME=/opt/rustwide/rustup-home" "-w" "/opt/rustwide/workdir" "-m" "1610612736" "--user" "0:0" "--network" "none" "ghcr.io/rust-lang/crates-build-env/linux@sha256:34b6a614d2c27851fe6cbf88fbd1137609cefab8b10d0615aaeb6fd47975d74e" "/opt/rustwide/cargo-home/bin/cargo" "+beta-2021-08-01" "metadata" "--no-deps" "--format-version=1", kill_on_drop: false }`
[INFO] [stderr] WARNING: Your kernel does not support swap limit capabilities or the cgroup is not mounted. Memory limited without swap.
[INFO] [stdout] 4bd7ebbcd1e4f5d63e4796bca4b48dcf9960a62639fc0447a307d7314b8f77a4
[INFO] running `Command { std: "docker" "start" "-a" "4bd7ebbcd1e4f5d63e4796bca4b48dcf9960a62639fc0447a307d7314b8f77a4", kill_on_drop: false }`
[INFO] running `Command { std: "docker" "inspect" "4bd7ebbcd1e4f5d63e4796bca4b48dcf9960a62639fc0447a307d7314b8f77a4", kill_on_drop: false }`
[INFO] running `Command { std: "docker" "rm" "-f" "4bd7ebbcd1e4f5d63e4796bca4b48dcf9960a62639fc0447a307d7314b8f77a4", kill_on_drop: false }`
[INFO] [stdout] 4bd7ebbcd1e4f5d63e4796bca4b48dcf9960a62639fc0447a307d7314b8f77a4
[INFO] running `Command { std: "docker" "create" "-v" "/var/lib/crater-agent-workspace/builds/worker-7/target:/opt/rustwide/target:rw,Z" "-v" "/var/lib/crater-agent-workspace/builds/worker-7/source:/opt/rustwide/workdir:ro,Z" "-v" "/var/lib/crater-agent-workspace/cargo-home:/opt/rustwide/cargo-home:ro,Z" "-v" "/var/lib/crater-agent-workspace/rustup-home:/opt/rustwide/rustup-home:ro,Z" "-e" "SOURCE_DIR=/opt/rustwide/workdir" "-e" "CARGO_TARGET_DIR=/opt/rustwide/target" "-e" "CARGO_INCREMENTAL=0" "-e" "RUST_BACKTRACE=full" "-e" "RUSTFLAGS=--cap-lints=warn" "-e" "CARGO_HOME=/opt/rustwide/cargo-home" "-e" "RUSTUP_HOME=/opt/rustwide/rustup-home" "-w" "/opt/rustwide/workdir" "-m" "1610612736" "--user" "0:0" "--network" "none" "ghcr.io/rust-lang/crates-build-env/linux@sha256:34b6a614d2c27851fe6cbf88fbd1137609cefab8b10d0615aaeb6fd47975d74e" "/opt/rustwide/cargo-home/bin/cargo" "+beta-2021-08-01" "build" "--frozen" "--message-format=json", kill_on_drop: false }`
[INFO] [stdout] 7c4b1981fc05fd2240b3334053209da99b3108a1c2b7c827720dc08db3d92070
[INFO] [stderr] WARNING: Your kernel does not support swap limit capabilities or the cgroup is not mounted. Memory limited without swap.
[INFO] running `Command { std: "docker" "start" "-a" "7c4b1981fc05fd2240b3334053209da99b3108a1c2b7c827720dc08db3d92070", kill_on_drop: false }`
[INFO] [stderr]    Compiling codemap v0.1.3
[INFO] [stderr]    Compiling nix v0.13.1
[INFO] [stderr]    Compiling psk_std v0.1.0
[INFO] [stderr]    Compiling codemap-diagnostic v0.1.1
[INFO] [stderr]    Compiling wee-peg v0.5.4
[INFO] [stderr]    Compiling sindra v0.1.0
[INFO] [stderr]    Compiling piske v0.1.2 (/opt/rustwide/workdir)
[INFO] [stderr]    Compiling rustyline v4.1.0
[INFO] [stdout] warning: use of deprecated macro `try`: use the `?` operator instead
[INFO] [stdout]   --> /opt/rustwide/target/debug/build/piske-3b86100ea76adb94/out/piske.rs:18:9
[INFO] [stdout]    |
[INFO] [stdout] 18 |         try!
[INFO] [stdout]    |         ^^^
[INFO] [stdout]    |
[INFO] [stdout]    = note: `#[warn(deprecated)]` on by default
[INFO] [stdout] 
[INFO] [stdout] 
[INFO] [stdout] warning: use of deprecated macro `try`: use the `?` operator instead
[INFO] [stdout]   --> /opt/rustwide/target/debug/build/piske-3b86100ea76adb94/out/piske.rs:20:39
[INFO] [stdout]    |
[INFO] [stdout] 20 |         if self.expected.len() == 0 { try! (write! (fmt, "EOF")) ; } else if
[INFO] [stdout]    |                                       ^^^
[INFO] [stdout] 
[INFO] [stdout] 
[INFO] [stdout] warning: use of deprecated macro `try`: use the `?` operator instead
[INFO] [stdout]   --> /opt/rustwide/target/debug/build/piske-3b86100ea76adb94/out/piske.rs:23:13
[INFO] [stdout]    |
[INFO] [stdout] 23 |             try!
[INFO] [stdout]    |             ^^^
[INFO] [stdout] 
[INFO] [stdout] 
[INFO] [stdout] warning: use of deprecated macro `try`: use the `?` operator instead
[INFO] [stdout]   --> /opt/rustwide/target/debug/build/piske-3b86100ea76adb94/out/piske.rs:29:51
[INFO] [stdout]    |
[INFO] [stdout] 29 |             let mut iter = self.expected.iter() ; try!
[INFO] [stdout]    |                                                   ^^^
[INFO] [stdout] 
[INFO] [stdout] 
[INFO] [stdout] warning: use of deprecated macro `try`: use the `?` operator instead
[INFO] [stdout]   --> /opt/rustwide/target/debug/build/piske-3b86100ea76adb94/out/piske.rs:33:15
[INFO] [stdout]    |
[INFO] [stdout] 33 |             { try! (write! (fmt, ", `{}`", escape_default(elem))) ; }
[INFO] [stdout]    |               ^^^
[INFO] [stdout] 
[INFO] [stdout] 
[INFO] [stdout] warning: `...` range patterns are deprecated
[INFO] [stdout]    --> /opt/rustwide/target/debug/build/piske-3b86100ea76adb94/out/piske.rs:276:358
[INFO] [stdout]     |
[INFO] [stdout] 276 | ...feff}' | '\u{1680}' | '\u{180e}' | '\u{2000}' ... '\u{200a}' | '\u{202f}' | '\u{205f}' | '\u{3000}' => Matched ( __next , ( ) ) , _ =>...
[INFO] [stdout]     |                                                  ^^^ help: use `..=` for an inclusive range
[INFO] [stdout]     |
[INFO] [stdout]     = note: `#[warn(ellipsis_inclusive_range_patterns)]` on by default
[INFO] [stdout]     = warning: this is accepted in the current edition (Rust 2015) but is a hard error in Rust 2021!
[INFO] [stdout]     = note: for more information, see issue #80165 <https://github.com/rust-lang/rust/issues/80165>
[INFO] [stdout] 
[INFO] [stdout] 
[INFO] [stdout] warning: anonymous parameters are deprecated and will be removed in the next edition.
[INFO] [stdout]   --> src/visitor/eval.rs:26:21
[INFO] [stdout]    |
[INFO] [stdout] 26 |     fn visit(&self, &mut State) -> Result;
[INFO] [stdout]    |                     ^^^^^^^^^^ help: try naming the parameter or explicitly ignoring it: `_: &mut State`
[INFO] [stdout]    |
[INFO] [stdout]    = note: `#[warn(anonymous_parameters)]` on by default
[INFO] [stdout]    = warning: this is accepted in the current edition (Rust 2015) but is a hard error in Rust 2018!
[INFO] [stdout]    = note: for more information, see issue #41686 <https://github.com/rust-lang/rust/issues/41686>
[INFO] [stdout] 
[INFO] [stdout] 
[INFO] [stdout] warning: anonymous parameters are deprecated and will be removed in the next edition.
[INFO] [stdout]   --> src/visitor/symbol.rs:20:21
[INFO] [stdout]    |
[INFO] [stdout] 20 |     fn visit(&self, &mut State) -> Result;
[INFO] [stdout]    |                     ^^^^^^^^^^ help: try naming the parameter or explicitly ignoring it: `_: &mut State`
[INFO] [stdout]    |
[INFO] [stdout]    = warning: this is accepted in the current edition (Rust 2015) but is a hard error in Rust 2018!
[INFO] [stdout]    = note: for more information, see issue #41686 <https://github.com/rust-lang/rust/issues/41686>
[INFO] [stdout] 
[INFO] [stdout] 
[INFO] [stdout] warning: anonymous parameters are deprecated and will be removed in the next edition.
[INFO] [stdout]   --> src/visitor/type_visitor.rs:28:21
[INFO] [stdout]    |
[INFO] [stdout] 28 |     fn visit(&self, &mut State) -> Result;
[INFO] [stdout]    |                     ^^^^^^^^^^ help: try naming the parameter or explicitly ignoring it: `_: &mut State`
[INFO] [stdout]    |
[INFO] [stdout]    = warning: this is accepted in the current edition (Rust 2015) but is a hard error in Rust 2018!
[INFO] [stdout]    = note: for more information, see issue #41686 <https://github.com/rust-lang/rust/issues/41686>
[INFO] [stdout] 
[INFO] [stdout] 
[INFO] [stdout] warning: anonymous parameters are deprecated and will be removed in the next edition.
[INFO] [stdout]   --> src/visitor/transpile.rs:22:21
[INFO] [stdout]    |
[INFO] [stdout] 22 |     fn visit(&self, &mut State) -> Result;
[INFO] [stdout]    |                     ^^^^^^^^^^ help: try naming the parameter or explicitly ignoring it: `_: &mut State`
[INFO] [stdout]    |
[INFO] [stdout]    = warning: this is accepted in the current edition (Rust 2015) but is a hard error in Rust 2018!
[INFO] [stdout]    = note: for more information, see issue #41686 <https://github.com/rust-lang/rust/issues/41686>
[INFO] [stdout] 
[INFO] [stdout] 
[INFO] [stdout] warning: trait objects without an explicit `dyn` are deprecated
[INFO] [stdout]   --> src/visitor/state.rs:75:16
[INFO] [stdout]    |
[INFO] [stdout] 75 |     stdin: Box<Read>,
[INFO] [stdout]    |                ^^^^ help: use `dyn`: `dyn Read`
[INFO] [stdout]    |
[INFO] [stdout]    = note: `#[warn(bare_trait_objects)]` on by default
[INFO] [stdout]    = warning: this is accepted in the current edition (Rust 2015) but is a hard error in Rust 2021!
[INFO] [stdout]    = note: for more information, see issue #80165 <https://github.com/rust-lang/rust/issues/80165>
[INFO] [stdout] 
[INFO] [stdout] 
[INFO] [stdout] warning: trait objects without an explicit `dyn` are deprecated
[INFO] [stdout]   --> src/visitor/state.rs:77:17
[INFO] [stdout]    |
[INFO] [stdout] 77 |     stdout: Box<Write>,
[INFO] [stdout]    |                 ^^^^^ help: use `dyn`: `dyn Write`
[INFO] [stdout]    |
[INFO] [stdout]    = warning: this is accepted in the current edition (Rust 2015) but is a hard error in Rust 2021!
[INFO] [stdout]    = note: for more information, see issue #80165 <https://github.com/rust-lang/rust/issues/80165>
[INFO] [stdout] 
[INFO] [stdout] 
[INFO] [stdout] warning: trait objects without an explicit `dyn` are deprecated
[INFO] [stdout]   --> src/visitor/state.rs:79:17
[INFO] [stdout]    |
[INFO] [stdout] 79 |     stderr: Box<Write>,
[INFO] [stdout]    |                 ^^^^^ help: use `dyn`: `dyn Write`
[INFO] [stdout]    |
[INFO] [stdout]    = warning: this is accepted in the current edition (Rust 2015) but is a hard error in Rust 2021!
[INFO] [stdout]    = note: for more information, see issue #80165 <https://github.com/rust-lang/rust/issues/80165>
[INFO] [stdout] 
[INFO] [stdout] 
[INFO] [stdout] warning: trait objects without an explicit `dyn` are deprecated
[INFO] [stdout]    --> src/visitor/state.rs:105:37
[INFO] [stdout]     |
[INFO] [stdout] 105 |     pub fn stdin(&mut self) -> &mut Read { self.stdin.as_mut() }
[INFO] [stdout]     |                                     ^^^^ help: use `dyn`: `dyn Read`
[INFO] [stdout]     |
[INFO] [stdout]     = warning: this is accepted in the current edition (Rust 2015) but is a hard error in Rust 2021!
[INFO] [stdout]     = note: for more information, see issue #80165 <https://github.com/rust-lang/rust/issues/80165>
[INFO] [stdout] 
[INFO] [stdout] 
[INFO] [stdout] warning: trait objects without an explicit `dyn` are deprecated
[INFO] [stdout]    --> src/visitor/state.rs:107:38
[INFO] [stdout]     |
[INFO] [stdout] 107 |     pub fn stdout(&mut self) -> &mut Write { self.stdout.as_mut() }
[INFO] [stdout]     |                                      ^^^^^ help: use `dyn`: `dyn Write`
[INFO] [stdout]     |
[INFO] [stdout]     = warning: this is accepted in the current edition (Rust 2015) but is a hard error in Rust 2021!
[INFO] [stdout]     = note: for more information, see issue #80165 <https://github.com/rust-lang/rust/issues/80165>
[INFO] [stdout] 
[INFO] [stdout] 
[INFO] [stdout] warning: trait objects without an explicit `dyn` are deprecated
[INFO] [stdout]    --> src/visitor/state.rs:109:38
[INFO] [stdout]     |
[INFO] [stdout] 109 |     pub fn stderr(&mut self) -> &mut Write { self.stderr.as_mut() }
[INFO] [stdout]     |                                      ^^^^^ help: use `dyn`: `dyn Write`
[INFO] [stdout]     |
[INFO] [stdout]     = warning: this is accepted in the current edition (Rust 2015) but is a hard error in Rust 2021!
[INFO] [stdout]     = note: for more information, see issue #80165 <https://github.com/rust-lang/rust/issues/80165>
[INFO] [stdout] 
[INFO] [stdout] 
[INFO] [stdout] warning: use of deprecated constant `std::sync::ONCE_INIT`: the `new` function is now preferred
[INFO] [stdout]   --> src/ast/inference.rs:8:1
[INFO] [stdout]    |
[INFO] [stdout] 8  | / lazy_static! {
[INFO] [stdout] 9  | |     /// Result type definition for all arithmetic infix operations. `Some(...)` indicates that the
[INFO] [stdout] 10 | |     /// operation is possible and has the given result type, `None` indicates that the operation
[INFO] [stdout] 11 | |     /// is invalid on the supplied types.
[INFO] [stdout] ...  |
[INFO] [stdout] 27 | |     ];
[INFO] [stdout] 28 | | }
[INFO] [stdout]    | |_^
[INFO] [stdout]    |
[INFO] [stdout]    = note: this warning originates in the macro `__lazy_static_create` (in Nightly builds, run with -Z macro-backtrace for more info)
[INFO] [stdout] 
[INFO] [stdout] 
[INFO] [stdout] warning: use of deprecated constant `std::sync::ONCE_INIT`: the `new` function is now preferred
[INFO] [stdout]   --> src/ast/inference.rs:30:1
[INFO] [stdout]    |
[INFO] [stdout] 30 | / lazy_static! {
[INFO] [stdout] 31 | |     /// Table of comparable (via comparison operators; e.g. <, <=, >, >=) types. 'Some(...)'
[INFO] [stdout] 32 | |     /// indicates the types are comparable but both sides need to be the specified type. 'None'
[INFO] [stdout] 33 | |     /// indicates they are not comparable.
[INFO] [stdout] ...  |
[INFO] [stdout] 49 | |     ];
[INFO] [stdout] 50 | | }
[INFO] [stdout]    | |_^
[INFO] [stdout]    |
[INFO] [stdout]    = note: this warning originates in the macro `__lazy_static_create` (in Nightly builds, run with -Z macro-backtrace for more info)
[INFO] [stdout] 
[INFO] [stdout] 
[INFO] [stdout] warning: missing documentation for macro
[INFO] [stdout]  --> src/visitor/interp/macros.rs:7:1
[INFO] [stdout]   |
[INFO] [stdout] 7 | macro_rules! add_interpreter_func {
[INFO] [stdout]   | ^^^^^^^^^^^^^^^^^^^^^^^^^^^^^^^^^
[INFO] [stdout]   |
[INFO] [stdout] note: the lint level is defined here
[INFO] [stdout]  --> src/lib.rs:3:9
[INFO] [stdout]   |
[INFO] [stdout] 3 | #![warn(missing_docs)]
[INFO] [stdout]   |         ^^^^^^^^^^^^
[INFO] [stdout] 
[INFO] [stdout] 
[INFO] [stdout] warning: missing documentation for macro
[INFO] [stdout]   --> src/visitor/interp/macros.rs:32:1
[INFO] [stdout]    |
[INFO] [stdout] 32 | macro_rules! add_func {
[INFO] [stdout]    | ^^^^^^^^^^^^^^^^^^^^^
[INFO] [stdout] 
[INFO] [stdout] 
[INFO] [stdout] warning: 20 warnings emitted
[INFO] [stdout] 
[INFO] [stdout] 
[INFO] [stderr]     Finished dev [unoptimized + debuginfo] target(s) in 14.63s
[INFO] running `Command { std: "docker" "inspect" "7c4b1981fc05fd2240b3334053209da99b3108a1c2b7c827720dc08db3d92070", kill_on_drop: false }`
[INFO] running `Command { std: "docker" "rm" "-f" "7c4b1981fc05fd2240b3334053209da99b3108a1c2b7c827720dc08db3d92070", kill_on_drop: false }`
[INFO] [stdout] 7c4b1981fc05fd2240b3334053209da99b3108a1c2b7c827720dc08db3d92070
[INFO] running `Command { std: "docker" "create" "-v" "/var/lib/crater-agent-workspace/builds/worker-7/target:/opt/rustwide/target:rw,Z" "-v" "/var/lib/crater-agent-workspace/builds/worker-7/source:/opt/rustwide/workdir:ro,Z" "-v" "/var/lib/crater-agent-workspace/cargo-home:/opt/rustwide/cargo-home:ro,Z" "-v" "/var/lib/crater-agent-workspace/rustup-home:/opt/rustwide/rustup-home:ro,Z" "-e" "SOURCE_DIR=/opt/rustwide/workdir" "-e" "CARGO_TARGET_DIR=/opt/rustwide/target" "-e" "CARGO_INCREMENTAL=0" "-e" "RUST_BACKTRACE=full" "-e" "RUSTFLAGS=--cap-lints=warn" "-e" "CARGO_HOME=/opt/rustwide/cargo-home" "-e" "RUSTUP_HOME=/opt/rustwide/rustup-home" "-w" "/opt/rustwide/workdir" "-m" "1610612736" "--user" "0:0" "--network" "none" "ghcr.io/rust-lang/crates-build-env/linux@sha256:34b6a614d2c27851fe6cbf88fbd1137609cefab8b10d0615aaeb6fd47975d74e" "/opt/rustwide/cargo-home/bin/cargo" "+beta-2021-08-01" "test" "--frozen" "--no-run" "--message-format=json", kill_on_drop: false }`
[INFO] [stdout] 222ea5d6253a068581632beb690e56a5ce15d630091fffcb2ad3cded0b07c124
[INFO] [stderr] WARNING: Your kernel does not support swap limit capabilities or the cgroup is not mounted. Memory limited without swap.
[INFO] running `Command { std: "docker" "start" "-a" "222ea5d6253a068581632beb690e56a5ce15d630091fffcb2ad3cded0b07c124", kill_on_drop: false }`
[INFO] [stdout] warning: use of deprecated macro `try`: use the `?` operator instead
[INFO] [stdout]   --> /opt/rustwide/target/debug/build/piske-3b86100ea76adb94/out/piske.rs:18:9
[INFO] [stdout]    |
[INFO] [stdout] 18 |         try!
[INFO] [stdout]    |         ^^^
[INFO] [stdout]    |
[INFO] [stdout]    = note: `#[warn(deprecated)]` on by default
[INFO] [stdout] 
[INFO] [stdout] 
[INFO] [stdout] warning: use of deprecated macro `try`: use the `?` operator instead
[INFO] [stdout]   --> /opt/rustwide/target/debug/build/piske-3b86100ea76adb94/out/piske.rs:20:39
[INFO] [stdout]    |
[INFO] [stdout] 20 |         if self.expected.len() == 0 { try! (write! (fmt, "EOF")) ; } else if
[INFO] [stdout]    |                                       ^^^
[INFO] [stdout] 
[INFO] [stdout] 
[INFO] [stdout] warning: use of deprecated macro `try`: use the `?` operator instead
[INFO] [stdout]   --> /opt/rustwide/target/debug/build/piske-3b86100ea76adb94/out/piske.rs:23:13
[INFO] [stdout]    |
[INFO] [stdout] 23 |             try!
[INFO] [stdout]    |             ^^^
[INFO] [stdout] 
[INFO] [stdout] 
[INFO] [stdout] warning: use of deprecated macro `try`: use the `?` operator instead
[INFO] [stdout]   --> /opt/rustwide/target/debug/build/piske-3b86100ea76adb94/out/piske.rs:29:51
[INFO] [stdout]    |
[INFO] [stdout] 29 |             let mut iter = self.expected.iter() ; try!
[INFO] [stdout]    |                                                   ^^^
[INFO] [stdout] 
[INFO] [stdout] 
[INFO] [stdout] warning: use of deprecated macro `try`: use the `?` operator instead
[INFO] [stdout]   --> /opt/rustwide/target/debug/build/piske-3b86100ea76adb94/out/piske.rs:33:15
[INFO] [stdout]    |
[INFO] [stdout] 33 |             { try! (write! (fmt, ", `{}`", escape_default(elem))) ; }
[INFO] [stdout]    |               ^^^
[INFO] [stdout] 
[INFO] [stdout] 
[INFO] [stdout] warning: `...` range patterns are deprecated
[INFO] [stdout]    --> /opt/rustwide/target/debug/build/piske-3b86100ea76adb94/out/piske.rs:276:358
[INFO] [stdout]     |
[INFO] [stdout] 276 | ...feff}' | '\u{1680}' | '\u{180e}' | '\u{2000}' ... '\u{200a}' | '\u{202f}' | '\u{205f}' | '\u{3000}' => Matched ( __next , ( ) ) , _ =>...
[INFO] [stdout]     |                                                  ^^^ help: use `..=` for an inclusive range
[INFO] [stdout]     |
[INFO] [stdout]     = note: `#[warn(ellipsis_inclusive_range_patterns)]` on by default
[INFO] [stdout]     = warning: this is accepted in the current edition (Rust 2015) but is a hard error in Rust 2021!
[INFO] [stdout]     = note: for more information, see issue #80165 <https://github.com/rust-lang/rust/issues/80165>
[INFO] [stdout] 
[INFO] [stdout] 
[INFO] [stdout] warning: anonymous parameters are deprecated and will be removed in the next edition.
[INFO] [stdout]   --> src/visitor/eval.rs:26:21
[INFO] [stdout]    |
[INFO] [stdout] 26 |     fn visit(&self, &mut State) -> Result;
[INFO] [stdout]    |                     ^^^^^^^^^^ help: try naming the parameter or explicitly ignoring it: `_: &mut State`
[INFO] [stdout]    |
[INFO] [stdout]    = note: `#[warn(anonymous_parameters)]` on by default
[INFO] [stdout]    = warning: this is accepted in the current edition (Rust 2015) but is a hard error in Rust 2018!
[INFO] [stdout]    = note: for more information, see issue #41686 <https://github.com/rust-lang/rust/issues/41686>
[INFO] [stdout] 
[INFO] [stdout] 
[INFO] [stdout] warning: anonymous parameters are deprecated and will be removed in the next edition.
[INFO] [stdout]   --> src/visitor/symbol.rs:20:21
[INFO] [stdout]    |
[INFO] [stdout] 20 |     fn visit(&self, &mut State) -> Result;
[INFO] [stdout]    |                     ^^^^^^^^^^ help: try naming the parameter or explicitly ignoring it: `_: &mut State`
[INFO] [stdout]    |
[INFO] [stdout]    = warning: this is accepted in the current edition (Rust 2015) but is a hard error in Rust 2018!
[INFO] [stdout]    = note: for more information, see issue #41686 <https://github.com/rust-lang/rust/issues/41686>
[INFO] [stdout] 
[INFO] [stdout] 
[INFO] [stdout] warning: anonymous parameters are deprecated and will be removed in the next edition.
[INFO] [stdout]   --> src/visitor/type_visitor.rs:28:21
[INFO] [stdout]    |
[INFO] [stdout] 28 |     fn visit(&self, &mut State) -> Result;
[INFO] [stdout]    |                     ^^^^^^^^^^ help: try naming the parameter or explicitly ignoring it: `_: &mut State`
[INFO] [stdout]    |
[INFO] [stdout]    = warning: this is accepted in the current edition (Rust 2015) but is a hard error in Rust 2018!
[INFO] [stdout]    = note: for more information, see issue #41686 <https://github.com/rust-lang/rust/issues/41686>
[INFO] [stdout] 
[INFO] [stdout] 
[INFO] [stdout] warning: anonymous parameters are deprecated and will be removed in the next edition.
[INFO] [stdout]   --> src/visitor/transpile.rs:22:21
[INFO] [stdout]    |
[INFO] [stdout] 22 |     fn visit(&self, &mut State) -> Result;
[INFO] [stdout]    |                     ^^^^^^^^^^ help: try naming the parameter or explicitly ignoring it: `_: &mut State`
[INFO] [stdout]    |
[INFO] [stdout]    = warning: this is accepted in the current edition (Rust 2015) but is a hard error in Rust 2018!
[INFO] [stdout]    = note: for more information, see issue #41686 <https://github.com/rust-lang/rust/issues/41686>
[INFO] [stdout] 
[INFO] [stdout] 
[INFO] [stdout] warning: trait objects without an explicit `dyn` are deprecated
[INFO] [stdout]   --> src/visitor/state.rs:75:16
[INFO] [stdout]    |
[INFO] [stdout] 75 |     stdin: Box<Read>,
[INFO] [stdout]    |                ^^^^ help: use `dyn`: `dyn Read`
[INFO] [stdout]    |
[INFO] [stdout]    = note: `#[warn(bare_trait_objects)]` on by default
[INFO] [stdout]    = warning: this is accepted in the current edition (Rust 2015) but is a hard error in Rust 2021!
[INFO] [stdout]    = note: for more information, see issue #80165 <https://github.com/rust-lang/rust/issues/80165>
[INFO] [stdout] 
[INFO] [stdout] 
[INFO] [stdout] warning: trait objects without an explicit `dyn` are deprecated
[INFO] [stdout]   --> src/visitor/state.rs:77:17
[INFO] [stdout]    |
[INFO] [stdout] 77 |     stdout: Box<Write>,
[INFO] [stdout]    |                 ^^^^^ help: use `dyn`: `dyn Write`
[INFO] [stdout]    |
[INFO] [stdout]    = warning: this is accepted in the current edition (Rust 2015) but is a hard error in Rust 2021!
[INFO] [stdout]    = note: for more information, see issue #80165 <https://github.com/rust-lang/rust/issues/80165>
[INFO] [stdout] 
[INFO] [stdout] 
[INFO] [stdout] warning: trait objects without an explicit `dyn` are deprecated
[INFO] [stdout]   --> src/visitor/state.rs:79:17
[INFO] [stdout]    |
[INFO] [stdout] 79 |     stderr: Box<Write>,
[INFO] [stdout]    |                 ^^^^^ help: use `dyn`: `dyn Write`
[INFO] [stdout]    |
[INFO] [stdout]    = warning: this is accepted in the current edition (Rust 2015) but is a hard error in Rust 2021!
[INFO] [stdout]    = note: for more information, see issue #80165 <https://github.com/rust-lang/rust/issues/80165>
[INFO] [stdout] 
[INFO] [stdout] 
[INFO] [stdout] warning: trait objects without an explicit `dyn` are deprecated
[INFO] [stdout]    --> src/visitor/state.rs:105:37
[INFO] [stdout]     |
[INFO] [stdout] 105 |     pub fn stdin(&mut self) -> &mut Read { self.stdin.as_mut() }
[INFO] [stdout]     |                                     ^^^^ help: use `dyn`: `dyn Read`
[INFO] [stdout]     |
[INFO] [stdout]     = warning: this is accepted in the current edition (Rust 2015) but is a hard error in Rust 2021!
[INFO] [stdout]     = note: for more information, see issue #80165 <https://github.com/rust-lang/rust/issues/80165>
[INFO] [stdout] 
[INFO] [stdout] 
[INFO] [stdout] warning: trait objects without an explicit `dyn` are deprecated
[INFO] [stdout]    --> src/visitor/state.rs:107:38
[INFO] [stdout]     |
[INFO] [stdout] 107 |     pub fn stdout(&mut self) -> &mut Write { self.stdout.as_mut() }
[INFO] [stdout]     |                                      ^^^^^ help: use `dyn`: `dyn Write`
[INFO] [stdout]     |
[INFO] [stdout]     = warning: this is accepted in the current edition (Rust 2015) but is a hard error in Rust 2021!
[INFO] [stdout]     = note: for more information, see issue #80165 <https://github.com/rust-lang/rust/issues/80165>
[INFO] [stdout] 
[INFO] [stdout] 
[INFO] [stdout] warning: trait objects without an explicit `dyn` are deprecated
[INFO] [stdout]    --> src/visitor/state.rs:109:38
[INFO] [stdout]     |
[INFO] [stdout] 109 |     pub fn stderr(&mut self) -> &mut Write { self.stderr.as_mut() }
[INFO] [stdout]     |                                      ^^^^^ help: use `dyn`: `dyn Write`
[INFO] [stdout]     |
[INFO] [stdout]     = warning: this is accepted in the current edition (Rust 2015) but is a hard error in Rust 2021!
[INFO] [stdout]     = note: for more information, see issue #80165 <https://github.com/rust-lang/rust/issues/80165>
[INFO] [stdout] 
[INFO] [stdout] 
[INFO] [stdout] warning: use of deprecated constant `std::sync::ONCE_INIT`: the `new` function is now preferred
[INFO] [stdout]   --> src/ast/inference.rs:8:1
[INFO] [stdout]    |
[INFO] [stdout] 8  | / lazy_static! {
[INFO] [stdout] 9  | |     /// Result type definition for all arithmetic infix operations. `Some(...)` indicates that the
[INFO] [stdout] 10 | |     /// operation is possible and has the given result type, `None` indicates that the operation
[INFO] [stdout] 11 | |     /// is invalid on the supplied types.
[INFO] [stdout] ...  |
[INFO] [stdout] 27 | |     ];
[INFO] [stdout] 28 | | }
[INFO] [stdout]    | |_^
[INFO] [stdout]    |
[INFO] [stdout]    = note: this warning originates in the macro `__lazy_static_create` (in Nightly builds, run with -Z macro-backtrace for more info)
[INFO] [stdout] 
[INFO] [stdout] 
[INFO] [stdout] warning: use of deprecated constant `std::sync::ONCE_INIT`: the `new` function is now preferred
[INFO] [stdout]   --> src/ast/inference.rs:30:1
[INFO] [stdout]    |
[INFO] [stdout] 30 | / lazy_static! {
[INFO] [stdout] 31 | |     /// Table of comparable (via comparison operators; e.g. <, <=, >, >=) types. 'Some(...)'
[INFO] [stdout] 32 | |     /// indicates the types are comparable but both sides need to be the specified type. 'None'
[INFO] [stdout] 33 | |     /// indicates they are not comparable.
[INFO] [stdout] ...  |
[INFO] [stdout] 49 | |     ];
[INFO] [stdout] 50 | | }
[INFO] [stdout]    | |_^
[INFO] [stdout]    |
[INFO] [stdout]    = note: this warning originates in the macro `__lazy_static_create` (in Nightly builds, run with -Z macro-backtrace for more info)
[INFO] [stdout] 
[INFO] [stdout] 
[INFO] [stdout] warning: missing documentation for macro
[INFO] [stdout]  --> src/visitor/interp/macros.rs:7:1
[INFO] [stdout]   |
[INFO] [stdout] 7 | macro_rules! add_interpreter_func {
[INFO] [stdout]   | ^^^^^^^^^^^^^^^^^^^^^^^^^^^^^^^^^
[INFO] [stdout]   |
[INFO] [stdout] note: the lint level is defined here
[INFO] [stdout]  --> src/lib.rs:3:9
[INFO] [stdout]   |
[INFO] [stdout] 3 | #![warn(missing_docs)]
[INFO] [stdout]   |         ^^^^^^^^^^^^
[INFO] [stdout] 
[INFO] [stdout] 
[INFO] [stdout] warning: missing documentation for macro
[INFO] [stdout]   --> src/visitor/interp/macros.rs:32:1
[INFO] [stdout]    |
[INFO] [stdout] 32 | macro_rules! add_func {
[INFO] [stdout]    | ^^^^^^^^^^^^^^^^^^^^^
[INFO] [stdout] 
[INFO] [stdout] 
[INFO] [stderr]    Compiling piske v0.1.2 (/opt/rustwide/workdir)
[INFO] [stdout] warning: 20 warnings emitted
[INFO] [stdout] 
[INFO] [stdout] 
[INFO] [stdout] warning: use of deprecated macro `try`: use the `?` operator instead
[INFO] [stdout]   --> /opt/rustwide/target/debug/build/piske-3b86100ea76adb94/out/piske.rs:18:9
[INFO] [stdout]    |
[INFO] [stdout] 18 |         try!
[INFO] [stdout]    |         ^^^
[INFO] [stdout]    |
[INFO] [stdout]    = note: `#[warn(deprecated)]` on by default
[INFO] [stdout] 
[INFO] [stdout] 
[INFO] [stdout] warning: use of deprecated macro `try`: use the `?` operator instead
[INFO] [stdout]   --> /opt/rustwide/target/debug/build/piske-3b86100ea76adb94/out/piske.rs:20:39
[INFO] [stdout]    |
[INFO] [stdout] 20 |         if self.expected.len() == 0 { try! (write! (fmt, "EOF")) ; } else if
[INFO] [stdout]    |                                       ^^^
[INFO] [stdout] 
[INFO] [stdout] 
[INFO] [stdout] warning: use of deprecated macro `try`: use the `?` operator instead
[INFO] [stdout]   --> /opt/rustwide/target/debug/build/piske-3b86100ea76adb94/out/piske.rs:23:13
[INFO] [stdout]    |
[INFO] [stdout] 23 |             try!
[INFO] [stdout]    |             ^^^
[INFO] [stdout] 
[INFO] [stdout] 
[INFO] [stdout] warning: use of deprecated macro `try`: use the `?` operator instead
[INFO] [stdout]   --> /opt/rustwide/target/debug/build/piske-3b86100ea76adb94/out/piske.rs:29:51
[INFO] [stdout]    |
[INFO] [stdout] 29 |             let mut iter = self.expected.iter() ; try!
[INFO] [stdout]    |                                                   ^^^
[INFO] [stdout] 
[INFO] [stdout] 
[INFO] [stdout] warning: use of deprecated macro `try`: use the `?` operator instead
[INFO] [stdout]   --> /opt/rustwide/target/debug/build/piske-3b86100ea76adb94/out/piske.rs:33:15
[INFO] [stdout]    |
[INFO] [stdout] 33 |             { try! (write! (fmt, ", `{}`", escape_default(elem))) ; }
[INFO] [stdout]    |               ^^^
[INFO] [stdout] 
[INFO] [stdout] 
[INFO] [stdout] warning: `...` range patterns are deprecated
[INFO] [stdout]    --> /opt/rustwide/target/debug/build/piske-3b86100ea76adb94/out/piske.rs:276:358
[INFO] [stdout]     |
[INFO] [stdout] 276 | ...feff}' | '\u{1680}' | '\u{180e}' | '\u{2000}' ... '\u{200a}' | '\u{202f}' | '\u{205f}' | '\u{3000}' => Matched ( __next , ( ) ) , _ =>...
[INFO] [stdout]     |                                                  ^^^ help: use `..=` for an inclusive range
[INFO] [stdout]     |
[INFO] [stdout]     = note: `#[warn(ellipsis_inclusive_range_patterns)]` on by default
[INFO] [stdout]     = warning: this is accepted in the current edition (Rust 2015) but is a hard error in Rust 2021!
[INFO] [stdout]     = note: for more information, see issue #80165 <https://github.com/rust-lang/rust/issues/80165>
[INFO] [stdout] 
[INFO] [stdout] 
[INFO] [stdout] warning: anonymous parameters are deprecated and will be removed in the next edition.
[INFO] [stdout]   --> src/visitor/eval.rs:26:21
[INFO] [stdout]    |
[INFO] [stdout] 26 |     fn visit(&self, &mut State) -> Result;
[INFO] [stdout]    |                     ^^^^^^^^^^ help: try naming the parameter or explicitly ignoring it: `_: &mut State`
[INFO] [stdout]    |
[INFO] [stdout]    = note: `#[warn(anonymous_parameters)]` on by default
[INFO] [stdout]    = warning: this is accepted in the current edition (Rust 2015) but is a hard error in Rust 2018!
[INFO] [stdout]    = note: for more information, see issue #41686 <https://github.com/rust-lang/rust/issues/41686>
[INFO] [stdout] 
[INFO] [stdout] 
[INFO] [stdout] warning: anonymous parameters are deprecated and will be removed in the next edition.
[INFO] [stdout]   --> src/visitor/symbol.rs:20:21
[INFO] [stdout]    |
[INFO] [stdout] 20 |     fn visit(&self, &mut State) -> Result;
[INFO] [stdout]    |                     ^^^^^^^^^^ help: try naming the parameter or explicitly ignoring it: `_: &mut State`
[INFO] [stdout]    |
[INFO] [stdout]    = warning: this is accepted in the current edition (Rust 2015) but is a hard error in Rust 2018!
[INFO] [stdout]    = note: for more information, see issue #41686 <https://github.com/rust-lang/rust/issues/41686>
[INFO] [stdout] 
[INFO] [stdout] 
[INFO] [stdout] warning: anonymous parameters are deprecated and will be removed in the next edition.
[INFO] [stdout]   --> src/visitor/type_visitor.rs:28:21
[INFO] [stdout]    |
[INFO] [stdout] 28 |     fn visit(&self, &mut State) -> Result;
[INFO] [stdout]    |                     ^^^^^^^^^^ help: try naming the parameter or explicitly ignoring it: `_: &mut State`
[INFO] [stdout]    |
[INFO] [stdout]    = warning: this is accepted in the current edition (Rust 2015) but is a hard error in Rust 2018!
[INFO] [stdout]    = note: for more information, see issue #41686 <https://github.com/rust-lang/rust/issues/41686>
[INFO] [stdout] 
[INFO] [stdout] 
[INFO] [stdout] warning: anonymous parameters are deprecated and will be removed in the next edition.
[INFO] [stdout]   --> src/visitor/transpile.rs:22:21
[INFO] [stdout]    |
[INFO] [stdout] 22 |     fn visit(&self, &mut State) -> Result;
[INFO] [stdout]    |                     ^^^^^^^^^^ help: try naming the parameter or explicitly ignoring it: `_: &mut State`
[INFO] [stdout]    |
[INFO] [stdout]    = warning: this is accepted in the current edition (Rust 2015) but is a hard error in Rust 2018!
[INFO] [stdout]    = note: for more information, see issue #41686 <https://github.com/rust-lang/rust/issues/41686>
[INFO] [stdout] 
[INFO] [stdout] 
[INFO] [stdout] warning: trait objects without an explicit `dyn` are deprecated
[INFO] [stdout]   --> src/visitor/state.rs:75:16
[INFO] [stdout]    |
[INFO] [stdout] 75 |     stdin: Box<Read>,
[INFO] [stdout]    |                ^^^^ help: use `dyn`: `dyn Read`
[INFO] [stdout]    |
[INFO] [stdout]    = note: `#[warn(bare_trait_objects)]` on by default
[INFO] [stdout]    = warning: this is accepted in the current edition (Rust 2015) but is a hard error in Rust 2021!
[INFO] [stdout]    = note: for more information, see issue #80165 <https://github.com/rust-lang/rust/issues/80165>
[INFO] [stdout] 
[INFO] [stdout] 
[INFO] [stdout] warning: trait objects without an explicit `dyn` are deprecated
[INFO] [stdout]   --> src/visitor/state.rs:77:17
[INFO] [stdout]    |
[INFO] [stdout] 77 |     stdout: Box<Write>,
[INFO] [stdout]    |                 ^^^^^ help: use `dyn`: `dyn Write`
[INFO] [stdout]    |
[INFO] [stdout]    = warning: this is accepted in the current edition (Rust 2015) but is a hard error in Rust 2021!
[INFO] [stdout]    = note: for more information, see issue #80165 <https://github.com/rust-lang/rust/issues/80165>
[INFO] [stdout] 
[INFO] [stdout] 
[INFO] [stdout] warning: trait objects without an explicit `dyn` are deprecated
[INFO] [stdout]   --> src/visitor/state.rs:79:17
[INFO] [stdout]    |
[INFO] [stdout] 79 |     stderr: Box<Write>,
[INFO] [stdout]    |                 ^^^^^ help: use `dyn`: `dyn Write`
[INFO] [stdout]    |
[INFO] [stdout]    = warning: this is accepted in the current edition (Rust 2015) but is a hard error in Rust 2021!
[INFO] [stdout]    = note: for more information, see issue #80165 <https://github.com/rust-lang/rust/issues/80165>
[INFO] [stdout] 
[INFO] [stdout] 
[INFO] [stdout] warning: trait objects without an explicit `dyn` are deprecated
[INFO] [stdout]    --> src/visitor/state.rs:105:37
[INFO] [stdout]     |
[INFO] [stdout] 105 |     pub fn stdin(&mut self) -> &mut Read { self.stdin.as_mut() }
[INFO] [stdout]     |                                     ^^^^ help: use `dyn`: `dyn Read`
[INFO] [stdout]     |
[INFO] [stdout]     = warning: this is accepted in the current edition (Rust 2015) but is a hard error in Rust 2021!
[INFO] [stdout]     = note: for more information, see issue #80165 <https://github.com/rust-lang/rust/issues/80165>
[INFO] [stdout] 
[INFO] [stdout] 
[INFO] [stdout] warning: trait objects without an explicit `dyn` are deprecated
[INFO] [stdout]    --> src/visitor/state.rs:107:38
[INFO] [stdout]     |
[INFO] [stdout] 107 |     pub fn stdout(&mut self) -> &mut Write { self.stdout.as_mut() }
[INFO] [stdout]     |                                      ^^^^^ help: use `dyn`: `dyn Write`
[INFO] [stdout]     |
[INFO] [stdout]     = warning: this is accepted in the current edition (Rust 2015) but is a hard error in Rust 2021!
[INFO] [stdout]     = note: for more information, see issue #80165 <https://github.com/rust-lang/rust/issues/80165>
[INFO] [stdout] 
[INFO] [stdout] 
[INFO] [stdout] warning: trait objects without an explicit `dyn` are deprecated
[INFO] [stdout]    --> src/visitor/state.rs:109:38
[INFO] [stdout]     |
[INFO] [stdout] 109 |     pub fn stderr(&mut self) -> &mut Write { self.stderr.as_mut() }
[INFO] [stdout]     |                                      ^^^^^ help: use `dyn`: `dyn Write`
[INFO] [stdout]     |
[INFO] [stdout]     = warning: this is accepted in the current edition (Rust 2015) but is a hard error in Rust 2021!
[INFO] [stdout]     = note: for more information, see issue #80165 <https://github.com/rust-lang/rust/issues/80165>
[INFO] [stdout] 
[INFO] [stdout] 
[INFO] [stdout] warning: use of deprecated constant `std::sync::ONCE_INIT`: the `new` function is now preferred
[INFO] [stdout]   --> src/ast/inference.rs:8:1
[INFO] [stdout]    |
[INFO] [stdout] 8  | / lazy_static! {
[INFO] [stdout] 9  | |     /// Result type definition for all arithmetic infix operations. `Some(...)` indicates that the
[INFO] [stdout] 10 | |     /// operation is possible and has the given result type, `None` indicates that the operation
[INFO] [stdout] 11 | |     /// is invalid on the supplied types.
[INFO] [stdout] ...  |
[INFO] [stdout] 27 | |     ];
[INFO] [stdout] 28 | | }
[INFO] [stdout]    | |_^
[INFO] [stdout]    |
[INFO] [stdout]    = note: this warning originates in the macro `__lazy_static_create` (in Nightly builds, run with -Z macro-backtrace for more info)
[INFO] [stdout] 
[INFO] [stdout] 
[INFO] [stdout] warning: use of deprecated constant `std::sync::ONCE_INIT`: the `new` function is now preferred
[INFO] [stdout]   --> src/ast/inference.rs:30:1
[INFO] [stdout]    |
[INFO] [stdout] 30 | / lazy_static! {
[INFO] [stdout] 31 | |     /// Table of comparable (via comparison operators; e.g. <, <=, >, >=) types. 'Some(...)'
[INFO] [stdout] 32 | |     /// indicates the types are comparable but both sides need to be the specified type. 'None'
[INFO] [stdout] 33 | |     /// indicates they are not comparable.
[INFO] [stdout] ...  |
[INFO] [stdout] 49 | |     ];
[INFO] [stdout] 50 | | }
[INFO] [stdout]    | |_^
[INFO] [stdout]    |
[INFO] [stdout]    = note: this warning originates in the macro `__lazy_static_create` (in Nightly builds, run with -Z macro-backtrace for more info)
[INFO] [stdout] 
[INFO] [stdout] 
[INFO] [stderr] error: could not compile `piske`
[INFO] [stderr] 
[INFO] [stderr] Caused by:
[INFO] [stderr]   process didn't exit successfully: `rustc --crate-name statement tests/statement.rs --error-format=json --json=diagnostic-rendered-ansi --emit=dep-info,link -C embed-bitcode=no -C debuginfo=2 --test -C metadata=674563589c4b9146 -C extra-filename=-674563589c4b9146 --out-dir /opt/rustwide/target/debug/deps -L dependency=/opt/rustwide/target/debug/deps --extern clap=/opt/rustwide/target/debug/deps/libclap-6516a2f521f18701.rlib --extern lazy_static=/opt/rustwide/target/debug/deps/liblazy_static-941278a3890dcd94.rlib --extern piske=/opt/rustwide/target/debug/deps/libpiske-21037209a90f1856.rlib --extern psk_std=/opt/rustwide/target/debug/deps/libpsk_std-5417e0d974d8c073.rlib --extern quote=/opt/rustwide/target/debug/deps/libquote-2d99b58eb155ce19.rlib --extern regex=/opt/rustwide/target/debug/deps/libregex-31bb272e7528fb17.rlib --extern rustyline=/opt/rustwide/target/debug/deps/librustyline-0dac3ba0cbafe5e1.rlib --extern sindra=/opt/rustwide/target/debug/deps/libsindra-8e830574a57f32b6.rlib --extern tempfile=/opt/rustwide/target/debug/deps/libtempfile-6efb97254755ce38.rlib --cap-lints=warn` (signal: 9, SIGKILL: kill)
[INFO] [stderr] warning: build failed, waiting for other jobs to finish...
[INFO] [stdout] error: linking with `cc` failed: exit status: 1
[INFO] [stdout]   |
[INFO] [stdout]   = note: "cc" "-m64" "/opt/rustwide/target/debug/deps/complex-db85dd15026583c5.complex.b2d5daac-cgu.0.rcgu.o" "/opt/rustwide/target/debug/deps/complex-db85dd15026583c5.complex.b2d5daac-cgu.1.rcgu.o" "/opt/rustwide/target/debug/deps/complex-db85dd15026583c5.complex.b2d5daac-cgu.10.rcgu.o" "/opt/rustwide/target/debug/deps/complex-db85dd15026583c5.complex.b2d5daac-cgu.11.rcgu.o" "/opt/rustwide/target/debug/deps/complex-db85dd15026583c5.complex.b2d5daac-cgu.12.rcgu.o" "/opt/rustwide/target/debug/deps/complex-db85dd15026583c5.complex.b2d5daac-cgu.13.rcgu.o" "/opt/rustwide/target/debug/deps/complex-db85dd15026583c5.complex.b2d5daac-cgu.14.rcgu.o" "/opt/rustwide/target/debug/deps/complex-db85dd15026583c5.complex.b2d5daac-cgu.15.rcgu.o" "/opt/rustwide/target/debug/deps/complex-db85dd15026583c5.complex.b2d5daac-cgu.2.rcgu.o" "/opt/rustwide/target/debug/deps/complex-db85dd15026583c5.complex.b2d5daac-cgu.3.rcgu.o" "/opt/rustwide/target/debug/deps/complex-db85dd15026583c5.complex.b2d5daac-cgu.4.rcgu.o" "/opt/rustwide/target/debug/deps/complex-db85dd15026583c5.complex.b2d5daac-cgu.5.rcgu.o" "/opt/rustwide/target/debug/deps/complex-db85dd15026583c5.complex.b2d5daac-cgu.6.rcgu.o" "/opt/rustwide/target/debug/deps/complex-db85dd15026583c5.complex.b2d5daac-cgu.7.rcgu.o" "/opt/rustwide/target/debug/deps/complex-db85dd15026583c5.complex.b2d5daac-cgu.8.rcgu.o" "/opt/rustwide/target/debug/deps/complex-db85dd15026583c5.complex.b2d5daac-cgu.9.rcgu.o" "/opt/rustwide/target/debug/deps/complex-db85dd15026583c5.51g4crrjudqtegm3.rcgu.o" "-Wl,--as-needed" "-L" "/opt/rustwide/target/debug/deps" "-L" "/opt/rustwide/rustup-home/toolchains/beta-2021-08-01-x86_64-unknown-linux-gnu/lib/rustlib/x86_64-unknown-linux-gnu/lib" "-Wl,-Bstatic" "/opt/rustwide/rustup-home/toolchains/beta-2021-08-01-x86_64-unknown-linux-gnu/lib/rustlib/x86_64-unknown-linux-gnu/lib/libtest-6e9019ff2cdb2237.rlib" "/opt/rustwide/rustup-home/toolchains/beta-2021-08-01-x86_64-unknown-linux-gnu/lib/rustlib/x86_64-unknown-linux-gnu/lib/libgetopts-e9cc0b5f091b140c.rlib" "/opt/rustwide/rustup-home/toolchains/beta-2021-08-01-x86_64-unknown-linux-gnu/lib/rustlib/x86_64-unknown-linux-gnu/lib/libunicode_width-762dfa4479f14aad.rlib" "/opt/rustwide/rustup-home/toolchains/beta-2021-08-01-x86_64-unknown-linux-gnu/lib/rustlib/x86_64-unknown-linux-gnu/lib/librustc_std_workspace_std-2a5ac1cc0b21909c.rlib" "/opt/rustwide/target/debug/deps/libpiske-21037209a90f1856.rlib" "/opt/rustwide/target/debug/deps/libpsk_std-5417e0d974d8c073.rlib" "/opt/rustwide/target/debug/deps/libimage-380b468301fdbfcf.rlib" "/opt/rustwide/target/debug/deps/libscoped_threadpool-4c8c7e21127df339.rlib" "/opt/rustwide/target/debug/deps/libgif-0f04c9497341b08f.rlib" "/opt/rustwide/target/debug/deps/libcolor_quant-22c6d0fe4a52d605.rlib" "/opt/rustwide/target/debug/deps/liblzw-4b73e385916b389d.rlib" "/opt/rustwide/target/debug/deps/libjpeg_decoder-caebf03d6520357e.rlib" "/opt/rustwide/target/debug/deps/librayon-6e60e86c1ae888e0.rlib" "/opt/rustwide/target/debug/deps/librayon_core-b511b8173b20f493.rlib" "/opt/rustwide/target/debug/deps/libnum_cpus-c71919f527130ee7.rlib" "/opt/rustwide/target/debug/deps/liblibc-bd0a7f2f55865ae0.rlib" "/opt/rustwide/target/debug/deps/libcrossbeam_deque-f2b23af11cc4f04c.rlib" "/opt/rustwide/target/debug/deps/libcrossbeam_epoch-360f83b335670031.rlib" "/opt/rustwide/target/debug/deps/libmemoffset-3e61ca8e83be7f2b.rlib" "/opt/rustwide/target/debug/deps/libscopeguard-77ffbe2fe379a2bf.rlib" "/opt/rustwide/target/debug/deps/libcrossbeam_channel-91f991540701651d.rlib" "/opt/rustwide/target/debug/deps/libcrossbeam_utils-3e099b1fb8f128e1.rlib" "/opt/rustwide/target/debug/deps/libcfg_if-0d27f345b2a6a3cd.rlib" "/opt/rustwide/target/debug/deps/libeither-867d2789c96c5e02.rlib" "/opt/rustwide/target/debug/deps/libpng-a2e8d0f2ff0c592a.rlib" "/opt/rustwide/target/debug/deps/libdeflate-479e6a4be8fc42a4.rlib" "/opt/rustwide/target/debug/deps/libinflate-79542158e1f82d1b.rlib" "/opt/rustwide/target/debug/deps/libadler32-ae9ad600a9b2e446.rlib" "/opt/rustwide/target/debug/deps/libbitflags-e09638bf9aca31b4.rlib" "/opt/rustwide/target/debug/deps/libenum_primitive-1b135a0dfe3b4271.rlib" "/opt/rustwide/target/debug/deps/libnum_traits-8128d727dae67411.rlib" "/opt/rustwide/target/debug/deps/libnum_rational-017b3bf387c102f5.rlib" "/opt/rustwide/target/debug/deps/libnum_iter-195abd032ba69285.rlib" "/opt/rustwide/target/debug/deps/libnum_integer-37e7000f4dd62d35.rlib" "/opt/rustwide/target/debug/deps/libnum_traits-d0a58c91d8ef5575.rlib" "/opt/rustwide/target/debug/deps/libbyteorder-f30fa083324a1476.rlib" "/opt/rustwide/target/debug/deps/libsindra-8e830574a57f32b6.rlib" "/opt/rustwide/target/debug/deps/libregex-31bb272e7528fb17.rlib" "/opt/rustwide/target/debug/deps/libutf8_ranges-529094c12f4c6718.rlib" "/opt/rustwide/target/debug/deps/libregex_syntax-da6dc9877a61e022.rlib" "/opt/rustwide/target/debug/deps/libucd_util-d66b5e68c34691a2.rlib" "/opt/rustwide/target/debug/deps/libthread_local-b4ea3733d5b8609e.rlib" "/opt/rustwide/target/debug/deps/liblazy_static-e92083d5a39a8b50.rlib" "/opt/rustwide/target/debug/deps/libaho_corasick-8fc055f0648ce257.rlib" "/opt/rustwide/target/debug/deps/libmemchr-fdb14ed691dc70dd.rlib" "/opt/rustwide/target/debug/deps/libquote-2d99b58eb155ce19.rlib" "/opt/rustwide/target/debug/deps/liblazy_static-941278a3890dcd94.rlib" "-Wl,--start-group" "/opt/rustwide/rustup-home/toolchains/beta-2021-08-01-x86_64-unknown-linux-gnu/lib/rustlib/x86_64-unknown-linux-gnu/lib/libstd-197d933f09d9a590.rlib" "/opt/rustwide/rustup-home/toolchains/beta-2021-08-01-x86_64-unknown-linux-gnu/lib/rustlib/x86_64-unknown-linux-gnu/lib/libpanic_unwind-46a006cddfd334f0.rlib" "/opt/rustwide/rustup-home/toolchains/beta-2021-08-01-x86_64-unknown-linux-gnu/lib/rustlib/x86_64-unknown-linux-gnu/lib/libminiz_oxide-5b9870310e470b38.rlib" "/opt/rustwide/rustup-home/toolchains/beta-2021-08-01-x86_64-unknown-linux-gnu/lib/rustlib/x86_64-unknown-linux-gnu/lib/libadler-260022ba8f1ab4ee.rlib" "/opt/rustwide/rustup-home/toolchains/beta-2021-08-01-x86_64-unknown-linux-gnu/lib/rustlib/x86_64-unknown-linux-gnu/lib/libobject-71377435a799394f.rlib" "/opt/rustwide/rustup-home/toolchains/beta-2021-08-01-x86_64-unknown-linux-gnu/lib/rustlib/x86_64-unknown-linux-gnu/lib/libaddr2line-658ee5924fde57cd.rlib" "/opt/rustwide/rustup-home/toolchains/beta-2021-08-01-x86_64-unknown-linux-gnu/lib/rustlib/x86_64-unknown-linux-gnu/lib/libgimli-9e8627da6bd1b94a.rlib" "/opt/rustwide/rustup-home/toolchains/beta-2021-08-01-x86_64-unknown-linux-gnu/lib/rustlib/x86_64-unknown-linux-gnu/lib/libstd_detect-19fdaac49f59be84.rlib" "/opt/rustwide/rustup-home/toolchains/beta-2021-08-01-x86_64-unknown-linux-gnu/lib/rustlib/x86_64-unknown-linux-gnu/lib/librustc_demangle-cb00e2691ea45905.rlib" "/opt/rustwide/rustup-home/toolchains/beta-2021-08-01-x86_64-unknown-linux-gnu/lib/rustlib/x86_64-unknown-linux-gnu/lib/libhashbrown-50f6726defae5ae1.rlib" "/opt/rustwide/rustup-home/toolchains/beta-2021-08-01-x86_64-unknown-linux-gnu/lib/rustlib/x86_64-unknown-linux-gnu/lib/librustc_std_workspace_alloc-2afc16311deea26e.rlib" "/opt/rustwide/rustup-home/toolchains/beta-2021-08-01-x86_64-unknown-linux-gnu/lib/rustlib/x86_64-unknown-linux-gnu/lib/libunwind-bb5cb0fe086ee8cf.rlib" "/opt/rustwide/rustup-home/toolchains/beta-2021-08-01-x86_64-unknown-linux-gnu/lib/rustlib/x86_64-unknown-linux-gnu/lib/libcfg_if-896053247b5dfd0b.rlib" "/opt/rustwide/rustup-home/toolchains/beta-2021-08-01-x86_64-unknown-linux-gnu/lib/rustlib/x86_64-unknown-linux-gnu/lib/liblibc-735e1f2ac3cf23be.rlib" "/opt/rustwide/rustup-home/toolchains/beta-2021-08-01-x86_64-unknown-linux-gnu/lib/rustlib/x86_64-unknown-linux-gnu/lib/liballoc-9dfb6622644c732c.rlib" "/opt/rustwide/rustup-home/toolchains/beta-2021-08-01-x86_64-unknown-linux-gnu/lib/rustlib/x86_64-unknown-linux-gnu/lib/librustc_std_workspace_core-beea7d9617fe25c5.rlib" "/opt/rustwide/rustup-home/toolchains/beta-2021-08-01-x86_64-unknown-linux-gnu/lib/rustlib/x86_64-unknown-linux-gnu/lib/libcore-8ef7dd43fc671f88.rlib" "-Wl,--end-group" "/opt/rustwide/rustup-home/toolchains/beta-2021-08-01-x86_64-unknown-linux-gnu/lib/rustlib/x86_64-unknown-linux-gnu/lib/libcompiler_builtins-a9a3b2ad67977f47.rlib" "-Wl,-Bdynamic" "-lgcc_s" "-lutil" "-lrt" "-lpthread" "-lm" "-ldl" "-lc" "-Wl,--eh-frame-hdr" "-Wl,-znoexecstack" "-L" "/opt/rustwide/rustup-home/toolchains/beta-2021-08-01-x86_64-unknown-linux-gnu/lib/rustlib/x86_64-unknown-linux-gnu/lib" "-o" "/opt/rustwide/target/debug/deps/complex-db85dd15026583c5" "-Wl,--gc-sections" "-pie" "-Wl,-zrelro" "-Wl,-znow" "-nodefaultlibs"
[INFO] [stdout]   = note: collect2: fatal error: ld terminated with signal 9 [Killed]
[INFO] [stdout]           compilation terminated.
[INFO] [stdout]           
[INFO] [stdout] 
[INFO] [stdout] 
[INFO] [stdout] error: aborting due to previous error
[INFO] [stdout] 
[INFO] [stdout] 
[INFO] [stdout] error: linking with `cc` failed: exit status: 1
[INFO] [stdout]   |
[INFO] [stdout]   = note: "cc" "-m64" "/opt/rustwide/target/debug/deps/symbol_define-f37f90c4eff7ce85.symbol_define.7a8dcb85-cgu.0.rcgu.o" "/opt/rustwide/target/debug/deps/symbol_define-f37f90c4eff7ce85.symbol_define.7a8dcb85-cgu.1.rcgu.o" "/opt/rustwide/target/debug/deps/symbol_define-f37f90c4eff7ce85.symbol_define.7a8dcb85-cgu.10.rcgu.o" "/opt/rustwide/target/debug/deps/symbol_define-f37f90c4eff7ce85.symbol_define.7a8dcb85-cgu.11.rcgu.o" "/opt/rustwide/target/debug/deps/symbol_define-f37f90c4eff7ce85.symbol_define.7a8dcb85-cgu.12.rcgu.o" "/opt/rustwide/target/debug/deps/symbol_define-f37f90c4eff7ce85.symbol_define.7a8dcb85-cgu.13.rcgu.o" "/opt/rustwide/target/debug/deps/symbol_define-f37f90c4eff7ce85.symbol_define.7a8dcb85-cgu.14.rcgu.o" "/opt/rustwide/target/debug/deps/symbol_define-f37f90c4eff7ce85.symbol_define.7a8dcb85-cgu.15.rcgu.o" "/opt/rustwide/target/debug/deps/symbol_define-f37f90c4eff7ce85.symbol_define.7a8dcb85-cgu.2.rcgu.o" "/opt/rustwide/target/debug/deps/symbol_define-f37f90c4eff7ce85.symbol_define.7a8dcb85-cgu.3.rcgu.o" "/opt/rustwide/target/debug/deps/symbol_define-f37f90c4eff7ce85.symbol_define.7a8dcb85-cgu.4.rcgu.o" "/opt/rustwide/target/debug/deps/symbol_define-f37f90c4eff7ce85.symbol_define.7a8dcb85-cgu.5.rcgu.o" "/opt/rustwide/target/debug/deps/symbol_define-f37f90c4eff7ce85.symbol_define.7a8dcb85-cgu.6.rcgu.o" "/opt/rustwide/target/debug/deps/symbol_define-f37f90c4eff7ce85.symbol_define.7a8dcb85-cgu.7.rcgu.o" "/opt/rustwide/target/debug/deps/symbol_define-f37f90c4eff7ce85.symbol_define.7a8dcb85-cgu.8.rcgu.o" "/opt/rustwide/target/debug/deps/symbol_define-f37f90c4eff7ce85.symbol_define.7a8dcb85-cgu.9.rcgu.o" "/opt/rustwide/target/debug/deps/symbol_define-f37f90c4eff7ce85.4m46igat2kht98du.rcgu.o" "-Wl,--as-needed" "-L" "/opt/rustwide/target/debug/deps" "-L" "/opt/rustwide/rustup-home/toolchains/beta-2021-08-01-x86_64-unknown-linux-gnu/lib/rustlib/x86_64-unknown-linux-gnu/lib" "-Wl,-Bstatic" "/opt/rustwide/rustup-home/toolchains/beta-2021-08-01-x86_64-unknown-linux-gnu/lib/rustlib/x86_64-unknown-linux-gnu/lib/libtest-6e9019ff2cdb2237.rlib" "/opt/rustwide/rustup-home/toolchains/beta-2021-08-01-x86_64-unknown-linux-gnu/lib/rustlib/x86_64-unknown-linux-gnu/lib/libgetopts-e9cc0b5f091b140c.rlib" "/opt/rustwide/rustup-home/toolchains/beta-2021-08-01-x86_64-unknown-linux-gnu/lib/rustlib/x86_64-unknown-linux-gnu/lib/libunicode_width-762dfa4479f14aad.rlib" "/opt/rustwide/rustup-home/toolchains/beta-2021-08-01-x86_64-unknown-linux-gnu/lib/rustlib/x86_64-unknown-linux-gnu/lib/librustc_std_workspace_std-2a5ac1cc0b21909c.rlib" "/opt/rustwide/target/debug/deps/libpiske-21037209a90f1856.rlib" "/opt/rustwide/target/debug/deps/libpsk_std-5417e0d974d8c073.rlib" "/opt/rustwide/target/debug/deps/libimage-380b468301fdbfcf.rlib" "/opt/rustwide/target/debug/deps/libscoped_threadpool-4c8c7e21127df339.rlib" "/opt/rustwide/target/debug/deps/libgif-0f04c9497341b08f.rlib" "/opt/rustwide/target/debug/deps/libcolor_quant-22c6d0fe4a52d605.rlib" "/opt/rustwide/target/debug/deps/liblzw-4b73e385916b389d.rlib" "/opt/rustwide/target/debug/deps/libjpeg_decoder-caebf03d6520357e.rlib" "/opt/rustwide/target/debug/deps/librayon-6e60e86c1ae888e0.rlib" "/opt/rustwide/target/debug/deps/librayon_core-b511b8173b20f493.rlib" "/opt/rustwide/target/debug/deps/libnum_cpus-c71919f527130ee7.rlib" "/opt/rustwide/target/debug/deps/liblibc-bd0a7f2f55865ae0.rlib" "/opt/rustwide/target/debug/deps/libcrossbeam_deque-f2b23af11cc4f04c.rlib" "/opt/rustwide/target/debug/deps/libcrossbeam_epoch-360f83b335670031.rlib" "/opt/rustwide/target/debug/deps/libmemoffset-3e61ca8e83be7f2b.rlib" "/opt/rustwide/target/debug/deps/libscopeguard-77ffbe2fe379a2bf.rlib" "/opt/rustwide/target/debug/deps/libcrossbeam_channel-91f991540701651d.rlib" "/opt/rustwide/target/debug/deps/libcrossbeam_utils-3e099b1fb8f128e1.rlib" "/opt/rustwide/target/debug/deps/libcfg_if-0d27f345b2a6a3cd.rlib" "/opt/rustwide/target/debug/deps/libeither-867d2789c96c5e02.rlib" "/opt/rustwide/target/debug/deps/libpng-a2e8d0f2ff0c592a.rlib" "/opt/rustwide/target/debug/deps/libdeflate-479e6a4be8fc42a4.rlib" "/opt/rustwide/target/debug/deps/libinflate-79542158e1f82d1b.rlib" "/opt/rustwide/target/debug/deps/libadler32-ae9ad600a9b2e446.rlib" "/opt/rustwide/target/debug/deps/libbitflags-e09638bf9aca31b4.rlib" "/opt/rustwide/target/debug/deps/libenum_primitive-1b135a0dfe3b4271.rlib" "/opt/rustwide/target/debug/deps/libnum_traits-8128d727dae67411.rlib" "/opt/rustwide/target/debug/deps/libnum_rational-017b3bf387c102f5.rlib" "/opt/rustwide/target/debug/deps/libnum_iter-195abd032ba69285.rlib" "/opt/rustwide/target/debug/deps/libnum_integer-37e7000f4dd62d35.rlib" "/opt/rustwide/target/debug/deps/libnum_traits-d0a58c91d8ef5575.rlib" "/opt/rustwide/target/debug/deps/libbyteorder-f30fa083324a1476.rlib" "/opt/rustwide/target/debug/deps/libsindra-8e830574a57f32b6.rlib" "/opt/rustwide/target/debug/deps/libregex-31bb272e7528fb17.rlib" "/opt/rustwide/target/debug/deps/libutf8_ranges-529094c12f4c6718.rlib" "/opt/rustwide/target/debug/deps/libregex_syntax-da6dc9877a61e022.rlib" "/opt/rustwide/target/debug/deps/libucd_util-d66b5e68c34691a2.rlib" "/opt/rustwide/target/debug/deps/libthread_local-b4ea3733d5b8609e.rlib" "/opt/rustwide/target/debug/deps/liblazy_static-e92083d5a39a8b50.rlib" "/opt/rustwide/target/debug/deps/libaho_corasick-8fc055f0648ce257.rlib" "/opt/rustwide/target/debug/deps/libmemchr-fdb14ed691dc70dd.rlib" "/opt/rustwide/target/debug/deps/libquote-2d99b58eb155ce19.rlib" "/opt/rustwide/target/debug/deps/liblazy_static-941278a3890dcd94.rlib" "-Wl,--start-group" "/opt/rustwide/rustup-home/toolchains/beta-2021-08-01-x86_64-unknown-linux-gnu/lib/rustlib/x86_64-unknown-linux-gnu/lib/libstd-197d933f09d9a590.rlib" "/opt/rustwide/rustup-home/toolchains/beta-2021-08-01-x86_64-unknown-linux-gnu/lib/rustlib/x86_64-unknown-linux-gnu/lib/libpanic_unwind-46a006cddfd334f0.rlib" "/opt/rustwide/rustup-home/toolchains/beta-2021-08-01-x86_64-unknown-linux-gnu/lib/rustlib/x86_64-unknown-linux-gnu/lib/libminiz_oxide-5b9870310e470b38.rlib" "/opt/rustwide/rustup-home/toolchains/beta-2021-08-01-x86_64-unknown-linux-gnu/lib/rustlib/x86_64-unknown-linux-gnu/lib/libadler-260022ba8f1ab4ee.rlib" "/opt/rustwide/rustup-home/toolchains/beta-2021-08-01-x86_64-unknown-linux-gnu/lib/rustlib/x86_64-unknown-linux-gnu/lib/libobject-71377435a799394f.rlib" "/opt/rustwide/rustup-home/toolchains/beta-2021-08-01-x86_64-unknown-linux-gnu/lib/rustlib/x86_64-unknown-linux-gnu/lib/libaddr2line-658ee5924fde57cd.rlib" "/opt/rustwide/rustup-home/toolchains/beta-2021-08-01-x86_64-unknown-linux-gnu/lib/rustlib/x86_64-unknown-linux-gnu/lib/libgimli-9e8627da6bd1b94a.rlib" "/opt/rustwide/rustup-home/toolchains/beta-2021-08-01-x86_64-unknown-linux-gnu/lib/rustlib/x86_64-unknown-linux-gnu/lib/libstd_detect-19fdaac49f59be84.rlib" "/opt/rustwide/rustup-home/toolchains/beta-2021-08-01-x86_64-unknown-linux-gnu/lib/rustlib/x86_64-unknown-linux-gnu/lib/librustc_demangle-cb00e2691ea45905.rlib" "/opt/rustwide/rustup-home/toolchains/beta-2021-08-01-x86_64-unknown-linux-gnu/lib/rustlib/x86_64-unknown-linux-gnu/lib/libhashbrown-50f6726defae5ae1.rlib" "/opt/rustwide/rustup-home/toolchains/beta-2021-08-01-x86_64-unknown-linux-gnu/lib/rustlib/x86_64-unknown-linux-gnu/lib/librustc_std_workspace_alloc-2afc16311deea26e.rlib" "/opt/rustwide/rustup-home/toolchains/beta-2021-08-01-x86_64-unknown-linux-gnu/lib/rustlib/x86_64-unknown-linux-gnu/lib/libunwind-bb5cb0fe086ee8cf.rlib" "/opt/rustwide/rustup-home/toolchains/beta-2021-08-01-x86_64-unknown-linux-gnu/lib/rustlib/x86_64-unknown-linux-gnu/lib/libcfg_if-896053247b5dfd0b.rlib" "/opt/rustwide/rustup-home/toolchains/beta-2021-08-01-x86_64-unknown-linux-gnu/lib/rustlib/x86_64-unknown-linux-gnu/lib/liblibc-735e1f2ac3cf23be.rlib" "/opt/rustwide/rustup-home/toolchains/beta-2021-08-01-x86_64-unknown-linux-gnu/lib/rustlib/x86_64-unknown-linux-gnu/lib/liballoc-9dfb6622644c732c.rlib" "/opt/rustwide/rustup-home/toolchains/beta-2021-08-01-x86_64-unknown-linux-gnu/lib/rustlib/x86_64-unknown-linux-gnu/lib/librustc_std_workspace_core-beea7d9617fe25c5.rlib" "/opt/rustwide/rustup-home/toolchains/beta-2021-08-01-x86_64-unknown-linux-gnu/lib/rustlib/x86_64-unknown-linux-gnu/lib/libcore-8ef7dd43fc671f88.rlib" "-Wl,--end-group" "/opt/rustwide/rustup-home/toolchains/beta-2021-08-01-x86_64-unknown-linux-gnu/lib/rustlib/x86_64-unknown-linux-gnu/lib/libcompiler_builtins-a9a3b2ad67977f47.rlib" "-Wl,-Bdynamic" "-lgcc_s" "-lutil" "-lrt" "-lpthread" "-lm" "-ldl" "-lc" "-Wl,--eh-frame-hdr" "-Wl,-znoexecstack" "-L" "/opt/rustwide/rustup-home/toolchains/beta-2021-08-01-x86_64-unknown-linux-gnu/lib/rustlib/x86_64-unknown-linux-gnu/lib" "-o" "/opt/rustwide/target/debug/deps/symbol_define-f37f90c4eff7ce85" "-Wl,--gc-sections" "-pie" "-Wl,-zrelro" "-Wl,-znow" "-nodefaultlibs"
[INFO] [stdout]   = note: collect2: fatal error: ld terminated with signal 9 [Killed]
[INFO] [stdout]           compilation terminated.
[INFO] [stdout]           
[INFO] [stdout] 
[INFO] [stdout] 
[INFO] [stdout] error: aborting due to previous error
[INFO] [stdout] 
[INFO] [stdout] 
[INFO] [stdout] error: linking with `cc` failed: exit status: 1
[INFO] [stdout]   |
[INFO] [stdout]   = note: "cc" "-m64" "/opt/rustwide/target/debug/deps/evaluate-d2ad55fdb998a1e9.evaluate.ad5f5c2e-cgu.0.rcgu.o" "/opt/rustwide/target/debug/deps/evaluate-d2ad55fdb998a1e9.evaluate.ad5f5c2e-cgu.1.rcgu.o" "/opt/rustwide/target/debug/deps/evaluate-d2ad55fdb998a1e9.evaluate.ad5f5c2e-cgu.10.rcgu.o" "/opt/rustwide/target/debug/deps/evaluate-d2ad55fdb998a1e9.evaluate.ad5f5c2e-cgu.11.rcgu.o" "/opt/rustwide/target/debug/deps/evaluate-d2ad55fdb998a1e9.evaluate.ad5f5c2e-cgu.12.rcgu.o" "/opt/rustwide/target/debug/deps/evaluate-d2ad55fdb998a1e9.evaluate.ad5f5c2e-cgu.13.rcgu.o" "/opt/rustwide/target/debug/deps/evaluate-d2ad55fdb998a1e9.evaluate.ad5f5c2e-cgu.14.rcgu.o" "/opt/rustwide/target/debug/deps/evaluate-d2ad55fdb998a1e9.evaluate.ad5f5c2e-cgu.15.rcgu.o" "/opt/rustwide/target/debug/deps/evaluate-d2ad55fdb998a1e9.evaluate.ad5f5c2e-cgu.2.rcgu.o" "/opt/rustwide/target/debug/deps/evaluate-d2ad55fdb998a1e9.evaluate.ad5f5c2e-cgu.3.rcgu.o" "/opt/rustwide/target/debug/deps/evaluate-d2ad55fdb998a1e9.evaluate.ad5f5c2e-cgu.4.rcgu.o" "/opt/rustwide/target/debug/deps/evaluate-d2ad55fdb998a1e9.evaluate.ad5f5c2e-cgu.5.rcgu.o" "/opt/rustwide/target/debug/deps/evaluate-d2ad55fdb998a1e9.evaluate.ad5f5c2e-cgu.6.rcgu.o" "/opt/rustwide/target/debug/deps/evaluate-d2ad55fdb998a1e9.evaluate.ad5f5c2e-cgu.7.rcgu.o" "/opt/rustwide/target/debug/deps/evaluate-d2ad55fdb998a1e9.evaluate.ad5f5c2e-cgu.8.rcgu.o" "/opt/rustwide/target/debug/deps/evaluate-d2ad55fdb998a1e9.evaluate.ad5f5c2e-cgu.9.rcgu.o" "/opt/rustwide/target/debug/deps/evaluate-d2ad55fdb998a1e9.1sapmidyr2n7sgdo.rcgu.o" "-Wl,--as-needed" "-L" "/opt/rustwide/target/debug/deps" "-L" "/opt/rustwide/rustup-home/toolchains/beta-2021-08-01-x86_64-unknown-linux-gnu/lib/rustlib/x86_64-unknown-linux-gnu/lib" "-Wl,-Bstatic" "/opt/rustwide/rustup-home/toolchains/beta-2021-08-01-x86_64-unknown-linux-gnu/lib/rustlib/x86_64-unknown-linux-gnu/lib/libtest-6e9019ff2cdb2237.rlib" "/opt/rustwide/rustup-home/toolchains/beta-2021-08-01-x86_64-unknown-linux-gnu/lib/rustlib/x86_64-unknown-linux-gnu/lib/libgetopts-e9cc0b5f091b140c.rlib" "/opt/rustwide/rustup-home/toolchains/beta-2021-08-01-x86_64-unknown-linux-gnu/lib/rustlib/x86_64-unknown-linux-gnu/lib/libunicode_width-762dfa4479f14aad.rlib" "/opt/rustwide/rustup-home/toolchains/beta-2021-08-01-x86_64-unknown-linux-gnu/lib/rustlib/x86_64-unknown-linux-gnu/lib/librustc_std_workspace_std-2a5ac1cc0b21909c.rlib" "/opt/rustwide/target/debug/deps/libpiske-21037209a90f1856.rlib" "/opt/rustwide/target/debug/deps/libpsk_std-5417e0d974d8c073.rlib" "/opt/rustwide/target/debug/deps/libimage-380b468301fdbfcf.rlib" "/opt/rustwide/target/debug/deps/libscoped_threadpool-4c8c7e21127df339.rlib" "/opt/rustwide/target/debug/deps/libgif-0f04c9497341b08f.rlib" "/opt/rustwide/target/debug/deps/libcolor_quant-22c6d0fe4a52d605.rlib" "/opt/rustwide/target/debug/deps/liblzw-4b73e385916b389d.rlib" "/opt/rustwide/target/debug/deps/libjpeg_decoder-caebf03d6520357e.rlib" "/opt/rustwide/target/debug/deps/librayon-6e60e86c1ae888e0.rlib" "/opt/rustwide/target/debug/deps/librayon_core-b511b8173b20f493.rlib" "/opt/rustwide/target/debug/deps/libnum_cpus-c71919f527130ee7.rlib" "/opt/rustwide/target/debug/deps/liblibc-bd0a7f2f55865ae0.rlib" "/opt/rustwide/target/debug/deps/libcrossbeam_deque-f2b23af11cc4f04c.rlib" "/opt/rustwide/target/debug/deps/libcrossbeam_epoch-360f83b335670031.rlib" "/opt/rustwide/target/debug/deps/libmemoffset-3e61ca8e83be7f2b.rlib" "/opt/rustwide/target/debug/deps/libscopeguard-77ffbe2fe379a2bf.rlib" "/opt/rustwide/target/debug/deps/libcrossbeam_channel-91f991540701651d.rlib" "/opt/rustwide/target/debug/deps/libcrossbeam_utils-3e099b1fb8f128e1.rlib" "/opt/rustwide/target/debug/deps/libcfg_if-0d27f345b2a6a3cd.rlib" "/opt/rustwide/target/debug/deps/libeither-867d2789c96c5e02.rlib" "/opt/rustwide/target/debug/deps/libpng-a2e8d0f2ff0c592a.rlib" "/opt/rustwide/target/debug/deps/libdeflate-479e6a4be8fc42a4.rlib" "/opt/rustwide/target/debug/deps/libinflate-79542158e1f82d1b.rlib" "/opt/rustwide/target/debug/deps/libadler32-ae9ad600a9b2e446.rlib" "/opt/rustwide/target/debug/deps/libbitflags-e09638bf9aca31b4.rlib" "/opt/rustwide/target/debug/deps/libenum_primitive-1b135a0dfe3b4271.rlib" "/opt/rustwide/target/debug/deps/libnum_traits-8128d727dae67411.rlib" "/opt/rustwide/target/debug/deps/libnum_rational-017b3bf387c102f5.rlib" "/opt/rustwide/target/debug/deps/libnum_iter-195abd032ba69285.rlib" "/opt/rustwide/target/debug/deps/libnum_integer-37e7000f4dd62d35.rlib" "/opt/rustwide/target/debug/deps/libnum_traits-d0a58c91d8ef5575.rlib" "/opt/rustwide/target/debug/deps/libbyteorder-f30fa083324a1476.rlib" "/opt/rustwide/target/debug/deps/libsindra-8e830574a57f32b6.rlib" "/opt/rustwide/target/debug/deps/libregex-31bb272e7528fb17.rlib" "/opt/rustwide/target/debug/deps/libutf8_ranges-529094c12f4c6718.rlib" "/opt/rustwide/target/debug/deps/libregex_syntax-da6dc9877a61e022.rlib" "/opt/rustwide/target/debug/deps/libucd_util-d66b5e68c34691a2.rlib" "/opt/rustwide/target/debug/deps/libthread_local-b4ea3733d5b8609e.rlib" "/opt/rustwide/target/debug/deps/liblazy_static-e92083d5a39a8b50.rlib" "/opt/rustwide/target/debug/deps/libaho_corasick-8fc055f0648ce257.rlib" "/opt/rustwide/target/debug/deps/libmemchr-fdb14ed691dc70dd.rlib" "/opt/rustwide/target/debug/deps/libquote-2d99b58eb155ce19.rlib" "/opt/rustwide/target/debug/deps/liblazy_static-941278a3890dcd94.rlib" "-Wl,--start-group" "/opt/rustwide/rustup-home/toolchains/beta-2021-08-01-x86_64-unknown-linux-gnu/lib/rustlib/x86_64-unknown-linux-gnu/lib/libstd-197d933f09d9a590.rlib" "/opt/rustwide/rustup-home/toolchains/beta-2021-08-01-x86_64-unknown-linux-gnu/lib/rustlib/x86_64-unknown-linux-gnu/lib/libpanic_unwind-46a006cddfd334f0.rlib" "/opt/rustwide/rustup-home/toolchains/beta-2021-08-01-x86_64-unknown-linux-gnu/lib/rustlib/x86_64-unknown-linux-gnu/lib/libminiz_oxide-5b9870310e470b38.rlib" "/opt/rustwide/rustup-home/toolchains/beta-2021-08-01-x86_64-unknown-linux-gnu/lib/rustlib/x86_64-unknown-linux-gnu/lib/libadler-260022ba8f1ab4ee.rlib" "/opt/rustwide/rustup-home/toolchains/beta-2021-08-01-x86_64-unknown-linux-gnu/lib/rustlib/x86_64-unknown-linux-gnu/lib/libobject-71377435a799394f.rlib" "/opt/rustwide/rustup-home/toolchains/beta-2021-08-01-x86_64-unknown-linux-gnu/lib/rustlib/x86_64-unknown-linux-gnu/lib/libaddr2line-658ee5924fde57cd.rlib" "/opt/rustwide/rustup-home/toolchains/beta-2021-08-01-x86_64-unknown-linux-gnu/lib/rustlib/x86_64-unknown-linux-gnu/lib/libgimli-9e8627da6bd1b94a.rlib" "/opt/rustwide/rustup-home/toolchains/beta-2021-08-01-x86_64-unknown-linux-gnu/lib/rustlib/x86_64-unknown-linux-gnu/lib/libstd_detect-19fdaac49f59be84.rlib" "/opt/rustwide/rustup-home/toolchains/beta-2021-08-01-x86_64-unknown-linux-gnu/lib/rustlib/x86_64-unknown-linux-gnu/lib/librustc_demangle-cb00e2691ea45905.rlib" "/opt/rustwide/rustup-home/toolchains/beta-2021-08-01-x86_64-unknown-linux-gnu/lib/rustlib/x86_64-unknown-linux-gnu/lib/libhashbrown-50f6726defae5ae1.rlib" "/opt/rustwide/rustup-home/toolchains/beta-2021-08-01-x86_64-unknown-linux-gnu/lib/rustlib/x86_64-unknown-linux-gnu/lib/librustc_std_workspace_alloc-2afc16311deea26e.rlib" "/opt/rustwide/rustup-home/toolchains/beta-2021-08-01-x86_64-unknown-linux-gnu/lib/rustlib/x86_64-unknown-linux-gnu/lib/libunwind-bb5cb0fe086ee8cf.rlib" "/opt/rustwide/rustup-home/toolchains/beta-2021-08-01-x86_64-unknown-linux-gnu/lib/rustlib/x86_64-unknown-linux-gnu/lib/libcfg_if-896053247b5dfd0b.rlib" "/opt/rustwide/rustup-home/toolchains/beta-2021-08-01-x86_64-unknown-linux-gnu/lib/rustlib/x86_64-unknown-linux-gnu/lib/liblibc-735e1f2ac3cf23be.rlib" "/opt/rustwide/rustup-home/toolchains/beta-2021-08-01-x86_64-unknown-linux-gnu/lib/rustlib/x86_64-unknown-linux-gnu/lib/liballoc-9dfb6622644c732c.rlib" "/opt/rustwide/rustup-home/toolchains/beta-2021-08-01-x86_64-unknown-linux-gnu/lib/rustlib/x86_64-unknown-linux-gnu/lib/librustc_std_workspace_core-beea7d9617fe25c5.rlib" "/opt/rustwide/rustup-home/toolchains/beta-2021-08-01-x86_64-unknown-linux-gnu/lib/rustlib/x86_64-unknown-linux-gnu/lib/libcore-8ef7dd43fc671f88.rlib" "-Wl,--end-group" "/opt/rustwide/rustup-home/toolchains/beta-2021-08-01-x86_64-unknown-linux-gnu/lib/rustlib/x86_64-unknown-linux-gnu/lib/libcompiler_builtins-a9a3b2ad67977f47.rlib" "-Wl,-Bdynamic" "-lgcc_s" "-lutil" "-lrt" "-lpthread" "-lm" "-ldl" "-lc" "-Wl,--eh-frame-hdr" "-Wl,-znoexecstack" "-L" "/opt/rustwide/rustup-home/toolchains/beta-2021-08-01-x86_64-unknown-linux-gnu/lib/rustlib/x86_64-unknown-linux-gnu/lib" "-o" "/opt/rustwide/target/debug/deps/evaluate-d2ad55fdb998a1e9" "-Wl,--gc-sections" "-pie" "-Wl,-zrelro" "-Wl,-znow" "-nodefaultlibs"
[INFO] [stdout]   = note: collect2: fatal error: ld terminated with signal 9 [Killed]
[INFO] [stdout]           compilation terminated.
[INFO] [stdout]           
[INFO] [stdout] 
[INFO] [stdout] 
[INFO] [stdout] error: aborting due to previous error
[INFO] [stdout] 
[INFO] [stdout] 
[INFO] [stderr] error: build failed
[INFO] running `Command { std: "docker" "inspect" "222ea5d6253a068581632beb690e56a5ce15d630091fffcb2ad3cded0b07c124", kill_on_drop: false }`
[INFO] running `Command { std: "docker" "rm" "-f" "222ea5d6253a068581632beb690e56a5ce15d630091fffcb2ad3cded0b07c124", kill_on_drop: false }`
[INFO] [stdout] 222ea5d6253a068581632beb690e56a5ce15d630091fffcb2ad3cded0b07c124
