[INFO] fetching crate pg_async 0.8.6...
[INFO] testing pg_async-0.8.6 against beta-2021-08-01 for beta-1.55-1
[INFO] extracting crate pg_async 0.8.6 into /workspace/builds/worker-1/source
[INFO] validating manifest of crates.io crate pg_async 0.8.6 on toolchain beta-2021-08-01
[INFO] running `Command { std: "/workspace/cargo-home/bin/cargo" "+beta-2021-08-01" "metadata" "--manifest-path" "Cargo.toml" "--no-deps", kill_on_drop: false }`
[INFO] started tweaking crates.io crate pg_async 0.8.6
[INFO] removed 0 missing examples
[INFO] finished tweaking crates.io crate pg_async 0.8.6
[INFO] tweaked toml for crates.io crate pg_async 0.8.6 written to /workspace/builds/worker-1/source/Cargo.toml
[INFO] running `Command { std: "/workspace/cargo-home/bin/cargo" "+beta-2021-08-01" "generate-lockfile" "--manifest-path" "Cargo.toml" "-Zno-index-update", kill_on_drop: false }`
[INFO] [stderr]     Blocking waiting for file lock on package cache
[INFO] running `Command { std: "/workspace/cargo-home/bin/cargo" "+beta-2021-08-01" "fetch" "--manifest-path" "Cargo.toml", kill_on_drop: false }`
[INFO] [stderr]  Downloading crates ...
[INFO] [stderr]   Downloaded inlinable_string v0.1.14
[INFO] [stderr]   Downloaded atomic v0.4.6
[INFO] [stderr]   Downloaded fomat-macros v0.2.1
[INFO] [stderr]   Downloaded gstuff v0.5.12
[INFO] running `Command { std: "docker" "create" "-v" "/var/lib/crater-agent-workspace/builds/worker-1/target:/opt/rustwide/target:rw,Z" "-v" "/var/lib/crater-agent-workspace/builds/worker-1/source:/opt/rustwide/workdir:ro,Z" "-v" "/var/lib/crater-agent-workspace/cargo-home:/opt/rustwide/cargo-home:ro,Z" "-v" "/var/lib/crater-agent-workspace/rustup-home:/opt/rustwide/rustup-home:ro,Z" "-e" "SOURCE_DIR=/opt/rustwide/workdir" "-e" "CARGO_TARGET_DIR=/opt/rustwide/target" "-e" "CARGO_HOME=/opt/rustwide/cargo-home" "-e" "RUSTUP_HOME=/opt/rustwide/rustup-home" "-w" "/opt/rustwide/workdir" "-m" "1610612736" "--user" "0:0" "--network" "none" "ghcr.io/rust-lang/crates-build-env/linux@sha256:34b6a614d2c27851fe6cbf88fbd1137609cefab8b10d0615aaeb6fd47975d74e" "/opt/rustwide/cargo-home/bin/cargo" "+beta-2021-08-01" "metadata" "--no-deps" "--format-version=1", kill_on_drop: false }`
[INFO] [stdout] fc6de1c7932beb811c417b44c0afb0903f062f1b3c8b520ee0e204b74016fc11
[INFO] [stderr] WARNING: Your kernel does not support swap limit capabilities or the cgroup is not mounted. Memory limited without swap.
[INFO] running `Command { std: "docker" "start" "-a" "fc6de1c7932beb811c417b44c0afb0903f062f1b3c8b520ee0e204b74016fc11", kill_on_drop: false }`
[INFO] running `Command { std: "docker" "inspect" "fc6de1c7932beb811c417b44c0afb0903f062f1b3c8b520ee0e204b74016fc11", kill_on_drop: false }`
[INFO] running `Command { std: "docker" "rm" "-f" "fc6de1c7932beb811c417b44c0afb0903f062f1b3c8b520ee0e204b74016fc11", kill_on_drop: false }`
[INFO] [stdout] fc6de1c7932beb811c417b44c0afb0903f062f1b3c8b520ee0e204b74016fc11
[INFO] running `Command { std: "docker" "create" "-v" "/var/lib/crater-agent-workspace/builds/worker-1/target:/opt/rustwide/target:rw,Z" "-v" "/var/lib/crater-agent-workspace/builds/worker-1/source:/opt/rustwide/workdir:ro,Z" "-v" "/var/lib/crater-agent-workspace/cargo-home:/opt/rustwide/cargo-home:ro,Z" "-v" "/var/lib/crater-agent-workspace/rustup-home:/opt/rustwide/rustup-home:ro,Z" "-e" "SOURCE_DIR=/opt/rustwide/workdir" "-e" "CARGO_TARGET_DIR=/opt/rustwide/target" "-e" "CARGO_INCREMENTAL=0" "-e" "RUST_BACKTRACE=full" "-e" "RUSTFLAGS=--cap-lints=warn" "-e" "CARGO_HOME=/opt/rustwide/cargo-home" "-e" "RUSTUP_HOME=/opt/rustwide/rustup-home" "-w" "/opt/rustwide/workdir" "-m" "1610612736" "--user" "0:0" "--network" "none" "ghcr.io/rust-lang/crates-build-env/linux@sha256:34b6a614d2c27851fe6cbf88fbd1137609cefab8b10d0615aaeb6fd47975d74e" "/opt/rustwide/cargo-home/bin/cargo" "+beta-2021-08-01" "build" "--frozen" "--message-format=json", kill_on_drop: false }`
[INFO] [stdout] a0074e1460dd888631c3c07b922ebe65bfcffab75fab887169d790dae33403a3
[INFO] [stderr] WARNING: Your kernel does not support swap limit capabilities or the cgroup is not mounted. Memory limited without swap.
[INFO] running `Command { std: "docker" "start" "-a" "a0074e1460dd888631c3c07b922ebe65bfcffab75fab887169d790dae33403a3", kill_on_drop: false }`
[INFO] [stderr]    Compiling pg_async v0.8.6 (/opt/rustwide/workdir)
[INFO] [stderr]    Compiling atomic v0.4.6
[INFO] [stderr]    Compiling inlinable_string v0.1.14
[INFO] [stderr]    Compiling nix v0.8.1
[INFO] [stderr]    Compiling gstuff v0.5.12
[INFO] [stdout] warning: trait objects without an explicit `dyn` are deprecated
[INFO] [stdout]    --> src/lib.rs:105:29
[INFO] [stdout]     |
[INFO] [stdout] 105 |   pub on_escape: Option<Box<Fn(&str) + Send + Sync + 'static>>,
[INFO] [stdout]     |                             ^^^^^^^^^^^^^^^^^^^^^^^^^^^^^^^^ help: use `dyn`: `dyn Fn(&str) + Send + Sync + 'static`
[INFO] [stdout]     |
[INFO] [stdout]     = note: `#[warn(bare_trait_objects)]` on by default
[INFO] [stdout]     = warning: this is accepted in the current edition (Rust 2015) but is a hard error in Rust 2021!
[INFO] [stdout]     = note: for more information, see issue #80165 <https://github.com/rust-lang/rust/issues/80165>
[INFO] [stdout] 
[INFO] [stdout] 
[INFO] [stdout] warning: unnecessary trailing semicolon
[INFO] [stdout]    --> src/lib.rs:614:121
[INFO] [stdout]     |
[INFO] [stdout] 614 |       PgSchedulingMode::PinToConnection (n) => connections[n as usize].pinned_pending_futures.push_back ($pg_future)}}}};
[INFO] [stdout]     |                                                                                                                         ^ help: remove this semicolon
[INFO] [stdout]     |
[INFO] [stdout]     = note: `#[warn(redundant_semicolons)]` on by default
[INFO] [stdout] 
[INFO] [stdout] 
[INFO] [stdout] warning: unnecessary trailing semicolon
[INFO] [stdout]    --> src/lib.rs:619:103
[INFO] [stdout]     |
[INFO] [stdout] 619 |       PgSchedulingMode::PinToConnection (_) => $conn.pinned_pending_futures.push_back ($pg_future)}}}};
[INFO] [stdout]     |                                                                                                       ^ help: remove this semicolon
[INFO] [stdout] 
[INFO] [stdout] 
[INFO] [stdout] warning: use of deprecated function `std::mem::uninitialized`: use `mem::MaybeUninit` instead
[INFO] [stdout]   --> src/lib.rs:36:15
[INFO] [stdout]    |
[INFO] [stdout] 36 | use std::mem::uninitialized;
[INFO] [stdout]    |               ^^^^^^^^^^^^^
[INFO] [stdout]    |
[INFO] [stdout]    = note: `#[warn(deprecated)]` on by default
[INFO] [stdout] 
[INFO] [stdout] 
[INFO] [stdout] warning: use of deprecated function `std::mem::uninitialized`: use `mem::MaybeUninit` instead
[INFO] [stdout]    --> src/lib.rs:623:50
[INFO] [stdout]     |
[INFO] [stdout] 623 |     { let mut tmp: [u8; 256] = unsafe {std::mem::uninitialized()}; let _ = nix::unistd::read (read_end, &mut tmp); }
[INFO] [stdout]     |                                                  ^^^^^^^^^^^^^
[INFO] [stdout] 
[INFO] [stdout] 
[INFO] [stdout] warning: use of deprecated function `std::mem::uninitialized`: use `mem::MaybeUninit` instead
[INFO] [stdout]    --> src/lib.rs:245:44
[INFO] [stdout]     |
[INFO] [stdout] 245 |           let mut buf: [u8; 128] = unsafe {uninitialized()};
[INFO] [stdout]     |                                            ^^^^^^^^^^^^^
[INFO] [stdout] 
[INFO] [stdout] 
[INFO] [stdout] warning: 6 warnings emitted
[INFO] [stdout] 
[INFO] [stdout] 
[INFO] [stderr]     Finished dev [unoptimized + debuginfo] target(s) in 4.13s
[INFO] running `Command { std: "docker" "inspect" "a0074e1460dd888631c3c07b922ebe65bfcffab75fab887169d790dae33403a3", kill_on_drop: false }`
[INFO] running `Command { std: "docker" "rm" "-f" "a0074e1460dd888631c3c07b922ebe65bfcffab75fab887169d790dae33403a3", kill_on_drop: false }`
[INFO] [stdout] a0074e1460dd888631c3c07b922ebe65bfcffab75fab887169d790dae33403a3
[INFO] running `Command { std: "docker" "create" "-v" "/var/lib/crater-agent-workspace/builds/worker-1/target:/opt/rustwide/target:rw,Z" "-v" "/var/lib/crater-agent-workspace/builds/worker-1/source:/opt/rustwide/workdir:ro,Z" "-v" "/var/lib/crater-agent-workspace/cargo-home:/opt/rustwide/cargo-home:ro,Z" "-v" "/var/lib/crater-agent-workspace/rustup-home:/opt/rustwide/rustup-home:ro,Z" "-e" "SOURCE_DIR=/opt/rustwide/workdir" "-e" "CARGO_TARGET_DIR=/opt/rustwide/target" "-e" "CARGO_INCREMENTAL=0" "-e" "RUST_BACKTRACE=full" "-e" "RUSTFLAGS=--cap-lints=warn" "-e" "CARGO_HOME=/opt/rustwide/cargo-home" "-e" "RUSTUP_HOME=/opt/rustwide/rustup-home" "-w" "/opt/rustwide/workdir" "-m" "1610612736" "--user" "0:0" "--network" "none" "ghcr.io/rust-lang/crates-build-env/linux@sha256:34b6a614d2c27851fe6cbf88fbd1137609cefab8b10d0615aaeb6fd47975d74e" "/opt/rustwide/cargo-home/bin/cargo" "+beta-2021-08-01" "test" "--frozen" "--no-run" "--message-format=json", kill_on_drop: false }`
[INFO] [stdout] 287610f5e8d0dab80762b4d4fdb54216b36adf68aa6e7c9099d5d544c37489e4
[INFO] [stderr] WARNING: Your kernel does not support swap limit capabilities or the cgroup is not mounted. Memory limited without swap.
[INFO] running `Command { std: "docker" "start" "-a" "287610f5e8d0dab80762b4d4fdb54216b36adf68aa6e7c9099d5d544c37489e4", kill_on_drop: false }`
[INFO] [stderr]    Compiling fomat-macros v0.2.1
[INFO] [stdout] warning: trait objects without an explicit `dyn` are deprecated
[INFO] [stdout]    --> src/lib.rs:105:29
[INFO] [stdout]     |
[INFO] [stdout] 105 |   pub on_escape: Option<Box<Fn(&str) + Send + Sync + 'static>>,
[INFO] [stdout]     |                             ^^^^^^^^^^^^^^^^^^^^^^^^^^^^^^^^ help: use `dyn`: `dyn Fn(&str) + Send + Sync + 'static`
[INFO] [stdout]     |
[INFO] [stdout]     = note: `#[warn(bare_trait_objects)]` on by default
[INFO] [stdout]     = warning: this is accepted in the current edition (Rust 2015) but is a hard error in Rust 2021!
[INFO] [stdout]     = note: for more information, see issue #80165 <https://github.com/rust-lang/rust/issues/80165>
[INFO] [stdout] 
[INFO] [stdout] 
[INFO] [stdout] warning: unnecessary trailing semicolon
[INFO] [stdout]    --> src/lib.rs:614:121
[INFO] [stdout]     |
[INFO] [stdout] 614 |       PgSchedulingMode::PinToConnection (n) => connections[n as usize].pinned_pending_futures.push_back ($pg_future)}}}};
[INFO] [stdout]     |                                                                                                                         ^ help: remove this semicolon
[INFO] [stdout]     |
[INFO] [stdout]     = note: `#[warn(redundant_semicolons)]` on by default
[INFO] [stdout] 
[INFO] [stdout] 
[INFO] [stdout] warning: unnecessary trailing semicolon
[INFO] [stdout]    --> src/lib.rs:619:103
[INFO] [stdout]     |
[INFO] [stdout] 619 |       PgSchedulingMode::PinToConnection (_) => $conn.pinned_pending_futures.push_back ($pg_future)}}}};
[INFO] [stdout]     |                                                                                                       ^ help: remove this semicolon
[INFO] [stdout] 
[INFO] [stdout] 
[INFO] [stdout] warning: use of deprecated function `std::mem::uninitialized`: use `mem::MaybeUninit` instead
[INFO] [stdout]   --> src/lib.rs:36:15
[INFO] [stdout]    |
[INFO] [stdout] 36 | use std::mem::uninitialized;
[INFO] [stdout]    |               ^^^^^^^^^^^^^
[INFO] [stdout]    |
[INFO] [stdout]    = note: `#[warn(deprecated)]` on by default
[INFO] [stdout] 
[INFO] [stdout] 
[INFO] [stdout] warning: use of deprecated function `std::mem::uninitialized`: use `mem::MaybeUninit` instead
[INFO] [stdout]    --> src/lib.rs:623:50
[INFO] [stdout]     |
[INFO] [stdout] 623 |     { let mut tmp: [u8; 256] = unsafe {std::mem::uninitialized()}; let _ = nix::unistd::read (read_end, &mut tmp); }
[INFO] [stdout]     |                                                  ^^^^^^^^^^^^^
[INFO] [stdout] 
[INFO] [stdout] 
[INFO] [stdout] warning: use of deprecated function `std::mem::uninitialized`: use `mem::MaybeUninit` instead
[INFO] [stdout]    --> src/lib.rs:245:44
[INFO] [stdout]     |
[INFO] [stdout] 245 |           let mut buf: [u8; 128] = unsafe {uninitialized()};
[INFO] [stdout]     |                                            ^^^^^^^^^^^^^
[INFO] [stdout] 
[INFO] [stdout] 
[INFO] [stdout] warning: 6 warnings emitted
[INFO] [stdout] 
[INFO] [stdout] 
[INFO] [stderr]    Compiling pg_async v0.8.6 (/opt/rustwide/workdir)
[INFO] [stdout] error[E0432]: unresolved import `gstuff::status_line`
[INFO] [stdout]   --> examples/24x7.rs:15:14
[INFO] [stdout]    |
[INFO] [stdout] 15 | use gstuff::{status_line, ISATTY};
[INFO] [stdout]    |              ^^^^^^^^^^^ no `status_line` in the root
[INFO] [stdout] 
[INFO] [stdout] 
[INFO] [stdout] error[E0554]: `#![feature]` may not be used on the beta release channel
[INFO] [stdout]  --> examples/24x7.rs:4:1
[INFO] [stdout]   |
[INFO] [stdout] 4 | #![feature(type_ascription, integer_atomics)]
[INFO] [stdout]   | ^^^^^^^^^^^^^^^^^^^^^^^^^^^^^^^^^^^^^^^^^^^^^
[INFO] [stdout] 
[INFO] [stdout] 
[INFO] [stdout] warning: trait objects without an explicit `dyn` are deprecated
[INFO] [stdout]   --> examples/24x7.rs:58:18
[INFO] [stdout]    |
[INFO] [stdout] 58 |       let f: Box<Future<Item=(), Error=()> + Send> = {
[INFO] [stdout]    |                  ^^^^^^^^^^^^^^^^^^^^^^^^^^^^^^^^ help: use `dyn`: `dyn Future<Item=(), Error=()> + Send`
[INFO] [stdout]    |
[INFO] [stdout]    = note: `#[warn(bare_trait_objects)]` on by default
[INFO] [stdout]    = warning: this is accepted in the current edition (Rust 2015) but is a hard error in Rust 2021!
[INFO] [stdout]    = note: for more information, see issue #80165 <https://github.com/rust-lang/rust/issues/80165>
[INFO] [stdout] 
[INFO] [stdout] 
[INFO] [stdout] error: aborting due to 2 previous errors; 1 warning emitted
[INFO] [stdout] 
[INFO] [stdout] 
[INFO] [stdout] Some errors have detailed explanations: E0432, E0554.
[INFO] [stdout] 
[INFO] [stdout] For more information about an error, try `rustc --explain E0432`.
[INFO] [stdout] 
[INFO] [stderr] error: could not compile `pg_async` due to 3 previous errors; 1 warning emitted
[INFO] [stderr] warning: build failed, waiting for other jobs to finish...
[INFO] [stdout] error[E0658]: type ascription is experimental
[INFO] [stdout]   --> src/tests.rs:9:35
[INFO] [stdout]    |
[INFO] [stdout] 9  |     static ref DSNS: Vec<String> = (io::BufReader::new (fs::File::open ("../pg_async.dsns") .expect ("!pg_async.dsns"))
[INFO] [stdout]    |  ___________________________________^
[INFO] [stdout] 10 | |     .lines().collect() :Result<Vec<String>, _>) .expect ("!pg_async.dsns");}
[INFO] [stdout]    | |______________________________________________^
[INFO] [stdout]    |
[INFO] [stdout]    = note: see issue #23416 <https://github.com/rust-lang/rust/issues/23416> for more information
[INFO] [stdout] 
[INFO] [stdout] 
[INFO] [stdout] warning: trait objects without an explicit `dyn` are deprecated
[INFO] [stdout]    --> src/lib.rs:105:29
[INFO] [stdout]     |
[INFO] [stdout] 105 |   pub on_escape: Option<Box<Fn(&str) + Send + Sync + 'static>>,
[INFO] [stdout]     |                             ^^^^^^^^^^^^^^^^^^^^^^^^^^^^^^^^ help: use `dyn`: `dyn Fn(&str) + Send + Sync + 'static`
[INFO] [stdout]     |
[INFO] [stdout]     = note: `#[warn(bare_trait_objects)]` on by default
[INFO] [stdout]     = warning: this is accepted in the current edition (Rust 2015) but is a hard error in Rust 2021!
[INFO] [stdout]     = note: for more information, see issue #80165 <https://github.com/rust-lang/rust/issues/80165>
[INFO] [stdout] 
[INFO] [stdout] 
[INFO] [stdout] warning: unnecessary trailing semicolon
[INFO] [stdout]    --> src/lib.rs:614:121
[INFO] [stdout]     |
[INFO] [stdout] 614 |       PgSchedulingMode::PinToConnection (n) => connections[n as usize].pinned_pending_futures.push_back ($pg_future)}}}};
[INFO] [stdout]     |                                                                                                                         ^ help: remove this semicolon
[INFO] [stdout]     |
[INFO] [stdout]     = note: `#[warn(redundant_semicolons)]` on by default
[INFO] [stdout] 
[INFO] [stdout] 
[INFO] [stdout] warning: unnecessary trailing semicolon
[INFO] [stdout]    --> src/lib.rs:619:103
[INFO] [stdout]     |
[INFO] [stdout] 619 |       PgSchedulingMode::PinToConnection (_) => $conn.pinned_pending_futures.push_back ($pg_future)}}}};
[INFO] [stdout]     |                                                                                                       ^ help: remove this semicolon
[INFO] [stdout] 
[INFO] [stdout] 
[INFO] [stdout] warning: use of deprecated function `std::mem::uninitialized`: use `mem::MaybeUninit` instead
[INFO] [stdout]   --> src/lib.rs:36:15
[INFO] [stdout]    |
[INFO] [stdout] 36 | use std::mem::uninitialized;
[INFO] [stdout]    |               ^^^^^^^^^^^^^
[INFO] [stdout]    |
[INFO] [stdout]    = note: `#[warn(deprecated)]` on by default
[INFO] [stdout] 
[INFO] [stdout] 
[INFO] [stdout] warning: use of deprecated function `std::mem::uninitialized`: use `mem::MaybeUninit` instead
[INFO] [stdout]    --> src/lib.rs:623:50
[INFO] [stdout]     |
[INFO] [stdout] 623 |     { let mut tmp: [u8; 256] = unsafe {std::mem::uninitialized()}; let _ = nix::unistd::read (read_end, &mut tmp); }
[INFO] [stdout]     |                                                  ^^^^^^^^^^^^^
[INFO] [stdout] 
[INFO] [stdout] 
[INFO] [stdout] warning: use of deprecated function `std::mem::uninitialized`: use `mem::MaybeUninit` instead
[INFO] [stdout]    --> src/lib.rs:245:44
[INFO] [stdout]     |
[INFO] [stdout] 245 |           let mut buf: [u8; 128] = unsafe {uninitialized()};
[INFO] [stdout]     |                                            ^^^^^^^^^^^^^
[INFO] [stdout] 
[INFO] [stdout] 
[INFO] [stdout] warning: use of deprecated associated function `std::error::Error::description`: use the Display impl or to_string()
[INFO] [stdout]   --> src/tests.rs:37:26
[INFO] [stdout]    |
[INFO] [stdout] 37 |     Err (ref err) if err.description().contains ("PGRES_FATAL_ERROR") => {check_send (err); check_sync (err)},  // Expected error.
[INFO] [stdout]    |                          ^^^^^^^^^^^
[INFO] [stdout] 
[INFO] [stdout] 
[INFO] [stdout] error: aborting due to previous error; 7 warnings emitted
[INFO] [stdout] 
[INFO] [stdout] 
[INFO] [stdout] For more information about this error, try `rustc --explain E0658`.
[INFO] [stdout] 
[INFO] [stderr] error: build failed
[INFO] running `Command { std: "docker" "inspect" "287610f5e8d0dab80762b4d4fdb54216b36adf68aa6e7c9099d5d544c37489e4", kill_on_drop: false }`
[INFO] running `Command { std: "docker" "rm" "-f" "287610f5e8d0dab80762b4d4fdb54216b36adf68aa6e7c9099d5d544c37489e4", kill_on_drop: false }`
[INFO] [stdout] 287610f5e8d0dab80762b4d4fdb54216b36adf68aa6e7c9099d5d544c37489e4
