[INFO] fetching crate pcarp 1.2.0...
[INFO] testing pcarp-1.2.0 against beta-2021-08-01 for beta-1.55-1
[INFO] extracting crate pcarp 1.2.0 into /workspace/builds/worker-59/source
[INFO] validating manifest of crates.io crate pcarp 1.2.0 on toolchain beta-2021-08-01
[INFO] running `Command { std: "/workspace/cargo-home/bin/cargo" "+beta-2021-08-01" "metadata" "--manifest-path" "Cargo.toml" "--no-deps", kill_on_drop: false }`
[INFO] started tweaking crates.io crate pcarp 1.2.0
[INFO] finished tweaking crates.io crate pcarp 1.2.0
[INFO] tweaked toml for crates.io crate pcarp 1.2.0 written to /workspace/builds/worker-59/source/Cargo.toml
[INFO] crate crates.io crate pcarp 1.2.0 already has a lockfile, it will not be regenerated
[INFO] running `Command { std: "/workspace/cargo-home/bin/cargo" "+beta-2021-08-01" "fetch" "--manifest-path" "Cargo.toml", kill_on_drop: false }`
[INFO] [stderr]     Blocking waiting for file lock on package cache
[INFO] [stderr]     Blocking waiting for file lock on package cache
[INFO] [stderr]  Downloading crates ...
[INFO] [stderr]   Downloaded atty v0.2.14
[INFO] [stderr]   Downloaded hermit-abi v0.1.12
[INFO] [stderr]   Downloaded xz2 v0.1.6
[INFO] [stderr]   Downloaded regex-syntax v0.6.17
[INFO] [stderr]   Downloaded log v0.4.8
[INFO] [stderr]   Downloaded safemem v0.3.3
[INFO] [stderr]   Downloaded pkg-config v0.3.17
[INFO] [stderr]   Downloaded sha1 v0.6.0
[INFO] [stderr]   Downloaded miniz_oxide v0.3.6
[INFO] [stderr]   Downloaded termcolor v1.1.0
[INFO] [stderr]   Downloaded crc32fast v1.2.0
[INFO] [stderr]   Downloaded adler32 v1.0.4
[INFO] [stderr]   Downloaded pcap v0.7.0
[INFO] [stderr]   Downloaded buf_redux v0.8.4
[INFO] [stderr]   Downloaded thread_local v1.0.1
[INFO] [stderr]   Downloaded aho-corasick v0.7.10
[INFO] [stderr]   Downloaded unicode-width v0.1.7
[INFO] [stderr]   Downloaded byteorder v1.3.4
[INFO] [stderr]   Downloaded ansi_term v0.11.0
[INFO] [stderr]   Downloaded strsim v0.8.0
[INFO] [stderr]   Downloaded slice-deque v0.2.4
[INFO] [stderr]   Downloaded mach v0.2.3
[INFO] [stderr]   Downloaded cc v1.0.52
[INFO] [stderr]   Downloaded vec_map v0.8.2
[INFO] [stderr]   Downloaded flate2 v1.0.14
[INFO] [stderr]   Downloaded quick-error v1.2.3
[INFO] [stderr]   Downloaded winapi-util v0.1.5
[INFO] [stderr]   Downloaded lazy_static v1.4.0
[INFO] [stderr]   Downloaded env_logger v0.7.1
[INFO] [stderr]   Downloaded humantime v1.3.0
[INFO] [stderr]   Downloaded clap v2.33.1
[INFO] [stderr]   Downloaded regex v1.3.7
[INFO] [stderr]   Downloaded winapi v0.3.8
[INFO] [stderr]   Downloaded lzma-sys v0.1.15
[INFO] [stderr]   Downloaded libc v0.2.69
[INFO] [stderr]   Downloaded winapi-x86_64-pc-windows-gnu v0.4.0
[INFO] [stderr]   Downloaded winapi-i686-pc-windows-gnu v0.4.0
[INFO] running `Command { std: "docker" "create" "-v" "/var/lib/crater-agent-workspace/builds/worker-59/target:/opt/rustwide/target:rw,Z" "-v" "/var/lib/crater-agent-workspace/builds/worker-59/source:/opt/rustwide/workdir:ro,Z" "-v" "/var/lib/crater-agent-workspace/cargo-home:/opt/rustwide/cargo-home:ro,Z" "-v" "/var/lib/crater-agent-workspace/rustup-home:/opt/rustwide/rustup-home:ro,Z" "-e" "SOURCE_DIR=/opt/rustwide/workdir" "-e" "CARGO_TARGET_DIR=/opt/rustwide/target" "-e" "CARGO_HOME=/opt/rustwide/cargo-home" "-e" "RUSTUP_HOME=/opt/rustwide/rustup-home" "-w" "/opt/rustwide/workdir" "-m" "1610612736" "--user" "0:0" "--network" "none" "ghcr.io/rust-lang/crates-build-env/linux@sha256:34b6a614d2c27851fe6cbf88fbd1137609cefab8b10d0615aaeb6fd47975d74e" "/opt/rustwide/cargo-home/bin/cargo" "+beta-2021-08-01" "metadata" "--no-deps" "--format-version=1", kill_on_drop: false }`
[INFO] [stdout] 32ffb1b618ee5cb3d2f7d64217c659b912ac89cdf625b4812d674f8012953065
[INFO] running `Command { std: "docker" "start" "-a" "32ffb1b618ee5cb3d2f7d64217c659b912ac89cdf625b4812d674f8012953065", kill_on_drop: false }`
[INFO] running `Command { std: "docker" "inspect" "32ffb1b618ee5cb3d2f7d64217c659b912ac89cdf625b4812d674f8012953065", kill_on_drop: false }`
[INFO] running `Command { std: "docker" "rm" "-f" "32ffb1b618ee5cb3d2f7d64217c659b912ac89cdf625b4812d674f8012953065", kill_on_drop: false }`
[INFO] [stdout] 32ffb1b618ee5cb3d2f7d64217c659b912ac89cdf625b4812d674f8012953065
[INFO] running `Command { std: "docker" "create" "-v" "/var/lib/crater-agent-workspace/builds/worker-59/target:/opt/rustwide/target:rw,Z" "-v" "/var/lib/crater-agent-workspace/builds/worker-59/source:/opt/rustwide/workdir:ro,Z" "-v" "/var/lib/crater-agent-workspace/cargo-home:/opt/rustwide/cargo-home:ro,Z" "-v" "/var/lib/crater-agent-workspace/rustup-home:/opt/rustwide/rustup-home:ro,Z" "-e" "SOURCE_DIR=/opt/rustwide/workdir" "-e" "CARGO_TARGET_DIR=/opt/rustwide/target" "-e" "CARGO_INCREMENTAL=0" "-e" "RUST_BACKTRACE=full" "-e" "RUSTFLAGS=--cap-lints=warn" "-e" "CARGO_HOME=/opt/rustwide/cargo-home" "-e" "RUSTUP_HOME=/opt/rustwide/rustup-home" "-w" "/opt/rustwide/workdir" "-m" "1610612736" "--user" "0:0" "--network" "none" "ghcr.io/rust-lang/crates-build-env/linux@sha256:34b6a614d2c27851fe6cbf88fbd1137609cefab8b10d0615aaeb6fd47975d74e" "/opt/rustwide/cargo-home/bin/cargo" "+beta-2021-08-01" "build" "--frozen" "--message-format=json", kill_on_drop: false }`
[INFO] [stdout] 99d5a234c043bddef01c187be8de1b6e0164c6924c4d6fcd7cab6c4bbe4a882b
[INFO] running `Command { std: "docker" "start" "-a" "99d5a234c043bddef01c187be8de1b6e0164c6924c4d6fcd7cab6c4bbe4a882b", kill_on_drop: false }`
[INFO] [stderr]     Blocking waiting for file lock on package cache
[INFO] [stderr]    Compiling libc v0.2.69
[INFO] [stderr]    Compiling log v0.4.8
[INFO] [stderr]    Compiling safemem v0.3.3
[INFO] [stderr]    Compiling slice-deque v0.2.4
[INFO] [stderr]    Compiling buf_redux v0.8.4
[INFO] [stderr]    Compiling pcarp v1.2.0 (/opt/rustwide/workdir)
[INFO] [stderr]     Finished dev [unoptimized + debuginfo] target(s) in 18.57s
[INFO] running `Command { std: "docker" "inspect" "99d5a234c043bddef01c187be8de1b6e0164c6924c4d6fcd7cab6c4bbe4a882b", kill_on_drop: false }`
[INFO] running `Command { std: "docker" "rm" "-f" "99d5a234c043bddef01c187be8de1b6e0164c6924c4d6fcd7cab6c4bbe4a882b", kill_on_drop: false }`
[INFO] [stdout] 99d5a234c043bddef01c187be8de1b6e0164c6924c4d6fcd7cab6c4bbe4a882b
[INFO] running `Command { std: "docker" "create" "-v" "/var/lib/crater-agent-workspace/builds/worker-59/target:/opt/rustwide/target:rw,Z" "-v" "/var/lib/crater-agent-workspace/builds/worker-59/source:/opt/rustwide/workdir:ro,Z" "-v" "/var/lib/crater-agent-workspace/cargo-home:/opt/rustwide/cargo-home:ro,Z" "-v" "/var/lib/crater-agent-workspace/rustup-home:/opt/rustwide/rustup-home:ro,Z" "-e" "SOURCE_DIR=/opt/rustwide/workdir" "-e" "CARGO_TARGET_DIR=/opt/rustwide/target" "-e" "CARGO_INCREMENTAL=0" "-e" "RUST_BACKTRACE=full" "-e" "RUSTFLAGS=--cap-lints=warn" "-e" "CARGO_HOME=/opt/rustwide/cargo-home" "-e" "RUSTUP_HOME=/opt/rustwide/rustup-home" "-w" "/opt/rustwide/workdir" "-m" "1610612736" "--user" "0:0" "--network" "none" "ghcr.io/rust-lang/crates-build-env/linux@sha256:34b6a614d2c27851fe6cbf88fbd1137609cefab8b10d0615aaeb6fd47975d74e" "/opt/rustwide/cargo-home/bin/cargo" "+beta-2021-08-01" "test" "--frozen" "--no-run" "--message-format=json", kill_on_drop: false }`
[INFO] [stdout] aebd2b754f0a50608fdf11adf282dc4e12ab872d9329653a30e26a9a923ebce3
[INFO] running `Command { std: "docker" "start" "-a" "aebd2b754f0a50608fdf11adf282dc4e12ab872d9329653a30e26a9a923ebce3", kill_on_drop: false }`
[INFO] [stderr]    Compiling cc v1.0.52
[INFO] [stderr]    Compiling pcap v0.7.0
[INFO] [stderr]    Compiling adler32 v1.0.4
[INFO] [stderr]    Compiling regex-syntax v0.6.17
[INFO] [stderr]    Compiling termcolor v1.1.0
[INFO] [stderr]    Compiling sha1 v0.6.0
[INFO] [stderr]    Compiling textwrap v0.11.0
[INFO] [stderr]    Compiling atty v0.2.14
[INFO] [stderr]    Compiling miniz_oxide v0.3.6
[INFO] [stderr]    Compiling clap v2.33.1
[INFO] [stderr]    Compiling flate2 v1.0.14
[INFO] [stderr]    Compiling lzma-sys v0.1.15
[INFO] [stderr]    Compiling xz2 v0.1.6
[INFO] [stderr]    Compiling regex v1.3.7
[INFO] [stderr]    Compiling env_logger v0.7.1
[INFO] [stderr]    Compiling pcarp v1.2.0 (/opt/rustwide/workdir)
[INFO] [stdout] error: linking with `cc` failed: exit status: 1
[INFO] [stdout]   |
[INFO] [stdout]   = note: "cc" "-m64" "/opt/rustwide/target/debug/examples/simple_dump-abca8c8fcb70bb65.simple_dump.8b945c9c-cgu.0.rcgu.o" "/opt/rustwide/target/debug/examples/simple_dump-abca8c8fcb70bb65.simple_dump.8b945c9c-cgu.1.rcgu.o" "/opt/rustwide/target/debug/examples/simple_dump-abca8c8fcb70bb65.simple_dump.8b945c9c-cgu.10.rcgu.o" "/opt/rustwide/target/debug/examples/simple_dump-abca8c8fcb70bb65.simple_dump.8b945c9c-cgu.11.rcgu.o" "/opt/rustwide/target/debug/examples/simple_dump-abca8c8fcb70bb65.simple_dump.8b945c9c-cgu.12.rcgu.o" "/opt/rustwide/target/debug/examples/simple_dump-abca8c8fcb70bb65.simple_dump.8b945c9c-cgu.13.rcgu.o" "/opt/rustwide/target/debug/examples/simple_dump-abca8c8fcb70bb65.simple_dump.8b945c9c-cgu.14.rcgu.o" "/opt/rustwide/target/debug/examples/simple_dump-abca8c8fcb70bb65.simple_dump.8b945c9c-cgu.15.rcgu.o" "/opt/rustwide/target/debug/examples/simple_dump-abca8c8fcb70bb65.simple_dump.8b945c9c-cgu.2.rcgu.o" "/opt/rustwide/target/debug/examples/simple_dump-abca8c8fcb70bb65.simple_dump.8b945c9c-cgu.3.rcgu.o" "/opt/rustwide/target/debug/examples/simple_dump-abca8c8fcb70bb65.simple_dump.8b945c9c-cgu.4.rcgu.o" "/opt/rustwide/target/debug/examples/simple_dump-abca8c8fcb70bb65.simple_dump.8b945c9c-cgu.5.rcgu.o" "/opt/rustwide/target/debug/examples/simple_dump-abca8c8fcb70bb65.simple_dump.8b945c9c-cgu.6.rcgu.o" "/opt/rustwide/target/debug/examples/simple_dump-abca8c8fcb70bb65.simple_dump.8b945c9c-cgu.7.rcgu.o" "/opt/rustwide/target/debug/examples/simple_dump-abca8c8fcb70bb65.simple_dump.8b945c9c-cgu.8.rcgu.o" "/opt/rustwide/target/debug/examples/simple_dump-abca8c8fcb70bb65.simple_dump.8b945c9c-cgu.9.rcgu.o" "/opt/rustwide/target/debug/examples/simple_dump-abca8c8fcb70bb65.23o09xirbvxaagzv.rcgu.o" "-Wl,--as-needed" "-L" "/opt/rustwide/target/debug/deps" "-L" "/usr/lib/x86_64-linux-gnu" "-L" "/opt/rustwide/rustup-home/toolchains/beta-2021-08-01-x86_64-unknown-linux-gnu/lib/rustlib/x86_64-unknown-linux-gnu/lib" "-Wl,-Bstatic" "/opt/rustwide/target/debug/deps/libpcarp-fce61dfbeca30fdf.rlib" "/opt/rustwide/target/debug/deps/libbuf_redux-4b7cc1dbe9a5145f.rlib" "/opt/rustwide/target/debug/deps/libslice_deque-ccc1ac151ecd8ea7.rlib" "/opt/rustwide/target/debug/deps/libsafemem-1b434f6aa7f38631.rlib" "/opt/rustwide/target/debug/deps/libmemchr-471a0917c9740522.rlib" "/opt/rustwide/target/debug/deps/liblog-e2d234598b8f32eb.rlib" "/opt/rustwide/target/debug/deps/libcfg_if-ffb7f11ad1437080.rlib" "/opt/rustwide/target/debug/deps/libbyteorder-3dc46fcfdc27cac2.rlib" "/opt/rustwide/target/debug/deps/libpcap-05cedc2f37aa7074.rlib" "/opt/rustwide/target/debug/deps/liblibc-33876b060e0713a1.rlib" "-Wl,--start-group" "/opt/rustwide/rustup-home/toolchains/beta-2021-08-01-x86_64-unknown-linux-gnu/lib/rustlib/x86_64-unknown-linux-gnu/lib/libstd-197d933f09d9a590.rlib" "/opt/rustwide/rustup-home/toolchains/beta-2021-08-01-x86_64-unknown-linux-gnu/lib/rustlib/x86_64-unknown-linux-gnu/lib/libpanic_unwind-46a006cddfd334f0.rlib" "/opt/rustwide/rustup-home/toolchains/beta-2021-08-01-x86_64-unknown-linux-gnu/lib/rustlib/x86_64-unknown-linux-gnu/lib/libminiz_oxide-5b9870310e470b38.rlib" "/opt/rustwide/rustup-home/toolchains/beta-2021-08-01-x86_64-unknown-linux-gnu/lib/rustlib/x86_64-unknown-linux-gnu/lib/libadler-260022ba8f1ab4ee.rlib" "/opt/rustwide/rustup-home/toolchains/beta-2021-08-01-x86_64-unknown-linux-gnu/lib/rustlib/x86_64-unknown-linux-gnu/lib/libobject-71377435a799394f.rlib" "/opt/rustwide/rustup-home/toolchains/beta-2021-08-01-x86_64-unknown-linux-gnu/lib/rustlib/x86_64-unknown-linux-gnu/lib/libaddr2line-658ee5924fde57cd.rlib" "/opt/rustwide/rustup-home/toolchains/beta-2021-08-01-x86_64-unknown-linux-gnu/lib/rustlib/x86_64-unknown-linux-gnu/lib/libgimli-9e8627da6bd1b94a.rlib" "/opt/rustwide/rustup-home/toolchains/beta-2021-08-01-x86_64-unknown-linux-gnu/lib/rustlib/x86_64-unknown-linux-gnu/lib/libstd_detect-19fdaac49f59be84.rlib" "/opt/rustwide/rustup-home/toolchains/beta-2021-08-01-x86_64-unknown-linux-gnu/lib/rustlib/x86_64-unknown-linux-gnu/lib/librustc_demangle-cb00e2691ea45905.rlib" "/opt/rustwide/rustup-home/toolchains/beta-2021-08-01-x86_64-unknown-linux-gnu/lib/rustlib/x86_64-unknown-linux-gnu/lib/libhashbrown-50f6726defae5ae1.rlib" "/opt/rustwide/rustup-home/toolchains/beta-2021-08-01-x86_64-unknown-linux-gnu/lib/rustlib/x86_64-unknown-linux-gnu/lib/librustc_std_workspace_alloc-2afc16311deea26e.rlib" "/opt/rustwide/rustup-home/toolchains/beta-2021-08-01-x86_64-unknown-linux-gnu/lib/rustlib/x86_64-unknown-linux-gnu/lib/libunwind-bb5cb0fe086ee8cf.rlib" "/opt/rustwide/rustup-home/toolchains/beta-2021-08-01-x86_64-unknown-linux-gnu/lib/rustlib/x86_64-unknown-linux-gnu/lib/libcfg_if-896053247b5dfd0b.rlib" "/opt/rustwide/rustup-home/toolchains/beta-2021-08-01-x86_64-unknown-linux-gnu/lib/rustlib/x86_64-unknown-linux-gnu/lib/liblibc-735e1f2ac3cf23be.rlib" "/opt/rustwide/rustup-home/toolchains/beta-2021-08-01-x86_64-unknown-linux-gnu/lib/rustlib/x86_64-unknown-linux-gnu/lib/liballoc-9dfb6622644c732c.rlib" "/opt/rustwide/rustup-home/toolchains/beta-2021-08-01-x86_64-unknown-linux-gnu/lib/rustlib/x86_64-unknown-linux-gnu/lib/librustc_std_workspace_core-beea7d9617fe25c5.rlib" "/opt/rustwide/rustup-home/toolchains/beta-2021-08-01-x86_64-unknown-linux-gnu/lib/rustlib/x86_64-unknown-linux-gnu/lib/libcore-8ef7dd43fc671f88.rlib" "-Wl,--end-group" "/opt/rustwide/rustup-home/toolchains/beta-2021-08-01-x86_64-unknown-linux-gnu/lib/rustlib/x86_64-unknown-linux-gnu/lib/libcompiler_builtins-a9a3b2ad67977f47.rlib" "-Wl,-Bdynamic" "-lpcap" "-lutil" "-ldl" "-lutil" "-lgcc_s" "-lutil" "-lrt" "-lpthread" "-lm" "-ldl" "-lc" "-Wl,--eh-frame-hdr" "-Wl,-znoexecstack" "-L" "/opt/rustwide/rustup-home/toolchains/beta-2021-08-01-x86_64-unknown-linux-gnu/lib/rustlib/x86_64-unknown-linux-gnu/lib" "-o" "/opt/rustwide/target/debug/examples/simple_dump-abca8c8fcb70bb65" "-Wl,--gc-sections" "-pie" "-Wl,-zrelro" "-Wl,-znow" "-nodefaultlibs"
[INFO] [stdout]   = note: /usr/bin/ld: cannot find -lpcap
[INFO] [stdout]           collect2: error: ld returned 1 exit status
[INFO] [stdout]           
[INFO] [stdout] 
[INFO] [stdout] 
[INFO] [stdout] error: aborting due to previous error
[INFO] [stdout] 
[INFO] [stdout] 
[INFO] [stdout] error: linking with `cc` failed: exit status: 1
[INFO] [stdout]   |
[INFO] [stdout]   = note: "cc" "-m64" "/opt/rustwide/target/debug/examples/bench-0661e45911585ef6.bench.2b31dfc4-cgu.0.rcgu.o" "/opt/rustwide/target/debug/examples/bench-0661e45911585ef6.bench.2b31dfc4-cgu.1.rcgu.o" "/opt/rustwide/target/debug/examples/bench-0661e45911585ef6.bench.2b31dfc4-cgu.10.rcgu.o" "/opt/rustwide/target/debug/examples/bench-0661e45911585ef6.bench.2b31dfc4-cgu.11.rcgu.o" "/opt/rustwide/target/debug/examples/bench-0661e45911585ef6.bench.2b31dfc4-cgu.12.rcgu.o" "/opt/rustwide/target/debug/examples/bench-0661e45911585ef6.bench.2b31dfc4-cgu.13.rcgu.o" "/opt/rustwide/target/debug/examples/bench-0661e45911585ef6.bench.2b31dfc4-cgu.14.rcgu.o" "/opt/rustwide/target/debug/examples/bench-0661e45911585ef6.bench.2b31dfc4-cgu.15.rcgu.o" "/opt/rustwide/target/debug/examples/bench-0661e45911585ef6.bench.2b31dfc4-cgu.2.rcgu.o" "/opt/rustwide/target/debug/examples/bench-0661e45911585ef6.bench.2b31dfc4-cgu.3.rcgu.o" "/opt/rustwide/target/debug/examples/bench-0661e45911585ef6.bench.2b31dfc4-cgu.4.rcgu.o" "/opt/rustwide/target/debug/examples/bench-0661e45911585ef6.bench.2b31dfc4-cgu.5.rcgu.o" "/opt/rustwide/target/debug/examples/bench-0661e45911585ef6.bench.2b31dfc4-cgu.6.rcgu.o" "/opt/rustwide/target/debug/examples/bench-0661e45911585ef6.bench.2b31dfc4-cgu.7.rcgu.o" "/opt/rustwide/target/debug/examples/bench-0661e45911585ef6.bench.2b31dfc4-cgu.8.rcgu.o" "/opt/rustwide/target/debug/examples/bench-0661e45911585ef6.bench.2b31dfc4-cgu.9.rcgu.o" "/opt/rustwide/target/debug/examples/bench-0661e45911585ef6.1xg9eokbplvg31ab.rcgu.o" "-Wl,--as-needed" "-L" "/opt/rustwide/target/debug/deps" "-L" "/usr/lib/x86_64-linux-gnu" "-L" "/opt/rustwide/rustup-home/toolchains/beta-2021-08-01-x86_64-unknown-linux-gnu/lib/rustlib/x86_64-unknown-linux-gnu/lib" "-Wl,-Bstatic" "/opt/rustwide/target/debug/deps/libpcap-05cedc2f37aa7074.rlib" "/opt/rustwide/target/debug/deps/libpcarp-fce61dfbeca30fdf.rlib" "/opt/rustwide/target/debug/deps/libbuf_redux-4b7cc1dbe9a5145f.rlib" "/opt/rustwide/target/debug/deps/libslice_deque-ccc1ac151ecd8ea7.rlib" "/opt/rustwide/target/debug/deps/liblibc-33876b060e0713a1.rlib" "/opt/rustwide/target/debug/deps/libsafemem-1b434f6aa7f38631.rlib" "/opt/rustwide/target/debug/deps/libmemchr-471a0917c9740522.rlib" "/opt/rustwide/target/debug/deps/liblog-e2d234598b8f32eb.rlib" "/opt/rustwide/target/debug/deps/libcfg_if-ffb7f11ad1437080.rlib" "/opt/rustwide/target/debug/deps/libbyteorder-3dc46fcfdc27cac2.rlib" "-Wl,--start-group" "/opt/rustwide/rustup-home/toolchains/beta-2021-08-01-x86_64-unknown-linux-gnu/lib/rustlib/x86_64-unknown-linux-gnu/lib/libstd-197d933f09d9a590.rlib" "/opt/rustwide/rustup-home/toolchains/beta-2021-08-01-x86_64-unknown-linux-gnu/lib/rustlib/x86_64-unknown-linux-gnu/lib/libpanic_unwind-46a006cddfd334f0.rlib" "/opt/rustwide/rustup-home/toolchains/beta-2021-08-01-x86_64-unknown-linux-gnu/lib/rustlib/x86_64-unknown-linux-gnu/lib/libminiz_oxide-5b9870310e470b38.rlib" "/opt/rustwide/rustup-home/toolchains/beta-2021-08-01-x86_64-unknown-linux-gnu/lib/rustlib/x86_64-unknown-linux-gnu/lib/libadler-260022ba8f1ab4ee.rlib" "/opt/rustwide/rustup-home/toolchains/beta-2021-08-01-x86_64-unknown-linux-gnu/lib/rustlib/x86_64-unknown-linux-gnu/lib/libobject-71377435a799394f.rlib" "/opt/rustwide/rustup-home/toolchains/beta-2021-08-01-x86_64-unknown-linux-gnu/lib/rustlib/x86_64-unknown-linux-gnu/lib/libaddr2line-658ee5924fde57cd.rlib" "/opt/rustwide/rustup-home/toolchains/beta-2021-08-01-x86_64-unknown-linux-gnu/lib/rustlib/x86_64-unknown-linux-gnu/lib/libgimli-9e8627da6bd1b94a.rlib" "/opt/rustwide/rustup-home/toolchains/beta-2021-08-01-x86_64-unknown-linux-gnu/lib/rustlib/x86_64-unknown-linux-gnu/lib/libstd_detect-19fdaac49f59be84.rlib" "/opt/rustwide/rustup-home/toolchains/beta-2021-08-01-x86_64-unknown-linux-gnu/lib/rustlib/x86_64-unknown-linux-gnu/lib/librustc_demangle-cb00e2691ea45905.rlib" "/opt/rustwide/rustup-home/toolchains/beta-2021-08-01-x86_64-unknown-linux-gnu/lib/rustlib/x86_64-unknown-linux-gnu/lib/libhashbrown-50f6726defae5ae1.rlib" "/opt/rustwide/rustup-home/toolchains/beta-2021-08-01-x86_64-unknown-linux-gnu/lib/rustlib/x86_64-unknown-linux-gnu/lib/librustc_std_workspace_alloc-2afc16311deea26e.rlib" "/opt/rustwide/rustup-home/toolchains/beta-2021-08-01-x86_64-unknown-linux-gnu/lib/rustlib/x86_64-unknown-linux-gnu/lib/libunwind-bb5cb0fe086ee8cf.rlib" "/opt/rustwide/rustup-home/toolchains/beta-2021-08-01-x86_64-unknown-linux-gnu/lib/rustlib/x86_64-unknown-linux-gnu/lib/libcfg_if-896053247b5dfd0b.rlib" "/opt/rustwide/rustup-home/toolchains/beta-2021-08-01-x86_64-unknown-linux-gnu/lib/rustlib/x86_64-unknown-linux-gnu/lib/liblibc-735e1f2ac3cf23be.rlib" "/opt/rustwide/rustup-home/toolchains/beta-2021-08-01-x86_64-unknown-linux-gnu/lib/rustlib/x86_64-unknown-linux-gnu/lib/liballoc-9dfb6622644c732c.rlib" "/opt/rustwide/rustup-home/toolchains/beta-2021-08-01-x86_64-unknown-linux-gnu/lib/rustlib/x86_64-unknown-linux-gnu/lib/librustc_std_workspace_core-beea7d9617fe25c5.rlib" "/opt/rustwide/rustup-home/toolchains/beta-2021-08-01-x86_64-unknown-linux-gnu/lib/rustlib/x86_64-unknown-linux-gnu/lib/libcore-8ef7dd43fc671f88.rlib" "-Wl,--end-group" "/opt/rustwide/rustup-home/toolchains/beta-2021-08-01-x86_64-unknown-linux-gnu/lib/rustlib/x86_64-unknown-linux-gnu/lib/libcompiler_builtins-a9a3b2ad67977f47.rlib" "-Wl,-Bdynamic" "-lpcap" "-lutil" "-ldl" "-lutil" "-lgcc_s" "-lutil" "-lrt" "-lpthread" "-lm" "-ldl" "-lc" "-Wl,--eh-frame-hdr" "-Wl,-znoexecstack" "-L" "/opt/rustwide/rustup-home/toolchains/beta-2021-08-01-x86_64-unknown-linux-gnu/lib/rustlib/x86_64-unknown-linux-gnu/lib" "-o" "/opt/rustwide/target/debug/examples/bench-0661e45911585ef6" "-Wl,--gc-sections" "-pie" "-Wl,-zrelro" "-Wl,-znow" "-nodefaultlibs"
[INFO] [stdout]   = note: /usr/bin/ld: cannot find -lpcap
[INFO] [stdout]           collect2: error: ld returned 1 exit status
[INFO] [stdout]           
[INFO] [stdout] 
[INFO] [stdout] 
[INFO] [stdout] error: aborting due to previous error
[INFO] [stdout] 
[INFO] [stdout] 
[INFO] [stderr] error: could not compile `pcarp` due to 2 previous errors
[INFO] [stderr] warning: build failed, waiting for other jobs to finish...
[INFO] [stdout] error: linking with `cc` failed: exit status: 1
[INFO] [stdout]   |
[INFO] [stdout]   = note: "cc" "-m64" "/opt/rustwide/target/debug/examples/pcap_dump_libpcap-7fba67c354d5e11f.pcap_dump_libpcap.748612d4-cgu.0.rcgu.o" "/opt/rustwide/target/debug/examples/pcap_dump_libpcap-7fba67c354d5e11f.pcap_dump_libpcap.748612d4-cgu.1.rcgu.o" "/opt/rustwide/target/debug/examples/pcap_dump_libpcap-7fba67c354d5e11f.pcap_dump_libpcap.748612d4-cgu.10.rcgu.o" "/opt/rustwide/target/debug/examples/pcap_dump_libpcap-7fba67c354d5e11f.pcap_dump_libpcap.748612d4-cgu.11.rcgu.o" "/opt/rustwide/target/debug/examples/pcap_dump_libpcap-7fba67c354d5e11f.pcap_dump_libpcap.748612d4-cgu.12.rcgu.o" "/opt/rustwide/target/debug/examples/pcap_dump_libpcap-7fba67c354d5e11f.pcap_dump_libpcap.748612d4-cgu.13.rcgu.o" "/opt/rustwide/target/debug/examples/pcap_dump_libpcap-7fba67c354d5e11f.pcap_dump_libpcap.748612d4-cgu.14.rcgu.o" "/opt/rustwide/target/debug/examples/pcap_dump_libpcap-7fba67c354d5e11f.pcap_dump_libpcap.748612d4-cgu.15.rcgu.o" "/opt/rustwide/target/debug/examples/pcap_dump_libpcap-7fba67c354d5e11f.pcap_dump_libpcap.748612d4-cgu.2.rcgu.o" "/opt/rustwide/target/debug/examples/pcap_dump_libpcap-7fba67c354d5e11f.pcap_dump_libpcap.748612d4-cgu.3.rcgu.o" "/opt/rustwide/target/debug/examples/pcap_dump_libpcap-7fba67c354d5e11f.pcap_dump_libpcap.748612d4-cgu.4.rcgu.o" "/opt/rustwide/target/debug/examples/pcap_dump_libpcap-7fba67c354d5e11f.pcap_dump_libpcap.748612d4-cgu.5.rcgu.o" "/opt/rustwide/target/debug/examples/pcap_dump_libpcap-7fba67c354d5e11f.pcap_dump_libpcap.748612d4-cgu.6.rcgu.o" "/opt/rustwide/target/debug/examples/pcap_dump_libpcap-7fba67c354d5e11f.pcap_dump_libpcap.748612d4-cgu.7.rcgu.o" "/opt/rustwide/target/debug/examples/pcap_dump_libpcap-7fba67c354d5e11f.pcap_dump_libpcap.748612d4-cgu.8.rcgu.o" "/opt/rustwide/target/debug/examples/pcap_dump_libpcap-7fba67c354d5e11f.pcap_dump_libpcap.748612d4-cgu.9.rcgu.o" "/opt/rustwide/target/debug/examples/pcap_dump_libpcap-7fba67c354d5e11f.48zdfz17n0a78ok1.rcgu.o" "-Wl,--as-needed" "-L" "/opt/rustwide/target/debug/deps" "-L" "/usr/lib/x86_64-linux-gnu" "-L" "/opt/rustwide/rustup-home/toolchains/beta-2021-08-01-x86_64-unknown-linux-gnu/lib/rustlib/x86_64-unknown-linux-gnu/lib" "-Wl,-Bstatic" "/opt/rustwide/target/debug/deps/libenv_logger-78fd95541092e6a0.rlib" "/opt/rustwide/target/debug/deps/libtermcolor-3aba0a29031a465a.rlib" "/opt/rustwide/target/debug/deps/libhumantime-948ffd822b1013e1.rlib" "/opt/rustwide/target/debug/deps/libquick_error-9b86aa0409ef900d.rlib" "/opt/rustwide/target/debug/deps/libregex-64ff29a08d653a6c.rlib" "/opt/rustwide/target/debug/deps/libthread_local-3b926810dda75ea6.rlib" "/opt/rustwide/target/debug/deps/liblazy_static-e92083d5a39a8b50.rlib" "/opt/rustwide/target/debug/deps/libregex_syntax-b719bcc7e9f9947c.rlib" "/opt/rustwide/target/debug/deps/libaho_corasick-2060a2a57676c0fb.rlib" "/opt/rustwide/target/debug/deps/libmemchr-471a0917c9740522.rlib" "/opt/rustwide/target/debug/deps/libpcap-05cedc2f37aa7074.rlib" "/opt/rustwide/target/debug/deps/liblog-e2d234598b8f32eb.rlib" "/opt/rustwide/target/debug/deps/libcfg_if-ffb7f11ad1437080.rlib" "/opt/rustwide/target/debug/deps/libclap-ba870f8cf782d7e8.rlib" "/opt/rustwide/target/debug/deps/libvec_map-9437af413e5e5769.rlib" "/opt/rustwide/target/debug/deps/libtextwrap-7bc6fdc794dd29ab.rlib" "/opt/rustwide/target/debug/deps/libunicode_width-96cfa22366eb7433.rlib" "/opt/rustwide/target/debug/deps/libstrsim-4659ff817c3bab94.rlib" "/opt/rustwide/target/debug/deps/libbitflags-e09638bf9aca31b4.rlib" "/opt/rustwide/target/debug/deps/libatty-cef8540f62ea0909.rlib" "/opt/rustwide/target/debug/deps/liblibc-33876b060e0713a1.rlib" "/opt/rustwide/target/debug/deps/libansi_term-ab5734da97e53ff9.rlib" "-Wl,--start-group" "/opt/rustwide/rustup-home/toolchains/beta-2021-08-01-x86_64-unknown-linux-gnu/lib/rustlib/x86_64-unknown-linux-gnu/lib/libstd-197d933f09d9a590.rlib" "/opt/rustwide/rustup-home/toolchains/beta-2021-08-01-x86_64-unknown-linux-gnu/lib/rustlib/x86_64-unknown-linux-gnu/lib/libpanic_unwind-46a006cddfd334f0.rlib" "/opt/rustwide/rustup-home/toolchains/beta-2021-08-01-x86_64-unknown-linux-gnu/lib/rustlib/x86_64-unknown-linux-gnu/lib/libminiz_oxide-5b9870310e470b38.rlib" "/opt/rustwide/rustup-home/toolchains/beta-2021-08-01-x86_64-unknown-linux-gnu/lib/rustlib/x86_64-unknown-linux-gnu/lib/libadler-260022ba8f1ab4ee.rlib" "/opt/rustwide/rustup-home/toolchains/beta-2021-08-01-x86_64-unknown-linux-gnu/lib/rustlib/x86_64-unknown-linux-gnu/lib/libobject-71377435a799394f.rlib" "/opt/rustwide/rustup-home/toolchains/beta-2021-08-01-x86_64-unknown-linux-gnu/lib/rustlib/x86_64-unknown-linux-gnu/lib/libaddr2line-658ee5924fde57cd.rlib" "/opt/rustwide/rustup-home/toolchains/beta-2021-08-01-x86_64-unknown-linux-gnu/lib/rustlib/x86_64-unknown-linux-gnu/lib/libgimli-9e8627da6bd1b94a.rlib" "/opt/rustwide/rustup-home/toolchains/beta-2021-08-01-x86_64-unknown-linux-gnu/lib/rustlib/x86_64-unknown-linux-gnu/lib/libstd_detect-19fdaac49f59be84.rlib" "/opt/rustwide/rustup-home/toolchains/beta-2021-08-01-x86_64-unknown-linux-gnu/lib/rustlib/x86_64-unknown-linux-gnu/lib/librustc_demangle-cb00e2691ea45905.rlib" "/opt/rustwide/rustup-home/toolchains/beta-2021-08-01-x86_64-unknown-linux-gnu/lib/rustlib/x86_64-unknown-linux-gnu/lib/libhashbrown-50f6726defae5ae1.rlib" "/opt/rustwide/rustup-home/toolchains/beta-2021-08-01-x86_64-unknown-linux-gnu/lib/rustlib/x86_64-unknown-linux-gnu/lib/librustc_std_workspace_alloc-2afc16311deea26e.rlib" "/opt/rustwide/rustup-home/toolchains/beta-2021-08-01-x86_64-unknown-linux-gnu/lib/rustlib/x86_64-unknown-linux-gnu/lib/libunwind-bb5cb0fe086ee8cf.rlib" "/opt/rustwide/rustup-home/toolchains/beta-2021-08-01-x86_64-unknown-linux-gnu/lib/rustlib/x86_64-unknown-linux-gnu/lib/libcfg_if-896053247b5dfd0b.rlib" "/opt/rustwide/rustup-home/toolchains/beta-2021-08-01-x86_64-unknown-linux-gnu/lib/rustlib/x86_64-unknown-linux-gnu/lib/liblibc-735e1f2ac3cf23be.rlib" "/opt/rustwide/rustup-home/toolchains/beta-2021-08-01-x86_64-unknown-linux-gnu/lib/rustlib/x86_64-unknown-linux-gnu/lib/liballoc-9dfb6622644c732c.rlib" "/opt/rustwide/rustup-home/toolchains/beta-2021-08-01-x86_64-unknown-linux-gnu/lib/rustlib/x86_64-unknown-linux-gnu/lib/librustc_std_workspace_core-beea7d9617fe25c5.rlib" "/opt/rustwide/rustup-home/toolchains/beta-2021-08-01-x86_64-unknown-linux-gnu/lib/rustlib/x86_64-unknown-linux-gnu/lib/libcore-8ef7dd43fc671f88.rlib" "-Wl,--end-group" "/opt/rustwide/rustup-home/toolchains/beta-2021-08-01-x86_64-unknown-linux-gnu/lib/rustlib/x86_64-unknown-linux-gnu/lib/libcompiler_builtins-a9a3b2ad67977f47.rlib" "-Wl,-Bdynamic" "-lpcap" "-lutil" "-ldl" "-lutil" "-lgcc_s" "-lutil" "-lrt" "-lpthread" "-lm" "-ldl" "-lc" "-Wl,--eh-frame-hdr" "-Wl,-znoexecstack" "-L" "/opt/rustwide/rustup-home/toolchains/beta-2021-08-01-x86_64-unknown-linux-gnu/lib/rustlib/x86_64-unknown-linux-gnu/lib" "-o" "/opt/rustwide/target/debug/examples/pcap_dump_libpcap-7fba67c354d5e11f" "-Wl,--gc-sections" "-pie" "-Wl,-zrelro" "-Wl,-znow" "-nodefaultlibs"
[INFO] [stdout]   = note: /usr/bin/ld: cannot find -lpcap
[INFO] [stdout]           collect2: error: ld returned 1 exit status
[INFO] [stdout]           
[INFO] [stdout] 
[INFO] [stdout] 
[INFO] [stdout] error: aborting due to previous error
[INFO] [stdout] 
[INFO] [stdout] 
[INFO] [stderr] error: build failed
[INFO] running `Command { std: "docker" "inspect" "aebd2b754f0a50608fdf11adf282dc4e12ab872d9329653a30e26a9a923ebce3", kill_on_drop: false }`
[INFO] running `Command { std: "docker" "rm" "-f" "aebd2b754f0a50608fdf11adf282dc4e12ab872d9329653a30e26a9a923ebce3", kill_on_drop: false }`
[INFO] [stdout] aebd2b754f0a50608fdf11adf282dc4e12ab872d9329653a30e26a9a923ebce3
