[INFO] fetching crate parapet 0.1.1...
[INFO] testing parapet-0.1.1 against beta-2021-08-01 for beta-1.55-1
[INFO] extracting crate parapet 0.1.1 into /workspace/builds/worker-12/source
[INFO] validating manifest of crates.io crate parapet 0.1.1 on toolchain beta-2021-08-01
[INFO] running `Command { std: "/workspace/cargo-home/bin/cargo" "+beta-2021-08-01" "metadata" "--manifest-path" "Cargo.toml" "--no-deps", kill_on_drop: false }`
[INFO] started tweaking crates.io crate parapet 0.1.1
[INFO] finished tweaking crates.io crate parapet 0.1.1
[INFO] tweaked toml for crates.io crate parapet 0.1.1 written to /workspace/builds/worker-12/source/Cargo.toml
[INFO] running `Command { std: "/workspace/cargo-home/bin/cargo" "+beta-2021-08-01" "generate-lockfile" "--manifest-path" "Cargo.toml" "-Zno-index-update", kill_on_drop: false }`
[INFO] running `Command { std: "/workspace/cargo-home/bin/cargo" "+beta-2021-08-01" "fetch" "--manifest-path" "Cargo.toml", kill_on_drop: false }`
[INFO] [stderr]  Downloading crates ...
[INFO] [stderr]   Downloaded uuid v0.3.1
[INFO] [stderr]   Downloaded uuid v0.5.1
[INFO] [stderr]   Downloaded dot v0.1.4
[INFO] [stderr]   Downloaded slab v0.3.0
[INFO] [stderr]   Downloaded graphsearch v0.6.0
[INFO] [stderr]   Downloaded protocol v0.1.11
[INFO] running `Command { std: "docker" "create" "-v" "/var/lib/crater-agent-workspace/builds/worker-12/target:/opt/rustwide/target:rw,Z" "-v" "/var/lib/crater-agent-workspace/builds/worker-12/source:/opt/rustwide/workdir:ro,Z" "-v" "/var/lib/crater-agent-workspace/cargo-home:/opt/rustwide/cargo-home:ro,Z" "-v" "/var/lib/crater-agent-workspace/rustup-home:/opt/rustwide/rustup-home:ro,Z" "-e" "SOURCE_DIR=/opt/rustwide/workdir" "-e" "CARGO_TARGET_DIR=/opt/rustwide/target" "-e" "CARGO_HOME=/opt/rustwide/cargo-home" "-e" "RUSTUP_HOME=/opt/rustwide/rustup-home" "-w" "/opt/rustwide/workdir" "-m" "1610612736" "--user" "0:0" "--network" "none" "ghcr.io/rust-lang/crates-build-env/linux@sha256:34b6a614d2c27851fe6cbf88fbd1137609cefab8b10d0615aaeb6fd47975d74e" "/opt/rustwide/cargo-home/bin/cargo" "+beta-2021-08-01" "metadata" "--no-deps" "--format-version=1", kill_on_drop: false }`
[INFO] [stdout] 2c4c40e564ebaf8cbce5301cb1626d5ed2a6674c49cae631d9f0e02ab020cd80
[INFO] running `Command { std: "docker" "start" "-a" "2c4c40e564ebaf8cbce5301cb1626d5ed2a6674c49cae631d9f0e02ab020cd80", kill_on_drop: false }`
[INFO] running `Command { std: "docker" "inspect" "2c4c40e564ebaf8cbce5301cb1626d5ed2a6674c49cae631d9f0e02ab020cd80", kill_on_drop: false }`
[INFO] running `Command { std: "docker" "rm" "-f" "2c4c40e564ebaf8cbce5301cb1626d5ed2a6674c49cae631d9f0e02ab020cd80", kill_on_drop: false }`
[INFO] [stdout] 2c4c40e564ebaf8cbce5301cb1626d5ed2a6674c49cae631d9f0e02ab020cd80
[INFO] running `Command { std: "docker" "create" "-v" "/var/lib/crater-agent-workspace/builds/worker-12/target:/opt/rustwide/target:rw,Z" "-v" "/var/lib/crater-agent-workspace/builds/worker-12/source:/opt/rustwide/workdir:ro,Z" "-v" "/var/lib/crater-agent-workspace/cargo-home:/opt/rustwide/cargo-home:ro,Z" "-v" "/var/lib/crater-agent-workspace/rustup-home:/opt/rustwide/rustup-home:ro,Z" "-e" "SOURCE_DIR=/opt/rustwide/workdir" "-e" "CARGO_TARGET_DIR=/opt/rustwide/target" "-e" "CARGO_INCREMENTAL=0" "-e" "RUST_BACKTRACE=full" "-e" "RUSTFLAGS=--cap-lints=warn" "-e" "CARGO_HOME=/opt/rustwide/cargo-home" "-e" "RUSTUP_HOME=/opt/rustwide/rustup-home" "-w" "/opt/rustwide/workdir" "-m" "1610612736" "--user" "0:0" "--network" "none" "ghcr.io/rust-lang/crates-build-env/linux@sha256:34b6a614d2c27851fe6cbf88fbd1137609cefab8b10d0615aaeb6fd47975d74e" "/opt/rustwide/cargo-home/bin/cargo" "+beta-2021-08-01" "build" "--frozen" "--message-format=json", kill_on_drop: false }`
[INFO] [stdout] f85f99cf3b4c7b4521e9e82681242b6b4180fa80fc313b2583044ef35d82189d
[INFO] running `Command { std: "docker" "start" "-a" "f85f99cf3b4c7b4521e9e82681242b6b4180fa80fc313b2583044ef35d82189d", kill_on_drop: false }`
[INFO] [stderr]    Compiling serde v0.8.23
[INFO] [stderr]    Compiling uuid v0.5.1
[INFO] [stderr]    Compiling graphsearch v0.6.0
[INFO] [stderr]    Compiling dot v0.1.4
[INFO] [stderr]    Compiling slab v0.3.0
[INFO] [stderr]    Compiling byteorder v0.5.3
[INFO] [stderr]    Compiling libz-sys v1.1.3
[INFO] [stderr]    Compiling net2 v0.2.37
[INFO] [stderr]    Compiling mio v0.6.23
[INFO] [stderr]    Compiling flate2 v0.2.20
[INFO] [stderr]    Compiling protocol v0.1.11
[INFO] [stdout] error: expected one of `(`, `[`, or `{`, found `composite_primitives`
[INFO] [stdout]   --> /opt/rustwide/cargo-home/registry/src/github.com-1ecc6299db9ec823/protocol-0.1.11/src/primitives/composite.rs:81:15
[INFO] [stdout]    |
[INFO] [stdout] 81 |     describe! composite_primitives {
[INFO] [stdout]    |               ^^^^^^^^^^^^^^^^^^^^ expected one of `(`, `[`, or `{`
[INFO] [stdout] 
[INFO] [stdout] 
[INFO] [stdout] error: expected one of `(`, `[`, or `{`, found `simple_transport`
[INFO] [stdout]    --> /opt/rustwide/cargo-home/registry/src/github.com-1ecc6299db9ec823/protocol-0.1.11/src/wire/stream/transport/simple.rs:151:15
[INFO] [stdout]     |
[INFO] [stdout] 151 |     describe! simple_transport {
[INFO] [stdout]     |               ^^^^^^^^^^^^^^^^ expected one of `(`, `[`, or `{`
[INFO] [stdout] 
[INFO] [stdout] 
[INFO] [stdout] error: expected one of `(`, `[`, or `{`, found `connection`
[INFO] [stdout]   --> /opt/rustwide/cargo-home/registry/src/github.com-1ecc6299db9ec823/protocol-0.1.11/src/wire/stream/connection.rs:79:15
[INFO] [stdout]    |
[INFO] [stdout] 79 |     describe! connection {
[INFO] [stdout]    |               ^^^^^^^^^^ expected one of `(`, `[`, or `{`
[INFO] [stdout] 
[INFO] [stdout] 
[INFO] [stdout] error: expected one of `(`, `[`, or `{`, found `pipeline`
[INFO] [stdout]   --> /opt/rustwide/cargo-home/registry/src/github.com-1ecc6299db9ec823/protocol-0.1.11/src/wire/middleware/pipeline.rs:95:15
[INFO] [stdout]    |
[INFO] [stdout] 95 |     describe! pipeline {
[INFO] [stdout]    |               ^^^^^^^^ expected one of `(`, `[`, or `{`
[INFO] [stdout] 
[INFO] [stdout] 
[INFO] [stdout] error: expected one of `(`, `[`, or `{`, found `serialization`
[INFO] [stdout]   --> /opt/rustwide/cargo-home/registry/src/github.com-1ecc6299db9ec823/protocol-0.1.11/src/primitives/collections/list.rs:24:23
[INFO] [stdout]    |
[INFO] [stdout] 24 |             describe! serialization {
[INFO] [stdout]    |                       ^^^^^^^^^^^^^ expected one of `(`, `[`, or `{`
[INFO] [stdout] ...
[INFO] [stdout] 38 | pub mod linked_list { impl_list_type!(LinkedList => T: ); }
[INFO] [stdout]    |                       ----------------------------------- in this macro invocation
[INFO] [stdout]    |
[INFO] [stdout]    = note: this error originates in the macro `impl_list_type` (in Nightly builds, run with -Z macro-backtrace for more info)
[INFO] [stdout] 
[INFO] [stdout] 
[INFO] [stdout] error: expected one of `(`, `[`, or `{`, found `serialization`
[INFO] [stdout]   --> /opt/rustwide/cargo-home/registry/src/github.com-1ecc6299db9ec823/protocol-0.1.11/src/primitives/collections/list.rs:24:23
[INFO] [stdout]    |
[INFO] [stdout] 24 |             describe! serialization {
[INFO] [stdout]    |                       ^^^^^^^^^^^^^ expected one of `(`, `[`, or `{`
[INFO] [stdout] ...
[INFO] [stdout] 39 | pub mod vec_deque   { impl_list_type!(VecDeque   => T: ); }
[INFO] [stdout]    |                       ----------------------------------- in this macro invocation
[INFO] [stdout]    |
[INFO] [stdout]    = note: this error originates in the macro `impl_list_type` (in Nightly builds, run with -Z macro-backtrace for more info)
[INFO] [stdout] 
[INFO] [stdout] 
[INFO] [stdout] error: expected one of `(`, `[`, or `{`, found `serialization`
[INFO] [stdout]   --> /opt/rustwide/cargo-home/registry/src/github.com-1ecc6299db9ec823/protocol-0.1.11/src/primitives/collections/list.rs:24:23
[INFO] [stdout]    |
[INFO] [stdout] 24 |             describe! serialization {
[INFO] [stdout]    |                       ^^^^^^^^^^^^^ expected one of `(`, `[`, or `{`
[INFO] [stdout] ...
[INFO] [stdout] 41 | pub mod btree_set   { impl_list_type!(BTreeSet   => T: Ord); }
[INFO] [stdout]    |                       -------------------------------------- in this macro invocation
[INFO] [stdout]    |
[INFO] [stdout]    = note: this error originates in the macro `impl_list_type` (in Nightly builds, run with -Z macro-backtrace for more info)
[INFO] [stdout] 
[INFO] [stdout] 
[INFO] [stdout] error: expected one of `(`, `[`, or `{`, found `serialization`
[INFO] [stdout]   --> /opt/rustwide/cargo-home/registry/src/github.com-1ecc6299db9ec823/protocol-0.1.11/src/primitives/collections/list.rs:24:23
[INFO] [stdout]    |
[INFO] [stdout] 24 |             describe! serialization {
[INFO] [stdout]    |                       ^^^^^^^^^^^^^ expected one of `(`, `[`, or `{`
[INFO] [stdout] ...
[INFO] [stdout] 45 |     impl_list_type!(HashSet => T: Hash, Eq);
[INFO] [stdout]    |     ---------------------------------------- in this macro invocation
[INFO] [stdout]    |
[INFO] [stdout]    = note: this error originates in the macro `impl_list_type` (in Nightly builds, run with -Z macro-backtrace for more info)
[INFO] [stdout] 
[INFO] [stdout] 
[INFO] [stdout] error[E0432]: unresolved import `self::connection::Connection`
[INFO] [stdout]  --> /opt/rustwide/cargo-home/registry/src/github.com-1ecc6299db9ec823/protocol-0.1.11/src/wire/stream/mod.rs:2:9
[INFO] [stdout]   |
[INFO] [stdout] 2 | pub use self::connection::Connection;
[INFO] [stdout]   |         ^^^^^^^^^^^^^^^^^^^^^^^^^^^^ no `Connection` in `wire::stream::connection`
[INFO] [stdout] 
[INFO] [stdout] 
[INFO] [stdout] error[E0432]: unresolved import `self::simple::Simple`
[INFO] [stdout]  --> /opt/rustwide/cargo-home/registry/src/github.com-1ecc6299db9ec823/protocol-0.1.11/src/wire/stream/transport/mod.rs:1:9
[INFO] [stdout]   |
[INFO] [stdout] 1 | pub use self::simple::Simple;
[INFO] [stdout]   |         ^^^^^^^^^^^^^^^^^^^^ no `Simple` in `wire::stream::transport::simple`
[INFO] [stdout] 
[INFO] [stdout] 
[INFO] [stdout] error[E0432]: unresolved import `self::pipeline::Pipeline`
[INFO] [stdout]  --> /opt/rustwide/cargo-home/registry/src/github.com-1ecc6299db9ec823/protocol-0.1.11/src/wire/middleware/mod.rs:1:9
[INFO] [stdout]   |
[INFO] [stdout] 1 | pub use self::pipeline::Pipeline;
[INFO] [stdout]   |         ^^^^^^^^^^^^^^^^^^^^^^^^ no `Pipeline` in `wire::middleware::pipeline`
[INFO] [stdout] 
[INFO] [stdout] 
[INFO] [stdout] error[E0554]: `#![feature]` may not be used on the beta release channel
[INFO] [stdout]  --> /opt/rustwide/cargo-home/registry/src/github.com-1ecc6299db9ec823/protocol-0.1.11/src/lib.rs:1:1
[INFO] [stdout]   |
[INFO] [stdout] 1 | #![feature(try_from)]
[INFO] [stdout]   | ^^^^^^^^^^^^^^^^^^^^^
[INFO] [stdout] 
[INFO] [stdout] 
[INFO] [stdout] error: aborting due to 12 previous errors
[INFO] [stdout] 
[INFO] [stdout] 
[INFO] [stdout] Some errors have detailed explanations: E0432, E0554.
[INFO] [stdout] 
[INFO] [stdout] For more information about an error, try `rustc --explain E0432`.
[INFO] [stdout] 
[INFO] [stderr] error: could not compile `protocol` due to 13 previous errors
[INFO] [stderr] warning: build failed, waiting for other jobs to finish...
[INFO] [stderr] error: build failed
[INFO] running `Command { std: "docker" "inspect" "f85f99cf3b4c7b4521e9e82681242b6b4180fa80fc313b2583044ef35d82189d", kill_on_drop: false }`
[INFO] running `Command { std: "docker" "rm" "-f" "f85f99cf3b4c7b4521e9e82681242b6b4180fa80fc313b2583044ef35d82189d", kill_on_drop: false }`
[INFO] [stdout] f85f99cf3b4c7b4521e9e82681242b6b4180fa80fc313b2583044ef35d82189d
