[INFO] fetching crate pam-client 0.3.0...
[INFO] testing pam-client-0.3.0 against 1.54.0 for beta-1.55-1
[INFO] extracting crate pam-client 0.3.0 into /workspace/builds/worker-55/source
[INFO] validating manifest of crates.io crate pam-client 0.3.0 on toolchain 1.54.0
[INFO] running `Command { std: "/workspace/cargo-home/bin/cargo" "+1.54.0" "metadata" "--manifest-path" "Cargo.toml" "--no-deps", kill_on_drop: false }`
[INFO] started tweaking crates.io crate pam-client 0.3.0
[INFO] finished tweaking crates.io crate pam-client 0.3.0
[INFO] tweaked toml for crates.io crate pam-client 0.3.0 written to /workspace/builds/worker-55/source/Cargo.toml
[INFO] running `Command { std: "/workspace/cargo-home/bin/cargo" "+1.54.0" "generate-lockfile" "--manifest-path" "Cargo.toml" "-Zno-index-update", kill_on_drop: false }`
[INFO] [stderr]     Blocking waiting for file lock on package cache
[INFO] running `Command { std: "/workspace/cargo-home/bin/cargo" "+1.54.0" "fetch" "--manifest-path" "Cargo.toml", kill_on_drop: false }`
[INFO] [stderr]     Blocking waiting for file lock on package cache
[INFO] [stderr]     Blocking waiting for file lock on package cache
[INFO] running `Command { std: "docker" "create" "-v" "/var/lib/crater-agent-workspace/builds/worker-55/target:/opt/rustwide/target:rw,Z" "-v" "/var/lib/crater-agent-workspace/builds/worker-55/source:/opt/rustwide/workdir:ro,Z" "-v" "/var/lib/crater-agent-workspace/cargo-home:/opt/rustwide/cargo-home:ro,Z" "-v" "/var/lib/crater-agent-workspace/rustup-home:/opt/rustwide/rustup-home:ro,Z" "-e" "SOURCE_DIR=/opt/rustwide/workdir" "-e" "CARGO_TARGET_DIR=/opt/rustwide/target" "-e" "CARGO_HOME=/opt/rustwide/cargo-home" "-e" "RUSTUP_HOME=/opt/rustwide/rustup-home" "-w" "/opt/rustwide/workdir" "-m" "1610612736" "--user" "0:0" "--network" "none" "ghcr.io/rust-lang/crates-build-env/linux@sha256:34b6a614d2c27851fe6cbf88fbd1137609cefab8b10d0615aaeb6fd47975d74e" "/opt/rustwide/cargo-home/bin/cargo" "+1.54.0" "metadata" "--no-deps" "--format-version=1", kill_on_drop: false }`
[INFO] [stdout] cdb93f9daa414057a993dc59cfe35d4c6f54e9d59ba30a325f414eee4d4867de
[INFO] running `Command { std: "docker" "start" "-a" "cdb93f9daa414057a993dc59cfe35d4c6f54e9d59ba30a325f414eee4d4867de", kill_on_drop: false }`
[INFO] running `Command { std: "docker" "inspect" "cdb93f9daa414057a993dc59cfe35d4c6f54e9d59ba30a325f414eee4d4867de", kill_on_drop: false }`
[INFO] running `Command { std: "docker" "rm" "-f" "cdb93f9daa414057a993dc59cfe35d4c6f54e9d59ba30a325f414eee4d4867de", kill_on_drop: false }`
[INFO] [stdout] cdb93f9daa414057a993dc59cfe35d4c6f54e9d59ba30a325f414eee4d4867de
[INFO] running `Command { std: "docker" "create" "-v" "/var/lib/crater-agent-workspace/builds/worker-55/target:/opt/rustwide/target:rw,Z" "-v" "/var/lib/crater-agent-workspace/builds/worker-55/source:/opt/rustwide/workdir:ro,Z" "-v" "/var/lib/crater-agent-workspace/cargo-home:/opt/rustwide/cargo-home:ro,Z" "-v" "/var/lib/crater-agent-workspace/rustup-home:/opt/rustwide/rustup-home:ro,Z" "-e" "SOURCE_DIR=/opt/rustwide/workdir" "-e" "CARGO_TARGET_DIR=/opt/rustwide/target" "-e" "CARGO_INCREMENTAL=0" "-e" "RUST_BACKTRACE=full" "-e" "RUSTFLAGS=--cap-lints=warn" "-e" "CARGO_HOME=/opt/rustwide/cargo-home" "-e" "RUSTUP_HOME=/opt/rustwide/rustup-home" "-w" "/opt/rustwide/workdir" "-m" "1610612736" "--user" "0:0" "--network" "none" "ghcr.io/rust-lang/crates-build-env/linux@sha256:34b6a614d2c27851fe6cbf88fbd1137609cefab8b10d0615aaeb6fd47975d74e" "/opt/rustwide/cargo-home/bin/cargo" "+1.54.0" "build" "--frozen" "--message-format=json", kill_on_drop: false }`
[INFO] [stdout] 22c6210013f8cdfaf978fc0395d3cbb14c1b6af4c37175a38912b071963f9071
[INFO] running `Command { std: "docker" "start" "-a" "22c6210013f8cdfaf978fc0395d3cbb14c1b6af4c37175a38912b071963f9071", kill_on_drop: false }`
[INFO] [stderr]     Blocking waiting for file lock on package cache
[INFO] [stderr]    Compiling quick-error v1.2.3
[INFO] [stderr]    Compiling bindgen v0.55.1
[INFO] [stderr]    Compiling syn v1.0.74
[INFO] [stderr]    Compiling rustversion v1.0.5
[INFO] [stderr]    Compiling rpassword v5.0.1
[INFO] [stderr]    Compiling humantime v1.3.0
[INFO] [stderr]    Compiling env_logger v0.7.1
[INFO] [stderr]    Compiling enum-repr v0.2.6
[INFO] [stderr]    Compiling pam-sys v1.0.0-alpha3
[INFO] [stderr]    Compiling pam-client v0.3.0 (/opt/rustwide/workdir)
[INFO] [stdout] error[E0308]: mismatched types
[INFO] [stdout]    --> src/ffi.rs:185:4
[INFO] [stdout]     |
[INFO] [stdout] 182 |         match message.msg_style as c_uint {
[INFO] [stdout]     |               --------------------------- this expression has type `u32`
[INFO] [stdout] ...
[INFO] [stdout] 185 |             pam_sys::PAM_BINARY_PROMPT => {
[INFO] [stdout]     |             ^^^^^^^^^^^^^^^^^^^^^^^^^^ expected `u32`, found `i32`
[INFO] [stdout] 
[INFO] [stdout] 
[INFO] [stdout] error[E0308]: mismatched types
[INFO] [stdout]    --> src/ffi.rs:197:6
[INFO] [stdout]     |
[INFO] [stdout] 196 |                 let result = match message.msg_style as c_uint {
[INFO] [stdout]     |                                    --------------------------- this expression has type `u32`
[INFO] [stdout] 197 |                     pam_sys::PAM_PROMPT_ECHO_ON => {
[INFO] [stdout]     |                     ^^^^^^^^^^^^^^^^^^^^^^^^^^^ expected `u32`, found `i32`
[INFO] [stdout] 
[INFO] [stdout] 
[INFO] [stdout] error[E0308]: mismatched types
[INFO] [stdout]    --> src/ffi.rs:201:6
[INFO] [stdout]     |
[INFO] [stdout] 196 |                 let result = match message.msg_style as c_uint {
[INFO] [stdout]     |                                    --------------------------- this expression has type `u32`
[INFO] [stdout] ...
[INFO] [stdout] 201 |                     pam_sys::PAM_PROMPT_ECHO_OFF => {
[INFO] [stdout]     |                     ^^^^^^^^^^^^^^^^^^^^^^^^^^^^ expected `u32`, found `i32`
[INFO] [stdout] 
[INFO] [stdout] 
[INFO] [stdout] error[E0308]: mismatched types
[INFO] [stdout]    --> src/ffi.rs:205:6
[INFO] [stdout]     |
[INFO] [stdout] 196 |                 let result = match message.msg_style as c_uint {
[INFO] [stdout]     |                                    --------------------------- this expression has type `u32`
[INFO] [stdout] ...
[INFO] [stdout] 205 |                     pam_sys::PAM_TEXT_INFO => {
[INFO] [stdout]     |                     ^^^^^^^^^^^^^^^^^^^^^^ expected `u32`, found `i32`
[INFO] [stdout] 
[INFO] [stdout] 
[INFO] [stdout] error[E0308]: mismatched types
[INFO] [stdout]    --> src/ffi.rs:210:6
[INFO] [stdout]     |
[INFO] [stdout] 196 |                 let result = match message.msg_style as c_uint {
[INFO] [stdout]     |                                    --------------------------- this expression has type `u32`
[INFO] [stdout] ...
[INFO] [stdout] 210 |                     pam_sys::PAM_ERROR_MSG => {
[INFO] [stdout]     |                     ^^^^^^^^^^^^^^^^^^^^^^ expected `u32`, found `i32`
[INFO] [stdout] 
[INFO] [stdout] 
[INFO] [stdout] error[E0308]: mismatched types
[INFO] [stdout]    --> src/ffi.rs:216:6
[INFO] [stdout]     |
[INFO] [stdout] 196 |                 let result = match message.msg_style as c_uint {
[INFO] [stdout]     |                                    --------------------------- this expression has type `u32`
[INFO] [stdout] ...
[INFO] [stdout] 216 |                     pam_sys::PAM_RADIO_TYPE => {
[INFO] [stdout]     |                     ^^^^^^^^^^^^^^^^^^^^^^^ expected `u32`, found `i32`
[INFO] [stdout] 
[INFO] [stdout] 
[INFO] [stdout] error: aborting due to 6 previous errors
[INFO] [stdout] 
[INFO] [stdout] 
[INFO] [stdout] For more information about this error, try `rustc --explain E0308`.
[INFO] [stdout] 
[INFO] [stderr] error: could not compile `pam-client`
[INFO] [stderr] 
[INFO] [stderr] To learn more, run the command again with --verbose.
[INFO] running `Command { std: "docker" "inspect" "22c6210013f8cdfaf978fc0395d3cbb14c1b6af4c37175a38912b071963f9071", kill_on_drop: false }`
[INFO] running `Command { std: "docker" "rm" "-f" "22c6210013f8cdfaf978fc0395d3cbb14c1b6af4c37175a38912b071963f9071", kill_on_drop: false }`
[INFO] [stdout] 22c6210013f8cdfaf978fc0395d3cbb14c1b6af4c37175a38912b071963f9071
