[INFO] fetching crate palett 0.0.6...
[INFO] testing palett-0.0.6 against 1.54.0 for beta-1.55-1
[INFO] extracting crate palett 0.0.6 into /workspace/builds/worker-16/source
[INFO] validating manifest of crates.io crate palett 0.0.6 on toolchain 1.54.0
[INFO] running `Command { std: "/workspace/cargo-home/bin/cargo" "+1.54.0" "metadata" "--manifest-path" "Cargo.toml" "--no-deps", kill_on_drop: false }`
[INFO] started tweaking crates.io crate palett 0.0.6
[INFO] finished tweaking crates.io crate palett 0.0.6
[INFO] tweaked toml for crates.io crate palett 0.0.6 written to /workspace/builds/worker-16/source/Cargo.toml
[INFO] running `Command { std: "/workspace/cargo-home/bin/cargo" "+1.54.0" "generate-lockfile" "--manifest-path" "Cargo.toml" "-Zno-index-update", kill_on_drop: false }`
[INFO] [stderr]     Blocking waiting for file lock on package cache
[INFO] running `Command { std: "/workspace/cargo-home/bin/cargo" "+1.54.0" "fetch" "--manifest-path" "Cargo.toml", kill_on_drop: false }`
[INFO] [stderr]     Blocking waiting for file lock on package cache
[INFO] [stderr]     Blocking waiting for file lock on package cache
[INFO] running `Command { std: "docker" "create" "-v" "/var/lib/crater-agent-workspace/builds/worker-16/target:/opt/rustwide/target:rw,Z" "-v" "/var/lib/crater-agent-workspace/builds/worker-16/source:/opt/rustwide/workdir:ro,Z" "-v" "/var/lib/crater-agent-workspace/cargo-home:/opt/rustwide/cargo-home:ro,Z" "-v" "/var/lib/crater-agent-workspace/rustup-home:/opt/rustwide/rustup-home:ro,Z" "-e" "SOURCE_DIR=/opt/rustwide/workdir" "-e" "CARGO_TARGET_DIR=/opt/rustwide/target" "-e" "CARGO_HOME=/opt/rustwide/cargo-home" "-e" "RUSTUP_HOME=/opt/rustwide/rustup-home" "-w" "/opt/rustwide/workdir" "-m" "1610612736" "--user" "0:0" "--network" "none" "ghcr.io/rust-lang/crates-build-env/linux@sha256:34b6a614d2c27851fe6cbf88fbd1137609cefab8b10d0615aaeb6fd47975d74e" "/opt/rustwide/cargo-home/bin/cargo" "+1.54.0" "metadata" "--no-deps" "--format-version=1", kill_on_drop: false }`
[INFO] [stdout] 722938444aa28781c4549ee0f2d03bbfd495fe33fe03357254084f42335db8c4
[INFO] running `Command { std: "docker" "start" "-a" "722938444aa28781c4549ee0f2d03bbfd495fe33fe03357254084f42335db8c4", kill_on_drop: false }`
[INFO] running `Command { std: "docker" "inspect" "722938444aa28781c4549ee0f2d03bbfd495fe33fe03357254084f42335db8c4", kill_on_drop: false }`
[INFO] running `Command { std: "docker" "rm" "-f" "722938444aa28781c4549ee0f2d03bbfd495fe33fe03357254084f42335db8c4", kill_on_drop: false }`
[INFO] [stdout] 722938444aa28781c4549ee0f2d03bbfd495fe33fe03357254084f42335db8c4
[INFO] running `Command { std: "docker" "create" "-v" "/var/lib/crater-agent-workspace/builds/worker-16/target:/opt/rustwide/target:rw,Z" "-v" "/var/lib/crater-agent-workspace/builds/worker-16/source:/opt/rustwide/workdir:ro,Z" "-v" "/var/lib/crater-agent-workspace/cargo-home:/opt/rustwide/cargo-home:ro,Z" "-v" "/var/lib/crater-agent-workspace/rustup-home:/opt/rustwide/rustup-home:ro,Z" "-e" "SOURCE_DIR=/opt/rustwide/workdir" "-e" "CARGO_TARGET_DIR=/opt/rustwide/target" "-e" "CARGO_INCREMENTAL=0" "-e" "RUST_BACKTRACE=full" "-e" "RUSTFLAGS=--cap-lints=warn" "-e" "CARGO_HOME=/opt/rustwide/cargo-home" "-e" "RUSTUP_HOME=/opt/rustwide/rustup-home" "-w" "/opt/rustwide/workdir" "-m" "1610612736" "--user" "0:0" "--network" "none" "ghcr.io/rust-lang/crates-build-env/linux@sha256:34b6a614d2c27851fe6cbf88fbd1137609cefab8b10d0615aaeb6fd47975d74e" "/opt/rustwide/cargo-home/bin/cargo" "+1.54.0" "build" "--frozen" "--message-format=json", kill_on_drop: false }`
[INFO] [stdout] 991f106c1af19cd0390a5a7ff4152a5b4d3958ec5f4468d3447fa5a6e8f6d1f1
[INFO] running `Command { std: "docker" "start" "-a" "991f106c1af19cd0390a5a7ff4152a5b4d3958ec5f4468d3447fa5a6e8f6d1f1", kill_on_drop: false }`
[INFO] [stderr]    Compiling texting v0.0.2
[INFO] [stderr]    Compiling veho v0.0.16
[INFO] [stderr]    Compiling num-bigint v0.4.0
[INFO] [stderr]    Compiling num-rational v0.4.0
[INFO] [stderr]    Compiling num-iter v0.1.42
[INFO] [stderr]    Compiling num-complex v0.4.0
[INFO] [stderr]    Compiling num v0.4.0
[INFO] [stderr]    Compiling aryth v0.0.9
[INFO] [stderr]    Compiling palett v0.0.6 (/opt/rustwide/workdir)
[INFO] [stderr]     Finished dev [unoptimized + debuginfo] target(s) in 5.61s
[INFO] running `Command { std: "docker" "inspect" "991f106c1af19cd0390a5a7ff4152a5b4d3958ec5f4468d3447fa5a6e8f6d1f1", kill_on_drop: false }`
[INFO] running `Command { std: "docker" "rm" "-f" "991f106c1af19cd0390a5a7ff4152a5b4d3958ec5f4468d3447fa5a6e8f6d1f1", kill_on_drop: false }`
[INFO] [stdout] 991f106c1af19cd0390a5a7ff4152a5b4d3958ec5f4468d3447fa5a6e8f6d1f1
[INFO] running `Command { std: "docker" "create" "-v" "/var/lib/crater-agent-workspace/builds/worker-16/target:/opt/rustwide/target:rw,Z" "-v" "/var/lib/crater-agent-workspace/builds/worker-16/source:/opt/rustwide/workdir:ro,Z" "-v" "/var/lib/crater-agent-workspace/cargo-home:/opt/rustwide/cargo-home:ro,Z" "-v" "/var/lib/crater-agent-workspace/rustup-home:/opt/rustwide/rustup-home:ro,Z" "-e" "SOURCE_DIR=/opt/rustwide/workdir" "-e" "CARGO_TARGET_DIR=/opt/rustwide/target" "-e" "CARGO_INCREMENTAL=0" "-e" "RUST_BACKTRACE=full" "-e" "RUSTFLAGS=--cap-lints=warn" "-e" "CARGO_HOME=/opt/rustwide/cargo-home" "-e" "RUSTUP_HOME=/opt/rustwide/rustup-home" "-w" "/opt/rustwide/workdir" "-m" "1610612736" "--user" "0:0" "--network" "none" "ghcr.io/rust-lang/crates-build-env/linux@sha256:34b6a614d2c27851fe6cbf88fbd1137609cefab8b10d0615aaeb6fd47975d74e" "/opt/rustwide/cargo-home/bin/cargo" "+1.54.0" "test" "--frozen" "--no-run" "--message-format=json", kill_on_drop: false }`
[INFO] [stdout] 91ed1452b4af985d5b1a59d6de9379900b8acb7bd466303639ace79d8ec9ba87
[INFO] running `Command { std: "docker" "start" "-a" "91ed1452b4af985d5b1a59d6de9379900b8acb7bd466303639ace79d8ec9ba87", kill_on_drop: false }`
[INFO] [stderr]     Blocking waiting for file lock on package cache
[INFO] [stderr]    Compiling palett v0.0.6 (/opt/rustwide/workdir)
[INFO] [stdout] error[E0554]: `#![feature]` may not be used on the stable release channel
[INFO] [stdout]  --> tests/integration_test.rs:1:1
[INFO] [stdout]   |
[INFO] [stdout] 1 | #![feature(unboxed_closures)]
[INFO] [stdout]   | ^^^^^^^^^^^^^^^^^^^^^^^^^^^^^
[INFO] [stdout] 
[INFO] [stdout] 
[INFO] [stdout] error[E0554]: `#![feature]` may not be used on the stable release channel
[INFO] [stdout]  --> tests/integration_test.rs:2:1
[INFO] [stdout]   |
[INFO] [stdout] 2 | #![feature(fn_traits)]
[INFO] [stdout]   | ^^^^^^^^^^^^^^^^^^^^^^
[INFO] [stdout] 
[INFO] [stdout] 
[INFO] [stdout] error[E0554]: `#![feature]` may not be used on the stable release channel
[INFO] [stdout]  --> tests/integration_test.rs:3:1
[INFO] [stdout]   |
[INFO] [stdout] 3 | #![feature(type_alias_impl_trait)]
[INFO] [stdout]   | ^^^^^^^^^^^^^^^^^^^^^^^^^^^^^^^^^^
[INFO] [stdout] 
[INFO] [stdout] 
[INFO] [stdout] error[E0658]: `impl Trait` in type aliases is unstable
[INFO] [stdout]  --> tests/alpha/struct_callable/return_closure_test.rs:5:19
[INFO] [stdout]   |
[INFO] [stdout] 5 |     type SF<'a> = impl Fn(&'a str) -> String;
[INFO] [stdout]   |                   ^^^^^^^^^^^^^^^^^^^^^^^^^^
[INFO] [stdout]   |
[INFO] [stdout]   = note: see issue #63063 <https://github.com/rust-lang/rust/issues/63063> for more information
[INFO] [stdout] 
[INFO] [stdout] 
[INFO] [stdout] warning: the feature `type_alias_impl_trait` is incomplete and may not be safe to use and/or cause compiler crashes
[INFO] [stdout]  --> tests/integration_test.rs:3:12
[INFO] [stdout]   |
[INFO] [stdout] 3 | #![feature(type_alias_impl_trait)]
[INFO] [stdout]   |            ^^^^^^^^^^^^^^^^^^^^^
[INFO] [stdout]   |
[INFO] [stdout]   = note: `#[warn(incomplete_features)]` on by default
[INFO] [stdout]   = note: see issue #63063 <https://github.com/rust-lang/rust/issues/63063> for more information
[INFO] [stdout] 
[INFO] [stdout] 
[INFO] [stdout] error: aborting due to 4 previous errors; 1 warning emitted
[INFO] [stdout] 
[INFO] [stdout] 
[INFO] [stdout] Some errors have detailed explanations: E0554, E0658.
[INFO] [stdout] 
[INFO] [stdout] For more information about an error, try `rustc --explain E0554`.
[INFO] [stdout] 
[INFO] [stderr] error: could not compile `palett`
[INFO] [stderr] 
[INFO] [stderr] To learn more, run the command again with --verbose.
[INFO] [stderr] warning: build failed, waiting for other jobs to finish...
[INFO] [stderr] error: build failed
[INFO] running `Command { std: "docker" "inspect" "91ed1452b4af985d5b1a59d6de9379900b8acb7bd466303639ace79d8ec9ba87", kill_on_drop: false }`
[INFO] running `Command { std: "docker" "rm" "-f" "91ed1452b4af985d5b1a59d6de9379900b8acb7bd466303639ace79d8ec9ba87", kill_on_drop: false }`
[INFO] [stdout] 91ed1452b4af985d5b1a59d6de9379900b8acb7bd466303639ace79d8ec9ba87
