[INFO] fetching crate pahi-olin 0.2.0...
[INFO] testing pahi-olin-0.2.0 against 1.54.0 for beta-1.55-1
[INFO] extracting crate pahi-olin 0.2.0 into /workspace/builds/worker-19/source
[INFO] validating manifest of crates.io crate pahi-olin 0.2.0 on toolchain 1.54.0
[INFO] running `Command { std: "/workspace/cargo-home/bin/cargo" "+1.54.0" "metadata" "--manifest-path" "Cargo.toml" "--no-deps", kill_on_drop: false }`
[INFO] started tweaking crates.io crate pahi-olin 0.2.0
[INFO] finished tweaking crates.io crate pahi-olin 0.2.0
[INFO] tweaked toml for crates.io crate pahi-olin 0.2.0 written to /workspace/builds/worker-19/source/Cargo.toml
[INFO] running `Command { std: "/workspace/cargo-home/bin/cargo" "+1.54.0" "generate-lockfile" "--manifest-path" "Cargo.toml" "-Zno-index-update", kill_on_drop: false }`
[INFO] [stderr]     Blocking waiting for file lock on package cache
[INFO] running `Command { std: "/workspace/cargo-home/bin/cargo" "+1.54.0" "fetch" "--manifest-path" "Cargo.toml", kill_on_drop: false }`
[INFO] [stderr]     Blocking waiting for file lock on package cache
[INFO] [stderr]     Blocking waiting for file lock on package cache
[INFO] running `Command { std: "docker" "create" "-v" "/var/lib/crater-agent-workspace/builds/worker-19/target:/opt/rustwide/target:rw,Z" "-v" "/var/lib/crater-agent-workspace/builds/worker-19/source:/opt/rustwide/workdir:ro,Z" "-v" "/var/lib/crater-agent-workspace/cargo-home:/opt/rustwide/cargo-home:ro,Z" "-v" "/var/lib/crater-agent-workspace/rustup-home:/opt/rustwide/rustup-home:ro,Z" "-e" "SOURCE_DIR=/opt/rustwide/workdir" "-e" "CARGO_TARGET_DIR=/opt/rustwide/target" "-e" "CARGO_HOME=/opt/rustwide/cargo-home" "-e" "RUSTUP_HOME=/opt/rustwide/rustup-home" "-w" "/opt/rustwide/workdir" "-m" "1610612736" "--user" "0:0" "--network" "none" "ghcr.io/rust-lang/crates-build-env/linux@sha256:34b6a614d2c27851fe6cbf88fbd1137609cefab8b10d0615aaeb6fd47975d74e" "/opt/rustwide/cargo-home/bin/cargo" "+1.54.0" "metadata" "--no-deps" "--format-version=1", kill_on_drop: false }`
[INFO] [stdout] 0fc918fac06799901ee4e5aaac1d1a7504dc8c3e2c8701be9c2d1e4ad4792266
[INFO] running `Command { std: "docker" "start" "-a" "0fc918fac06799901ee4e5aaac1d1a7504dc8c3e2c8701be9c2d1e4ad4792266", kill_on_drop: false }`
[INFO] running `Command { std: "docker" "inspect" "0fc918fac06799901ee4e5aaac1d1a7504dc8c3e2c8701be9c2d1e4ad4792266", kill_on_drop: false }`
[INFO] running `Command { std: "docker" "rm" "-f" "0fc918fac06799901ee4e5aaac1d1a7504dc8c3e2c8701be9c2d1e4ad4792266", kill_on_drop: false }`
[INFO] [stdout] 0fc918fac06799901ee4e5aaac1d1a7504dc8c3e2c8701be9c2d1e4ad4792266
[INFO] running `Command { std: "docker" "create" "-v" "/var/lib/crater-agent-workspace/builds/worker-19/target:/opt/rustwide/target:rw,Z" "-v" "/var/lib/crater-agent-workspace/builds/worker-19/source:/opt/rustwide/workdir:ro,Z" "-v" "/var/lib/crater-agent-workspace/cargo-home:/opt/rustwide/cargo-home:ro,Z" "-v" "/var/lib/crater-agent-workspace/rustup-home:/opt/rustwide/rustup-home:ro,Z" "-e" "SOURCE_DIR=/opt/rustwide/workdir" "-e" "CARGO_TARGET_DIR=/opt/rustwide/target" "-e" "CARGO_INCREMENTAL=0" "-e" "RUST_BACKTRACE=full" "-e" "RUSTFLAGS=--cap-lints=warn" "-e" "CARGO_HOME=/opt/rustwide/cargo-home" "-e" "RUSTUP_HOME=/opt/rustwide/rustup-home" "-w" "/opt/rustwide/workdir" "-m" "1610612736" "--user" "0:0" "--network" "none" "ghcr.io/rust-lang/crates-build-env/linux@sha256:34b6a614d2c27851fe6cbf88fbd1137609cefab8b10d0615aaeb6fd47975d74e" "/opt/rustwide/cargo-home/bin/cargo" "+1.54.0" "build" "--frozen" "--message-format=json", kill_on_drop: false }`
[INFO] [stdout] a6eaf5961d6c76657d14e225dd470ab5dd813e613ae959dfa6a441c626e13ead
[INFO] running `Command { std: "docker" "start" "-a" "a6eaf5961d6c76657d14e225dd470ab5dd813e613ae959dfa6a441c626e13ead", kill_on_drop: false }`
[INFO] [stderr]     Blocking waiting for file lock on package cache
[INFO] [stderr]    Compiling libc v0.2.98
[INFO] [stderr]    Compiling cc v1.0.69
[INFO] [stderr]    Compiling serde v1.0.127
[INFO] [stderr]    Compiling cranelift-entity v0.59.0
[INFO] [stderr]    Compiling crossbeam-utils v0.8.5
[INFO] [stderr]    Compiling target-lexicon v0.10.0
[INFO] [stderr]    Compiling byteorder v1.4.3
[INFO] [stderr]    Compiling cranelift-codegen-shared v0.59.0
[INFO] [stderr]    Compiling hashbrown v0.11.2
[INFO] [stderr]    Compiling log v0.4.14
[INFO] [stderr]    Compiling subtle v2.4.1
[INFO] [stderr]    Compiling crossbeam-epoch v0.9.5
[INFO] [stderr]    Compiling once_cell v1.8.0
[INFO] [stderr]    Compiling rayon-core v1.9.1
[INFO] [stderr]    Compiling arrayvec v0.5.2
[INFO] [stderr]    Compiling memchr v2.4.0
[INFO] [stderr]    Compiling nix v0.15.0
[INFO] [stderr]    Compiling void v1.0.2
[INFO] [stderr]    Compiling wasmparser v0.51.4
[INFO] [stderr]    Compiling gimli v0.25.0
[INFO] [stderr]    Compiling hex v0.4.3
[INFO] [stderr]    Compiling either v1.6.1
[INFO] [stderr]    Compiling eyre v0.6.5
[INFO] [stderr]    Compiling indenter v0.3.3
[INFO] [stderr]    Compiling owo-colors v1.3.0
[INFO] [stderr]    Compiling openssl v0.10.35
[INFO] [stderr]    Compiling indexmap v1.7.0
[INFO] [stderr]    Compiling memoffset v0.6.4
[INFO] [stderr]    Compiling rayon v1.5.1
[INFO] [stderr]    Compiling num-integer v0.1.44
[INFO] [stderr]    Compiling tracing-core v0.1.18
[INFO] [stderr]    Compiling lock_api v0.3.4
[INFO] [stderr]    Compiling sharded-slab v0.1.3
[INFO] [stderr]    Compiling form_urlencoded v1.0.1
[INFO] [stderr]    Compiling miniz_oxide v0.4.4
[INFO] [stderr]    Compiling idna v0.2.3
[INFO] [stderr]    Compiling digest v0.8.1
[INFO] [stderr]    Compiling thiserror-impl v1.0.26
[INFO] [stderr]    Compiling tracing-attributes v0.1.15
[INFO] [stderr]    Compiling num-derive v0.3.3
[INFO] [stderr]    Compiling crypto-mac v0.8.0
[INFO] [stderr]    Compiling cranelift-bforest v0.59.0
[INFO] [stderr]    Compiling thread_local v1.1.3
[INFO] [stderr]    Compiling cranelift-codegen-meta v0.59.0
[INFO] [stderr]    Compiling url v2.2.2
[INFO] [stderr]    Compiling crossbeam-channel v0.5.1
[INFO] [stderr]    Compiling object v0.26.0
[INFO] [stderr]    Compiling crossbeam-deque v0.8.1
[INFO] [stderr]    Compiling tracing-subscriber v0.2.19
[INFO] [stderr]    Compiling blake3 v0.3.8
[INFO] [stderr]    Compiling raw-cpuid v7.0.4
[INFO] [stderr]    Compiling openssl-sys v0.9.65
[INFO] [stderr]    Compiling backtrace v0.3.61
[INFO] [stderr]    Compiling thiserror v1.0.26
[INFO] [stderr]    Compiling tracing v0.1.26
[INFO] [stderr]    Compiling parking_lot_core v0.7.2
[INFO] [stderr]    Compiling num_cpus v1.13.0
[INFO] [stderr]    Compiling getrandom v0.1.16
[INFO] [stderr]    Compiling errno v0.2.7
[INFO] [stderr]    Compiling page_size v0.4.2
[INFO] [stderr]    Compiling time v0.1.43
[INFO] [stderr]    Compiling memmap v0.7.0
[INFO] [stderr]    Compiling dirs-sys v0.3.6
[INFO] [stderr]    Compiling addr2line v0.16.0
[INFO] [stderr]    Compiling rand_core v0.5.1
[INFO] [stderr]    Compiling tracing-error v0.1.2
[INFO] [stderr]    Compiling dirs v3.0.2
[INFO] [stderr]    Compiling parking_lot v0.10.2
[INFO] [stderr]    Compiling chrono v0.4.19
[INFO] [stderr]    Compiling wasmer-runtime-core v0.17.1
[INFO] [stderr]    Compiling rand_chacha v0.2.2
[INFO] [stderr]    Compiling color-spantrace v0.1.6
[INFO] [stderr]    Compiling rand v0.7.3
[INFO] [stderr]    Compiling serde_bytes v0.11.5
[INFO] [stderr]    Compiling serde-bench v0.0.7
[INFO] [stderr]    Compiling bincode v1.3.3
[INFO] [stderr]    Compiling gimli v0.20.0
[INFO] [stderr]    Compiling color-eyre v0.5.11
[INFO] [stderr]    Compiling cranelift-codegen v0.59.0
[INFO] [stderr]    Compiling wasmer-clif-fork-frontend v0.59.0
[INFO] [stderr]    Compiling cranelift-native v0.59.0
[INFO] [stderr]    Compiling wasmer-clif-fork-wasm v0.59.0
[INFO] [stderr]    Compiling wasmer-clif-backend v0.17.1
[INFO] [stderr]    Compiling wasmer-runtime v0.17.1
[INFO] [stderr]    Compiling pahi-olin v0.2.0 (/opt/rustwide/workdir)
[INFO] [stdout] error[E0412]: cannot find type `NoneError` in module `std::option`
[INFO] [stdout]   --> src/abi/env.rs:10:31
[INFO] [stdout]    |
[INFO] [stdout] 10 | ) -> Result<i32, std::option::NoneError> {
[INFO] [stdout]    |                               ^^^^^^^^^ not found in `std::option`
[INFO] [stdout] 
[INFO] [stdout] 
[INFO] [stdout] error[E0412]: cannot find type `NoneError` in module `std::option`
[INFO] [stdout]   --> src/abi/resource.rs:99:31
[INFO] [stdout]    |
[INFO] [stdout] 99 | ) -> Result<i32, std::option::NoneError> {
[INFO] [stdout]    |                               ^^^^^^^^^ not found in `std::option`
[INFO] [stdout] 
[INFO] [stdout] 
[INFO] [stdout] error[E0412]: cannot find type `NoneError` in module `std::option`
[INFO] [stdout]    --> src/abi/resource.rs:138:31
[INFO] [stdout]     |
[INFO] [stdout] 138 | ) -> Result<i32, std::option::NoneError> {
[INFO] [stdout]     |                               ^^^^^^^^^ not found in `std::option`
[INFO] [stdout] 
[INFO] [stdout] 
[INFO] [stdout] error[E0412]: cannot find type `NoneError` in module `std::option`
[INFO] [stdout]    --> src/abi/resource.rs:164:66
[INFO] [stdout]     |
[INFO] [stdout] 164 | pub fn flush(ctx: &mut Ctx, fd: u32) -> Result<i32, std::option::NoneError> {
[INFO] [stdout]     |                                                                  ^^^^^^^^^ not found in `std::option`
[INFO] [stdout] 
[INFO] [stdout] 
[INFO] [stdout] error[E0554]: `#![feature]` may not be used on the stable release channel
[INFO] [stdout]  --> src/lib.rs:1:1
[INFO] [stdout]   |
[INFO] [stdout] 1 | #![feature(try_trait)]
[INFO] [stdout]   | ^^^^^^^^^^^^^^^^^^^^^^
[INFO] [stdout] 
[INFO] [stdout] 
[INFO] [stdout] error[E0277]: the trait bound `for<'r> fn(&'r mut Ctx, WasmPtr<u8, Array>, u32, WasmPtr<u8, Array>, u32) -> Result<i32, [type error]> {abi::env::get}: wasmer_runtime_core::typed_func::HostFunction<_, _, _>` is not satisfied
[INFO] [stdout]    --> src/lib.rs:101:32
[INFO] [stdout]     |
[INFO] [stdout] 101 |             "env_get" => func!(abi::env::get),
[INFO] [stdout]     |                                ^^^^^^^^^^^^^ the trait `wasmer_runtime_core::typed_func::HostFunction<_, _, _>` is not implemented for `for<'r> fn(&'r mut Ctx, WasmPtr<u8, Array>, u32, WasmPtr<u8, Array>, u32) -> Result<i32, [type error]> {abi::env::get}`
[INFO] [stdout]     | 
[INFO] [stdout]    ::: src/abi/env.rs:4:8
[INFO] [stdout]     |
[INFO] [stdout] 4   | pub fn get(
[INFO] [stdout]     |        --- consider calling this function
[INFO] [stdout]     |
[INFO] [stdout]     = note: required by `Func::<'a, Args, Rets, wasmer_runtime_core::typed_func::Host>::new`
[INFO] [stdout] help: use parentheses to call the function
[INFO] [stdout]     |
[INFO] [stdout] 101 |             "env_get" => func!(abi::env::get(ctx, key_ptr, key_len, value_ptr, value_len)),
[INFO] [stdout]     |                                             ^^^^^^^^^^^^^^^^^^^^^^^^^^^^^^^^^^^^^^^^^^^^^
[INFO] [stdout] 
[INFO] [stdout] 
[INFO] [stdout] error[E0277]: the trait bound `for<'r> fn(&'r mut Ctx, u32, WasmPtr<u8, Array>, u32) -> Result<i32, [type error]> {abi::resource::read}: wasmer_runtime_core::typed_func::HostFunction<_, _, _>` is not satisfied
[INFO] [stdout]    --> src/lib.rs:120:38
[INFO] [stdout]     |
[INFO] [stdout] 120 |             "resource_read" => func!(abi::resource::read),
[INFO] [stdout]     |                                      ^^^^^^^^^^^^^^^^^^^ the trait `wasmer_runtime_core::typed_func::HostFunction<_, _, _>` is not implemented for `for<'r> fn(&'r mut Ctx, u32, WasmPtr<u8, Array>, u32) -> Result<i32, [type error]> {abi::resource::read}`
[INFO] [stdout]     | 
[INFO] [stdout]    ::: src/abi/resource.rs:94:8
[INFO] [stdout]     |
[INFO] [stdout] 94  | pub fn read(
[INFO] [stdout]     |        ---- consider calling this function
[INFO] [stdout]     |
[INFO] [stdout]     = note: required by `Func::<'a, Args, Rets, wasmer_runtime_core::typed_func::Host>::new`
[INFO] [stdout] help: use parentheses to call the function
[INFO] [stdout]     |
[INFO] [stdout] 120 |             "resource_read" => func!(abi::resource::read(ctx, fd, ptr, len)),
[INFO] [stdout]     |                                                         ^^^^^^^^^^^^^^^^^^^
[INFO] [stdout] 
[INFO] [stdout] 
[INFO] [stdout] error[E0277]: the trait bound `for<'r> fn(&'r mut Ctx, u32, WasmPtr<u8, Array>, u32) -> Result<i32, [type error]> {abi::resource::write}: wasmer_runtime_core::typed_func::HostFunction<_, _, _>` is not satisfied
[INFO] [stdout]    --> src/lib.rs:121:39
[INFO] [stdout]     |
[INFO] [stdout] 121 |             "resource_write" => func!(abi::resource::write),
[INFO] [stdout]     |                                       ^^^^^^^^^^^^^^^^^^^^ the trait `wasmer_runtime_core::typed_func::HostFunction<_, _, _>` is not implemented for `for<'r> fn(&'r mut Ctx, u32, WasmPtr<u8, Array>, u32) -> Result<i32, [type error]> {abi::resource::write}`
[INFO] [stdout]     | 
[INFO] [stdout]    ::: src/abi/resource.rs:133:8
[INFO] [stdout]     |
[INFO] [stdout] 133 | pub fn write(
[INFO] [stdout]     |        ----- consider calling this function
[INFO] [stdout]     |
[INFO] [stdout]     = note: required by `Func::<'a, Args, Rets, wasmer_runtime_core::typed_func::Host>::new`
[INFO] [stdout] help: use parentheses to call the function
[INFO] [stdout]     |
[INFO] [stdout] 121 |             "resource_write" => func!(abi::resource::write(ctx, fd, ptr, len)),
[INFO] [stdout]     |                                                           ^^^^^^^^^^^^^^^^^^^
[INFO] [stdout] 
[INFO] [stdout] 
[INFO] [stdout] error[E0277]: the trait bound `for<'r> fn(&'r mut Ctx, u32) -> Result<i32, [type error]> {abi::resource::flush}: wasmer_runtime_core::typed_func::HostFunction<_, _, _>` is not satisfied
[INFO] [stdout]    --> src/lib.rs:122:39
[INFO] [stdout]     |
[INFO] [stdout] 122 |             "resource_flush" => func!(abi::resource::flush),
[INFO] [stdout]     |                                       ^^^^^^^^^^^^^^^^^^^^ the trait `wasmer_runtime_core::typed_func::HostFunction<_, _, _>` is not implemented for `for<'r> fn(&'r mut Ctx, u32) -> Result<i32, [type error]> {abi::resource::flush}`
[INFO] [stdout]     | 
[INFO] [stdout]    ::: src/abi/resource.rs:164:8
[INFO] [stdout]     |
[INFO] [stdout] 164 | pub fn flush(ctx: &mut Ctx, fd: u32) -> Result<i32, std::option::NoneError> {
[INFO] [stdout]     |        ----- consider calling this function
[INFO] [stdout]     |
[INFO] [stdout]     = note: required by `Func::<'a, Args, Rets, wasmer_runtime_core::typed_func::Host>::new`
[INFO] [stdout] help: use parentheses to call the function
[INFO] [stdout]     |
[INFO] [stdout] 122 |             "resource_flush" => func!(abi::resource::flush(ctx, fd)),
[INFO] [stdout]     |                                                           ^^^^^^^^^
[INFO] [stdout] 
[INFO] [stdout] 
[INFO] [stdout] error[E0277]: the trait bound `for<'r> fn(&'r mut Ctx, WasmPtr<u8, Array>, u32, WasmPtr<u8, Array>, u32) -> Result<i32, [type error]> {abi::env::get}: wasmer_runtime_core::typed_func::HostFunction<_, _, _>` is not satisfied
[INFO] [stdout]    --> src/lib.rs:140:32
[INFO] [stdout]     |
[INFO] [stdout] 140 |             "env_get" => func!(abi::env::get),
[INFO] [stdout]     |                                ^^^^^^^^^^^^^ the trait `wasmer_runtime_core::typed_func::HostFunction<_, _, _>` is not implemented for `for<'r> fn(&'r mut Ctx, WasmPtr<u8, Array>, u32, WasmPtr<u8, Array>, u32) -> Result<i32, [type error]> {abi::env::get}`
[INFO] [stdout]     | 
[INFO] [stdout]    ::: src/abi/env.rs:4:8
[INFO] [stdout]     |
[INFO] [stdout] 4   | pub fn get(
[INFO] [stdout]     |        --- consider calling this function
[INFO] [stdout]     |
[INFO] [stdout]     = note: required by `Func::<'a, Args, Rets, wasmer_runtime_core::typed_func::Host>::new`
[INFO] [stdout] help: use parentheses to call the function
[INFO] [stdout]     |
[INFO] [stdout] 140 |             "env_get" => func!(abi::env::get(ctx, key_ptr, key_len, value_ptr, value_len)),
[INFO] [stdout]     |                                             ^^^^^^^^^^^^^^^^^^^^^^^^^^^^^^^^^^^^^^^^^^^^^
[INFO] [stdout] 
[INFO] [stdout] 
[INFO] [stdout] error[E0277]: the trait bound `for<'r> fn(&'r mut Ctx, u32, WasmPtr<u8, Array>, u32) -> Result<i32, [type error]> {abi::resource::read}: wasmer_runtime_core::typed_func::HostFunction<_, _, _>` is not satisfied
[INFO] [stdout]    --> src/lib.rs:159:38
[INFO] [stdout]     |
[INFO] [stdout] 159 |             "resource_read" => func!(abi::resource::read),
[INFO] [stdout]     |                                      ^^^^^^^^^^^^^^^^^^^ the trait `wasmer_runtime_core::typed_func::HostFunction<_, _, _>` is not implemented for `for<'r> fn(&'r mut Ctx, u32, WasmPtr<u8, Array>, u32) -> Result<i32, [type error]> {abi::resource::read}`
[INFO] [stdout]     | 
[INFO] [stdout]    ::: src/abi/resource.rs:94:8
[INFO] [stdout]     |
[INFO] [stdout] 94  | pub fn read(
[INFO] [stdout]     |        ---- consider calling this function
[INFO] [stdout]     |
[INFO] [stdout]     = note: required by `Func::<'a, Args, Rets, wasmer_runtime_core::typed_func::Host>::new`
[INFO] [stdout] help: use parentheses to call the function
[INFO] [stdout]     |
[INFO] [stdout] 159 |             "resource_read" => func!(abi::resource::read(ctx, fd, ptr, len)),
[INFO] [stdout]     |                                                         ^^^^^^^^^^^^^^^^^^^
[INFO] [stdout] 
[INFO] [stdout] 
[INFO] [stdout] error[E0277]: the trait bound `for<'r> fn(&'r mut Ctx, u32, WasmPtr<u8, Array>, u32) -> Result<i32, [type error]> {abi::resource::write}: wasmer_runtime_core::typed_func::HostFunction<_, _, _>` is not satisfied
[INFO] [stdout]    --> src/lib.rs:160:39
[INFO] [stdout]     |
[INFO] [stdout] 160 |             "resource_write" => func!(abi::resource::write),
[INFO] [stdout]     |                                       ^^^^^^^^^^^^^^^^^^^^ the trait `wasmer_runtime_core::typed_func::HostFunction<_, _, _>` is not implemented for `for<'r> fn(&'r mut Ctx, u32, WasmPtr<u8, Array>, u32) -> Result<i32, [type error]> {abi::resource::write}`
[INFO] [stdout]     | 
[INFO] [stdout]    ::: src/abi/resource.rs:133:8
[INFO] [stdout]     |
[INFO] [stdout] 133 | pub fn write(
[INFO] [stdout]     |        ----- consider calling this function
[INFO] [stdout]     |
[INFO] [stdout]     = note: required by `Func::<'a, Args, Rets, wasmer_runtime_core::typed_func::Host>::new`
[INFO] [stdout] help: use parentheses to call the function
[INFO] [stdout]     |
[INFO] [stdout] 160 |             "resource_write" => func!(abi::resource::write(ctx, fd, ptr, len)),
[INFO] [stdout]     |                                                           ^^^^^^^^^^^^^^^^^^^
[INFO] [stdout] 
[INFO] [stdout] 
[INFO] [stdout] error[E0277]: the trait bound `for<'r> fn(&'r mut Ctx, u32) -> Result<i32, [type error]> {abi::resource::flush}: wasmer_runtime_core::typed_func::HostFunction<_, _, _>` is not satisfied
[INFO] [stdout]    --> src/lib.rs:161:39
[INFO] [stdout]     |
[INFO] [stdout] 161 |             "resource_flush" => func!(abi::resource::flush),
[INFO] [stdout]     |                                       ^^^^^^^^^^^^^^^^^^^^ the trait `wasmer_runtime_core::typed_func::HostFunction<_, _, _>` is not implemented for `for<'r> fn(&'r mut Ctx, u32) -> Result<i32, [type error]> {abi::resource::flush}`
[INFO] [stdout]     | 
[INFO] [stdout]    ::: src/abi/resource.rs:164:8
[INFO] [stdout]     |
[INFO] [stdout] 164 | pub fn flush(ctx: &mut Ctx, fd: u32) -> Result<i32, std::option::NoneError> {
[INFO] [stdout]     |        ----- consider calling this function
[INFO] [stdout]     |
[INFO] [stdout]     = note: required by `Func::<'a, Args, Rets, wasmer_runtime_core::typed_func::Host>::new`
[INFO] [stdout] help: use parentheses to call the function
[INFO] [stdout]     |
[INFO] [stdout] 161 |             "resource_flush" => func!(abi::resource::flush(ctx, fd)),
[INFO] [stdout]     |                                                           ^^^^^^^^^
[INFO] [stdout] 
[INFO] [stdout] 
[INFO] [stdout] error: aborting due to 13 previous errors
[INFO] [stdout] 
[INFO] [stdout] 
[INFO] [stdout] Some errors have detailed explanations: E0277, E0412, E0554.
[INFO] [stdout] 
[INFO] [stdout] For more information about an error, try `rustc --explain E0277`.
[INFO] [stdout] 
[INFO] [stderr] error: could not compile `pahi-olin`
[INFO] [stderr] 
[INFO] [stderr] To learn more, run the command again with --verbose.
[INFO] [stderr] warning: build failed, waiting for other jobs to finish...
[INFO] [stderr] error: build failed
[INFO] running `Command { std: "docker" "inspect" "a6eaf5961d6c76657d14e225dd470ab5dd813e613ae959dfa6a441c626e13ead", kill_on_drop: false }`
[INFO] running `Command { std: "docker" "rm" "-f" "a6eaf5961d6c76657d14e225dd470ab5dd813e613ae959dfa6a441c626e13ead", kill_on_drop: false }`
[INFO] [stdout] a6eaf5961d6c76657d14e225dd470ab5dd813e613ae959dfa6a441c626e13ead
