[INFO] fetching crate oscillator 0.1.0...
[INFO] testing oscillator-0.1.0 against 1.54.0 for beta-1.55-1
[INFO] extracting crate oscillator 0.1.0 into /workspace/builds/worker-9/source
[INFO] validating manifest of crates.io crate oscillator 0.1.0 on toolchain 1.54.0
[INFO] running `Command { std: "/workspace/cargo-home/bin/cargo" "+1.54.0" "metadata" "--manifest-path" "Cargo.toml" "--no-deps", kill_on_drop: false }`
[INFO] started tweaking crates.io crate oscillator 0.1.0
[INFO] finished tweaking crates.io crate oscillator 0.1.0
[INFO] tweaked toml for crates.io crate oscillator 0.1.0 written to /workspace/builds/worker-9/source/Cargo.toml
[INFO] running `Command { std: "/workspace/cargo-home/bin/cargo" "+1.54.0" "generate-lockfile" "--manifest-path" "Cargo.toml" "-Zno-index-update", kill_on_drop: false }`
[INFO] running `Command { std: "/workspace/cargo-home/bin/cargo" "+1.54.0" "fetch" "--manifest-path" "Cargo.toml", kill_on_drop: false }`
[INFO] running `Command { std: "docker" "create" "-v" "/var/lib/crater-agent-workspace/builds/worker-9/target:/opt/rustwide/target:rw,Z" "-v" "/var/lib/crater-agent-workspace/builds/worker-9/source:/opt/rustwide/workdir:ro,Z" "-v" "/var/lib/crater-agent-workspace/cargo-home:/opt/rustwide/cargo-home:ro,Z" "-v" "/var/lib/crater-agent-workspace/rustup-home:/opt/rustwide/rustup-home:ro,Z" "-e" "SOURCE_DIR=/opt/rustwide/workdir" "-e" "CARGO_TARGET_DIR=/opt/rustwide/target" "-e" "CARGO_HOME=/opt/rustwide/cargo-home" "-e" "RUSTUP_HOME=/opt/rustwide/rustup-home" "-w" "/opt/rustwide/workdir" "-m" "1610612736" "--user" "0:0" "--network" "none" "ghcr.io/rust-lang/crates-build-env/linux@sha256:34b6a614d2c27851fe6cbf88fbd1137609cefab8b10d0615aaeb6fd47975d74e" "/opt/rustwide/cargo-home/bin/cargo" "+1.54.0" "metadata" "--no-deps" "--format-version=1", kill_on_drop: false }`
[INFO] [stdout] 0a2e69b74e29a52da8f994faa91871903f851150ac0d14ee5da92818f7c1ff97
[INFO] running `Command { std: "docker" "start" "-a" "0a2e69b74e29a52da8f994faa91871903f851150ac0d14ee5da92818f7c1ff97", kill_on_drop: false }`
[INFO] running `Command { std: "docker" "inspect" "0a2e69b74e29a52da8f994faa91871903f851150ac0d14ee5da92818f7c1ff97", kill_on_drop: false }`
[INFO] running `Command { std: "docker" "rm" "-f" "0a2e69b74e29a52da8f994faa91871903f851150ac0d14ee5da92818f7c1ff97", kill_on_drop: false }`
[INFO] [stdout] 0a2e69b74e29a52da8f994faa91871903f851150ac0d14ee5da92818f7c1ff97
[INFO] running `Command { std: "docker" "create" "-v" "/var/lib/crater-agent-workspace/builds/worker-9/target:/opt/rustwide/target:rw,Z" "-v" "/var/lib/crater-agent-workspace/builds/worker-9/source:/opt/rustwide/workdir:ro,Z" "-v" "/var/lib/crater-agent-workspace/cargo-home:/opt/rustwide/cargo-home:ro,Z" "-v" "/var/lib/crater-agent-workspace/rustup-home:/opt/rustwide/rustup-home:ro,Z" "-e" "SOURCE_DIR=/opt/rustwide/workdir" "-e" "CARGO_TARGET_DIR=/opt/rustwide/target" "-e" "CARGO_INCREMENTAL=0" "-e" "RUST_BACKTRACE=full" "-e" "RUSTFLAGS=--cap-lints=warn" "-e" "CARGO_HOME=/opt/rustwide/cargo-home" "-e" "RUSTUP_HOME=/opt/rustwide/rustup-home" "-w" "/opt/rustwide/workdir" "-m" "1610612736" "--user" "0:0" "--network" "none" "ghcr.io/rust-lang/crates-build-env/linux@sha256:34b6a614d2c27851fe6cbf88fbd1137609cefab8b10d0615aaeb6fd47975d74e" "/opt/rustwide/cargo-home/bin/cargo" "+1.54.0" "build" "--frozen" "--message-format=json", kill_on_drop: false }`
[INFO] [stdout] f0611834b55af7a5bff40d1ec60900d80e1f3d831a82da959d512fc70b831027
[INFO] running `Command { std: "docker" "start" "-a" "f0611834b55af7a5bff40d1ec60900d80e1f3d831a82da959d512fc70b831027", kill_on_drop: false }`
[INFO] [stderr]    Compiling time v0.3.1
[INFO] [stderr]    Compiling num-traits v0.2.14
[INFO] [stderr]    Compiling num-iter v0.1.42
[INFO] [stderr]    Compiling num-integer v0.1.44
[INFO] [stderr]    Compiling num-complex v0.4.0
[INFO] [stderr]    Compiling num-bigint v0.4.0
[INFO] [stderr]    Compiling num-rational v0.4.0
[INFO] [stderr]    Compiling num v0.4.0
[INFO] [stderr]    Compiling stopwatch v0.0.6
[INFO] [stdout] error[E0425]: cannot find function `precise_time_ns` in crate `time`
[INFO] [stdout]   --> /opt/rustwide/cargo-home/registry/src/github.com-1ecc6299db9ec823/stopwatch-0.0.6/src/lib.rs:31:15
[INFO] [stdout]    |
[INFO] [stdout] 31 |     return time::precise_time_ns();
[INFO] [stdout]    |                  ^^^^^^^^^^^^^^^ not found in `time`
[INFO] [stdout] 
[INFO] [stdout] 
[INFO] [stdout] error[E0599]: no function or associated item named `zero` found for struct `time::Duration` in the current scope
[INFO] [stdout]   --> /opt/rustwide/cargo-home/registry/src/github.com-1ecc6299db9ec823/stopwatch-0.0.6/src/lib.rs:19:23
[INFO] [stdout]    |
[INFO] [stdout] 19 |             elapsed: Duration::zero(),
[INFO] [stdout]    |                                ^^^^ function or associated item not found in `time::Duration`
[INFO] [stdout] 
[INFO] [stdout] 
[INFO] [stdout] error[E0277]: `time::Duration` doesn't implement `std::fmt::Display`
[INFO] [stdout]   --> /opt/rustwide/cargo-home/registry/src/github.com-1ecc6299db9ec823/stopwatch-0.0.6/src/lib.rs:26:26
[INFO] [stdout]    |
[INFO] [stdout] 26 |         return write!(f, "{}", self.elapsed());
[INFO] [stdout]    |                                ^^^^^^^^^^^^^^ `time::Duration` cannot be formatted with the default formatter
[INFO] [stdout]    |
[INFO] [stdout]    = help: the trait `std::fmt::Display` is not implemented for `time::Duration`
[INFO] [stdout]    = note: in format strings you may be able to use `{:?}` (or {:#?} for pretty-print) instead
[INFO] [stdout]    = note: required by `std::fmt::Display::fmt`
[INFO] [stdout]    = note: this error originates in the macro `$crate::format_args` (in Nightly builds, run with -Z macro-backtrace for more info)
[INFO] [stdout] 
[INFO] [stdout] 
[INFO] [stdout] error[E0599]: no function or associated item named `zero` found for struct `time::Duration` in the current scope
[INFO] [stdout]   --> /opt/rustwide/cargo-home/registry/src/github.com-1ecc6299db9ec823/stopwatch-0.0.6/src/lib.rs:67:28
[INFO] [stdout]    |
[INFO] [stdout] 67 |         self.elapsed = Duration::zero();
[INFO] [stdout]    |                                  ^^^^ function or associated item not found in `time::Duration`
[INFO] [stdout] 
[INFO] [stdout] 
[INFO] [stdout] error[E0599]: no method named `num_milliseconds` found for struct `time::Duration` in the current scope
[INFO] [stdout]   --> /opt/rustwide/cargo-home/registry/src/github.com-1ecc6299db9ec823/stopwatch-0.0.6/src/lib.rs:91:25
[INFO] [stdout]    |
[INFO] [stdout] 91 |         return self.elapsed().num_milliseconds();
[INFO] [stdout]    |                               ^^^^^^^^^^^^^^^^ help: there is an associated function with a similar name: `subsec_milliseconds`
[INFO] [stdout] 
[INFO] [stdout] 
[INFO] [stdout] error: aborting due to 5 previous errors
[INFO] [stdout] 
[INFO] [stdout] 
[INFO] [stdout] Some errors have detailed explanations: E0277, E0425, E0599.
[INFO] [stdout] 
[INFO] [stdout] For more information about an error, try `rustc --explain E0277`.
[INFO] [stdout] 
[INFO] [stderr] error: could not compile `stopwatch`
[INFO] [stderr] 
[INFO] [stderr] To learn more, run the command again with --verbose.
[INFO] [stderr] warning: build failed, waiting for other jobs to finish...
[INFO] [stderr] error: build failed
[INFO] running `Command { std: "docker" "inspect" "f0611834b55af7a5bff40d1ec60900d80e1f3d831a82da959d512fc70b831027", kill_on_drop: false }`
[INFO] running `Command { std: "docker" "rm" "-f" "f0611834b55af7a5bff40d1ec60900d80e1f3d831a82da959d512fc70b831027", kill_on_drop: false }`
[INFO] [stdout] f0611834b55af7a5bff40d1ec60900d80e1f3d831a82da959d512fc70b831027
