[INFO] fetching crate orml-schedule-update 0.1.1...
[INFO] testing orml-schedule-update-0.1.1 against 1.54.0 for beta-1.55-1
[INFO] extracting crate orml-schedule-update 0.1.1 into /workspace/builds/worker-2/source
[INFO] validating manifest of crates.io crate orml-schedule-update 0.1.1 on toolchain 1.54.0
[INFO] running `Command { std: "/workspace/cargo-home/bin/cargo" "+1.54.0" "metadata" "--manifest-path" "Cargo.toml" "--no-deps", kill_on_drop: false }`
[INFO] started tweaking crates.io crate orml-schedule-update 0.1.1
[INFO] finished tweaking crates.io crate orml-schedule-update 0.1.1
[INFO] tweaked toml for crates.io crate orml-schedule-update 0.1.1 written to /workspace/builds/worker-2/source/Cargo.toml
[INFO] running `Command { std: "/workspace/cargo-home/bin/cargo" "+1.54.0" "generate-lockfile" "--manifest-path" "Cargo.toml" "-Zno-index-update", kill_on_drop: false }`
[INFO] [stderr]     Blocking waiting for file lock on package cache
[INFO] running `Command { std: "/workspace/cargo-home/bin/cargo" "+1.54.0" "fetch" "--manifest-path" "Cargo.toml", kill_on_drop: false }`
[INFO] [stderr]     Blocking waiting for file lock on package cache
[INFO] [stderr]     Blocking waiting for file lock on package cache
[INFO] running `Command { std: "docker" "create" "-v" "/var/lib/crater-agent-workspace/builds/worker-2/target:/opt/rustwide/target:rw,Z" "-v" "/var/lib/crater-agent-workspace/builds/worker-2/source:/opt/rustwide/workdir:ro,Z" "-v" "/var/lib/crater-agent-workspace/cargo-home:/opt/rustwide/cargo-home:ro,Z" "-v" "/var/lib/crater-agent-workspace/rustup-home:/opt/rustwide/rustup-home:ro,Z" "-e" "SOURCE_DIR=/opt/rustwide/workdir" "-e" "CARGO_TARGET_DIR=/opt/rustwide/target" "-e" "CARGO_HOME=/opt/rustwide/cargo-home" "-e" "RUSTUP_HOME=/opt/rustwide/rustup-home" "-w" "/opt/rustwide/workdir" "-m" "1610612736" "--user" "0:0" "--network" "none" "ghcr.io/rust-lang/crates-build-env/linux@sha256:34b6a614d2c27851fe6cbf88fbd1137609cefab8b10d0615aaeb6fd47975d74e" "/opt/rustwide/cargo-home/bin/cargo" "+1.54.0" "metadata" "--no-deps" "--format-version=1", kill_on_drop: false }`
[INFO] [stdout] a6b9b471cf1fc3c349acf1afd8c4d5513349cdffd45283dc67ca2977ebb72e95
[INFO] running `Command { std: "docker" "start" "-a" "a6b9b471cf1fc3c349acf1afd8c4d5513349cdffd45283dc67ca2977ebb72e95", kill_on_drop: false }`
[INFO] running `Command { std: "docker" "inspect" "a6b9b471cf1fc3c349acf1afd8c4d5513349cdffd45283dc67ca2977ebb72e95", kill_on_drop: false }`
[INFO] running `Command { std: "docker" "rm" "-f" "a6b9b471cf1fc3c349acf1afd8c4d5513349cdffd45283dc67ca2977ebb72e95", kill_on_drop: false }`
[INFO] [stdout] a6b9b471cf1fc3c349acf1afd8c4d5513349cdffd45283dc67ca2977ebb72e95
[INFO] running `Command { std: "docker" "create" "-v" "/var/lib/crater-agent-workspace/builds/worker-2/target:/opt/rustwide/target:rw,Z" "-v" "/var/lib/crater-agent-workspace/builds/worker-2/source:/opt/rustwide/workdir:ro,Z" "-v" "/var/lib/crater-agent-workspace/cargo-home:/opt/rustwide/cargo-home:ro,Z" "-v" "/var/lib/crater-agent-workspace/rustup-home:/opt/rustwide/rustup-home:ro,Z" "-e" "SOURCE_DIR=/opt/rustwide/workdir" "-e" "CARGO_TARGET_DIR=/opt/rustwide/target" "-e" "CARGO_INCREMENTAL=0" "-e" "RUST_BACKTRACE=full" "-e" "RUSTFLAGS=--cap-lints=warn" "-e" "CARGO_HOME=/opt/rustwide/cargo-home" "-e" "RUSTUP_HOME=/opt/rustwide/rustup-home" "-w" "/opt/rustwide/workdir" "-m" "1610612736" "--user" "0:0" "--network" "none" "ghcr.io/rust-lang/crates-build-env/linux@sha256:34b6a614d2c27851fe6cbf88fbd1137609cefab8b10d0615aaeb6fd47975d74e" "/opt/rustwide/cargo-home/bin/cargo" "+1.54.0" "build" "--frozen" "--message-format=json", kill_on_drop: false }`
[INFO] [stdout] f251de763fb19b8fd4f8641d9ea5e9e161b080ee4eaba9a0fdd8c96bcee08a7f
[INFO] running `Command { std: "docker" "start" "-a" "f251de763fb19b8fd4f8641d9ea5e9e161b080ee4eaba9a0fdd8c96bcee08a7f", kill_on_drop: false }`
[INFO] [stderr]     Blocking waiting for file lock on package cache
[INFO] [stderr]    Compiling syn v1.0.74
[INFO] [stderr]    Compiling serde v1.0.127
[INFO] [stderr]    Compiling byteorder v1.4.3
[INFO] [stderr]    Compiling arrayvec v0.5.2
[INFO] [stderr]    Compiling radium v0.3.0
[INFO] [stderr]    Compiling either v1.6.1
[INFO] [stderr]    Compiling byte-slice-cast v0.3.5
[INFO] [stderr]    Compiling crunchy v0.2.2
[INFO] [stderr]    Compiling byte-tools v0.3.1
[INFO] [stderr]    Compiling subtle v1.0.0
[INFO] [stderr]    Compiling subtle v2.4.1
[INFO] [stderr]    Compiling sp-std v2.0.1
[INFO] [stderr]    Compiling opaque-debug v0.2.3
[INFO] [stderr]    Compiling futures-channel v0.3.16
[INFO] [stderr]    Compiling ref-cast v1.0.6
[INFO] [stderr]    Compiling futures-sink v0.3.16
[INFO] [stderr]    Compiling parity-wasm v0.41.0
[INFO] [stderr]    Compiling hash-db v0.15.2
[INFO] [stderr]    Compiling ahash v0.3.8
[INFO] [stderr]    Compiling memory_units v0.3.0
[INFO] [stderr]    Compiling keccak v0.1.0
[INFO] [stderr]    Compiling parity-util-mem v0.7.0
[INFO] [stderr]    Compiling signature v1.3.1
[INFO] [stderr]    Compiling tiny-keccak v2.0.2
[INFO] [stderr]    Compiling environmental v1.1.3
[INFO] [stderr]    Compiling constant_time_eq v0.1.5
[INFO] [stderr]    Compiling convert_case v0.4.0
[INFO] [stderr]    Compiling dyn-clone v1.0.4
[INFO] [stderr]    Compiling base58 v0.1.0
[INFO] [stderr]    Compiling hex v0.4.3
[INFO] [stderr]    Compiling bitmask v0.5.0
[INFO] [stderr]    Compiling instant v0.1.10
[INFO] [stderr]    Compiling tracing-core v0.1.18
[INFO] [stderr]    Compiling num-rational v0.2.4
[INFO] [stderr]    Compiling regex-automata v0.1.10
[INFO] [stderr]    Compiling hashbrown v0.8.2
[INFO] [stderr]    Compiling sharded-slab v0.1.3
[INFO] [stderr]    Compiling ahash v0.7.4
[INFO] [stderr]    Compiling ed25519 v1.2.0
[INFO] [stderr]    Compiling block-padding v0.1.5
[INFO] [stderr]    Compiling trie-root v0.16.0
[INFO] [stderr]    Compiling parking_lot_core v0.8.3
[INFO] [stderr]    Compiling paste-impl v0.1.18
[INFO] [stderr]    Compiling blake2-rfc v0.2.18
[INFO] [stderr]    Compiling parking_lot v0.10.2
[INFO] [stderr]    Compiling digest v0.8.1
[INFO] [stderr]    Compiling crypto-mac v0.7.0
[INFO] [stderr]    Compiling num-integer v0.1.44
[INFO] [stderr]    Compiling integer-sqrt v0.1.5
[INFO] [stderr]    Compiling sha2 v0.9.5
[INFO] [stderr]    Compiling sp-panic-handler v2.0.1
[INFO] [stderr]    Compiling parking_lot v0.11.1
[INFO] [stderr]    Compiling fixed-hash v0.6.1
[INFO] [stderr]    Compiling twox-hash v1.6.1
[INFO] [stderr]    Compiling bitvec v0.17.4
[INFO] [stderr]    Compiling block-buffer v0.7.3
[INFO] [stderr]    Compiling tracing-log v0.1.2
[INFO] [stderr]    Compiling tracing v0.1.26
[INFO] [stderr]    Compiling pbkdf2 v0.3.0
[INFO] [stderr]    Compiling hmac v0.7.1
[INFO] [stderr]    Compiling num-bigint v0.2.6
[INFO] [stderr]    Compiling chrono v0.4.19
[INFO] [stderr]    Compiling matchers v0.0.1
[INFO] [stderr]    Compiling uint v0.8.5
[INFO] [stderr]    Compiling hash256-std-hasher v0.15.2
[INFO] [stderr]    Compiling sha2 v0.8.2
[INFO] [stderr]    Compiling hmac-drbg v0.2.0
[INFO] [stderr]    Compiling wasmi-validation v0.3.0
[INFO] [stderr]    Compiling once_cell v1.8.0
[INFO] [stderr]    Compiling libsecp256k1 v0.3.5
[INFO] [stderr]    Compiling thread_local v1.1.3
[INFO] [stderr]    Compiling paste v0.1.18
[INFO] [stderr]    Compiling hashbrown v0.11.2
[INFO] [stderr]    Compiling trie-db v0.22.6
[INFO] [stderr]    Compiling wasmi v0.6.2
[INFO] [stderr]    Compiling synstructure v0.12.5
[INFO] [stderr]    Compiling serde_derive v1.0.127
[INFO] [stderr]    Compiling zeroize_derive v1.1.0
[INFO] [stderr]    Compiling ref-cast-impl v1.0.6
[INFO] [stderr]    Compiling sp-debug-derive v2.0.1
[INFO] [stderr]    Compiling impl-trait-for-tuples v0.1.3
[INFO] [stderr]    Compiling futures-macro v0.3.16
[INFO] [stderr]    Compiling failure_derive v0.1.8
[INFO] [stderr]    Compiling parity-util-mem-derive v0.1.0
[INFO] [stderr]    Compiling dyn-clonable-impl v0.9.0
[INFO] [stderr]    Compiling derive_more v0.99.16
[INFO] [stderr]    Compiling frame-support-procedural-tools-derive v2.0.1
[INFO] [stderr]    Compiling zeroize v1.4.1
[INFO] [stderr]    Compiling dyn-clonable v0.9.0
[INFO] [stderr]    Compiling futures-util v0.3.16
[INFO] [stderr]    Compiling merlin v2.0.1
[INFO] [stderr]    Compiling curve25519-dalek v2.1.3
[INFO] [stderr]    Compiling curve25519-dalek v3.2.0
[INFO] [stderr]    Compiling secrecy v0.6.0
[INFO] [stderr]    Compiling schnorrkel v0.9.1
[INFO] [stderr]    Compiling failure v0.1.8
[INFO] [stderr]    Compiling tiny-bip39 v0.7.3
[INFO] [stderr]    Compiling futures-executor v0.3.16
[INFO] [stderr]    Compiling substrate-bip39 v0.4.2
[INFO] [stderr]    Compiling futures v0.3.16
[INFO] [stderr]    Compiling toml v0.5.8
[INFO] [stderr]    Compiling impl-serde v0.3.1
[INFO] [stderr]    Compiling serde_json v1.0.66
[INFO] [stderr]    Compiling tracing-serde v0.1.2
[INFO] [stderr]    Compiling ed25519-dalek v1.0.1
[INFO] [stderr]    Compiling tracing-subscriber v0.2.19
[INFO] [stderr]    Compiling proc-macro-crate v0.1.5
[INFO] [stderr]    Compiling frame-support-procedural-tools v2.0.1
[INFO] [stderr]    Compiling parity-scale-codec-derive v1.2.3
[INFO] [stderr]    Compiling sp-runtime-interface-proc-macro v2.0.1
[INFO] [stderr]    Compiling frame-support-procedural v2.0.1
[INFO] [stderr]    Compiling parity-scale-codec v1.3.7
[INFO] [stderr]    Compiling impl-codec v0.4.2
[INFO] [stderr]    Compiling sp-storage v2.0.1
[INFO] [stderr]    Compiling sp-wasm-interface v2.0.1
[INFO] [stderr]    Compiling sp-tracing v2.0.1
[INFO] [stderr]    Compiling sp-arithmetic v2.0.1
[INFO] [stderr]    Compiling primitive-types v0.7.3
[INFO] [stderr]    Compiling sp-externalities v0.8.1
[INFO] [stderr]    Compiling sp-runtime-interface v2.0.1
[INFO] [stderr]    Compiling memory-db v0.24.1
[INFO] [stderr]    Compiling sp-core v2.0.1
[INFO] [stderr]    Compiling sp-trie v2.0.1
[INFO] [stderr]    Compiling sp-inherents v2.0.1
[INFO] [stderr]    Compiling frame-metadata v12.0.1
[INFO] [stderr]    Compiling sp-state-machine v0.8.1
[INFO] [stderr]    Compiling sp-io v2.0.1
[INFO] [stderr]    Compiling sp-application-crypto v2.0.1
[INFO] [stderr]    Compiling sp-runtime v2.0.1
[INFO] [stderr]    Compiling frame-support v2.0.1
[INFO] [stderr]    Compiling sp-version v2.0.1
[INFO] [stderr]    Compiling orml-traits v0.1.1
[INFO] [stderr]    Compiling frame-system v2.0.1
[INFO] [stderr]    Compiling orml-schedule-update v0.1.1 (/opt/rustwide/workdir)
[INFO] [stdout] warning: unused import: `self as system`
[INFO] [stdout]   --> src/lib.rs:12:20
[INFO] [stdout]    |
[INFO] [stdout] 12 | use frame_system::{self as system, ensure_root, ensure_signed};
[INFO] [stdout]    |                    ^^^^^^^^^^^^^^
[INFO] [stdout]    |
[INFO] [stdout]    = note: `#[warn(unused_imports)]` on by default
[INFO] [stdout] 
[INFO] [stdout] 
[INFO] [stdout] warning: 1 warning emitted
[INFO] [stdout] 
[INFO] [stdout] 
[INFO] [stderr]     Finished dev [unoptimized + debuginfo] target(s) in 2m 21s
[INFO] running `Command { std: "docker" "inspect" "f251de763fb19b8fd4f8641d9ea5e9e161b080ee4eaba9a0fdd8c96bcee08a7f", kill_on_drop: false }`
[INFO] running `Command { std: "docker" "rm" "-f" "f251de763fb19b8fd4f8641d9ea5e9e161b080ee4eaba9a0fdd8c96bcee08a7f", kill_on_drop: false }`
[INFO] [stdout] f251de763fb19b8fd4f8641d9ea5e9e161b080ee4eaba9a0fdd8c96bcee08a7f
[INFO] running `Command { std: "docker" "create" "-v" "/var/lib/crater-agent-workspace/builds/worker-2/target:/opt/rustwide/target:rw,Z" "-v" "/var/lib/crater-agent-workspace/builds/worker-2/source:/opt/rustwide/workdir:ro,Z" "-v" "/var/lib/crater-agent-workspace/cargo-home:/opt/rustwide/cargo-home:ro,Z" "-v" "/var/lib/crater-agent-workspace/rustup-home:/opt/rustwide/rustup-home:ro,Z" "-e" "SOURCE_DIR=/opt/rustwide/workdir" "-e" "CARGO_TARGET_DIR=/opt/rustwide/target" "-e" "CARGO_INCREMENTAL=0" "-e" "RUST_BACKTRACE=full" "-e" "RUSTFLAGS=--cap-lints=warn" "-e" "CARGO_HOME=/opt/rustwide/cargo-home" "-e" "RUSTUP_HOME=/opt/rustwide/rustup-home" "-w" "/opt/rustwide/workdir" "-m" "1610612736" "--user" "0:0" "--network" "none" "ghcr.io/rust-lang/crates-build-env/linux@sha256:34b6a614d2c27851fe6cbf88fbd1137609cefab8b10d0615aaeb6fd47975d74e" "/opt/rustwide/cargo-home/bin/cargo" "+1.54.0" "test" "--frozen" "--no-run" "--message-format=json", kill_on_drop: false }`
[INFO] [stdout] 3c84b5a2205d5f00328674ec11e63969b38ac3a988fb379273353fb4a869b83f
[INFO] running `Command { std: "docker" "start" "-a" "3c84b5a2205d5f00328674ec11e63969b38ac3a988fb379273353fb4a869b83f", kill_on_drop: false }`
[INFO] [stderr]     Blocking waiting for file lock on package cache
[INFO] [stderr]    Compiling orml-schedule-update v0.1.1 (/opt/rustwide/workdir)
[INFO] [stdout] warning: unused import: `self as system`
[INFO] [stdout]   --> src/lib.rs:12:20
[INFO] [stdout]    |
[INFO] [stdout] 12 | use frame_system::{self as system, ensure_root, ensure_signed};
[INFO] [stdout]    |                    ^^^^^^^^^^^^^^
[INFO] [stdout]    |
[INFO] [stdout]    = note: `#[warn(unused_imports)]` on by default
[INFO] [stdout] 
[INFO] [stdout] 
[INFO] [stdout] warning: 1 warning emitted
[INFO] [stdout] 
[INFO] [stdout] 
[INFO] [stdout] error[E0432]: unresolved import `sp_core`
[INFO] [stdout]  --> src/mock.rs:7:5
[INFO] [stdout]   |
[INFO] [stdout] 7 | use sp_core::H256;
[INFO] [stdout]   |     ^^^^^^^ use of undeclared crate or module `sp_core`
[INFO] [stdout] 
[INFO] [stdout] 
[INFO] [stdout] error[E0433]: failed to resolve: use of undeclared crate or module `pallet_balances`
[INFO] [stdout]   --> src/mock.rs:24:3
[INFO] [stdout]    |
[INFO] [stdout] 24 |         pallet_balances<T>,
[INFO] [stdout]    |         ^^^^^^^^^^^^^^^ use of undeclared crate or module `pallet_balances`
[INFO] [stdout] 
[INFO] [stdout] 
[INFO] [stdout] error[E0437]: type `ModuleToIndex` is not a member of trait `frame_system::Trait`
[INFO] [stdout]   --> src/mock.rs:63:2
[INFO] [stdout]    |
[INFO] [stdout] 63 |     type ModuleToIndex = ();
[INFO] [stdout]    |     ^^^^^^^^^^^^^^^^^^^^^^^^ not a member of trait `frame_system::Trait`
[INFO] [stdout] 
[INFO] [stdout] 
[INFO] [stdout] error[E0433]: failed to resolve: use of undeclared crate or module `pallet_balances`
[INFO] [stdout]   --> src/mock.rs:64:21
[INFO] [stdout]    |
[INFO] [stdout] 64 |     type AccountData = pallet_balances::AccountData<u128>;
[INFO] [stdout]    |                        ^^^^^^^^^^^^^^^ use of undeclared crate or module `pallet_balances`
[INFO] [stdout] 
[INFO] [stdout] 
[INFO] [stdout] error[E0433]: failed to resolve: use of undeclared crate or module `pallet_balances`
[INFO] [stdout]   --> src/mock.rs:78:6
[INFO] [stdout]    |
[INFO] [stdout] 78 | impl pallet_balances::Trait for Runtime {
[INFO] [stdout]    |      ^^^^^^^^^^^^^^^ use of undeclared crate or module `pallet_balances`
[INFO] [stdout] 
[INFO] [stdout] 
[INFO] [stdout] error[E0433]: failed to resolve: use of undeclared crate or module `pallet_balances`
[INFO] [stdout]    --> src/mock.rs:117:21
[INFO] [stdout]     |
[INFO] [stdout] 117 | pub type Balances = pallet_balances::Module<Runtime>;
[INFO] [stdout]     |                     ^^^^^^^^^^^^^^^ use of undeclared crate or module `pallet_balances`
[INFO] [stdout] 
[INFO] [stdout] 
[INFO] [stdout] error[E0433]: failed to resolve: use of undeclared crate or module `pallet_balances`
[INFO] [stdout]    --> src/mock.rs:119:25
[INFO] [stdout]     |
[INFO] [stdout] 119 | pub type BalancesCall = pallet_balances::Call<Runtime>;
[INFO] [stdout]     |                         ^^^^^^^^^^^^^^^ use of undeclared crate or module `pallet_balances`
[INFO] [stdout] 
[INFO] [stdout] 
[INFO] [stdout] error[E0433]: failed to resolve: use of undeclared crate or module `sp_io`
[INFO] [stdout]    --> src/mock.rs:130:24
[INFO] [stdout]     |
[INFO] [stdout] 130 |     pub fn build(self) -> sp_io::TestExternalities {
[INFO] [stdout]     |                           ^^^^^ use of undeclared crate or module `sp_io`
[INFO] [stdout] 
[INFO] [stdout] 
[INFO] [stdout] error[E0433]: failed to resolve: use of undeclared crate or module `pallet_balances`
[INFO] [stdout]    --> src/mock.rs:135:3
[INFO] [stdout]     |
[INFO] [stdout] 135 |         pallet_balances::GenesisConfig::<Runtime> {
[INFO] [stdout]     |         ^^^^^^^^^^^^^^^ use of undeclared crate or module `pallet_balances`
[INFO] [stdout] 
[INFO] [stdout] 
[INFO] [stdout] error[E0433]: failed to resolve: use of undeclared crate or module `pallet_balances`
[INFO] [stdout]   --> src/mock.rs:20:1
[INFO] [stdout]    |
[INFO] [stdout] 20 | / impl_outer_event! {
[INFO] [stdout] 21 | |     pub enum TestEvent for Runtime {
[INFO] [stdout] 22 | |         frame_system<T>,
[INFO] [stdout] 23 | |         schedule_update<T>,
[INFO] [stdout] 24 | |         pallet_balances<T>,
[INFO] [stdout] 25 | |     }
[INFO] [stdout] 26 | | }
[INFO] [stdout]    | |_^ not found in `pallet_balances`
[INFO] [stdout]    |
[INFO] [stdout]    = note: this error originates in the macro `$crate::__impl_outer_event_json_metadata` (in Nightly builds, run with -Z macro-backtrace for more info)
[INFO] [stdout] help: consider importing one of these items
[INFO] [stdout]    |
[INFO] [stdout] 5  | use crate::Event;
[INFO] [stdout]    |
[INFO] [stdout] 5  | use crate::system::Event;
[INFO] [stdout]    |
[INFO] [stdout] 5  | use frame_system::Event;
[INFO] [stdout]    |
[INFO] [stdout] 
[INFO] [stdout] 
[INFO] [stdout] warning: unused import: `self as system`
[INFO] [stdout]   --> src/lib.rs:12:20
[INFO] [stdout]    |
[INFO] [stdout] 12 | use frame_system::{self as system, ensure_root, ensure_signed};
[INFO] [stdout]    |                    ^^^^^^^^^^^^^^
[INFO] [stdout]    |
[INFO] [stdout]    = note: `#[warn(unused_imports)]` on by default
[INFO] [stdout] 
[INFO] [stdout] 
[INFO] [stdout] warning: unused import: `self as system`
[INFO] [stdout]  --> src/mock.rs:6:20
[INFO] [stdout]   |
[INFO] [stdout] 6 | use frame_system::{self as system, ensure_signed};
[INFO] [stdout]   |                    ^^^^^^^^^^^^^^
[INFO] [stdout] 
[INFO] [stdout] 
[INFO] [stdout] error: aborting due to 10 previous errors; 2 warnings emitted
[INFO] [stdout] 
[INFO] [stdout] 
[INFO] [stdout] Some errors have detailed explanations: E0432, E0433, E0437.
[INFO] [stdout] 
[INFO] [stdout] For more information about an error, try `rustc --explain E0432`.
[INFO] [stdout] 
[INFO] [stderr] error: could not compile `orml-schedule-update`
[INFO] [stderr] 
[INFO] [stderr] To learn more, run the command again with --verbose.
[INFO] running `Command { std: "docker" "inspect" "3c84b5a2205d5f00328674ec11e63969b38ac3a988fb379273353fb4a869b83f", kill_on_drop: false }`
[INFO] running `Command { std: "docker" "rm" "-f" "3c84b5a2205d5f00328674ec11e63969b38ac3a988fb379273353fb4a869b83f", kill_on_drop: false }`
[INFO] [stdout] 3c84b5a2205d5f00328674ec11e63969b38ac3a988fb379273353fb4a869b83f
