[INFO] fetching crate orml-currencies 0.4.0...
[INFO] testing orml-currencies-0.4.0 against 1.54.0 for beta-1.55-1
[INFO] extracting crate orml-currencies 0.4.0 into /workspace/builds/worker-12/source
[INFO] validating manifest of crates.io crate orml-currencies 0.4.0 on toolchain 1.54.0
[INFO] running `Command { std: "/workspace/cargo-home/bin/cargo" "+1.54.0" "metadata" "--manifest-path" "Cargo.toml" "--no-deps", kill_on_drop: false }`
[INFO] started tweaking crates.io crate orml-currencies 0.4.0
[INFO] finished tweaking crates.io crate orml-currencies 0.4.0
[INFO] tweaked toml for crates.io crate orml-currencies 0.4.0 written to /workspace/builds/worker-12/source/Cargo.toml
[INFO] running `Command { std: "/workspace/cargo-home/bin/cargo" "+1.54.0" "generate-lockfile" "--manifest-path" "Cargo.toml" "-Zno-index-update", kill_on_drop: false }`
[INFO] running `Command { std: "/workspace/cargo-home/bin/cargo" "+1.54.0" "fetch" "--manifest-path" "Cargo.toml", kill_on_drop: false }`
[INFO] [stderr]     Blocking waiting for file lock on package cache
[INFO] running `Command { std: "docker" "create" "-v" "/var/lib/crater-agent-workspace/builds/worker-12/target:/opt/rustwide/target:rw,Z" "-v" "/var/lib/crater-agent-workspace/builds/worker-12/source:/opt/rustwide/workdir:ro,Z" "-v" "/var/lib/crater-agent-workspace/cargo-home:/opt/rustwide/cargo-home:ro,Z" "-v" "/var/lib/crater-agent-workspace/rustup-home:/opt/rustwide/rustup-home:ro,Z" "-e" "SOURCE_DIR=/opt/rustwide/workdir" "-e" "CARGO_TARGET_DIR=/opt/rustwide/target" "-e" "CARGO_HOME=/opt/rustwide/cargo-home" "-e" "RUSTUP_HOME=/opt/rustwide/rustup-home" "-w" "/opt/rustwide/workdir" "-m" "1610612736" "--user" "0:0" "--network" "none" "ghcr.io/rust-lang/crates-build-env/linux@sha256:34b6a614d2c27851fe6cbf88fbd1137609cefab8b10d0615aaeb6fd47975d74e" "/opt/rustwide/cargo-home/bin/cargo" "+1.54.0" "metadata" "--no-deps" "--format-version=1", kill_on_drop: false }`
[INFO] [stdout] 4879ffb604ed588677d939d9f7e259d0d8fc405fc8a6c99ea0214f44b93631fb
[INFO] running `Command { std: "docker" "start" "-a" "4879ffb604ed588677d939d9f7e259d0d8fc405fc8a6c99ea0214f44b93631fb", kill_on_drop: false }`
[INFO] running `Command { std: "docker" "inspect" "4879ffb604ed588677d939d9f7e259d0d8fc405fc8a6c99ea0214f44b93631fb", kill_on_drop: false }`
[INFO] running `Command { std: "docker" "rm" "-f" "4879ffb604ed588677d939d9f7e259d0d8fc405fc8a6c99ea0214f44b93631fb", kill_on_drop: false }`
[INFO] [stdout] 4879ffb604ed588677d939d9f7e259d0d8fc405fc8a6c99ea0214f44b93631fb
[INFO] running `Command { std: "docker" "create" "-v" "/var/lib/crater-agent-workspace/builds/worker-12/target:/opt/rustwide/target:rw,Z" "-v" "/var/lib/crater-agent-workspace/builds/worker-12/source:/opt/rustwide/workdir:ro,Z" "-v" "/var/lib/crater-agent-workspace/cargo-home:/opt/rustwide/cargo-home:ro,Z" "-v" "/var/lib/crater-agent-workspace/rustup-home:/opt/rustwide/rustup-home:ro,Z" "-e" "SOURCE_DIR=/opt/rustwide/workdir" "-e" "CARGO_TARGET_DIR=/opt/rustwide/target" "-e" "CARGO_INCREMENTAL=0" "-e" "RUST_BACKTRACE=full" "-e" "RUSTFLAGS=--cap-lints=warn" "-e" "CARGO_HOME=/opt/rustwide/cargo-home" "-e" "RUSTUP_HOME=/opt/rustwide/rustup-home" "-w" "/opt/rustwide/workdir" "-m" "1610612736" "--user" "0:0" "--network" "none" "ghcr.io/rust-lang/crates-build-env/linux@sha256:34b6a614d2c27851fe6cbf88fbd1137609cefab8b10d0615aaeb6fd47975d74e" "/opt/rustwide/cargo-home/bin/cargo" "+1.54.0" "build" "--frozen" "--message-format=json", kill_on_drop: false }`
[INFO] [stdout] c08fc0edcfc33c80c7d64a150f95c322057b3c207b42a8fc9d8d41e478b9d165
[INFO] running `Command { std: "docker" "start" "-a" "c08fc0edcfc33c80c7d64a150f95c322057b3c207b42a8fc9d8d41e478b9d165", kill_on_drop: false }`
[INFO] [stderr]     Blocking waiting for file lock on package cache
[INFO] [stderr]    Compiling syn v1.0.74
[INFO] [stderr]    Compiling serde v1.0.127
[INFO] [stderr]    Compiling byteorder v1.4.3
[INFO] [stderr]    Compiling radium v0.6.2
[INFO] [stderr]    Compiling byte-slice-cast v1.0.0
[INFO] [stderr]    Compiling arrayvec v0.7.1
[INFO] [stderr]    Compiling crunchy v0.2.2
[INFO] [stderr]    Compiling sp-std v3.0.0
[INFO] [stderr]    Compiling hex v0.4.3
[INFO] [stderr]    Compiling parity-wasm v0.41.0
[INFO] [stderr]    Compiling memory_units v0.3.0
[INFO] [stderr]    Compiling hash-db v0.15.2
[INFO] [stderr]    Compiling parity-util-mem v0.9.0
[INFO] [stderr]    Compiling environmental v1.1.3
[INFO] [stderr]    Compiling arrayvec v0.5.2
[INFO] [stderr]    Compiling signature v1.3.1
[INFO] [stderr]    Compiling dyn-clone v1.0.4
[INFO] [stderr]    Compiling constant_time_eq v0.1.5
[INFO] [stderr]    Compiling base58 v0.1.0
[INFO] [stderr]    Compiling convert_case v0.4.0
[INFO] [stderr]    Compiling either v1.6.1
[INFO] [stderr]    Compiling num-integer v0.1.44
[INFO] [stderr]    Compiling num-bigint v0.2.6
[INFO] [stderr]    Compiling num-rational v0.2.4
[INFO] [stderr]    Compiling ahash v0.7.4
[INFO] [stderr]    Compiling tracing v0.1.26
[INFO] [stderr]    Compiling digest v0.8.1
[INFO] [stderr]    Compiling crypto-mac v0.8.0
[INFO] [stderr]    Compiling integer-sqrt v0.1.5
[INFO] [stderr]    Compiling once_cell v1.8.0
[INFO] [stderr]    Compiling rand_pcg v0.2.1
[INFO] [stderr]    Compiling Inflector v0.11.4
[INFO] [stderr]    Compiling sp-panic-handler v3.0.0
[INFO] [stderr]    Compiling twox-hash v1.6.1
[INFO] [stderr]    Compiling hmac v0.7.1
[INFO] [stderr]    Compiling hmac v0.8.1
[INFO] [stderr]    Compiling pbkdf2 v0.4.0
[INFO] [stderr]    Compiling blake2-rfc v0.2.18
[INFO] [stderr]    Compiling trie-root v0.16.0
[INFO] [stderr]    Compiling thread_local v1.1.3
[INFO] [stderr]    Compiling rand v0.7.3
[INFO] [stderr]    Compiling ed25519 v1.2.0
[INFO] [stderr]    Compiling block-buffer v0.7.3
[INFO] [stderr]    Compiling fixed-hash v0.7.0
[INFO] [stderr]    Compiling pbkdf2 v0.3.0
[INFO] [stderr]    Compiling hmac-drbg v0.2.0
[INFO] [stderr]    Compiling sha2 v0.8.2
[INFO] [stderr]    Compiling bitvec v0.20.4
[INFO] [stderr]    Compiling uint v0.9.1
[INFO] [stderr]    Compiling tiny-keccak v2.0.2
[INFO] [stderr]    Compiling hash256-std-hasher v0.15.2
[INFO] [stderr]    Compiling hashbrown v0.11.2
[INFO] [stderr]    Compiling libsecp256k1 v0.3.5
[INFO] [stderr]    Compiling chrono v0.4.19
[INFO] [stderr]    Compiling wasmi-validation v0.3.0
[INFO] [stderr]    Compiling trie-db v0.22.6
[INFO] [stderr]    Compiling wasmi v0.6.2
[INFO] [stderr]    Compiling synstructure v0.12.5
[INFO] [stderr]    Compiling serde_derive v1.0.127
[INFO] [stderr]    Compiling thiserror-impl v1.0.26
[INFO] [stderr]    Compiling impl-trait-for-tuples v0.2.1
[INFO] [stderr]    Compiling zeroize_derive v1.1.0
[INFO] [stderr]    Compiling sp-debug-derive v3.0.0
[INFO] [stderr]    Compiling ref-cast-impl v1.0.6
[INFO] [stderr]    Compiling futures-macro v0.3.16
[INFO] [stderr]    Compiling parity-util-mem-derive v0.1.0
[INFO] [stderr]    Compiling dyn-clonable-impl v0.9.0
[INFO] [stderr]    Compiling derive_more v0.99.16
[INFO] [stderr]    Compiling async-trait v0.1.51
[INFO] [stderr]    Compiling frame-support-procedural-tools-derive v3.0.0
[INFO] [stderr]    Compiling impl-trait-for-tuples v0.1.3
[INFO] [stderr]    Compiling zeroize v1.4.1
[INFO] [stderr]    Compiling ref-cast v1.0.6
[INFO] [stderr]    Compiling futures-util v0.3.16
[INFO] [stderr]    Compiling dyn-clonable v0.9.0
[INFO] [stderr]    Compiling merlin v2.0.1
[INFO] [stderr]    Compiling curve25519-dalek v2.1.3
[INFO] [stderr]    Compiling curve25519-dalek v3.2.0
[INFO] [stderr]    Compiling secrecy v0.7.0
[INFO] [stderr]    Compiling thiserror v1.0.26
[INFO] [stderr]    Compiling tiny-bip39 v0.8.0
[INFO] [stderr]    Compiling futures-executor v0.3.16
[INFO] [stderr]    Compiling futures v0.3.16
[INFO] [stderr]    Compiling toml v0.5.8
[INFO] [stderr]    Compiling impl-serde v0.3.1
[INFO] [stderr]    Compiling tracing-serde v0.1.2
[INFO] [stderr]    Compiling serde_json v1.0.66
[INFO] [stderr]    Compiling schnorrkel v0.9.1
[INFO] [stderr]    Compiling ed25519-dalek v1.0.1
[INFO] [stderr]    Compiling substrate-bip39 v0.4.2
[INFO] [stderr]    Compiling tracing-subscriber v0.2.19
[INFO] [stderr]    Compiling proc-macro-crate v1.0.0
[INFO] [stderr]    Compiling proc-macro-crate v0.1.5
[INFO] [stderr]    Compiling frame-support-procedural-tools v3.0.0
[INFO] [stderr]    Compiling parity-scale-codec-derive v2.2.0
[INFO] [stderr]    Compiling sp-runtime-interface-proc-macro v3.0.0
[INFO] [stderr]    Compiling frame-support-procedural v3.0.0
[INFO] [stderr]    Compiling parity-scale-codec v2.2.0
[INFO] [stderr]    Compiling impl-codec v0.5.1
[INFO] [stderr]    Compiling sp-storage v3.0.0
[INFO] [stderr]    Compiling sp-tracing v3.0.0
[INFO] [stderr]    Compiling sp-wasm-interface v3.0.0
[INFO] [stderr]    Compiling sp-arithmetic v3.0.0
[INFO] [stderr]    Compiling primitive-types v0.9.1
[INFO] [stderr]    Compiling sp-externalities v0.9.0
[INFO] [stderr]    Compiling memory-db v0.26.0
[INFO] [stderr]    Compiling sp-runtime-interface v3.0.0
[INFO] [stderr]    Compiling sp-core v3.0.0
[INFO] [stderr]    Compiling sp-trie v3.0.0
[INFO] [stderr]    Compiling sp-keystore v0.9.0
[INFO] [stderr]    Compiling sp-inherents v3.0.0
[INFO] [stderr]    Compiling frame-metadata v13.0.0
[INFO] [stderr]    Compiling sp-state-machine v0.9.0
[INFO] [stderr]    Compiling sp-io v3.0.0
[INFO] [stderr]    Compiling sp-application-crypto v3.0.0
[INFO] [stderr]    Compiling sp-runtime v3.0.0
[INFO] [stderr]    Compiling sp-staking v3.0.0
[INFO] [stderr]    Compiling sp-version v3.0.0
[INFO] [stderr]    Compiling frame-support v3.0.0
[INFO] [stderr]    Compiling orml-utilities v0.4.0
[INFO] [stderr]    Compiling frame-system v3.0.0
[INFO] [stderr]    Compiling orml-traits v0.4.0
[INFO] [stderr]    Compiling orml-currencies v0.4.0 (/opt/rustwide/workdir)
[INFO] [stderr]     Finished dev [unoptimized + debuginfo] target(s) in 1m 49s
[INFO] running `Command { std: "docker" "inspect" "c08fc0edcfc33c80c7d64a150f95c322057b3c207b42a8fc9d8d41e478b9d165", kill_on_drop: false }`
[INFO] running `Command { std: "docker" "rm" "-f" "c08fc0edcfc33c80c7d64a150f95c322057b3c207b42a8fc9d8d41e478b9d165", kill_on_drop: false }`
[INFO] [stdout] c08fc0edcfc33c80c7d64a150f95c322057b3c207b42a8fc9d8d41e478b9d165
[INFO] running `Command { std: "docker" "create" "-v" "/var/lib/crater-agent-workspace/builds/worker-12/target:/opt/rustwide/target:rw,Z" "-v" "/var/lib/crater-agent-workspace/builds/worker-12/source:/opt/rustwide/workdir:ro,Z" "-v" "/var/lib/crater-agent-workspace/cargo-home:/opt/rustwide/cargo-home:ro,Z" "-v" "/var/lib/crater-agent-workspace/rustup-home:/opt/rustwide/rustup-home:ro,Z" "-e" "SOURCE_DIR=/opt/rustwide/workdir" "-e" "CARGO_TARGET_DIR=/opt/rustwide/target" "-e" "CARGO_INCREMENTAL=0" "-e" "RUST_BACKTRACE=full" "-e" "RUSTFLAGS=--cap-lints=warn" "-e" "CARGO_HOME=/opt/rustwide/cargo-home" "-e" "RUSTUP_HOME=/opt/rustwide/rustup-home" "-w" "/opt/rustwide/workdir" "-m" "1610612736" "--user" "0:0" "--network" "none" "ghcr.io/rust-lang/crates-build-env/linux@sha256:34b6a614d2c27851fe6cbf88fbd1137609cefab8b10d0615aaeb6fd47975d74e" "/opt/rustwide/cargo-home/bin/cargo" "+1.54.0" "test" "--frozen" "--no-run" "--message-format=json", kill_on_drop: false }`
[INFO] [stdout] 575d10acd6adec492d609e16ff67eefc039b3085fca425a33ac9b38d7229487a
[INFO] running `Command { std: "docker" "start" "-a" "575d10acd6adec492d609e16ff67eefc039b3085fca425a33ac9b38d7229487a", kill_on_drop: false }`
[INFO] [stderr]    Compiling orml-currencies v0.4.0 (/opt/rustwide/workdir)
[INFO] [stdout] error[E0432]: unresolved import `sp_core`
[INFO] [stdout]  --> src/mock.rs:8:5
[INFO] [stdout]   |
[INFO] [stdout] 8 | use sp_core::H256;
[INFO] [stdout]   |     ^^^^^^^ use of undeclared crate or module `sp_core`
[INFO] [stdout] 
[INFO] [stdout] 
[INFO] [stdout] error[E0433]: failed to resolve: use of undeclared crate or module `pallet_balances`
[INFO] [stdout]   --> src/mock.rs:38:21
[INFO] [stdout]    |
[INFO] [stdout] 38 |     type AccountData = pallet_balances::AccountData<u64>;
[INFO] [stdout]    |                        ^^^^^^^^^^^^^^^ use of undeclared crate or module `pallet_balances`
[INFO] [stdout] 
[INFO] [stdout] 
[INFO] [stdout] error[E0433]: failed to resolve: use of undeclared crate or module `pallet_balances`
[INFO] [stdout]   --> src/mock.rs:54:6
[INFO] [stdout]    |
[INFO] [stdout] 54 | impl pallet_balances::Config for Runtime {
[INFO] [stdout]    |      ^^^^^^^^^^^^^^^ use of undeclared crate or module `pallet_balances`
[INFO] [stdout] 
[INFO] [stdout] 
[INFO] [stdout] error[E0433]: failed to resolve: use of undeclared crate or module `orml_tokens`
[INFO] [stdout]   --> src/mock.rs:74:6
[INFO] [stdout]    |
[INFO] [stdout] 74 | impl orml_tokens::Config for Runtime {
[INFO] [stdout]    |      ^^^^^^^^^^^ use of undeclared crate or module `orml_tokens`
[INFO] [stdout] 
[INFO] [stdout] 
[INFO] [stdout] error[E0433]: failed to resolve: use of undeclared crate or module `orml_tokens`
[INFO] [stdout]   --> src/mock.rs:81:16
[INFO] [stdout]    |
[INFO] [stdout] 81 |     type OnDust = orml_tokens::TransferDust<Runtime, DustAccount>;
[INFO] [stdout]    |                   ^^^^^^^^^^^ use of undeclared crate or module `orml_tokens`
[INFO] [stdout] 
[INFO] [stdout] 
[INFO] [stdout] error[E0433]: failed to resolve: use of undeclared crate or module `orml_tokens`
[INFO] [stdout]    --> src/mock.rs:112:11
[INFO] [stdout]     |
[INFO] [stdout] 112 |         Tokens: orml_tokens::{Module, Storage, Event<T>, Config<T>},
[INFO] [stdout]     |                 ^^^^^^^^^^^ use of undeclared crate or module `orml_tokens`
[INFO] [stdout] 
[INFO] [stdout] 
[INFO] [stdout] error[E0433]: failed to resolve: use of undeclared crate or module `pallet_balances`
[INFO] [stdout]    --> src/mock.rs:113:19
[INFO] [stdout]     |
[INFO] [stdout] 113 |         PalletBalances: pallet_balances::{Module, Call, Storage, Config<T>, Event<T>},
[INFO] [stdout]     |                         ^^^^^^^^^^^^^^^ use of undeclared crate or module `pallet_balances`
[INFO] [stdout] 
[INFO] [stdout] 
[INFO] [stdout] error[E0433]: failed to resolve: use of undeclared crate or module `pallet_balances`
[INFO] [stdout]    --> src/mock.rs:155:3
[INFO] [stdout]     |
[INFO] [stdout] 155 |         pallet_balances::GenesisConfig::<Runtime> {
[INFO] [stdout]     |         ^^^^^^^^^^^^^^^ use of undeclared crate or module `pallet_balances`
[INFO] [stdout] 
[INFO] [stdout] 
[INFO] [stdout] error[E0433]: failed to resolve: use of undeclared crate or module `orml_tokens`
[INFO] [stdout]    --> src/mock.rs:167:3
[INFO] [stdout]     |
[INFO] [stdout] 167 |         orml_tokens::GenesisConfig::<Runtime> {
[INFO] [stdout]     |         ^^^^^^^^^^^ use of undeclared crate or module `orml_tokens`
[INFO] [stdout] 
[INFO] [stdout] 
[INFO] [stdout] error[E0433]: failed to resolve: use of undeclared crate or module `orml_tokens`
[INFO] [stdout]    --> src/mock.rs:104:1
[INFO] [stdout]     |
[INFO] [stdout] 104 | / construct_runtime!(
[INFO] [stdout] 105 | |     pub enum Runtime where
[INFO] [stdout] 106 | |         Block = Block,
[INFO] [stdout] 107 | |         NodeBlock = Block,
[INFO] [stdout] ...   |
[INFO] [stdout] 115 | |     }
[INFO] [stdout] 116 | | );
[INFO] [stdout]     | |__^ not found in `orml_tokens`
[INFO] [stdout]     |
[INFO] [stdout]     = note: this error originates in the macro `$crate::__impl_outer_event_json_metadata` (in Nightly builds, run with -Z macro-backtrace for more info)
[INFO] [stdout] help: consider importing one of these items
[INFO] [stdout]     |
[INFO] [stdout] 5   | use crate::Event;
[INFO] [stdout]     |
[INFO] [stdout] 5   | use frame_system::Event;
[INFO] [stdout]     |
[INFO] [stdout] 
[INFO] [stdout] 
[INFO] [stdout] error[E0433]: failed to resolve: use of undeclared crate or module `pallet_balances`
[INFO] [stdout]    --> src/mock.rs:104:1
[INFO] [stdout]     |
[INFO] [stdout] 104 | / construct_runtime!(
[INFO] [stdout] 105 | |     pub enum Runtime where
[INFO] [stdout] 106 | |         Block = Block,
[INFO] [stdout] 107 | |         NodeBlock = Block,
[INFO] [stdout] ...   |
[INFO] [stdout] 115 | |     }
[INFO] [stdout] 116 | | );
[INFO] [stdout]     | |__^ not found in `pallet_balances`
[INFO] [stdout]     |
[INFO] [stdout]     = note: this error originates in the macro `$crate::__impl_outer_event_json_metadata` (in Nightly builds, run with -Z macro-backtrace for more info)
[INFO] [stdout] help: consider importing one of these items
[INFO] [stdout]     |
[INFO] [stdout] 5   | use crate::Event;
[INFO] [stdout]     |
[INFO] [stdout] 5   | use frame_system::Event;
[INFO] [stdout]     |
[INFO] [stdout] 
[INFO] [stdout] 
[INFO] [stdout] error: aborting due to 11 previous errors
[INFO] [stdout] 
[INFO] [stdout] 
[INFO] [stdout] Some errors have detailed explanations: E0432, E0433.
[INFO] [stdout] 
[INFO] [stdout] For more information about an error, try `rustc --explain E0432`.
[INFO] [stdout] 
[INFO] [stderr] error: could not compile `orml-currencies`
[INFO] [stderr] 
[INFO] [stderr] To learn more, run the command again with --verbose.
[INFO] running `Command { std: "docker" "inspect" "575d10acd6adec492d609e16ff67eefc039b3085fca425a33ac9b38d7229487a", kill_on_drop: false }`
[INFO] running `Command { std: "docker" "rm" "-f" "575d10acd6adec492d609e16ff67eefc039b3085fca425a33ac9b38d7229487a", kill_on_drop: false }`
[INFO] [stdout] 575d10acd6adec492d609e16ff67eefc039b3085fca425a33ac9b38d7229487a
