[INFO] fetching crate openpgp-card 0.0.1...
[INFO] testing openpgp-card-0.0.1 against 1.54.0 for beta-1.55-1
[INFO] extracting crate openpgp-card 0.0.1 into /workspace/builds/worker-0/source
[INFO] validating manifest of crates.io crate openpgp-card 0.0.1 on toolchain 1.54.0
[INFO] running `Command { std: "/workspace/cargo-home/bin/cargo" "+1.54.0" "metadata" "--manifest-path" "Cargo.toml" "--no-deps", kill_on_drop: false }`
[INFO] started tweaking crates.io crate openpgp-card 0.0.1
[INFO] finished tweaking crates.io crate openpgp-card 0.0.1
[INFO] tweaked toml for crates.io crate openpgp-card 0.0.1 written to /workspace/builds/worker-0/source/Cargo.toml
[INFO] running `Command { std: "/workspace/cargo-home/bin/cargo" "+1.54.0" "generate-lockfile" "--manifest-path" "Cargo.toml" "-Zno-index-update", kill_on_drop: false }`
[INFO] running `Command { std: "/workspace/cargo-home/bin/cargo" "+1.54.0" "fetch" "--manifest-path" "Cargo.toml", kill_on_drop: false }`
[INFO] [stderr]     Blocking waiting for file lock on package cache
[INFO] running `Command { std: "docker" "create" "-v" "/var/lib/crater-agent-workspace/builds/worker-0/target:/opt/rustwide/target:rw,Z" "-v" "/var/lib/crater-agent-workspace/builds/worker-0/source:/opt/rustwide/workdir:ro,Z" "-v" "/var/lib/crater-agent-workspace/cargo-home:/opt/rustwide/cargo-home:ro,Z" "-v" "/var/lib/crater-agent-workspace/rustup-home:/opt/rustwide/rustup-home:ro,Z" "-e" "SOURCE_DIR=/opt/rustwide/workdir" "-e" "CARGO_TARGET_DIR=/opt/rustwide/target" "-e" "CARGO_HOME=/opt/rustwide/cargo-home" "-e" "RUSTUP_HOME=/opt/rustwide/rustup-home" "-w" "/opt/rustwide/workdir" "-m" "1610612736" "--user" "0:0" "--network" "none" "ghcr.io/rust-lang/crates-build-env/linux@sha256:34b6a614d2c27851fe6cbf88fbd1137609cefab8b10d0615aaeb6fd47975d74e" "/opt/rustwide/cargo-home/bin/cargo" "+1.54.0" "metadata" "--no-deps" "--format-version=1", kill_on_drop: false }`
[INFO] [stdout] 95027c0ec2c3fc5d3c1b8667b49e3cdd98d63f72bdef9cd272ffda92c09318ad
[INFO] running `Command { std: "docker" "start" "-a" "95027c0ec2c3fc5d3c1b8667b49e3cdd98d63f72bdef9cd272ffda92c09318ad", kill_on_drop: false }`
[INFO] running `Command { std: "docker" "inspect" "95027c0ec2c3fc5d3c1b8667b49e3cdd98d63f72bdef9cd272ffda92c09318ad", kill_on_drop: false }`
[INFO] running `Command { std: "docker" "rm" "-f" "95027c0ec2c3fc5d3c1b8667b49e3cdd98d63f72bdef9cd272ffda92c09318ad", kill_on_drop: false }`
[INFO] [stdout] 95027c0ec2c3fc5d3c1b8667b49e3cdd98d63f72bdef9cd272ffda92c09318ad
[INFO] running `Command { std: "docker" "create" "-v" "/var/lib/crater-agent-workspace/builds/worker-0/target:/opt/rustwide/target:rw,Z" "-v" "/var/lib/crater-agent-workspace/builds/worker-0/source:/opt/rustwide/workdir:ro,Z" "-v" "/var/lib/crater-agent-workspace/cargo-home:/opt/rustwide/cargo-home:ro,Z" "-v" "/var/lib/crater-agent-workspace/rustup-home:/opt/rustwide/rustup-home:ro,Z" "-e" "SOURCE_DIR=/opt/rustwide/workdir" "-e" "CARGO_TARGET_DIR=/opt/rustwide/target" "-e" "CARGO_INCREMENTAL=0" "-e" "RUST_BACKTRACE=full" "-e" "RUSTFLAGS=--cap-lints=warn" "-e" "CARGO_HOME=/opt/rustwide/cargo-home" "-e" "RUSTUP_HOME=/opt/rustwide/rustup-home" "-w" "/opt/rustwide/workdir" "-m" "1610612736" "--user" "0:0" "--network" "none" "ghcr.io/rust-lang/crates-build-env/linux@sha256:34b6a614d2c27851fe6cbf88fbd1137609cefab8b10d0615aaeb6fd47975d74e" "/opt/rustwide/cargo-home/bin/cargo" "+1.54.0" "build" "--frozen" "--message-format=json", kill_on_drop: false }`
[INFO] [stdout] 3295ebd31a0c6111b3062507d37136ee0e52a46b8e689c4987dfd83b0732d455
[INFO] running `Command { std: "docker" "start" "-a" "3295ebd31a0c6111b3062507d37136ee0e52a46b8e689c4987dfd83b0732d455", kill_on_drop: false }`
[INFO] [stderr]    Compiling memchr v2.3.4
[INFO] [stderr]    Compiling syn v1.0.74
[INFO] [stderr]    Compiling radium v0.5.3
[INFO] [stderr]    Compiling tap v1.0.1
[INFO] [stderr]    Compiling wyz v0.2.0
[INFO] [stderr]    Compiling arrayvec v0.5.2
[INFO] [stderr]    Compiling funty v1.1.0
[INFO] [stderr]    Compiling regex-syntax v0.6.25
[INFO] [stderr]    Compiling termcolor v1.1.2
[INFO] [stderr]    Compiling humantime v2.1.0
[INFO] [stderr]    Compiling hex-literal v0.3.3
[INFO] [stderr]    Compiling num-traits v0.2.14
[INFO] [stderr]    Compiling num-integer v0.1.44
[INFO] [stderr]    Compiling pcsc-sys v1.2.0
[INFO] [stderr]    Compiling nom v6.2.1
[INFO] [stderr]    Compiling time v0.1.44
[INFO] [stderr]    Compiling atty v0.2.14
[INFO] [stderr]    Compiling pcsc v2.5.0
[INFO] [stderr]    Compiling lexical-core v0.7.6
[INFO] [stderr]    Compiling bitvec v0.19.5
[INFO] [stderr]    Compiling aho-corasick v0.7.15
[INFO] [stderr]    Compiling regex v1.4.6
[INFO] [stderr]    Compiling chrono v0.4.19
[INFO] [stderr]    Compiling thiserror-impl v1.0.26
[INFO] [stderr]    Compiling env_logger v0.8.4
[INFO] [stderr]    Compiling thiserror v1.0.26
[INFO] [stderr]    Compiling openpgp-card v0.0.1 (/opt/rustwide/workdir)
[INFO] [stdout] warning: function is never used: `change_pw1`
[INFO] [stdout]    --> src/apdu/commands.rs:108:8
[INFO] [stdout]     |
[INFO] [stdout] 108 | pub fn change_pw1(pin: Vec<u8>) -> Command {
[INFO] [stdout]     |        ^^^^^^^^^^
[INFO] [stdout]     |
[INFO] [stdout]     = note: `#[warn(dead_code)]` on by default
[INFO] [stdout] 
[INFO] [stdout] 
[INFO] [stdout] warning: function is never used: `change_pw3`
[INFO] [stdout]    --> src/apdu/commands.rs:113:8
[INFO] [stdout]     |
[INFO] [stdout] 113 | pub fn change_pw3(oldpin: Vec<u8>, newpin: Vec<u8>) -> Command {
[INFO] [stdout]     |        ^^^^^^^^^^
[INFO] [stdout] 
[INFO] [stdout] 
[INFO] [stdout] warning: function is never used: `check_card_algo_ecdh`
[INFO] [stdout]    --> src/key_upload.rs:111:4
[INFO] [stdout]     |
[INFO] [stdout] 111 | fn check_card_algo_ecdh(algo_list: AlgoInfo, key_type: KeyType, oid: &[u8]) -> bool {
[INFO] [stdout]     |    ^^^^^^^^^^^^^^^^^^^^
[INFO] [stdout] 
[INFO] [stdout] 
[INFO] [stdout] warning: function is never used: `check_card_algo_ecdsa`
[INFO] [stdout]    --> src/key_upload.rs:137:4
[INFO] [stdout]     |
[INFO] [stdout] 137 | fn check_card_algo_ecdsa(algo_list: AlgoInfo,
[INFO] [stdout]     |    ^^^^^^^^^^^^^^^^^^^^^
[INFO] [stdout] 
[INFO] [stdout] 
[INFO] [stdout] warning: function is never used: `check_card_algo_eddsa`
[INFO] [stdout]    --> src/key_upload.rs:164:4
[INFO] [stdout]     |
[INFO] [stdout] 164 | fn check_card_algo_eddsa(algo_list: AlgoInfo,
[INFO] [stdout]     |    ^^^^^^^^^^^^^^^^^^^^^
[INFO] [stdout] 
[INFO] [stdout] 
[INFO] [stdout] warning: 5 warnings emitted
[INFO] [stdout] 
[INFO] [stdout] 
[INFO] [stderr]     Finished dev [unoptimized + debuginfo] target(s) in 26.82s
[INFO] running `Command { std: "docker" "inspect" "3295ebd31a0c6111b3062507d37136ee0e52a46b8e689c4987dfd83b0732d455", kill_on_drop: false }`
[INFO] running `Command { std: "docker" "rm" "-f" "3295ebd31a0c6111b3062507d37136ee0e52a46b8e689c4987dfd83b0732d455", kill_on_drop: false }`
[INFO] [stdout] 3295ebd31a0c6111b3062507d37136ee0e52a46b8e689c4987dfd83b0732d455
[INFO] running `Command { std: "docker" "create" "-v" "/var/lib/crater-agent-workspace/builds/worker-0/target:/opt/rustwide/target:rw,Z" "-v" "/var/lib/crater-agent-workspace/builds/worker-0/source:/opt/rustwide/workdir:ro,Z" "-v" "/var/lib/crater-agent-workspace/cargo-home:/opt/rustwide/cargo-home:ro,Z" "-v" "/var/lib/crater-agent-workspace/rustup-home:/opt/rustwide/rustup-home:ro,Z" "-e" "SOURCE_DIR=/opt/rustwide/workdir" "-e" "CARGO_TARGET_DIR=/opt/rustwide/target" "-e" "CARGO_INCREMENTAL=0" "-e" "RUST_BACKTRACE=full" "-e" "RUSTFLAGS=--cap-lints=warn" "-e" "CARGO_HOME=/opt/rustwide/cargo-home" "-e" "RUSTUP_HOME=/opt/rustwide/rustup-home" "-w" "/opt/rustwide/workdir" "-m" "1610612736" "--user" "0:0" "--network" "none" "ghcr.io/rust-lang/crates-build-env/linux@sha256:34b6a614d2c27851fe6cbf88fbd1137609cefab8b10d0615aaeb6fd47975d74e" "/opt/rustwide/cargo-home/bin/cargo" "+1.54.0" "test" "--frozen" "--no-run" "--message-format=json", kill_on_drop: false }`
[INFO] [stdout] f7a21f96f5152c507c66d8b2b84edc4a2e31755fc2cda409a2d08c41d9459059
[INFO] running `Command { std: "docker" "start" "-a" "f7a21f96f5152c507c66d8b2b84edc4a2e31755fc2cda409a2d08c41d9459059", kill_on_drop: false }`
[INFO] [stderr]     Blocking waiting for file lock on package cache
[INFO] [stdout] warning: function is never used: `change_pw1`
[INFO] [stdout]    --> src/apdu/commands.rs:108:8
[INFO] [stdout]     |
[INFO] [stdout] 108 | pub fn change_pw1(pin: Vec<u8>) -> Command {
[INFO] [stdout]     |        ^^^^^^^^^^
[INFO] [stdout]     |
[INFO] [stdout]     = note: `#[warn(dead_code)]` on by default
[INFO] [stdout] 
[INFO] [stdout] 
[INFO] [stdout] warning: function is never used: `change_pw3`
[INFO] [stdout]    --> src/apdu/commands.rs:113:8
[INFO] [stdout]     |
[INFO] [stdout] 113 | pub fn change_pw3(oldpin: Vec<u8>, newpin: Vec<u8>) -> Command {
[INFO] [stdout]     |        ^^^^^^^^^^
[INFO] [stdout] 
[INFO] [stdout] 
[INFO] [stdout] warning: function is never used: `check_card_algo_ecdh`
[INFO] [stdout]    --> src/key_upload.rs:111:4
[INFO] [stdout]     |
[INFO] [stdout] 111 | fn check_card_algo_ecdh(algo_list: AlgoInfo, key_type: KeyType, oid: &[u8]) -> bool {
[INFO] [stdout]     |    ^^^^^^^^^^^^^^^^^^^^
[INFO] [stdout] 
[INFO] [stdout] 
[INFO] [stdout] warning: function is never used: `check_card_algo_ecdsa`
[INFO] [stdout]    --> src/key_upload.rs:137:4
[INFO] [stdout]     |
[INFO] [stdout] 137 | fn check_card_algo_ecdsa(algo_list: AlgoInfo,
[INFO] [stdout]     |    ^^^^^^^^^^^^^^^^^^^^^
[INFO] [stdout] 
[INFO] [stdout] 
[INFO] [stdout] warning: function is never used: `check_card_algo_eddsa`
[INFO] [stdout]    --> src/key_upload.rs:164:4
[INFO] [stdout]     |
[INFO] [stdout] 164 | fn check_card_algo_eddsa(algo_list: AlgoInfo,
[INFO] [stdout]     |    ^^^^^^^^^^^^^^^^^^^^^
[INFO] [stdout] 
[INFO] [stdout] 
[INFO] [stdout] warning: 5 warnings emitted
[INFO] [stdout] 
[INFO] [stdout] 
[INFO] [stderr]    Compiling openpgp-card v0.0.1 (/opt/rustwide/workdir)
[INFO] [stdout] error[E0277]: the trait bound `AlgoInfo: From<Vec<{integer}>>` is not satisfied
[INFO] [stdout]    --> src/parse/algo_info.rs:113:18
[INFO] [stdout]     |
[INFO] [stdout] 113 |         let ai = AlgoInfo::try_from(data.to_vec()).unwrap();
[INFO] [stdout]     |                  ^^^^^^^^^^^^^^^^^^ the trait `From<Vec<{integer}>>` is not implemented for `AlgoInfo`
[INFO] [stdout]     |
[INFO] [stdout]     = note: required because of the requirements on the impl of `std::convert::Into<AlgoInfo>` for `Vec<{integer}>`
[INFO] [stdout]     = note: required because of the requirements on the impl of `TryFrom<Vec<{integer}>>` for `AlgoInfo`
[INFO] [stdout]     = note: required by `try_from`
[INFO] [stdout] 
[INFO] [stdout] 
[INFO] [stdout] error[E0277]: the trait bound `AlgoInfo: From<Vec<{integer}>>` is not satisfied
[INFO] [stdout]    --> src/parse/algo_info.rs:165:18
[INFO] [stdout]     |
[INFO] [stdout] 165 |         let ai = AlgoInfo::try_from(data.to_vec()).unwrap();
[INFO] [stdout]     |                  ^^^^^^^^^^^^^^^^^^ the trait `From<Vec<{integer}>>` is not implemented for `AlgoInfo`
[INFO] [stdout]     |
[INFO] [stdout]     = note: required because of the requirements on the impl of `std::convert::Into<AlgoInfo>` for `Vec<{integer}>`
[INFO] [stdout]     = note: required because of the requirements on the impl of `TryFrom<Vec<{integer}>>` for `AlgoInfo`
[INFO] [stdout]     = note: required by `try_from`
[INFO] [stdout] 
[INFO] [stdout] 
[INFO] [stdout] error[E0277]: the trait bound `AlgoInfo: From<Vec<{integer}>>` is not satisfied
[INFO] [stdout]    --> src/parse/algo_info.rs:250:18
[INFO] [stdout]     |
[INFO] [stdout] 250 |         let ai = AlgoInfo::try_from(data.to_vec()).unwrap();
[INFO] [stdout]     |                  ^^^^^^^^^^^^^^^^^^ the trait `From<Vec<{integer}>>` is not implemented for `AlgoInfo`
[INFO] [stdout]     |
[INFO] [stdout]     = note: required because of the requirements on the impl of `std::convert::Into<AlgoInfo>` for `Vec<{integer}>`
[INFO] [stdout]     = note: required because of the requirements on the impl of `TryFrom<Vec<{integer}>>` for `AlgoInfo`
[INFO] [stdout]     = note: required by `try_from`
[INFO] [stdout] 
[INFO] [stdout] 
[INFO] [stdout] error[E0308]: mismatched types
[INFO] [stdout]   --> src/parse/extended_cap.rs:94:36
[INFO] [stdout]    |
[INFO] [stdout] 94 |         let ec = ExtendedCap::from(&data).unwrap();
[INFO] [stdout]    |                                    ^^^^^ expected struct `ExtendedCap`, found `&[u8; 10]`
[INFO] [stdout] 
[INFO] [stdout] 
[INFO] [stdout] error[E0599]: no method named `unwrap` found for struct `ExtendedCap` in the current scope
[INFO] [stdout]   --> src/parse/extended_cap.rs:94:43
[INFO] [stdout]    |
[INFO] [stdout] 12 | pub struct ExtendedCap {
[INFO] [stdout]    | ---------------------- method `unwrap` not found for this
[INFO] [stdout] ...
[INFO] [stdout] 94 |         let ec = ExtendedCap::from(&data).unwrap();
[INFO] [stdout]    |                                           ^^^^^^ method not found in `ExtendedCap`
[INFO] [stdout] 
[INFO] [stdout] 
[INFO] [stdout] error: aborting due to 5 previous errors
[INFO] [stdout] 
[INFO] [stdout] 
[INFO] [stdout] Some errors have detailed explanations: E0277, E0308, E0599.
[INFO] [stdout] 
[INFO] [stdout] For more information about an error, try `rustc --explain E0277`.
[INFO] [stdout] 
[INFO] [stderr] error: could not compile `openpgp-card`
[INFO] [stderr] 
[INFO] [stderr] To learn more, run the command again with --verbose.
[INFO] running `Command { std: "docker" "inspect" "f7a21f96f5152c507c66d8b2b84edc4a2e31755fc2cda409a2d08c41d9459059", kill_on_drop: false }`
[INFO] running `Command { std: "docker" "rm" "-f" "f7a21f96f5152c507c66d8b2b84edc4a2e31755fc2cda409a2d08c41d9459059", kill_on_drop: false }`
[INFO] [stdout] f7a21f96f5152c507c66d8b2b84edc4a2e31755fc2cda409a2d08c41d9459059
