[INFO] fetching crate onehot 0.1.0...
[INFO] testing onehot-0.1.0 against 1.54.0 for beta-1.55-1
[INFO] extracting crate onehot 0.1.0 into /workspace/builds/worker-4/source
[INFO] validating manifest of crates.io crate onehot 0.1.0 on toolchain 1.54.0
[INFO] running `Command { std: "/workspace/cargo-home/bin/cargo" "+1.54.0" "metadata" "--manifest-path" "Cargo.toml" "--no-deps", kill_on_drop: false }`
[INFO] started tweaking crates.io crate onehot 0.1.0
[INFO] finished tweaking crates.io crate onehot 0.1.0
[INFO] tweaked toml for crates.io crate onehot 0.1.0 written to /workspace/builds/worker-4/source/Cargo.toml
[INFO] running `Command { std: "/workspace/cargo-home/bin/cargo" "+1.54.0" "generate-lockfile" "--manifest-path" "Cargo.toml" "-Zno-index-update", kill_on_drop: false }`
[INFO] [stderr]     Blocking waiting for file lock on package cache
[INFO] running `Command { std: "/workspace/cargo-home/bin/cargo" "+1.54.0" "fetch" "--manifest-path" "Cargo.toml", kill_on_drop: false }`
[INFO] running `Command { std: "docker" "create" "-v" "/var/lib/crater-agent-workspace/builds/worker-4/target:/opt/rustwide/target:rw,Z" "-v" "/var/lib/crater-agent-workspace/builds/worker-4/source:/opt/rustwide/workdir:ro,Z" "-v" "/var/lib/crater-agent-workspace/cargo-home:/opt/rustwide/cargo-home:ro,Z" "-v" "/var/lib/crater-agent-workspace/rustup-home:/opt/rustwide/rustup-home:ro,Z" "-e" "SOURCE_DIR=/opt/rustwide/workdir" "-e" "CARGO_TARGET_DIR=/opt/rustwide/target" "-e" "CARGO_HOME=/opt/rustwide/cargo-home" "-e" "RUSTUP_HOME=/opt/rustwide/rustup-home" "-w" "/opt/rustwide/workdir" "-m" "1610612736" "--user" "0:0" "--network" "none" "ghcr.io/rust-lang/crates-build-env/linux@sha256:34b6a614d2c27851fe6cbf88fbd1137609cefab8b10d0615aaeb6fd47975d74e" "/opt/rustwide/cargo-home/bin/cargo" "+1.54.0" "metadata" "--no-deps" "--format-version=1", kill_on_drop: false }`
[INFO] [stdout] 012c3ad7c3498f5625035bfc831f1f56ee7def485620cf6f1ba6804a1c391044
[INFO] running `Command { std: "docker" "start" "-a" "012c3ad7c3498f5625035bfc831f1f56ee7def485620cf6f1ba6804a1c391044", kill_on_drop: false }`
[INFO] running `Command { std: "docker" "inspect" "012c3ad7c3498f5625035bfc831f1f56ee7def485620cf6f1ba6804a1c391044", kill_on_drop: false }`
[INFO] running `Command { std: "docker" "rm" "-f" "012c3ad7c3498f5625035bfc831f1f56ee7def485620cf6f1ba6804a1c391044", kill_on_drop: false }`
[INFO] [stdout] 012c3ad7c3498f5625035bfc831f1f56ee7def485620cf6f1ba6804a1c391044
[INFO] running `Command { std: "docker" "create" "-v" "/var/lib/crater-agent-workspace/builds/worker-4/target:/opt/rustwide/target:rw,Z" "-v" "/var/lib/crater-agent-workspace/builds/worker-4/source:/opt/rustwide/workdir:ro,Z" "-v" "/var/lib/crater-agent-workspace/cargo-home:/opt/rustwide/cargo-home:ro,Z" "-v" "/var/lib/crater-agent-workspace/rustup-home:/opt/rustwide/rustup-home:ro,Z" "-e" "SOURCE_DIR=/opt/rustwide/workdir" "-e" "CARGO_TARGET_DIR=/opt/rustwide/target" "-e" "CARGO_INCREMENTAL=0" "-e" "RUST_BACKTRACE=full" "-e" "RUSTFLAGS=--cap-lints=warn" "-e" "CARGO_HOME=/opt/rustwide/cargo-home" "-e" "RUSTUP_HOME=/opt/rustwide/rustup-home" "-w" "/opt/rustwide/workdir" "-m" "1610612736" "--user" "0:0" "--network" "none" "ghcr.io/rust-lang/crates-build-env/linux@sha256:34b6a614d2c27851fe6cbf88fbd1137609cefab8b10d0615aaeb6fd47975d74e" "/opt/rustwide/cargo-home/bin/cargo" "+1.54.0" "build" "--frozen" "--message-format=json", kill_on_drop: false }`
[INFO] [stdout] 3b22765349ee55967ce89dce038876ae492bc0cb370de0a179e1697e3a56e6ff
[INFO] running `Command { std: "docker" "start" "-a" "3b22765349ee55967ce89dce038876ae492bc0cb370de0a179e1697e3a56e6ff", kill_on_drop: false }`
[INFO] [stderr]    Compiling onehot v0.1.0 (/opt/rustwide/workdir)
[INFO] [stderr]     Finished dev [unoptimized + debuginfo] target(s) in 0.21s
[INFO] running `Command { std: "docker" "inspect" "3b22765349ee55967ce89dce038876ae492bc0cb370de0a179e1697e3a56e6ff", kill_on_drop: false }`
[INFO] running `Command { std: "docker" "rm" "-f" "3b22765349ee55967ce89dce038876ae492bc0cb370de0a179e1697e3a56e6ff", kill_on_drop: false }`
[INFO] [stdout] 3b22765349ee55967ce89dce038876ae492bc0cb370de0a179e1697e3a56e6ff
[INFO] running `Command { std: "docker" "create" "-v" "/var/lib/crater-agent-workspace/builds/worker-4/target:/opt/rustwide/target:rw,Z" "-v" "/var/lib/crater-agent-workspace/builds/worker-4/source:/opt/rustwide/workdir:ro,Z" "-v" "/var/lib/crater-agent-workspace/cargo-home:/opt/rustwide/cargo-home:ro,Z" "-v" "/var/lib/crater-agent-workspace/rustup-home:/opt/rustwide/rustup-home:ro,Z" "-e" "SOURCE_DIR=/opt/rustwide/workdir" "-e" "CARGO_TARGET_DIR=/opt/rustwide/target" "-e" "CARGO_INCREMENTAL=0" "-e" "RUST_BACKTRACE=full" "-e" "RUSTFLAGS=--cap-lints=warn" "-e" "CARGO_HOME=/opt/rustwide/cargo-home" "-e" "RUSTUP_HOME=/opt/rustwide/rustup-home" "-w" "/opt/rustwide/workdir" "-m" "1610612736" "--user" "0:0" "--network" "none" "ghcr.io/rust-lang/crates-build-env/linux@sha256:34b6a614d2c27851fe6cbf88fbd1137609cefab8b10d0615aaeb6fd47975d74e" "/opt/rustwide/cargo-home/bin/cargo" "+1.54.0" "test" "--frozen" "--no-run" "--message-format=json", kill_on_drop: false }`
[INFO] [stdout] f207c48aec510657b362102c9780dacdc66f31484c63f41d76cd3efdc4bcc6e7
[INFO] running `Command { std: "docker" "start" "-a" "f207c48aec510657b362102c9780dacdc66f31484c63f41d76cd3efdc4bcc6e7", kill_on_drop: false }`
[INFO] [stderr]     Blocking waiting for file lock on package cache
[INFO] [stderr]     Blocking waiting for file lock on package cache
[INFO] [stderr]    Compiling proc-macro2 v1.0.28
[INFO] [stderr]    Compiling quote v1.0.9
[INFO] [stderr]    Compiling syn v1.0.74
[INFO] [stderr]    Compiling onehot-derive v0.1.0
[INFO] [stderr]    Compiling onehot v0.1.0 (/opt/rustwide/workdir)
[INFO] [stdout] error: cannot find derive macro `OneHot` in this scope
[INFO] [stdout]  --> src/tests/structs.rs:8:10
[INFO] [stdout]   |
[INFO] [stdout] 8 | #[derive(OneHot)]
[INFO] [stdout]   |          ^^^^^^
[INFO] [stdout] 
[INFO] [stdout] 
[INFO] [stdout] error: cannot find derive macro `OneHot` in this scope
[INFO] [stdout]   --> src/tests/structs.rs:15:10
[INFO] [stdout]    |
[INFO] [stdout] 15 | #[derive(OneHot)]
[INFO] [stdout]    |          ^^^^^^
[INFO] [stdout] 
[INFO] [stdout] 
[INFO] [stdout] error: cannot find derive macro `OneHot` in this scope
[INFO] [stdout]   --> src/tests/structs.rs:19:10
[INFO] [stdout]    |
[INFO] [stdout] 19 | #[derive(OneHot)]
[INFO] [stdout]    |          ^^^^^^
[INFO] [stdout] 
[INFO] [stdout] 
[INFO] [stdout] error: cannot find attribute `onehot` in this scope
[INFO] [stdout]   --> src/tests/structs.rs:25:4
[INFO] [stdout]    |
[INFO] [stdout] 25 |     #[onehot(ignore)]
[INFO] [stdout]    |       ^^^^^^
[INFO] [stdout] 
[INFO] [stdout] 
[INFO] [stdout] error: cannot find derive macro `OneHot` in this scope
[INFO] [stdout]  --> src/tests/enums.rs:4:10
[INFO] [stdout]   |
[INFO] [stdout] 4 | #[derive(OneHot)]
[INFO] [stdout]   |          ^^^^^^
[INFO] [stdout] 
[INFO] [stdout] 
[INFO] [stdout] error: cannot find attribute `onehot` in this scope
[INFO] [stdout]  --> src/tests/enums.rs:8:4
[INFO] [stdout]   |
[INFO] [stdout] 8 |     #[onehot(ignore)]
[INFO] [stdout]   |       ^^^^^^
[INFO] [stdout] 
[INFO] [stdout] 
[INFO] [stdout] error: cannot find derive macro `OneHot` in this scope
[INFO] [stdout]   --> src/tests/enums.rs:13:10
[INFO] [stdout]    |
[INFO] [stdout] 13 | #[derive(OneHot)]
[INFO] [stdout]    |          ^^^^^^
[INFO] [stdout] 
[INFO] [stdout] 
[INFO] [stdout] error: cannot find attribute `onehot` in this scope
[INFO] [stdout]   --> src/tests/enums.rs:15:4
[INFO] [stdout]    |
[INFO] [stdout] 15 |     #[onehot(ignore)]
[INFO] [stdout]    |       ^^^^^^
[INFO] [stdout] 
[INFO] [stdout] 
[INFO] [stdout] error: cannot find derive macro `OneHot` in this scope
[INFO] [stdout]   --> src/tests/enums.rs:22:10
[INFO] [stdout]    |
[INFO] [stdout] 22 | #[derive(OneHot)]
[INFO] [stdout]    |          ^^^^^^
[INFO] [stdout] 
[INFO] [stdout] 
[INFO] [stdout] error: cannot find attribute `onehot` in this scope
[INFO] [stdout]   --> src/tests/enums.rs:28:4
[INFO] [stdout]    |
[INFO] [stdout] 28 |     #[onehot(ignore)]
[INFO] [stdout]    |       ^^^^^^
[INFO] [stdout] 
[INFO] [stdout] 
[INFO] [stdout] error: cannot find attribute `onehot` in this scope
[INFO] [stdout]   --> src/tests/enums.rs:30:4
[INFO] [stdout]    |
[INFO] [stdout] 30 |     #[onehot(ignore)]
[INFO] [stdout]    |       ^^^^^^
[INFO] [stdout] 
[INFO] [stdout] 
[INFO] [stdout] error[E0277]: the trait bound `SimpleStruct: OneHot` is not satisfied
[INFO] [stdout]   --> src/tests/structs.rs:38:14
[INFO] [stdout]    |
[INFO] [stdout] 38 |     test_size::<T>(4);
[INFO] [stdout]    |                 ^ the trait `OneHot` is not implemented for `SimpleStruct`
[INFO] [stdout]    | 
[INFO] [stdout]   ::: src/tests/mod.rs:7:17
[INFO] [stdout]    |
[INFO] [stdout] 7  | fn test_size<T: OneHot>(size: usize) {
[INFO] [stdout]    |                 ------ required by this bound in `tests::test_size`
[INFO] [stdout] 
[INFO] [stdout] 
[INFO] [stdout] error[E0277]: the trait bound `SimpleStruct: OneHot` is not satisfied
[INFO] [stdout]   --> src/tests/structs.rs:40:16
[INFO] [stdout]    |
[INFO] [stdout] 40 |     test_labels::<T>(&[
[INFO] [stdout]    |                   ^ the trait `OneHot` is not implemented for `SimpleStruct`
[INFO] [stdout]    | 
[INFO] [stdout]   ::: src/tests/mod.rs:12:19
[INFO] [stdout]    |
[INFO] [stdout] 12 | fn test_labels<T: OneHot>(labels: &[&str]) {
[INFO] [stdout]    |                   ------ required by this bound in `tests::test_labels`
[INFO] [stdout] 
[INFO] [stdout] 
[INFO] [stdout] error[E0277]: the trait bound `SimpleStruct: OneHot` is not satisfied
[INFO] [stdout]   --> src/tests/structs.rs:48:3
[INFO] [stdout]    |
[INFO] [stdout] 48 | /         &[
[INFO] [stdout] 49 | |             (T { f1: SimpleEnum::First,  f2: SimpleEnum::Second }, &[true, false, false, true]),
[INFO] [stdout] 50 | |             (T { f1: SimpleEnum::Second, f2: SimpleEnum::Third },  &[false, true, false, false]),
[INFO] [stdout] 51 | |             (T { f1: SimpleEnum::Third,  f2: SimpleEnum::First },  &[false, false, true, false]),
[INFO] [stdout] 52 | |         ]
[INFO] [stdout]    | |_________^ the trait `OneHot` is not implemented for `SimpleStruct`
[INFO] [stdout]    | 
[INFO] [stdout]   ::: src/tests/mod.rs:23:21
[INFO] [stdout]    |
[INFO] [stdout] 23 |   fn test_variants<T: OneHot>(variants: &[(T, &[bool])]) {
[INFO] [stdout]    |                       ------ required by this bound in `tests::test_variants`
[INFO] [stdout] 
[INFO] [stdout] 
[INFO] [stdout] error[E0277]: the trait bound `SimpleGenericStruct<bool>: OneHot` is not satisfied
[INFO] [stdout]   --> src/tests/structs.rs:61:14
[INFO] [stdout]    |
[INFO] [stdout] 61 |     test_size::<T>(3);
[INFO] [stdout]    |                 ^ the trait `OneHot` is not implemented for `SimpleGenericStruct<bool>`
[INFO] [stdout]    | 
[INFO] [stdout]   ::: src/tests/mod.rs:7:17
[INFO] [stdout]    |
[INFO] [stdout] 7  | fn test_size<T: OneHot>(size: usize) {
[INFO] [stdout]    |                 ------ required by this bound in `tests::test_size`
[INFO] [stdout] 
[INFO] [stdout] 
[INFO] [stdout] error[E0277]: the trait bound `SimpleGenericStruct<bool>: OneHot` is not satisfied
[INFO] [stdout]   --> src/tests/structs.rs:63:16
[INFO] [stdout]    |
[INFO] [stdout] 63 |     test_labels::<T>(&["SimpleEnum::First", "SimpleEnum::Second", "bool"]);
[INFO] [stdout]    |                   ^ the trait `OneHot` is not implemented for `SimpleGenericStruct<bool>`
[INFO] [stdout]    | 
[INFO] [stdout]   ::: src/tests/mod.rs:12:19
[INFO] [stdout]    |
[INFO] [stdout] 12 | fn test_labels<T: OneHot>(labels: &[&str]) {
[INFO] [stdout]    |                   ------ required by this bound in `tests::test_labels`
[INFO] [stdout] 
[INFO] [stdout] 
[INFO] [stdout] error[E0277]: the trait bound `SimpleGenericStruct<bool>: OneHot` is not satisfied
[INFO] [stdout]   --> src/tests/structs.rs:65:2
[INFO] [stdout]    |
[INFO] [stdout] 65 |     test_variants(
[INFO] [stdout]    |     ^^^^^^^^^^^^^ the trait `OneHot` is not implemented for `SimpleGenericStruct<bool>`
[INFO] [stdout]    | 
[INFO] [stdout]   ::: src/tests/mod.rs:23:21
[INFO] [stdout]    |
[INFO] [stdout] 23 | fn test_variants<T: OneHot>(variants: &[(T, &[bool])]) {
[INFO] [stdout]    |                     ------ required by this bound in `tests::test_variants`
[INFO] [stdout] 
[INFO] [stdout] 
[INFO] [stdout] error[E0277]: the trait bound `ComplexGenericStruct<'_, '_, bool, bool>: OneHot` is not satisfied
[INFO] [stdout]   --> src/tests/structs.rs:79:2
[INFO] [stdout]    |
[INFO] [stdout] 79 |     test_size::<T>(5);
[INFO] [stdout]    |     ^^^^^^^^^^^^^^ the trait `OneHot` is not implemented for `ComplexGenericStruct<'_, '_, bool, bool>`
[INFO] [stdout]    | 
[INFO] [stdout]   ::: src/tests/mod.rs:7:17
[INFO] [stdout]    |
[INFO] [stdout] 7  | fn test_size<T: OneHot>(size: usize) {
[INFO] [stdout]    |                 ------ required by this bound in `tests::test_size`
[INFO] [stdout] 
[INFO] [stdout] 
[INFO] [stdout] error[E0277]: the trait bound `ComplexGenericStruct<'_, '_, bool, bool>: OneHot` is not satisfied
[INFO] [stdout]   --> src/tests/structs.rs:81:2
[INFO] [stdout]    |
[INFO] [stdout] 81 |     test_labels::<T>(&[
[INFO] [stdout]    |     ^^^^^^^^^^^^^^^^ the trait `OneHot` is not implemented for `ComplexGenericStruct<'_, '_, bool, bool>`
[INFO] [stdout]    | 
[INFO] [stdout]   ::: src/tests/mod.rs:12:19
[INFO] [stdout]    |
[INFO] [stdout] 12 | fn test_labels<T: OneHot>(labels: &[&str]) {
[INFO] [stdout]    |                   ------ required by this bound in `tests::test_labels`
[INFO] [stdout] 
[INFO] [stdout] 
[INFO] [stdout] error[E0277]: the trait bound `ComplexGenericStruct<'_, '_, bool, bool>: OneHot` is not satisfied
[INFO] [stdout]   --> src/tests/structs.rs:89:2
[INFO] [stdout]    |
[INFO] [stdout] 89 |     test_variants(
[INFO] [stdout]    |     ^^^^^^^^^^^^^ the trait `OneHot` is not implemented for `ComplexGenericStruct<'_, '_, bool, bool>`
[INFO] [stdout]    | 
[INFO] [stdout]   ::: src/tests/mod.rs:23:21
[INFO] [stdout]    |
[INFO] [stdout] 23 | fn test_variants<T: OneHot>(variants: &[(T, &[bool])]) {
[INFO] [stdout]    |                     ------ required by this bound in `tests::test_variants`
[INFO] [stdout] 
[INFO] [stdout] 
[INFO] [stdout] error[E0277]: the trait bound `SimpleEnum: OneHot` is not satisfied
[INFO] [stdout]   --> src/tests/enums.rs:40:14
[INFO] [stdout]    |
[INFO] [stdout] 40 |     test_size::<T>(2);
[INFO] [stdout]    |                 ^ the trait `OneHot` is not implemented for `SimpleEnum`
[INFO] [stdout]    | 
[INFO] [stdout]   ::: src/tests/mod.rs:7:17
[INFO] [stdout]    |
[INFO] [stdout] 7  | fn test_size<T: OneHot>(size: usize) {
[INFO] [stdout]    |                 ------ required by this bound in `tests::test_size`
[INFO] [stdout] 
[INFO] [stdout] 
[INFO] [stdout] error[E0277]: the trait bound `SimpleEnum: OneHot` is not satisfied
[INFO] [stdout]   --> src/tests/enums.rs:42:16
[INFO] [stdout]    |
[INFO] [stdout] 42 |     test_labels::<T>(&["SimpleEnum::First", "SimpleEnum::Second"]);
[INFO] [stdout]    |                   ^ the trait `OneHot` is not implemented for `SimpleEnum`
[INFO] [stdout]    | 
[INFO] [stdout]   ::: src/tests/mod.rs:12:19
[INFO] [stdout]    |
[INFO] [stdout] 12 | fn test_labels<T: OneHot>(labels: &[&str]) {
[INFO] [stdout]    |                   ------ required by this bound in `tests::test_labels`
[INFO] [stdout] 
[INFO] [stdout] 
[INFO] [stdout] error[E0277]: the trait bound `SimpleEnum: OneHot` is not satisfied
[INFO] [stdout]   --> src/tests/enums.rs:45:3
[INFO] [stdout]    |
[INFO] [stdout] 45 | /         &[
[INFO] [stdout] 46 | |             (T::First, &[true, false]),
[INFO] [stdout] 47 | |             (T::Second, &[false, true]),
[INFO] [stdout] 48 | |             (T::Third, &[false, false]),
[INFO] [stdout] 49 | |         ]
[INFO] [stdout]    | |_________^ the trait `OneHot` is not implemented for `SimpleEnum`
[INFO] [stdout]    | 
[INFO] [stdout]   ::: src/tests/mod.rs:23:21
[INFO] [stdout]    |
[INFO] [stdout] 23 |   fn test_variants<T: OneHot>(variants: &[(T, &[bool])]) {
[INFO] [stdout]    |                       ------ required by this bound in `tests::test_variants`
[INFO] [stdout] 
[INFO] [stdout] 
[INFO] [stdout] error[E0277]: the trait bound `SimpleGenericEnum<()>: OneHot` is not satisfied
[INFO] [stdout]   --> src/tests/enums.rs:58:14
[INFO] [stdout]    |
[INFO] [stdout] 58 |     test_size::<T>(2);
[INFO] [stdout]    |                 ^ the trait `OneHot` is not implemented for `SimpleGenericEnum<()>`
[INFO] [stdout]    | 
[INFO] [stdout]   ::: src/tests/mod.rs:7:17
[INFO] [stdout]    |
[INFO] [stdout] 7  | fn test_size<T: OneHot>(size: usize) {
[INFO] [stdout]    |                 ------ required by this bound in `tests::test_size`
[INFO] [stdout] 
[INFO] [stdout] 
[INFO] [stdout] error[E0277]: the trait bound `SimpleGenericEnum<()>: OneHot` is not satisfied
[INFO] [stdout]   --> src/tests/enums.rs:60:16
[INFO] [stdout]    |
[INFO] [stdout] 60 |     test_labels::<T>(&["SimpleGenericEnum::Second", "SimpleGenericEnum::Third"]);
[INFO] [stdout]    |                   ^ the trait `OneHot` is not implemented for `SimpleGenericEnum<()>`
[INFO] [stdout]    | 
[INFO] [stdout]   ::: src/tests/mod.rs:12:19
[INFO] [stdout]    |
[INFO] [stdout] 12 | fn test_labels<T: OneHot>(labels: &[&str]) {
[INFO] [stdout]    |                   ------ required by this bound in `tests::test_labels`
[INFO] [stdout] 
[INFO] [stdout] 
[INFO] [stdout] error[E0277]: the trait bound `SimpleGenericEnum<()>: OneHot` is not satisfied
[INFO] [stdout]   --> src/tests/enums.rs:63:3
[INFO] [stdout]    |
[INFO] [stdout] 63 | /         &[
[INFO] [stdout] 64 | |             (T::First(()), &[false, false]),
[INFO] [stdout] 65 | |             (T::Second, &[true, false]),
[INFO] [stdout] 66 | |             (T::Third, &[false, true]),
[INFO] [stdout] 67 | |         ]
[INFO] [stdout]    | |_________^ the trait `OneHot` is not implemented for `SimpleGenericEnum<()>`
[INFO] [stdout]    | 
[INFO] [stdout]   ::: src/tests/mod.rs:23:21
[INFO] [stdout]    |
[INFO] [stdout] 23 |   fn test_variants<T: OneHot>(variants: &[(T, &[bool])]) {
[INFO] [stdout]    |                       ------ required by this bound in `tests::test_variants`
[INFO] [stdout] 
[INFO] [stdout] 
[INFO] [stdout] error[E0277]: the trait bound `ComplexGenericEnum<'_, '_, (), ()>: OneHot` is not satisfied
[INFO] [stdout]   --> src/tests/enums.rs:76:2
[INFO] [stdout]    |
[INFO] [stdout] 76 |     test_size::<T>(1);
[INFO] [stdout]    |     ^^^^^^^^^^^^^^ the trait `OneHot` is not implemented for `ComplexGenericEnum<'_, '_, (), ()>`
[INFO] [stdout]    | 
[INFO] [stdout]   ::: src/tests/mod.rs:7:17
[INFO] [stdout]    |
[INFO] [stdout] 7  | fn test_size<T: OneHot>(size: usize) {
[INFO] [stdout]    |                 ------ required by this bound in `tests::test_size`
[INFO] [stdout] 
[INFO] [stdout] 
[INFO] [stdout] error[E0277]: the trait bound `ComplexGenericEnum<'_, '_, (), ()>: OneHot` is not satisfied
[INFO] [stdout]   --> src/tests/enums.rs:78:2
[INFO] [stdout]    |
[INFO] [stdout] 78 |     test_labels::<T>(&["ComplexGenericEnum::Third"]);
[INFO] [stdout]    |     ^^^^^^^^^^^^^^^^ the trait `OneHot` is not implemented for `ComplexGenericEnum<'_, '_, (), ()>`
[INFO] [stdout]    | 
[INFO] [stdout]   ::: src/tests/mod.rs:12:19
[INFO] [stdout]    |
[INFO] [stdout] 12 | fn test_labels<T: OneHot>(labels: &[&str]) {
[INFO] [stdout]    |                   ------ required by this bound in `tests::test_labels`
[INFO] [stdout] 
[INFO] [stdout] 
[INFO] [stdout] error[E0277]: the trait bound `ComplexGenericEnum<'_, '_, (), ()>: OneHot` is not satisfied
[INFO] [stdout]   --> src/tests/enums.rs:81:3
[INFO] [stdout]    |
[INFO] [stdout] 81 | /         &[
[INFO] [stdout] 82 | |             (T::First(&()), &[false]),
[INFO] [stdout] 83 | |             (T::Second { _field: &() }, &[false]),
[INFO] [stdout] 84 | |             (T::Third, &[true]),
[INFO] [stdout] 85 | |         ]
[INFO] [stdout]    | |_________^ the trait `OneHot` is not implemented for `ComplexGenericEnum<'_, '_, (), ()>`
[INFO] [stdout]    | 
[INFO] [stdout]   ::: src/tests/mod.rs:23:21
[INFO] [stdout]    |
[INFO] [stdout] 23 |   fn test_variants<T: OneHot>(variants: &[(T, &[bool])]) {
[INFO] [stdout]    |                       ------ required by this bound in `tests::test_variants`
[INFO] [stdout] 
[INFO] [stdout] 
[INFO] [stdout] error: aborting due to 29 previous errors
[INFO] [stdout] 
[INFO] [stdout] 
[INFO] [stdout] For more information about this error, try `rustc --explain E0277`.
[INFO] [stdout] 
[INFO] [stderr] error: could not compile `onehot`
[INFO] [stderr] 
[INFO] [stderr] To learn more, run the command again with --verbose.
[INFO] running `Command { std: "docker" "inspect" "f207c48aec510657b362102c9780dacdc66f31484c63f41d76cd3efdc4bcc6e7", kill_on_drop: false }`
[INFO] running `Command { std: "docker" "rm" "-f" "f207c48aec510657b362102c9780dacdc66f31484c63f41d76cd3efdc4bcc6e7", kill_on_drop: false }`
[INFO] [stdout] f207c48aec510657b362102c9780dacdc66f31484c63f41d76cd3efdc4bcc6e7
