[INFO] fetching crate oc-wasm-opencomputers 0.1.0...
[INFO] testing oc-wasm-opencomputers-0.1.0 against beta-2021-08-01 for beta-1.55-1
[INFO] extracting crate oc-wasm-opencomputers 0.1.0 into /workspace/builds/worker-104/source
[INFO] validating manifest of crates.io crate oc-wasm-opencomputers 0.1.0 on toolchain beta-2021-08-01
[INFO] running `Command { std: "/workspace/cargo-home/bin/cargo" "+beta-2021-08-01" "metadata" "--manifest-path" "Cargo.toml" "--no-deps", kill_on_drop: false }`
[INFO] removed /workspace/builds/worker-104/source/.cargo/config.toml
[INFO] started tweaking crates.io crate oc-wasm-opencomputers 0.1.0
[INFO] finished tweaking crates.io crate oc-wasm-opencomputers 0.1.0
[INFO] tweaked toml for crates.io crate oc-wasm-opencomputers 0.1.0 written to /workspace/builds/worker-104/source/Cargo.toml
[INFO] running `Command { std: "/workspace/cargo-home/bin/cargo" "+beta-2021-08-01" "generate-lockfile" "--manifest-path" "Cargo.toml" "-Zno-index-update", kill_on_drop: false }`
[INFO] running `Command { std: "/workspace/cargo-home/bin/cargo" "+beta-2021-08-01" "fetch" "--manifest-path" "Cargo.toml", kill_on_drop: false }`
[INFO] [stderr]     Blocking waiting for file lock on package cache
[INFO] running `Command { std: "docker" "create" "-v" "/var/lib/crater-agent-workspace/builds/worker-104/target:/opt/rustwide/target:rw,Z" "-v" "/var/lib/crater-agent-workspace/builds/worker-104/source:/opt/rustwide/workdir:ro,Z" "-v" "/var/lib/crater-agent-workspace/cargo-home:/opt/rustwide/cargo-home:ro,Z" "-v" "/var/lib/crater-agent-workspace/rustup-home:/opt/rustwide/rustup-home:ro,Z" "-e" "SOURCE_DIR=/opt/rustwide/workdir" "-e" "CARGO_TARGET_DIR=/opt/rustwide/target" "-e" "CARGO_HOME=/opt/rustwide/cargo-home" "-e" "RUSTUP_HOME=/opt/rustwide/rustup-home" "-w" "/opt/rustwide/workdir" "-m" "1610612736" "--user" "0:0" "--network" "none" "ghcr.io/rust-lang/crates-build-env/linux@sha256:34b6a614d2c27851fe6cbf88fbd1137609cefab8b10d0615aaeb6fd47975d74e" "/opt/rustwide/cargo-home/bin/cargo" "+beta-2021-08-01" "metadata" "--no-deps" "--format-version=1", kill_on_drop: false }`
[INFO] [stdout] 0029eb9dfb6130594a03228be295c7a1b95827ef687be5a1a26bed43bf0a1cc4
[INFO] running `Command { std: "docker" "start" "-a" "0029eb9dfb6130594a03228be295c7a1b95827ef687be5a1a26bed43bf0a1cc4", kill_on_drop: false }`
[INFO] running `Command { std: "docker" "inspect" "0029eb9dfb6130594a03228be295c7a1b95827ef687be5a1a26bed43bf0a1cc4", kill_on_drop: false }`
[INFO] running `Command { std: "docker" "rm" "-f" "0029eb9dfb6130594a03228be295c7a1b95827ef687be5a1a26bed43bf0a1cc4", kill_on_drop: false }`
[INFO] [stdout] 0029eb9dfb6130594a03228be295c7a1b95827ef687be5a1a26bed43bf0a1cc4
[INFO] running `Command { std: "docker" "create" "-v" "/var/lib/crater-agent-workspace/builds/worker-104/target:/opt/rustwide/target:rw,Z" "-v" "/var/lib/crater-agent-workspace/builds/worker-104/source:/opt/rustwide/workdir:ro,Z" "-v" "/var/lib/crater-agent-workspace/cargo-home:/opt/rustwide/cargo-home:ro,Z" "-v" "/var/lib/crater-agent-workspace/rustup-home:/opt/rustwide/rustup-home:ro,Z" "-e" "SOURCE_DIR=/opt/rustwide/workdir" "-e" "CARGO_TARGET_DIR=/opt/rustwide/target" "-e" "CARGO_INCREMENTAL=0" "-e" "RUST_BACKTRACE=full" "-e" "RUSTFLAGS=--cap-lints=warn" "-e" "CARGO_HOME=/opt/rustwide/cargo-home" "-e" "RUSTUP_HOME=/opt/rustwide/rustup-home" "-w" "/opt/rustwide/workdir" "-m" "1610612736" "--user" "0:0" "--network" "none" "ghcr.io/rust-lang/crates-build-env/linux@sha256:34b6a614d2c27851fe6cbf88fbd1137609cefab8b10d0615aaeb6fd47975d74e" "/opt/rustwide/cargo-home/bin/cargo" "+beta-2021-08-01" "build" "--frozen" "--message-format=json", kill_on_drop: false }`
[INFO] [stdout] 986774d6cb960e0604d2321e8bb98ace354a3cc7e31409836fdf10bacd820c1e
[INFO] running `Command { std: "docker" "start" "-a" "986774d6cb960e0604d2321e8bb98ace354a3cc7e31409836fdf10bacd820c1e", kill_on_drop: false }`
[INFO] [stderr]    Compiling proc-macro2 v1.0.28
[INFO] [stderr]    Compiling unicode-xid v0.2.2
[INFO] [stderr]    Compiling autocfg v1.0.1
[INFO] [stderr]    Compiling syn v1.0.74
[INFO] [stderr]    Compiling uuid v0.8.2
[INFO] [stderr]    Compiling num-traits v0.2.14
[INFO] [stderr]    Compiling quote v1.0.9
[INFO] [stderr]    Compiling ordered-float v2.7.0
[INFO] [stderr]    Compiling oc-wasm-sys v0.1.0
[INFO] [stderr]    Compiling minicbor-derive v0.6.4
[INFO] [stderr]    Compiling minicbor v0.9.1
[INFO] [stderr]    Compiling oc-wasm-safe v0.1.1
[INFO] [stdout] error[E0433]: failed to resolve: could not find `wasm32` in `arch`
[INFO] [stdout]    --> /opt/rustwide/cargo-home/registry/src/github.com-1ecc6299db9ec823/oc-wasm-safe-0.1.1/src/lib.rs:157:24
[INFO] [stdout]     |
[INFO] [stdout] 157 |         unsafe { core::arch::wasm32::unreachable() }
[INFO] [stdout]     |                              ^^^^^^ could not find `wasm32` in `arch`
[INFO] [stdout]     | 
[INFO] [stdout]    ::: /opt/rustwide/cargo-home/registry/src/github.com-1ecc6299db9ec823/oc-wasm-safe-0.1.1/src/component.rs:50:35
[INFO] [stdout]     |
[INFO] [stdout] 50  |         result.unwrap_or_else(|_| panic_or_trap!("unreachable"));
[INFO] [stdout]     |                                   ----------------------------- in this macro invocation
[INFO] [stdout]     |
[INFO] [stdout]     = note: this error originates in the macro `panic_or_trap` (in Nightly builds, run with -Z macro-backtrace for more info)
[INFO] [stdout] 
[INFO] [stdout] 
[INFO] [stdout] error[E0433]: failed to resolve: could not find `wasm32` in `arch`
[INFO] [stdout]    --> /opt/rustwide/cargo-home/registry/src/github.com-1ecc6299db9ec823/oc-wasm-safe-0.1.1/src/lib.rs:157:24
[INFO] [stdout]     |
[INFO] [stdout] 157 |         unsafe { core::arch::wasm32::unreachable() }
[INFO] [stdout]     |                              ^^^^^^ could not find `wasm32` in `arch`
[INFO] [stdout]     | 
[INFO] [stdout]    ::: /opt/rustwide/cargo-home/registry/src/github.com-1ecc6299db9ec823/oc-wasm-safe-0.1.1/src/component.rs:122:33
[INFO] [stdout]     |
[INFO] [stdout] 122 |             .unwrap_or_else(|_| panic_or_trap!("unreachable"));
[INFO] [stdout]     |                                 ----------------------------- in this macro invocation
[INFO] [stdout]     |
[INFO] [stdout]     = note: this error originates in the macro `panic_or_trap` (in Nightly builds, run with -Z macro-backtrace for more info)
[INFO] [stdout] 
[INFO] [stdout] 
[INFO] [stdout] error[E0433]: failed to resolve: could not find `wasm32` in `arch`
[INFO] [stdout]    --> /opt/rustwide/cargo-home/registry/src/github.com-1ecc6299db9ec823/oc-wasm-safe-0.1.1/src/lib.rs:157:24
[INFO] [stdout]     |
[INFO] [stdout] 157 |         unsafe { core::arch::wasm32::unreachable() }
[INFO] [stdout]     |                              ^^^^^^ could not find `wasm32` in `arch`
[INFO] [stdout]     | 
[INFO] [stdout]    ::: /opt/rustwide/cargo-home/registry/src/github.com-1ecc6299db9ec823/oc-wasm-safe-0.1.1/src/component.rs:328:53
[INFO] [stdout]     |
[INFO] [stdout] 328 |         NonZeroUsize::new(result.unwrap_or_else(|_| panic_or_trap!("unreachable")))
[INFO] [stdout]     |                                                     ----------------------------- in this macro invocation
[INFO] [stdout]     |
[INFO] [stdout]     = note: this error originates in the macro `panic_or_trap` (in Nightly builds, run with -Z macro-backtrace for more info)
[INFO] [stdout] 
[INFO] [stdout] 
[INFO] [stdout] error[E0433]: failed to resolve: could not find `wasm32` in `arch`
[INFO] [stdout]    --> /opt/rustwide/cargo-home/registry/src/github.com-1ecc6299db9ec823/oc-wasm-safe-0.1.1/src/lib.rs:157:24
[INFO] [stdout]     |
[INFO] [stdout] 157 |         unsafe { core::arch::wasm32::unreachable() }
[INFO] [stdout]     |                              ^^^^^^ could not find `wasm32` in `arch`
[INFO] [stdout]     | 
[INFO] [stdout]    ::: /opt/rustwide/cargo-home/registry/src/github.com-1ecc6299db9ec823/oc-wasm-safe-0.1.1/src/computer.rs:92:38
[INFO] [stdout]     |
[INFO] [stdout] 92  |     let len = len.unwrap_or_else(|_| panic_or_trap!("unreachable"));
[INFO] [stdout]     |                                      ----------------------------- in this macro invocation
[INFO] [stdout]     |
[INFO] [stdout]     = note: this error originates in the macro `panic_or_trap` (in Nightly builds, run with -Z macro-backtrace for more info)
[INFO] [stdout] 
[INFO] [stdout] 
[INFO] [stdout] error[E0433]: failed to resolve: could not find `wasm32` in `arch`
[INFO] [stdout]    --> /opt/rustwide/cargo-home/registry/src/github.com-1ecc6299db9ec823/oc-wasm-safe-0.1.1/src/lib.rs:157:24
[INFO] [stdout]     |
[INFO] [stdout] 157 |         unsafe { core::arch::wasm32::unreachable() }
[INFO] [stdout]     |                              ^^^^^^ could not find `wasm32` in `arch`
[INFO] [stdout]     | 
[INFO] [stdout]    ::: /opt/rustwide/cargo-home/registry/src/github.com-1ecc6299db9ec823/oc-wasm-safe-0.1.1/src/computer.rs:138:38
[INFO] [stdout]     |
[INFO] [stdout] 138 |     let len = len.unwrap_or_else(|_| panic_or_trap!("unreachable"));
[INFO] [stdout]     |                                      ----------------------------- in this macro invocation
[INFO] [stdout]     |
[INFO] [stdout]     = note: this error originates in the macro `panic_or_trap` (in Nightly builds, run with -Z macro-backtrace for more info)
[INFO] [stdout] 
[INFO] [stdout] 
[INFO] [stdout] error[E0433]: failed to resolve: could not find `wasm32` in `arch`
[INFO] [stdout]    --> /opt/rustwide/cargo-home/registry/src/github.com-1ecc6299db9ec823/oc-wasm-safe-0.1.1/src/lib.rs:157:24
[INFO] [stdout]     |
[INFO] [stdout] 157 |         unsafe { core::arch::wasm32::unreachable() }
[INFO] [stdout]     |                              ^^^^^^ could not find `wasm32` in `arch`
[INFO] [stdout]     | 
[INFO] [stdout]    ::: /opt/rustwide/cargo-home/registry/src/github.com-1ecc6299db9ec823/oc-wasm-safe-0.1.1/src/computer.rs:268:31
[INFO] [stdout]     |
[INFO] [stdout] 268 |     result.unwrap_or_else(|_| panic_or_trap!("unreachable"));
[INFO] [stdout]     |                               ----------------------------- in this macro invocation
[INFO] [stdout]     |
[INFO] [stdout]     = note: this error originates in the macro `panic_or_trap` (in Nightly builds, run with -Z macro-backtrace for more info)
[INFO] [stdout] 
[INFO] [stdout] 
[INFO] [stdout] error[E0433]: failed to resolve: could not find `wasm32` in `arch`
[INFO] [stdout]    --> /opt/rustwide/cargo-home/registry/src/github.com-1ecc6299db9ec823/oc-wasm-safe-0.1.1/src/lib.rs:157:24
[INFO] [stdout]     |
[INFO] [stdout] 157 |         unsafe { core::arch::wasm32::unreachable() }
[INFO] [stdout]     |                              ^^^^^^ could not find `wasm32` in `arch`
[INFO] [stdout]     | 
[INFO] [stdout]    ::: /opt/rustwide/cargo-home/registry/src/github.com-1ecc6299db9ec823/oc-wasm-safe-0.1.1/src/error.rs:63:19
[INFO] [stdout]     |
[INFO] [stdout] 63  |             -1 => panic_or_trap!("Memory fault"), // Impossible due to memory safety
[INFO] [stdout]     |                   ------------------------------ in this macro invocation
[INFO] [stdout]     |
[INFO] [stdout]     = note: this error originates in the macro `panic_or_trap` (in Nightly builds, run with -Z macro-backtrace for more info)
[INFO] [stdout] 
[INFO] [stdout] 
[INFO] [stdout] error[E0433]: failed to resolve: could not find `wasm32` in `arch`
[INFO] [stdout]    --> /opt/rustwide/cargo-home/registry/src/github.com-1ecc6299db9ec823/oc-wasm-safe-0.1.1/src/lib.rs:157:24
[INFO] [stdout]     |
[INFO] [stdout] 157 |         unsafe { core::arch::wasm32::unreachable() }
[INFO] [stdout]     |                              ^^^^^^ could not find `wasm32` in `arch`
[INFO] [stdout]     | 
[INFO] [stdout]    ::: /opt/rustwide/cargo-home/registry/src/github.com-1ecc6299db9ec823/oc-wasm-safe-0.1.1/src/error.rs:65:19
[INFO] [stdout]     |
[INFO] [stdout] 65  |             -3 => panic_or_trap!("String decode error"), // Impossible due to type safety of &str
[INFO] [stdout]     |                   ------------------------------------- in this macro invocation
[INFO] [stdout]     |
[INFO] [stdout]     = note: this error originates in the macro `panic_or_trap` (in Nightly builds, run with -Z macro-backtrace for more info)
[INFO] [stdout] 
[INFO] [stdout] 
[INFO] [stdout] error: aborting due to 8 previous errors
[INFO] [stdout] 
[INFO] [stdout] 
[INFO] [stdout] For more information about this error, try `rustc --explain E0433`.
[INFO] [stdout] 
[INFO] [stderr] error: could not compile `oc-wasm-safe` due to 9 previous errors
[INFO] running `Command { std: "docker" "inspect" "986774d6cb960e0604d2321e8bb98ace354a3cc7e31409836fdf10bacd820c1e", kill_on_drop: false }`
[INFO] running `Command { std: "docker" "rm" "-f" "986774d6cb960e0604d2321e8bb98ace354a3cc7e31409836fdf10bacd820c1e", kill_on_drop: false }`
[INFO] [stdout] 986774d6cb960e0604d2321e8bb98ace354a3cc7e31409836fdf10bacd820c1e
