[INFO] fetching crate nrf52dk-sys 0.1.1...
[INFO] testing nrf52dk-sys-0.1.1 against beta-2021-08-01 for beta-1.55-1
[INFO] extracting crate nrf52dk-sys 0.1.1 into /workspace/builds/worker-116/source
[INFO] validating manifest of crates.io crate nrf52dk-sys 0.1.1 on toolchain beta-2021-08-01
[INFO] running `Command { std: "/workspace/cargo-home/bin/cargo" "+beta-2021-08-01" "metadata" "--manifest-path" "Cargo.toml" "--no-deps", kill_on_drop: false }`
[INFO] removed /workspace/builds/worker-116/source/.cargo/config
[INFO] started tweaking crates.io crate nrf52dk-sys 0.1.1
[INFO] finished tweaking crates.io crate nrf52dk-sys 0.1.1
[INFO] tweaked toml for crates.io crate nrf52dk-sys 0.1.1 written to /workspace/builds/worker-116/source/Cargo.toml
[INFO] running `Command { std: "/workspace/cargo-home/bin/cargo" "+beta-2021-08-01" "generate-lockfile" "--manifest-path" "Cargo.toml" "-Zno-index-update", kill_on_drop: false }`
[INFO] [stderr]     Blocking waiting for file lock on package cache
[INFO] running `Command { std: "/workspace/cargo-home/bin/cargo" "+beta-2021-08-01" "fetch" "--manifest-path" "Cargo.toml", kill_on_drop: false }`
[INFO] [stderr]     Blocking waiting for file lock on package cache
[INFO] [stderr]     Blocking waiting for file lock on package cache
[INFO] running `Command { std: "docker" "create" "-v" "/var/lib/crater-agent-workspace/builds/worker-116/target:/opt/rustwide/target:rw,Z" "-v" "/var/lib/crater-agent-workspace/builds/worker-116/source:/opt/rustwide/workdir:ro,Z" "-v" "/var/lib/crater-agent-workspace/cargo-home:/opt/rustwide/cargo-home:ro,Z" "-v" "/var/lib/crater-agent-workspace/rustup-home:/opt/rustwide/rustup-home:ro,Z" "-e" "SOURCE_DIR=/opt/rustwide/workdir" "-e" "CARGO_TARGET_DIR=/opt/rustwide/target" "-e" "CARGO_HOME=/opt/rustwide/cargo-home" "-e" "RUSTUP_HOME=/opt/rustwide/rustup-home" "-w" "/opt/rustwide/workdir" "-m" "1610612736" "--user" "0:0" "--network" "none" "ghcr.io/rust-lang/crates-build-env/linux@sha256:34b6a614d2c27851fe6cbf88fbd1137609cefab8b10d0615aaeb6fd47975d74e" "/opt/rustwide/cargo-home/bin/cargo" "+beta-2021-08-01" "metadata" "--no-deps" "--format-version=1", kill_on_drop: false }`
[INFO] [stdout] 4f8a96b23118b2af1586ccd6e5dccc23d9d8a28eac25b99e9b5afad4d262c623
[INFO] running `Command { std: "docker" "start" "-a" "4f8a96b23118b2af1586ccd6e5dccc23d9d8a28eac25b99e9b5afad4d262c623", kill_on_drop: false }`
[INFO] running `Command { std: "docker" "inspect" "4f8a96b23118b2af1586ccd6e5dccc23d9d8a28eac25b99e9b5afad4d262c623", kill_on_drop: false }`
[INFO] running `Command { std: "docker" "rm" "-f" "4f8a96b23118b2af1586ccd6e5dccc23d9d8a28eac25b99e9b5afad4d262c623", kill_on_drop: false }`
[INFO] [stdout] 4f8a96b23118b2af1586ccd6e5dccc23d9d8a28eac25b99e9b5afad4d262c623
[INFO] running `Command { std: "docker" "create" "-v" "/var/lib/crater-agent-workspace/builds/worker-116/target:/opt/rustwide/target:rw,Z" "-v" "/var/lib/crater-agent-workspace/builds/worker-116/source:/opt/rustwide/workdir:ro,Z" "-v" "/var/lib/crater-agent-workspace/cargo-home:/opt/rustwide/cargo-home:ro,Z" "-v" "/var/lib/crater-agent-workspace/rustup-home:/opt/rustwide/rustup-home:ro,Z" "-e" "SOURCE_DIR=/opt/rustwide/workdir" "-e" "CARGO_TARGET_DIR=/opt/rustwide/target" "-e" "CARGO_INCREMENTAL=0" "-e" "RUST_BACKTRACE=full" "-e" "RUSTFLAGS=--cap-lints=warn" "-e" "CARGO_HOME=/opt/rustwide/cargo-home" "-e" "RUSTUP_HOME=/opt/rustwide/rustup-home" "-w" "/opt/rustwide/workdir" "-m" "1610612736" "--user" "0:0" "--network" "none" "ghcr.io/rust-lang/crates-build-env/linux@sha256:34b6a614d2c27851fe6cbf88fbd1137609cefab8b10d0615aaeb6fd47975d74e" "/opt/rustwide/cargo-home/bin/cargo" "+beta-2021-08-01" "build" "--frozen" "--message-format=json", kill_on_drop: false }`
[INFO] [stdout] 1ce59689c66f554d9983670ec8f812fadac5f98f0bd600a12eb0752894de070b
[INFO] running `Command { std: "docker" "start" "-a" "1ce59689c66f554d9983670ec8f812fadac5f98f0bd600a12eb0752894de070b", kill_on_drop: false }`
[INFO] [stderr]    Compiling gcc v0.3.55
[INFO] [stderr]    Compiling volatile-register v0.1.2
[INFO] [stderr]    Compiling r0 v0.2.2
[INFO] [stderr]    Compiling cortex-m v0.1.8
[INFO] [stdout] error[E0557]: feature has been removed
[INFO] [stdout]   --> /opt/rustwide/cargo-home/registry/src/github.com-1ecc6299db9ec823/cortex-m-0.1.8/src/lib.rs:15:12
[INFO] [stdout]    |
[INFO] [stdout] 15 | #![feature(const_fn)]
[INFO] [stdout]    |            ^^^^^^^^ feature has been removed
[INFO] [stdout]    |
[INFO] [stdout]    = note: split into finer-grained feature gates
[INFO] [stdout] 
[INFO] [stdout] 
[INFO] [stdout] error: the legacy LLVM-style asm! syntax is no longer supported
[INFO] [stdout]   --> /opt/rustwide/cargo-home/registry/src/github.com-1ecc6299db9ec823/cortex-m-0.1.8/src/asm.rs:56:9
[INFO] [stdout]    |
[INFO] [stdout] 56 |         asm!("nop" :::: "volatile");
[INFO] [stdout]    |         ----^^^^^^^^^^^^^^^^^^^^^^^^
[INFO] [stdout]    |         |
[INFO] [stdout]    |         help: replace with: `llvm_asm!`
[INFO] [stdout]    |
[INFO] [stdout]    = note: consider migrating to the new asm! syntax specified in RFC 2873
[INFO] [stdout]    = note: alternatively, switch to llvm_asm! to keep your code working as it is
[INFO] [stdout] 
[INFO] [stdout] 
[INFO] [stdout] error[E0554]: `#![feature]` may not be used on the beta release channel
[INFO] [stdout]   --> /opt/rustwide/cargo-home/registry/src/github.com-1ecc6299db9ec823/cortex-m-0.1.8/src/lib.rs:14:1
[INFO] [stdout]    |
[INFO] [stdout] 14 | #![feature(asm)]
[INFO] [stdout]    | ^^^^^^^^^^^^^^^^
[INFO] [stdout] 
[INFO] [stdout] 
[INFO] [stdout] error[E0554]: `#![feature]` may not be used on the beta release channel
[INFO] [stdout]   --> /opt/rustwide/cargo-home/registry/src/github.com-1ecc6299db9ec823/cortex-m-0.1.8/src/lib.rs:15:1
[INFO] [stdout]    |
[INFO] [stdout] 15 | #![feature(const_fn)]
[INFO] [stdout]    | ^^^^^^^^^^^^^^^^^^^^^
[INFO] [stdout] 
[INFO] [stdout] 
[INFO] [stdout] error: aborting due to 4 previous errors
[INFO] [stdout] 
[INFO] [stdout] 
[INFO] [stdout] Some errors have detailed explanations: E0554, E0557.
[INFO] [stdout] 
[INFO] [stdout] For more information about an error, try `rustc --explain E0554`.
[INFO] [stdout] 
[INFO] [stderr] error: could not compile `cortex-m` due to 5 previous errors
[INFO] [stderr] warning: build failed, waiting for other jobs to finish...
[INFO] [stderr] error: build failed
[INFO] running `Command { std: "docker" "inspect" "1ce59689c66f554d9983670ec8f812fadac5f98f0bd600a12eb0752894de070b", kill_on_drop: false }`
[INFO] running `Command { std: "docker" "rm" "-f" "1ce59689c66f554d9983670ec8f812fadac5f98f0bd600a12eb0752894de070b", kill_on_drop: false }`
[INFO] [stdout] 1ce59689c66f554d9983670ec8f812fadac5f98f0bd600a12eb0752894de070b
